000
CXUS53 KPAH 070250
CLACGI

STLCLMCAA 000
TTAA00 KPAH 070245


CLIMATE REPORT
NATIONAL WEATHER SERVICE PADUCAH KY
834 PM CST THU JAN 6 2011

...................................

...THE CAPE GIRARDEAU MO CLIMATE SUMMARY FOR THE YEAR OF 2010...

CLIMATE NORMAL PERIOD 1971 TO 2000
CLIMATE RECORD PERIOD 9999 TO 9999

WEATHER         OBSERVED          NORMAL  DEPART  LAST YEAR`S
                 VALUE   DATE(S)  VALUE   FROM    VALUE
                                          NORMAL
.............................................................
TEMPERATURE (F)
RECORD
 HIGH             103   08/16/2007
 LOW               -6   12/09/2005
HIGHEST           102   08/12                         98
LOWEST             -2   01/31                          1
                        01/10
AVG. MAXIMUM     68.7              67.5     1.2     66.9
AVG. MINIMUM     46.8                MM      MM     46.9
MEAN             57.8              57.3     0.5     56.9
DAYS MAX >= 90     75
DAYS MAX <= 32     20
DAYS MAX >= 95     22
DAYS MAX >= 100     3
DAYS MIN <= 32     96
DAYS MIN <= 0       2

PRECIPITATION (INCHES)
RECORD
 MAXIMUM        59.98   2008
TOTALS          39.43             46.54   -7.11    47.66
DAILY AVG.       0.11
DAYS >= .01        96
DAYS >= .10        58
DAYS >= .50        27
DAYS >= 1.00       13
DAYS >= 0.25       44
DAYS >= 2.00        2
GREATEST
 24 HR. TOTAL    3.90
 STORM TOTAL       MM
 (MM/DD(HH))

DEGREE_DAYS
HEATING TOTAL    4415
 SINCE 7/1       1760
COOLING TOTAL    1915
 SINCE 1/1       1915
..............................................................

WIND (MPH)
AVERAGE WIND SPEED              6.7
HIGHEST WIND SPEED/DIRECTION    43/240    DATE  06/15
HIGHEST GUST SPEED/DIRECTION    70/210    DATE  06/15

SKY COVER
POSSIBLE SUNSHINE (PERCENT)   MM
NUMBER OF DAYS FAIR          238
NUMBER OF DAYS PC             64
NUMBER OF DAYS CLOUDY         61


WEATHER CONDITIONS. NUMBER OF DAYS WITH
THUNDERSTORM             39     MIXED PRECIP               0
HEAVY RAIN               38     RAIN                      52
LIGHT RAIN              101     FREEZING RAIN              0
LT FREEZING RAIN          2     HAIL                       0
HEAVY SNOW                0     SNOW                       1
LIGHT SNOW               25     SLEET                      2
FOG                     205     FOG W/VIS <= 1/4 MILE     47
HAZE                     91

-  INDICATES NEGATIVE NUMBERS.
R  INDICATES RECORD WAS SET OR TIED.
MM INDICATES DATA IS MISSING.
T  INDICATES TRACE AMOUNT.

$$
