000
CXUS53 KPAH 011654
CLACGI

STLCLMCAA 000
TTAA00 KPAH 011652


CLIMATE REPORT
NATIONAL WEATHER SERVICE PADUCAH KY
1051 AM CST SUN JAN 1 2012

...................................

...THE CAPE GIRARDEAU MO CLIMATE SUMMARY FOR THE YEAR OF 2011...

CLIMATE NORMAL PERIOD 1981 TO 2010
CLIMATE RECORD PERIOD 9999 TO 9999

WEATHER         OBSERVED          NORMAL  DEPART  LAST YEAR`S
                 VALUE   DATE(S)  VALUE   FROM    VALUE
                                          NORMAL
.............................................................
TEMPERATURE (F)
RECORD
 HIGH             103   08/03/2011
                        08/16/2007
                        08/16/2007
 LOW               -6   12/09/2005
HIGHEST           103R  08/03                        102
LOWEST             -3   02/10                         -2
AVG. MAXIMUM     68.4              67.9     0.5     68.7
AVG. MINIMUM     48.0              46.0     2.0     46.8
MEAN             58.2              56.9     1.3     57.8
DAYS MAX >= 90     64
DAYS MAX <= 32     12
DAYS MAX >= 95     22
DAYS MAX >= 100     1
DAYS MIN <= 32     81
DAYS MIN <= 0       2

PRECIPITATION (INCHES)
RECORD
 MAXIMUM        59.98   2008
TOTALS          74.51R            46.81   27.70    39.43
DAILY AVG.       0.21
DAYS >= .01       127
DAYS >= .10        81
DAYS >= .50        43
DAYS >= 1.00       27
DAYS >= 0.25       65
DAYS >= 2.00        9
GREATEST
 24 HR. TOTAL    7.37
 STORM TOTAL       MM
 (MM/DD(HH))

DEGREE_DAYS
HEATING TOTAL    4013
 SINCE 7/1       1476
COOLING TOTAL    1698
 SINCE 1/1       1698
..............................................................

WIND (MPH)
AVERAGE WIND SPEED              7.4
HIGHEST WIND SPEED/DIRECTION    52/280    DATE  11/14
HIGHEST GUST SPEED/DIRECTION    62/280    DATE  11/14

SKY COVER
POSSIBLE SUNSHINE (PERCENT)   MM
NUMBER OF DAYS FAIR          210
NUMBER OF DAYS PC             77
NUMBER OF DAYS CLOUDY         78


WEATHER CONDITIONS. NUMBER OF DAYS WITH
THUNDERSTORM              0     MIXED PRECIP               0
HEAVY RAIN               63     RAIN                      65
LIGHT RAIN              122     FREEZING RAIN              0
LT FREEZING RAIN          0     HAIL                       0
HEAVY SNOW                0     SNOW                       4
LIGHT SNOW               15     SLEET                      0
FOG                     221     FOG W/VIS <= 1/4 MILE     38
HAZE                     99

-  INDICATES NEGATIVE NUMBERS.
R  INDICATES RECORD WAS SET OR TIED.
MM INDICATES DATA IS MISSING.
T  INDICATES TRACE AMOUNT.

$$
