000
CDUS43 KPAH 270628
CLICGI


CLIMATE REPORT
NATIONAL WEATHER SERVICE PADUCAH KY
127 AM CDT SAT AUG 27 2016

...................................

...THE CAPE GIRARDEAU MO CLIMATE SUMMARY FOR AUGUST 26 2016...

CLIMATE NORMAL PERIOD 1981 TO 2010
CLIMATE RECORD PERIOD 1960 TO 2016

WEATHER ITEM   OBSERVED TIME   RECORD YEAR NORMAL DEPARTURE LAST
                VALUE   (LST)  VALUE       VALUE  FROM      YEAR
                                                  NORMAL
..................................................................
TEMPERATURE (F)
 YESTERDAY
  MAXIMUM         92   1219 PM  98    1983  88      4       79
  MINIMUM         73   1152 PM  51    2015  64      9       51
  AVERAGE         83                        76      7

PRECIPITATION (IN)
  YESTERDAY        T             0.47 1971   0.10  -0.10     0.00
  MONTH TO DATE    6.26                      2.51   3.75     4.16
  SINCE JUN 1     13.42                      9.44   3.98    18.11
  SINCE JAN 1     36.70                     30.54   6.16    43.55

DEGREE DAYS
 HEATING
  YESTERDAY        0                         0      0        0
  MONTH TO DATE    0                         0      0        0
  SINCE JUN 1      0                         4     -4        5
  SINCE JUL 1      0                         0      0        0

 COOLING
  YESTERDAY       18                        11      7        0
  MONTH TO DATE  358                       323     35      259
  SINCE JUN 1   1245                      1057    188     1109
  SINCE JAN 1   1366                      1209    157     1286
..................................................................

WIND (MPH)
  HIGHEST WIND SPEED    25   HIGHEST WIND DIRECTION    NW (330)
  HIGHEST GUST SPEED    34   HIGHEST GUST DIRECTION    NW (330)
  AVERAGE WIND SPEED     4.3

SKY COVER
  AVERAGE SKY COVER 0.2

WEATHER CONDITIONS
 THE FOLLOWING WEATHER WAS RECORDED YESTERDAY.
  THUNDERSTORM
  LIGHT RAIN
  FOG

RELATIVE HUMIDITY (PERCENT)
 HIGHEST    93
 LOWEST     56
 AVERAGE    75
..........................................................

THE CAPE GIRARDEAU MO CLIMATE NORMALS FOR TODAY
                         NORMAL    RECORD    YEAR
 MAXIMUM TEMPERATURE (F)   88        99      1983
 MINIMUM TEMPERATURE (F)   64        51      2010

SUNRISE AND SUNSET
AUGUST 27 2016........SUNRISE   625 AM CDT   SUNSET   733 PM CDT
AUGUST 28 2016........SUNRISE   626 AM CDT   SUNSET   732 PM CDT

-  INDICATES NEGATIVE NUMBERS.
R  INDICATES RECORD WAS SET OR TIED.
MM INDICATES DATA IS MISSING.
T  INDICATES TRACE AMOUNT.

$$
