000
CDUS43 KPAH 050635
CLICGI


CLIMATE REPORT
NATIONAL WEATHER SERVICE PADUCAH KY
1234 AM CST THU MAR 5 2015


...................................

...THE CAPE GIRARDEAU MO CLIMATE SUMMARY FOR MARCH 4 2015...

CLIMATE NORMAL PERIOD 1981 TO 2010
CLIMATE RECORD PERIOD 1960 TO 2015


WEATHER ITEM   OBSERVED TIME   RECORD YEAR NORMAL DEPARTURE LAST
                VALUE   (LST)  VALUE       VALUE  FROM      YEAR
                                                  NORMAL
..................................................................
TEMPERATURE (F)
 YESTERDAY
  MAXIMUM         42   1232 AM  77    1983  54    -12       33
  MINIMUM         19   1016 PM   6    1978  33    -14       11
  AVERAGE         31                        43    -12

PRECIPITATION (IN)
  YESTERDAY        1.02          2.98 1963   0.13   0.89     0.00
  MONTH TO DATE    2.23                      0.47   1.76     0.65
  SINCE MAR 1      2.23                      0.47   1.76     0.65
  SINCE JAN 1      8.75                      7.35   1.40     3.79

DEGREE DAYS
 HEATING
  YESTERDAY       34                        22     12       43
  MONTH TO DATE  123                        89     34      151
  SINCE MAR 1    123                        89     34      151
  SINCE JUL 1   3901                      3586    315     4076

 COOLING
  YESTERDAY        0                         0      0        0
  MONTH TO DATE    0                         0      0        0
  SINCE MAR 1      0                         0      0        0
  SINCE JAN 1      0                         0      0        0
..................................................................


WIND (MPH)
  HIGHEST WIND SPEED    29   HIGHEST WIND DIRECTION     N (10)
  HIGHEST GUST SPEED    36   HIGHEST GUST DIRECTION     N (10)
  AVERAGE WIND SPEED    14.3


SKY COVER
  AVERAGE SKY COVER 1.0


WEATHER CONDITIONS
 THE FOLLOWING WEATHER WAS RECORDED YESTERDAY.
  RAIN
  LIGHT RAIN
  FREEZING RAIN
  LT FREEZING RAIN
  HEAVY SNOW
  SNOW
  LIGHT SNOW
  FOG
  FOG W/VISIBILITY <= 1/4 MILE
  HAZE


RELATIVE HUMIDITY (PERCENT)
 HIGHEST   100
 LOWEST     77
 AVERAGE    89

..........................................................


THE CAPE GIRARDEAU MO CLIMATE NORMALS FOR TODAY
                         NORMAL    RECORD    YEAR
 MAXIMUM TEMPERATURE (F)   54        71      1968
 MINIMUM TEMPERATURE (F)   33         4      1978


SUNRISE AND SUNSET
MARCH  5 2015.........SUNRISE   624 AM CST   SUNSET   556 PM CST
MARCH  6 2015.........SUNRISE   623 AM CST   SUNSET   557 PM CST


-  INDICATES NEGATIVE NUMBERS.
R  INDICATES RECORD WAS SET OR TIED.
MM INDICATES DATA IS MISSING.
T  INDICATES TRACE AMOUNT.




$$
