000
CDUS43 KPAH 300633
CLICGI


CLIMATE REPORT
NATIONAL WEATHER SERVICE PADUCAH KY
129 AM CDT SAT JUL 30 2016


...................................

...THE CAPE GIRARDEAU MO CLIMATE SUMMARY FOR JULY 29 2016...

CLIMATE NORMAL PERIOD 1981 TO 2010
CLIMATE RECORD PERIOD 1960 TO 2016


WEATHER ITEM   OBSERVED TIME   RECORD YEAR NORMAL DEPARTURE LAST
                VALUE   (LST)  VALUE       VALUE  FROM      YEAR
                                                  NORMAL
..................................................................
TEMPERATURE (F)
 YESTERDAY
  MAXIMUM         87    223 PM  98    1999  89     -2       96
  MINIMUM         69   1136 PM  56    2014  67      2       75
                                      1994
  AVERAGE         78                        78      0

PRECIPITATION (IN)
  YESTERDAY        0.15          1.36 1987   0.11   0.04     0.41
  MONTH TO DATE    5.84                      3.15   2.69     9.63
  SINCE JUN 1      7.12                      6.72   0.40    13.95
  SINCE JAN 1     30.40                     27.82   2.58    39.39

DEGREE DAYS
 HEATING
  YESTERDAY        0                         0      0        0
  MONTH TO DATE    0                         0      0        0
  SINCE JUN 1      0                         4     -4        5
  SINCE JUL 1      0                         0      0        0

 COOLING
  YESTERDAY       13                        13      0       21
  MONTH TO DATE  448                       399     49      443
  SINCE JUN 1    859                       711    148      824
  SINCE JAN 1    980                       863    117     1001
..................................................................


WIND (MPH)
  HIGHEST WIND SPEED    25   HIGHEST WIND DIRECTION     W (250)
  HIGHEST GUST SPEED    34   HIGHEST GUST DIRECTION     W (250)
  AVERAGE WIND SPEED     3.5


SKY COVER
  AVERAGE SKY COVER 0.4


WEATHER CONDITIONS
 THE FOLLOWING WEATHER WAS RECORDED YESTERDAY.
  THUNDERSTORM
  LIGHT RAIN
  FOG


RELATIVE HUMIDITY (PERCENT)
 HIGHEST   100
 LOWEST     65
 AVERAGE    83

..........................................................


THE CAPE GIRARDEAU MO CLIMATE NORMALS FOR TODAY
                         NORMAL    RECORD    YEAR
 MAXIMUM TEMPERATURE (F)   89       100      1970
 MINIMUM TEMPERATURE (F)   67        54      1965


SUNRISE AND SUNSET
JULY 30 2016..........SUNRISE   602 AM CDT   SUNSET   807 PM CDT
JULY 31 2016..........SUNRISE   603 AM CDT   SUNSET   806 PM CDT


-  INDICATES NEGATIVE NUMBERS.
R  INDICATES RECORD WAS SET OR TIED.
MM INDICATES DATA IS MISSING.
T  INDICATES TRACE AMOUNT.




$$
