000
CDUS43 KPAH 302127
CLICGI


CLIMATE REPORT
NATIONAL WEATHER SERVICE PADUCAH KY
426 PM CDT THU MAR 30 2017

...................................

...THE CAPE GIRARDEAU MO CLIMATE SUMMARY FOR MARCH 30 2017...
VALID TODAY AS OF 0400 PM LOCAL TIME.

CLIMATE NORMAL PERIOD 1981 TO 2010
CLIMATE RECORD PERIOD 1960 TO 2017

WEATHER ITEM   OBSERVED TIME   RECORD YEAR NORMAL DEPARTURE LAST
                VALUE   (LST)  VALUE       VALUE  FROM      YEAR
                                                  NORMAL
..................................................................
TEMPERATURE (F)
 TODAY
  MAXIMUM         72   1205 PM  84    1986  63      9       70
  MINIMUM         63   1242 PM  16    1964  40     23       45
  AVERAGE         68                        52     16

PRECIPITATION (IN)
  TODAY            0.14          4.42 1985   0.16  -0.02     1.50
  MONTH TO DATE    2.81                      4.24  -1.43     4.87
  SINCE MAR 1      2.81                      4.24  -1.43     4.87
  SINCE JAN 1      5.83                     11.12  -5.29     9.65

DEGREE DAYS
 HEATING
  TODAY            0                        14    -14        7
  MONTH TO DATE  466                       546    -80      385
  SINCE MAR 1    466                       546    -80      385
  SINCE JUL 1   3201                      4043   -842     3277

 COOLING
  TODAY            3                         0      3        0
  MONTH TO DATE    6                         0      6        0
  SINCE MAR 1      6                         0      6        0
  SINCE JAN 1      6                         0      6        0
..................................................................

WIND (MPH)
  HIGHEST WIND SPEED    38   HIGHEST WIND DIRECTION     S (200)
  HIGHEST GUST SPEED    51   HIGHEST GUST DIRECTION    SW (210)
  AVERAGE WIND SPEED    18.4

SKY COVER
  AVERAGE SKY COVER 0.7

WEATHER CONDITIONS
 THE FOLLOWING WEATHER WAS RECORDED TODAY.
  THUNDERSTORM
  RAIN
  LIGHT RAIN

RELATIVE HUMIDITY (PERCENT)
 HIGHEST    78
 LOWEST     55
 AVERAGE    67
..........................................................

THE CAPE GIRARDEAU MO CLIMATE NORMALS FOR TOMORROW
                         NORMAL
 MAXIMUM TEMPERATURE (F)   64
 MINIMUM TEMPERATURE (F)   40

SUNRISE AND SUNSET
MARCH 30 2017.........SUNRISE   647 AM CDT   SUNSET   719 PM CDT
MARCH 31 2017.........SUNRISE   645 AM CDT   SUNSET   720 PM CDT

-  INDICATES NEGATIVE NUMBERS.
R  INDICATES RECORD WAS SET OR TIED.
MM INDICATES DATA IS MISSING.
T  INDICATES TRACE AMOUNT.

$$
