000
CDUS43 KPAH 232226
CLICGI


CLIMATE REPORT
NATIONAL WEATHER SERVICE PADUCAH KY
425 PM CST MON JAN 23 2017

...................................

...THE CAPE GIRARDEAU MO CLIMATE SUMMARY FOR JANUARY 23 2017...
VALID TODAY AS OF 0400 PM LOCAL TIME.

CLIMATE NORMAL PERIOD 1981 TO 2010
CLIMATE RECORD PERIOD 1960 TO 2017

WEATHER ITEM   OBSERVED TIME   RECORD YEAR NORMAL DEPARTURE LAST
                VALUE   (LST)  VALUE       VALUE  FROM      YEAR
                                                  NORMAL
..................................................................
TEMPERATURE (F)
 TODAY
  MAXIMUM         45    359 PM  73    1967  43      2       36
  MINIMUM         40    623 AM -14    1963  24     16       20
  AVERAGE         43                        33     10

PRECIPITATION (IN)
  TODAY            0.00          2.22 2002   0.12  -0.12     0.00
  MONTH TO DATE    1.96                      2.56  -0.60     1.63
  SINCE DEC 1      5.30                      6.81  -1.51     4.02
  SINCE JAN 1      1.96                      2.56  -0.60     1.63

DEGREE DAYS
 HEATING
  TODAY           22                        32    -10       37
  MONTH TO DATE  568                       736   -168      757
  SINCE DEC 1   1459                      1636   -177     1319
  SINCE JUL 1   2036                      2487   -451     1969

 COOLING
  TODAY            0                         0      0        0
  MONTH TO DATE    0                         0      0        0
  SINCE DEC 1      0                         0      0        2
  SINCE JAN 1      0                         0      0        0
..................................................................

WIND (MPH)
  HIGHEST WIND SPEED    26   HIGHEST WIND DIRECTION     N (350)
  HIGHEST GUST SPEED    39   HIGHEST GUST DIRECTION     N (340)
  AVERAGE WIND SPEED    18.1

SKY COVER
  AVERAGE SKY COVER 0.8

WEATHER CONDITIONS
 THE FOLLOWING WEATHER WAS RECORDED TODAY.
  NO SIGNIFICANT WEATHER WAS OBSERVED.

RELATIVE HUMIDITY (PERCENT)
 HIGHEST    79
 LOWEST     65
 AVERAGE    72
..........................................................

THE CAPE GIRARDEAU MO CLIMATE NORMALS FOR TOMORROW
                         NORMAL
 MAXIMUM TEMPERATURE (F)   43
 MINIMUM TEMPERATURE (F)   24

SUNRISE AND SUNSET
JANUARY 23 2017.......SUNRISE   707 AM CST   SUNSET   513 PM CST
JANUARY 24 2017.......SUNRISE   707 AM CST   SUNSET   515 PM CST

-  INDICATES NEGATIVE NUMBERS.
R  INDICATES RECORD WAS SET OR TIED.
MM INDICATES DATA IS MISSING.
T  INDICATES TRACE AMOUNT.

$$
