000
CDUS43 KPAH 290635
CLICGI


CLIMATE REPORT
NATIONAL WEATHER SERVICE PADUCAH KY
131 AM CDT FRI JUL 29 2016


...................................

...THE CAPE GIRARDEAU MO CLIMATE SUMMARY FOR JULY 28 2016...

CLIMATE NORMAL PERIOD 1981 TO 2010
CLIMATE RECORD PERIOD 1960 TO 2016


WEATHER ITEM   OBSERVED TIME   RECORD YEAR NORMAL DEPARTURE LAST
                VALUE   (LST)  VALUE       VALUE  FROM      YEAR
                                                  NORMAL
..................................................................
TEMPERATURE (F)
 YESTERDAY
  MAXIMUM         86   1228 PM 100    1993  89     -3       94
  MINIMUM         72   1144 PM  53    2013  67      5       74
                                      2004
  AVERAGE         79                        78      1

PRECIPITATION (IN)
  YESTERDAY        0.84          1.44 1972   0.10   0.74     0.00
  MONTH TO DATE    5.69                      3.04   2.65     9.22
  SINCE JUN 1      6.97                      6.61   0.36    13.54
  SINCE JAN 1     30.25                     27.71   2.54    38.98

DEGREE DAYS
 HEATING
  YESTERDAY        0                         0      0        0
  MONTH TO DATE    0                         0      0        0
  SINCE JUN 1      0                         4     -4        5
  SINCE JUL 1      0                         0      0        0

 COOLING
  YESTERDAY       14                        13      1       19
  MONTH TO DATE  435                       386     49      422
  SINCE JUN 1    846                       698    148      803
  SINCE JAN 1    967                       850    117      980
..................................................................


WIND (MPH)
  HIGHEST WIND SPEED    15   HIGHEST WIND DIRECTION     W (260)
  HIGHEST GUST SPEED    18   HIGHEST GUST DIRECTION     W (260)
  AVERAGE WIND SPEED     5.0


SKY COVER
  AVERAGE SKY COVER 0.5


WEATHER CONDITIONS
 THE FOLLOWING WEATHER WAS RECORDED YESTERDAY.
  THUNDERSTORM
  HEAVY RAIN
  RAIN
  LIGHT RAIN
  FOG


RELATIVE HUMIDITY (PERCENT)
 HIGHEST   100
 LOWEST     70
 AVERAGE    85

..........................................................


THE CAPE GIRARDEAU MO CLIMATE NORMALS FOR TODAY
                         NORMAL    RECORD    YEAR
 MAXIMUM TEMPERATURE (F)   89        98      1999
 MINIMUM TEMPERATURE (F)   67        56      2014
                                             1994


SUNRISE AND SUNSET
JULY 29 2016..........SUNRISE   601 AM CDT   SUNSET   808 PM CDT
JULY 30 2016..........SUNRISE   602 AM CDT   SUNSET   807 PM CDT


-  INDICATES NEGATIVE NUMBERS.
R  INDICATES RECORD WAS SET OR TIED.
MM INDICATES DATA IS MISSING.
T  INDICATES TRACE AMOUNT.




$$
