000
CDUS43 KPAH 290633
CLICGI


CLIMATE REPORT
NATIONAL WEATHER SERVICE PADUCAH KY
132 AM CDT FRI MAY 29 2015


...................................

...THE CAPE GIRARDEAU MO CLIMATE SUMMARY FOR MAY 28 2015...

CLIMATE NORMAL PERIOD 1981 TO 2010
CLIMATE RECORD PERIOD 1960 TO 2015


WEATHER ITEM   OBSERVED TIME   RECORD YEAR NORMAL DEPARTURE LAST
                VALUE   (LST)  VALUE       VALUE  FROM      YEAR
                                                  NORMAL
..................................................................
TEMPERATURE (F)
 YESTERDAY
  MAXIMUM         82    155 PM  96    2012  81      1       81
  MINIMUM         66    512 AM  42    1961  59      7       65
  AVERAGE         74                        70      4

PRECIPITATION (IN)
  YESTERDAY        0.00          1.29 1976   0.15  -0.15     0.00
  MONTH TO DATE    5.66                      5.03   0.63     4.93
  SINCE MAR 1     18.62                     13.79   4.83    15.25
  SINCE JAN 1     25.14                     20.67   4.47    18.39

DEGREE DAYS
 HEATING
  YESTERDAY        0                         1     -1        0
  MONTH TO DATE   56                        66    -10       78
  SINCE MAR 1    833                       887    -54     1016
  SINCE JUL 1   4611                      4384    227     4941

 COOLING
  YESTERDAY        9                         6      3        8
  MONTH TO DATE  132                       102     30      164
  SINCE MAR 1    160                       133     27      175
  SINCE JAN 1    160                       133     27      175
..................................................................


WIND (MPH)
  HIGHEST WIND SPEED    14   HIGHEST WIND DIRECTION    SW (210)
  HIGHEST GUST SPEED    19   HIGHEST GUST DIRECTION    SW (210)
  AVERAGE WIND SPEED     5.8


SKY COVER
  AVERAGE SKY COVER 0.3


WEATHER CONDITIONS
 THE FOLLOWING WEATHER WAS RECORDED YESTERDAY.
  NO SIGNIFICANT WEATHER WAS OBSERVED.


RELATIVE HUMIDITY (PERCENT)
 HIGHEST   100
 LOWEST     62
 AVERAGE    81

..........................................................


THE CAPE GIRARDEAU MO CLIMATE NORMALS FOR TODAY
                         NORMAL    RECORD    YEAR
 MAXIMUM TEMPERATURE (F)   82        92      1989
 MINIMUM TEMPERATURE (F)   59        42      1964


SUNRISE AND SUNSET
MAY 29 2015...........SUNRISE   541 AM CDT   SUNSET   811 PM CDT
MAY 30 2015...........SUNRISE   540 AM CDT   SUNSET   812 PM CDT


-  INDICATES NEGATIVE NUMBERS.
R  INDICATES RECORD WAS SET OR TIED.
MM INDICATES DATA IS MISSING.
T  INDICATES TRACE AMOUNT.




$$
