114
CDUS43 KPAH 240640
CLICGI


CLIMATE REPORT
NATIONAL WEATHER SERVICE PADUCAH KY
1237 AM CST FRI FEB 24 2017


...................................

...THE CAPE GIRARDEAU MO CLIMATE SUMMARY FOR FEBRUARY 23 2017...

CLIMATE NORMAL PERIOD 1981 TO 2010
CLIMATE RECORD PERIOD 1960 TO 2017


WEATHER ITEM   OBSERVED TIME   RECORD YEAR NORMAL DEPARTURE LAST
                VALUE   (LST)  VALUE       VALUE  FROM      YEAR
                                                  NORMAL
..................................................................
TEMPERATURE (F)
 YESTERDAY
  MAXIMUM         72    425 PM  76    1982  51     21       56
  MINIMUM         50    541 AM   9    1968  30     20       30
  AVERAGE         61                        40     21

PRECIPITATION (IN)
  YESTERDAY        0.00          1.31 1985   0.12  -0.12     1.00
  MONTH TO DATE    0.96                      2.80  -1.84     1.90
  SINCE DEC 1      6.26                     10.52  -4.26     5.95
  SINCE JAN 1      2.92                      6.27  -3.35     3.56

DEGREE DAYS
 HEATING
  YESTERDAY        4                        25    -21       22
  MONTH TO DATE  425                       641   -216      591
  SINCE DEC 1   2076                      2528   -452     2106
  SINCE JUL 1   2653                      3379   -726     2756

 COOLING
  YESTERDAY        0                         0      0        0
  MONTH TO DATE    0                         0      0        0
  SINCE DEC 1      0                         0      0        2
  SINCE JAN 1      0                         0      0        0
..................................................................


WIND (MPH)
  HIGHEST WIND SPEED    22   HIGHEST WIND DIRECTION     S (180)
  HIGHEST GUST SPEED    27   HIGHEST GUST DIRECTION     S (180)
  AVERAGE WIND SPEED    10.8


SKY COVER
  AVERAGE SKY COVER 0.4


WEATHER CONDITIONS
 THE FOLLOWING WEATHER WAS RECORDED YESTERDAY.
  FOG
  FOG W/VISIBILITY <= 1/4 MILE


RELATIVE HUMIDITY (PERCENT)
 HIGHEST   100
 LOWEST     53
 AVERAGE    77

..........................................................


THE CAPE GIRARDEAU MO CLIMATE NORMALS FOR TODAY
                         NORMAL    RECORD    YEAR
 MAXIMUM TEMPERATURE (F)   51        73      2000
 MINIMUM TEMPERATURE (F)   31        11      1967


SUNRISE AND SUNSET
FEBRUARY 24 2017......SUNRISE   636 AM CST   SUNSET   548 PM CST
FEBRUARY 25 2017......SUNRISE   634 AM CST   SUNSET   549 PM CST


-  INDICATES NEGATIVE NUMBERS.
R  INDICATES RECORD WAS SET OR TIED.
MM INDICATES DATA IS MISSING.
T  INDICATES TRACE AMOUNT.




$$
