992
CDUS43 KPAH 030627
CLICGI


CLIMATE REPORT
NATIONAL WEATHER SERVICE PADUCAH KY
1225 AM CST SAT DEC 3 2016

...................................

...THE CAPE GIRARDEAU MO CLIMATE SUMMARY FOR DECEMBER 2 2016...

CLIMATE NORMAL PERIOD 1981 TO 2010
CLIMATE RECORD PERIOD 1960 TO 2016

WEATHER ITEM   OBSERVED TIME   RECORD YEAR NORMAL DEPARTURE LAST
                VALUE   (LST)  VALUE       VALUE  FROM      YEAR
                                                  NORMAL
..................................................................
TEMPERATURE (F)
 YESTERDAY
  MAXIMUM         53    238 PM  76    1982  49      4       48
  MINIMUM         27    654 AM  13    1960  31     -4       31
  AVERAGE         40                        40      0

PRECIPITATION (IN)
  YESTERDAY        0.00          1.83 1967   0.15  -0.15     0.00
  MONTH TO DATE    0.00                      0.30  -0.30     0.00
  SINCE DEC 1      0.00                      0.30  -0.30     0.00
  SINCE JAN 1     46.15                     42.86   3.29    55.58

DEGREE DAYS
 HEATING
  YESTERDAY       25                        25      0       25
  MONTH TO DATE   51                        50      1       50
  SINCE DEC 1     51                        50      1       50
  SINCE JUL 1    628                       901   -273      700

 COOLING
  YESTERDAY        0                         0      0        0
  MONTH TO DATE    0                         0      0        0
  SINCE DEC 1      0                         0      0        0
  SINCE JAN 1   1798                      1453    345     1531
..................................................................

WIND (MPH)
  HIGHEST WIND SPEED     8   HIGHEST WIND DIRECTION     N (10)
  HIGHEST GUST SPEED    10   HIGHEST GUST DIRECTION     N (20)
  AVERAGE WIND SPEED     2.4

SKY COVER
  AVERAGE SKY COVER 0.0

WEATHER CONDITIONS
 THE FOLLOWING WEATHER WAS RECORDED YESTERDAY.
  HAZE

RELATIVE HUMIDITY (PERCENT)
 HIGHEST   100
 LOWEST     41
 AVERAGE    71
..........................................................

THE CAPE GIRARDEAU MO CLIMATE NORMALS FOR TODAY
                         NORMAL    RECORD    YEAR
 MAXIMUM TEMPERATURE (F)   49        74      1982
 MINIMUM TEMPERATURE (F)   30        17      1989

SUNRISE AND SUNSET
DECEMBER  3 2016......SUNRISE   656 AM CST   SUNSET   441 PM CST
DECEMBER  4 2016......SUNRISE   657 AM CST   SUNSET   441 PM CST

-  INDICATES NEGATIVE NUMBERS.
R  INDICATES RECORD WAS SET OR TIED.
MM INDICATES DATA IS MISSING.
T  INDICATES TRACE AMOUNT.

$$
