000
CDUS43 KPAH 130636
CLICGI


CLIMATE REPORT
NATIONAL WEATHER SERVICE PADUCAH KY
1229 AM CST FRI JAN 13 2017


...................................

...THE CAPE GIRARDEAU MO CLIMATE SUMMARY FOR JANUARY 12 2017...

CLIMATE NORMAL PERIOD 1981 TO 2010
CLIMATE RECORD PERIOD 1960 TO 2017


WEATHER ITEM   OBSERVED TIME   RECORD YEAR NORMAL DEPARTURE LAST
                VALUE   (LST)  VALUE       VALUE  FROM      YEAR
                                                  NORMAL
..................................................................
TEMPERATURE (F)
 YESTERDAY
  MAXIMUM         69R  1142 AM  68    2005  42     27       42
  MINIMUM         32   1159 PM  -7    1977  24      8       21
  AVERAGE         51                        33     18

PRECIPITATION (IN)
  YESTERDAY        0.24          1.98 2013   0.11   0.13     0.00
  MONTH TO DATE    0.46                      1.37  -0.91     1.40
  SINCE DEC 1      3.80                      5.62  -1.82     3.79
  SINCE JAN 1      0.46                      1.37  -0.91     1.40

DEGREE DAYS
 HEATING
  YESTERDAY       14                        32    -18       33
  MONTH TO DATE  365                       384    -19      362
  SINCE DEC 1   1256                      1284    -28      924
  SINCE JUL 1   1833                      2135   -302     1574

 COOLING
  YESTERDAY        0                         0      0        0
  MONTH TO DATE    0                         0      0        0
  SINCE DEC 1      0                         0      0        2
  SINCE JAN 1      0                         0      0        0
..................................................................


WIND (MPH)
  HIGHEST WIND SPEED    29   HIGHEST WIND DIRECTION     S (200)
  HIGHEST GUST SPEED    37   HIGHEST GUST DIRECTION     S (200)
  AVERAGE WIND SPEED    18.4


SKY COVER
  AVERAGE SKY COVER 1.0


WEATHER CONDITIONS
 THE FOLLOWING WEATHER WAS RECORDED YESTERDAY.
  RAIN
  LIGHT RAIN
  FOG
  HAZE


RELATIVE HUMIDITY (PERCENT)
 HIGHEST    89
 LOWEST     75
 AVERAGE    82

..........................................................


THE CAPE GIRARDEAU MO CLIMATE NORMALS FOR TODAY
                         NORMAL    RECORD    YEAR
 MAXIMUM TEMPERATURE (F)   42        67      1995
 MINIMUM TEMPERATURE (F)   24        -3      1977


SUNRISE AND SUNSET
JANUARY 13 2017.......SUNRISE   712 AM CST   SUNSET   503 PM CST
JANUARY 14 2017.......SUNRISE   711 AM CST   SUNSET   504 PM CST


-  INDICATES NEGATIVE NUMBERS.
R  INDICATES RECORD WAS SET OR TIED.
MM INDICATES DATA IS MISSING.
T  INDICATES TRACE AMOUNT.




$$
