000
CDUS43 KPAH 180636
CLICGI


CLIMATE REPORT
NATIONAL WEATHER SERVICE PADUCAH KY
132 AM CDT SAT OCT 18 2014


...................................

...THE CAPE GIRARDEAU MO CLIMATE SUMMARY FOR OCTOBER 17 2014...

CLIMATE NORMAL PERIOD 1981 TO 2010
CLIMATE RECORD PERIOD 1960 TO 2014


WEATHER ITEM   OBSERVED TIME   RECORD YEAR NORMAL DEPARTURE LAST
                VALUE   (LST)  VALUE       VALUE  FROM      YEAR
                                                  NORMAL
..................................................................
TEMPERATURE (F)
 YESTERDAY
  MAXIMUM         78    321 PM  87    1965  70      8       65
  MINIMUM         48   1121 PM  30    2001  45      3       44
  AVERAGE         63                        57      6

PRECIPITATION (IN)
  YESTERDAY        0.00          2.54 2007   0.13  -0.13     0.01
  MONTH TO DATE    3.93                      2.00   1.93     2.44
  SINCE SEP 1      5.98                      5.28   0.70     2.88
  SINCE JAN 1     38.28                     36.33   1.95    31.11

DEGREE DAYS
 HEATING
  YESTERDAY        2                         8     -6       10
  MONTH TO DATE   82                       111    -29       57
  SINCE SEP 1    128                       159    -31       67
  SINCE JUL 1    128                       160    -32       68

 COOLING
  YESTERDAY        0                         1     -1        0
  MONTH TO DATE   27                        24      3       44
  SINCE SEP 1    172                       186    -14      256
  SINCE JAN 1   1411                      1446    -35     1437
..................................................................


WIND (MPH)
  HIGHEST WIND SPEED    17   HIGHEST WIND DIRECTION     N (340)
  HIGHEST GUST SPEED    23   HIGHEST GUST DIRECTION     N (340)
  AVERAGE WIND SPEED     7.7


SKY COVER
  AVERAGE SKY COVER 0.0


WEATHER CONDITIONS
 THE FOLLOWING WEATHER WAS RECORDED YESTERDAY.
  FOG
  HAZE


RELATIVE HUMIDITY (PERCENT)
 HIGHEST    93
 LOWEST     33
 AVERAGE    63

..........................................................


THE CAPE GIRARDEAU MO CLIMATE NORMALS FOR TODAY
                         NORMAL    RECORD    YEAR
 MAXIMUM TEMPERATURE (F)   70        85      1963
 MINIMUM TEMPERATURE (F)   44        25      1976


SUNRISE AND SUNSET
OCTOBER 18 2014.......SUNRISE   709 AM CDT   SUNSET   617 PM CDT
OCTOBER 19 2014.......SUNRISE   710 AM CDT   SUNSET   616 PM CDT


-  INDICATES NEGATIVE NUMBERS.
R  INDICATES RECORD WAS SET OR TIED.
MM INDICATES DATA IS MISSING.
T  INDICATES TRACE AMOUNT.




$$
