000
CDUS43 KPAH 200633
CLICGI


CLIMATE REPORT
NATIONAL WEATHER SERVICE PADUCAH KY
132 AM CDT SUN JUL 20 2014


...................................

...THE CAPE GIRARDEAU MO CLIMATE SUMMARY FOR JULY 19 2014...

CLIMATE NORMAL PERIOD 1981 TO 2010
CLIMATE RECORD PERIOD 1960 TO 2014


WEATHER ITEM   OBSERVED TIME   RECORD YEAR NORMAL DEPARTURE LAST
                VALUE   (LST)  VALUE       VALUE  FROM      YEAR
                                                  NORMAL
..................................................................
TEMPERATURE (F)
 YESTERDAY
  MAXIMUM         81    348 PM 101    2012  90     -9       90
  MINIMUM         58    424 AM  54    2009  68    -10       70
  AVERAGE         70                        79     -9

PRECIPITATION (IN)
  YESTERDAY        0.00          5.81 2001   0.10  -0.10     0.00
  MONTH TO DATE    1.83                      2.07  -0.24     0.14
  SINCE JUN 1      9.33                      5.64   3.69     7.90
  SINCE JAN 1     27.72                     26.74   0.98    24.07

DEGREE DAYS
 HEATING
  YESTERDAY        0                         0      0        0
  MONTH TO DATE    0                         0      0        0
  SINCE JUN 1      0                         4     -4        0
  SINCE JUL 1      0                         0      0        0

 COOLING
  YESTERDAY        5                        14     -9       15
  MONTH TO DATE  180                       263    -83      226
  SINCE JUN 1    539                       575    -36      559
  SINCE JAN 1    750                       727     23      730
..................................................................


WIND (MPH)
  HIGHEST WIND SPEED    14   HIGHEST WIND DIRECTION    NE (50)
  HIGHEST GUST SPEED    18   HIGHEST GUST DIRECTION    NE (40)
  AVERAGE WIND SPEED     5.4


SKY COVER
  AVERAGE SKY COVER 0.0


WEATHER CONDITIONS
 THE FOLLOWING WEATHER WAS RECORDED YESTERDAY.
  FOG


RELATIVE HUMIDITY (PERCENT)
 HIGHEST    97
 LOWEST     51
 AVERAGE    74

..........................................................


THE CAPE GIRARDEAU MO CLIMATE NORMALS FOR TODAY
                         NORMAL    RECORD    YEAR
 MAXIMUM TEMPERATURE (F)   89       103      1983
 MINIMUM TEMPERATURE (F)   68        58      2009


SUNRISE AND SUNSET
JULY 20 2014..........SUNRISE   554 AM CDT   SUNSET   815 PM CDT
JULY 21 2014..........SUNRISE   554 AM CDT   SUNSET   815 PM CDT


-  INDICATES NEGATIVE NUMBERS.
R  INDICATES RECORD WAS SET OR TIED.
MM INDICATES DATA IS MISSING.
T  INDICATES TRACE AMOUNT.




$$
