000
CDUS43 KPAH 260628
CLICGI


CLIMATE REPORT
NATIONAL WEATHER SERVICE PADUCAH KY
127 AM CDT FRI AUG 26 2016

...................................

...THE CAPE GIRARDEAU MO CLIMATE SUMMARY FOR AUGUST 25 2016...

CLIMATE NORMAL PERIOD 1981 TO 2010
CLIMATE RECORD PERIOD 1960 TO 2016

WEATHER ITEM   OBSERVED TIME   RECORD YEAR NORMAL DEPARTURE LAST
                VALUE   (LST)  VALUE       VALUE  FROM      YEAR
                                                  NORMAL
..................................................................
TEMPERATURE (F)
 YESTERDAY
  MAXIMUM         91    215 PM 101    1978  88      3       81
  MINIMUM         71    543 AM  52    2015  64      7       52
  AVERAGE         81                        76      5

PRECIPITATION (IN)
  YESTERDAY        0.00          0.91 1964   0.10  -0.10     0.00
  MONTH TO DATE    6.26                      2.41   3.85     4.16
  SINCE JUN 1     13.42                      9.34   4.08    18.11
  SINCE JAN 1     36.70                     30.44   6.26    43.55

DEGREE DAYS
 HEATING
  YESTERDAY        0                         0      0        0
  MONTH TO DATE    0                         0      0        0
  SINCE JUN 1      0                         4     -4        5
  SINCE JUL 1      0                         0      0        0

 COOLING
  YESTERDAY       16                        11      5        2
  MONTH TO DATE  340                       312     28      259
  SINCE JUN 1   1227                      1046    181     1109
  SINCE JAN 1   1348                      1198    150     1286
..................................................................

WIND (MPH)
  HIGHEST WIND SPEED    13   HIGHEST WIND DIRECTION     W (280)
  HIGHEST GUST SPEED    15   HIGHEST GUST DIRECTION     W (280)
  AVERAGE WIND SPEED     4.2

SKY COVER
  AVERAGE SKY COVER 0.0

WEATHER CONDITIONS
 THE FOLLOWING WEATHER WAS RECORDED YESTERDAY.
  FOG

RELATIVE HUMIDITY (PERCENT)
 HIGHEST    94
 LOWEST     56
 AVERAGE    75
..........................................................

THE CAPE GIRARDEAU MO CLIMATE NORMALS FOR TODAY
                         NORMAL    RECORD    YEAR
 MAXIMUM TEMPERATURE (F)   88        98      1983
 MINIMUM TEMPERATURE (F)   64        51      2015

SUNRISE AND SUNSET
AUGUST 26 2016........SUNRISE   624 AM CDT   SUNSET   735 PM CDT
AUGUST 27 2016........SUNRISE   625 AM CDT   SUNSET   733 PM CDT

-  INDICATES NEGATIVE NUMBERS.
R  INDICATES RECORD WAS SET OR TIED.
MM INDICATES DATA IS MISSING.
T  INDICATES TRACE AMOUNT.

$$
