000
CDUS43 KPAH 200634
CLICGI


CLIMATE REPORT
NATIONAL WEATHER SERVICE PADUCAH KY
130 AM CDT MON OCT 20 2014


...................................

...THE CAPE GIRARDEAU MO CLIMATE SUMMARY FOR OCTOBER 19 2014...

CLIMATE NORMAL PERIOD 1981 TO 2010
CLIMATE RECORD PERIOD 1960 TO 2014


WEATHER ITEM   OBSERVED TIME   RECORD YEAR NORMAL DEPARTURE LAST
                VALUE   (LST)  VALUE       VALUE  FROM      YEAR
                                                  NORMAL
..................................................................
TEMPERATURE (F)
 YESTERDAY
  MAXIMUM         63    340 PM  90    2005  70     -7       59
  MINIMUM         46   1133 PM  32    1989  44      2       40
  AVERAGE         55                        57     -2

PRECIPITATION (IN)
  YESTERDAY        0.00          1.23 1993   0.12  -0.12     0.09
  MONTH TO DATE    3.93                      2.25   1.68     2.55
  SINCE SEP 1      5.98                      5.53   0.45     2.99
  SINCE JAN 1     38.28                     36.58   1.70    31.22

DEGREE DAYS
 HEATING
  YESTERDAY       10                         9      1       15
  MONTH TO DATE  104                       129    -25       83
  SINCE SEP 1    150                       177    -27       93
  SINCE JUL 1    150                       178    -28       94

 COOLING
  YESTERDAY        0                         1     -1        0
  MONTH TO DATE   27                        26      1       44
  SINCE SEP 1    172                       188    -16      256
  SINCE JAN 1   1411                      1448    -37     1437
..................................................................


WIND (MPH)
  HIGHEST WIND SPEED     7   HIGHEST WIND DIRECTION     S (200)
  HIGHEST GUST SPEED    10   HIGHEST GUST DIRECTION    SW (210)
  AVERAGE WIND SPEED    MM


SKY COVER
  AVERAGE SKY COVER 0.2


WEATHER CONDITIONS
 THE FOLLOWING WEATHER WAS RECORDED YESTERDAY.
  FOG W/VISIBILITY <= 1/4 MILE


RELATIVE HUMIDITY (PERCENT)
 HIGHEST   100
 LOWEST     48
 AVERAGE    74

..........................................................


THE CAPE GIRARDEAU MO CLIMATE NORMALS FOR TODAY
                         NORMAL    RECORD    YEAR
 MAXIMUM TEMPERATURE (F)   69        89      1963
 MINIMUM TEMPERATURE (F)   44        30      1966


SUNRISE AND SUNSET
OCTOBER 20 2014.......SUNRISE   711 AM CDT   SUNSET   615 PM CDT
OCTOBER 21 2014.......SUNRISE   712 AM CDT   SUNSET   613 PM CDT


-  INDICATES NEGATIVE NUMBERS.
R  INDICATES RECORD WAS SET OR TIED.
MM INDICATES DATA IS MISSING.
T  INDICATES TRACE AMOUNT.




$$
