921
CDUS43 KPAH 220633
CLICGI


CLIMATE REPORT
NATIONAL WEATHER SERVICE PADUCAH KY
132 AM CDT SUN MAY 22 2016


...................................

...THE CAPE GIRARDEAU MO CLIMATE SUMMARY FOR MAY 21 2016...

CLIMATE NORMAL PERIOD 1981 TO 2010
CLIMATE RECORD PERIOD 1960 TO 2016


WEATHER ITEM   OBSERVED TIME   RECORD YEAR NORMAL DEPARTURE LAST
                VALUE   (LST)  VALUE       VALUE  FROM      YEAR
                                                  NORMAL
..................................................................
TEMPERATURE (F)
 YESTERDAY
  MAXIMUM         75    424 PM  95    1987  79     -4       61
  MINIMUM         55   1129 PM  43    1968  57     -2       45
  AVERAGE         65                        68     -3

PRECIPITATION (IN)
  YESTERDAY        0.00          1.93 1990   0.17  -0.17     0.00
  MONTH TO DATE    3.33                      3.94  -0.61     5.06
  SINCE MAR 1     13.49                     12.70   0.79    18.02
  SINCE JAN 1     18.27                     19.58  -1.31    24.54

DEGREE DAYS
 HEATING
  YESTERDAY        0                         2     -2       12
  MONTH TO DATE  100                        59     41       48
  SINCE MAR 1    679                       880   -201      825
  SINCE JUL 1   3571                      4377   -806     4603

 COOLING
  YESTERDAY        0                         5     -5        0
  MONTH TO DATE   32                        64    -32       88
  SINCE MAR 1     50                        95    -45      116
  SINCE JAN 1     50                        95    -45      116
..................................................................


WIND (MPH)
  HIGHEST WIND SPEED    18   HIGHEST WIND DIRECTION     N (10)
  HIGHEST GUST SPEED    26   HIGHEST GUST DIRECTION     N (350)
  AVERAGE WIND SPEED     6.9


SKY COVER
  AVERAGE SKY COVER 0.4


WEATHER CONDITIONS
 THE FOLLOWING WEATHER WAS RECORDED YESTERDAY.
  NO SIGNIFICANT WEATHER WAS OBSERVED.


RELATIVE HUMIDITY (PERCENT)
 HIGHEST    93
 LOWEST     41
 AVERAGE    67

..........................................................


THE CAPE GIRARDEAU MO CLIMATE NORMALS FOR TODAY
                         NORMAL    RECORD    YEAR
 MAXIMUM TEMPERATURE (F)   80        94      1962
 MINIMUM TEMPERATURE (F)   57        42      2015


SUNRISE AND SUNSET
MAY 22 2016...........SUNRISE   544 AM CDT   SUNSET   806 PM CDT
MAY 23 2016...........SUNRISE   544 AM CDT   SUNSET   807 PM CDT


-  INDICATES NEGATIVE NUMBERS.
R  INDICATES RECORD WAS SET OR TIED.
MM INDICATES DATA IS MISSING.
T  INDICATES TRACE AMOUNT.




$$
