000
CDUS43 KPAH 270640
CLICGI


CLIMATE REPORT
NATIONAL WEATHER SERVICE PADUCAH KY
1238 AM CST THU NOV 27 2014


...................................

...THE CAPE GIRARDEAU MO CLIMATE SUMMARY FOR NOVEMBER 26 2014...

CLIMATE NORMAL PERIOD 1981 TO 2010
CLIMATE RECORD PERIOD 1960 TO 2014


WEATHER ITEM   OBSERVED TIME   RECORD YEAR NORMAL DEPARTURE LAST
                VALUE   (LST)  VALUE       VALUE  FROM      YEAR
                                                  NORMAL
..................................................................
TEMPERATURE (F)
 YESTERDAY
  MAXIMUM         41    143 PM  72    1990  52    -11       43
  MINIMUM         23    200 AM  12    1977  33    -10       26
  AVERAGE         32                        42    -10

PRECIPITATION (IN)
  YESTERDAY        0.12          1.87 1978   0.16  -0.04     0.00
  MONTH TO DATE    2.22                      3.81  -1.59     1.65
  SINCE SEP 1      8.58                     10.88  -2.30     6.29
  SINCE JAN 1     40.88                     41.93  -1.05    34.52

DEGREE DAYS
 HEATING
  YESTERDAY       33                        23     10       30
  MONTH TO DATE  665                       453    212      511
  SINCE SEP 1    914                       755    159      777
  SINCE JUL 1    914                       756    158      778

 COOLING
  YESTERDAY        0                         0      0        0
  MONTH TO DATE    0                         0      0        0
  SINCE SEP 1    185                       191     -6      260
  SINCE JAN 1   1424                      1451    -27     1441
..................................................................


WIND (MPH)
  HIGHEST WIND SPEED    20   HIGHEST WIND DIRECTION    NW (310)
  HIGHEST GUST SPEED    24   HIGHEST GUST DIRECTION    NW (300)
  AVERAGE WIND SPEED     6.8


SKY COVER
  AVERAGE SKY COVER 0.6


WEATHER CONDITIONS
 THE FOLLOWING WEATHER WAS RECORDED YESTERDAY.
  LIGHT RAIN
  FOG


RELATIVE HUMIDITY (PERCENT)
 HIGHEST   100
 LOWEST     76
 AVERAGE    88

..........................................................


THE CAPE GIRARDEAU MO CLIMATE NORMALS FOR TODAY
                         NORMAL    RECORD    YEAR
 MAXIMUM TEMPERATURE (F)   51        75      1990
 MINIMUM TEMPERATURE (F)   32        19      2013


SUNRISE AND SUNSET
NOVEMBER 27 2014......SUNRISE   650 AM CST   SUNSET   442 PM CST
NOVEMBER 28 2014......SUNRISE   651 AM CST   SUNSET   442 PM CST


-  INDICATES NEGATIVE NUMBERS.
R  INDICATES RECORD WAS SET OR TIED.
MM INDICATES DATA IS MISSING.
T  INDICATES TRACE AMOUNT.




$$
