000
CDUS43 KPAH 270633
CLICGI


CLIMATE REPORT
NATIONAL WEATHER SERVICE PADUCAH KY
128 AM CDT THU APR 27 2017


...................................

...THE CAPE GIRARDEAU MO CLIMATE SUMMARY FOR APRIL 26 2017...

CLIMATE NORMAL PERIOD 1981 TO 2010
CLIMATE RECORD PERIOD 1960 TO 2017


WEATHER ITEM   OBSERVED TIME   RECORD YEAR NORMAL DEPARTURE LAST
                VALUE   (LST)  VALUE       VALUE  FROM      YEAR
                                                  NORMAL
..................................................................
TEMPERATURE (F)
 YESTERDAY
  MAXIMUM         76   1012 AM  90    1989  72      4       80
  MINIMUM         58    954 PM  34    2000  49      9       58
  AVERAGE         67                        61      6

PRECIPITATION (IN)
  YESTERDAY        2.21R         2.13 1985   0.16   2.05     0.21
  MONTH TO DATE    7.99                      3.70   4.29     3.55
  SINCE MAR 1     10.80                      8.10   2.70     9.01
  SINCE JAN 1     13.82                     14.98  -1.16    13.79

DEGREE DAYS
 HEATING
  YESTERDAY        0                         6     -6        0
  MONTH TO DATE  133                       244   -111      184
  SINCE MAR 1    615                       803   -188      572
  SINCE JUL 1   3350                      4300   -950     3464

 COOLING
  YESTERDAY        2                         1      1        4
  MONTH TO DATE   31                        20     11       13
  SINCE MAR 1     34                        24     10       13
  SINCE JAN 1     34                        24     10       13
..................................................................


WIND (MPH)
  HIGHEST WIND SPEED    31   HIGHEST WIND DIRECTION     E (100)
  HIGHEST GUST SPEED    38   HIGHEST GUST DIRECTION     E (100)
  AVERAGE WIND SPEED    12.7


SKY COVER
  AVERAGE SKY COVER 0.8


WEATHER CONDITIONS
 THE FOLLOWING WEATHER WAS RECORDED YESTERDAY.
  THUNDERSTORM
  HEAVY RAIN
  RAIN
  LIGHT RAIN
  FOG


RELATIVE HUMIDITY (PERCENT)
 HIGHEST   100
 LOWEST     59
 AVERAGE    80

..........................................................


THE CAPE GIRARDEAU MO CLIMATE NORMALS FOR TODAY
                         NORMAL    RECORD    YEAR
 MAXIMUM TEMPERATURE (F)   72        91      1989
 MINIMUM TEMPERATURE (F)   50        36      2006


SUNRISE AND SUNSET
APRIL 27 2017.........SUNRISE   608 AM CDT   SUNSET   744 PM CDT
APRIL 28 2017.........SUNRISE   607 AM CDT   SUNSET   745 PM CDT


-  INDICATES NEGATIVE NUMBERS.
R  INDICATES RECORD WAS SET OR TIED.
MM INDICATES DATA IS MISSING.
T  INDICATES TRACE AMOUNT.




$$
