000
CDUS43 KPAH 220645
CLICGI


CLIMATE REPORT
NATIONAL WEATHER SERVICE PADUCAH KY
145 AM CDT WED MAR 22 2017


...................................

...THE CAPE GIRARDEAU MO CLIMATE SUMMARY FOR MARCH 21 2017...

CLIMATE NORMAL PERIOD 1981 TO 2010
CLIMATE RECORD PERIOD 1960 TO 2017


WEATHER ITEM   OBSERVED TIME   RECORD YEAR NORMAL DEPARTURE LAST
                VALUE   (LST)  VALUE       VALUE  FROM      YEAR
                                                  NORMAL
..................................................................
TEMPERATURE (F)
 YESTERDAY
  MAXIMUM         63   1227 AM  80    1966  60      3       56
  MINIMUM         50   1159 PM  20    1986  37     13       28
  AVERAGE         57                        49      8

PRECIPITATION (IN)
  YESTERDAY        0.23          1.80 2010   0.16   0.07     0.00
  MONTH TO DATE    2.04                      2.85  -0.81     2.62
  SINCE MAR 1      2.04                      2.85  -0.81     2.62
  SINCE JAN 1      5.06                      9.73  -4.67     7.40

DEGREE DAYS
 HEATING
  YESTERDAY        8                        16     -8       23
  MONTH TO DATE  404                       411     -7      280
  SINCE MAR 1    404                       411     -7      280
  SINCE JUL 1   3139                      3908   -769     3172

 COOLING
  YESTERDAY        0                         0      0        0
  MONTH TO DATE    0                         0      0        0
  SINCE MAR 1      0                         0      0        0
  SINCE JAN 1      0                         0      0        0
..................................................................


WIND (MPH)
  HIGHEST WIND SPEED    22   HIGHEST WIND DIRECTION    NE (30)
  HIGHEST GUST SPEED    27   HIGHEST GUST DIRECTION     N (10)
  AVERAGE WIND SPEED    10.5


SKY COVER
  AVERAGE SKY COVER 0.3


WEATHER CONDITIONS
 THE FOLLOWING WEATHER WAS RECORDED YESTERDAY.
  THUNDERSTORM
  RAIN
  LIGHT RAIN
  HAZE


RELATIVE HUMIDITY (PERCENT)
 HIGHEST    83
 LOWEST     54
 AVERAGE    69

..........................................................


THE CAPE GIRARDEAU MO CLIMATE NORMALS FOR TODAY
                         NORMAL    RECORD    YEAR
 MAXIMUM TEMPERATURE (F)   60        77      2007
 MINIMUM TEMPERATURE (F)   38        21      2002


SUNRISE AND SUNSET
MARCH 22 2017.........SUNRISE   659 AM CDT   SUNSET   712 PM CDT
MARCH 23 2017.........SUNRISE   657 AM CDT   SUNSET   713 PM CDT


-  INDICATES NEGATIVE NUMBERS.
R  INDICATES RECORD WAS SET OR TIED.
MM INDICATES DATA IS MISSING.
T  INDICATES TRACE AMOUNT.




$$
