000
CDUS43 KPAH 050634
CLICGI


CLIMATE REPORT
NATIONAL WEATHER SERVICE PADUCAH KY
1231 AM CST FRI FEB 5 2016


...................................

...THE CAPE GIRARDEAU MO CLIMATE SUMMARY FOR FEBRUARY 4 2016...

CLIMATE NORMAL PERIOD 1981 TO 2010
CLIMATE RECORD PERIOD 1960 TO 2016


WEATHER ITEM   OBSERVED TIME   RECORD YEAR NORMAL DEPARTURE LAST
                VALUE   (LST)  VALUE       VALUE  FROM      YEAR
                                                  NORMAL
..................................................................
TEMPERATURE (F)
 YESTERDAY
  MAXIMUM         42    427 PM  72    2008  45     -3       48
  MINIMUM         22    655 AM  -8    1996  25     -3       25
  AVERAGE         32                        35     -3

PRECIPITATION (IN)
  YESTERDAY        0.00          0.36 1971   0.12  -0.12      T
  MONTH TO DATE    0.03                      0.50  -0.47     0.73
  SINCE DEC 1      4.08                      8.22  -4.14     8.31
  SINCE JAN 1      1.69                      3.97  -2.28     5.50

DEGREE DAYS
 HEATING
  YESTERDAY       33                        30      3       28
  MONTH TO DATE   72                       121    -49      124
  SINCE DEC 1   1587                      2008   -421     1837
  SINCE JUL 1   2237                      2859   -622     2833

 COOLING
  YESTERDAY        0                         0      0        0
  MONTH TO DATE    0                         0      0        0
  SINCE DEC 1      2                         0      2        0
  SINCE JAN 1      0                         0      0        0
..................................................................


WIND (MPH)
  HIGHEST WIND SPEED    15   HIGHEST WIND DIRECTION    NW (320)
  HIGHEST GUST SPEED    21   HIGHEST GUST DIRECTION    NW (310)
  AVERAGE WIND SPEED     5.7


SKY COVER
  AVERAGE SKY COVER 0.1


WEATHER CONDITIONS
 THE FOLLOWING WEATHER WAS RECORDED YESTERDAY.
  NO SIGNIFICANT WEATHER WAS OBSERVED.


RELATIVE HUMIDITY (PERCENT)
 HIGHEST    84
 LOWEST     33
 AVERAGE    59

..........................................................


THE CAPE GIRARDEAU MO CLIMATE NORMALS FOR TODAY
                         NORMAL    RECORD    YEAR
 MAXIMUM TEMPERATURE (F)   45        72      2008
 MINIMUM TEMPERATURE (F)   26         3      1979


SUNRISE AND SUNSET
FEBRUARY  5 2016......SUNRISE   658 AM CST   SUNSET   527 PM CST
FEBRUARY  6 2016......SUNRISE   657 AM CST   SUNSET   528 PM CST


-  INDICATES NEGATIVE NUMBERS.
R  INDICATES RECORD WAS SET OR TIED.
MM INDICATES DATA IS MISSING.
T  INDICATES TRACE AMOUNT.




$$
