000
CDUS43 KPAH 180633
CLICGI


CLIMATE REPORT
NATIONAL WEATHER SERVICE PADUCAH KY
129 AM CDT MON JUL 18 2016


...................................

...THE CAPE GIRARDEAU MO CLIMATE SUMMARY FOR JULY 17 2016...

CLIMATE NORMAL PERIOD 1981 TO 2010
CLIMATE RECORD PERIOD 1960 TO 2016


WEATHER ITEM   OBSERVED TIME   RECORD YEAR NORMAL DEPARTURE LAST
                VALUE   (LST)  VALUE       VALUE  FROM      YEAR
                                                  NORMAL
..................................................................
TEMPERATURE (F)
 YESTERDAY
  MAXIMUM         93    234 PM  99    1988  90      3       93
  MINIMUM         70    450 AM  56    2014  68      2       76
                                      1960
  AVERAGE         82                        79      3

PRECIPITATION (IN)
  YESTERDAY        0.00          1.39 1963   0.11  -0.11     0.00
  MONTH TO DATE    3.15                      1.86   1.29     7.81
  SINCE JUN 1      4.43                      5.43  -1.00    12.13
  SINCE JAN 1     27.71                     26.53   1.18    37.57

DEGREE DAYS
 HEATING
  YESTERDAY        0                         0      0        0
  MONTH TO DATE    0                         0      0        0
  SINCE JUN 1      0                         4     -4        5
  SINCE JUL 1      0                         0      0        0

 COOLING
  YESTERDAY       17                        14      3       20
  MONTH TO DATE  241                       235      6      232
  SINCE JUN 1    652                       547    105      613
  SINCE JAN 1    773                       699     74      790
..................................................................


WIND (MPH)
  HIGHEST WIND SPEED    14   HIGHEST WIND DIRECTION     S (190)
  HIGHEST GUST SPEED    17   HIGHEST GUST DIRECTION    SW (220)
  AVERAGE WIND SPEED     5.7


SKY COVER
  AVERAGE SKY COVER 0.1


WEATHER CONDITIONS
 THE FOLLOWING WEATHER WAS RECORDED YESTERDAY.
  FOG


RELATIVE HUMIDITY (PERCENT)
 HIGHEST    93
 LOWEST     56
 AVERAGE    75

..........................................................


THE CAPE GIRARDEAU MO CLIMATE NORMALS FOR TODAY
                         NORMAL    RECORD    YEAR
 MAXIMUM TEMPERATURE (F)   90        99      1986
 MINIMUM TEMPERATURE (F)   68        56      2009


SUNRISE AND SUNSET
JULY 18 2016..........SUNRISE   552 AM CDT   SUNSET   816 PM CDT
JULY 19 2016..........SUNRISE   553 AM CDT   SUNSET   816 PM CDT


-  INDICATES NEGATIVE NUMBERS.
R  INDICATES RECORD WAS SET OR TIED.
MM INDICATES DATA IS MISSING.
T  INDICATES TRACE AMOUNT.




$$
