000
CDUS43 KPAH 040632
CLICGI


CLIMATE REPORT
NATIONAL WEATHER SERVICE PADUCAH KY
1230 AM CST WED MAR 4 2015


...................................

...THE CAPE GIRARDEAU MO CLIMATE SUMMARY FOR MARCH 3 2015...

CLIMATE NORMAL PERIOD 1981 TO 2010
CLIMATE RECORD PERIOD 1960 TO 2015


WEATHER ITEM   OBSERVED TIME   RECORD YEAR NORMAL DEPARTURE LAST
                VALUE   (LST)  VALUE       VALUE  FROM      YEAR
                                                  NORMAL
..................................................................
TEMPERATURE (F)
 YESTERDAY
  MAXIMUM         41   1159 PM  78    1976  53    -12       24
  MINIMUM         34    540 AM   9    2014  33      1        9
  AVERAGE         38                        43     -5

PRECIPITATION (IN)
  YESTERDAY        1.07          1.66 2008   0.11   0.96      T
  MONTH TO DATE    1.21                      0.34   0.87     0.65
  SINCE MAR 1      1.21                      0.34   0.87     0.65
  SINCE JAN 1      7.73                      7.22   0.51     3.79

DEGREE DAYS
 HEATING
  YESTERDAY       27                        22      5       48
  MONTH TO DATE   89                        67     22      108
  SINCE MAR 1     89                        67     22      108
  SINCE JUL 1   3867                      3564    303     4033

 COOLING
  YESTERDAY        0                         0      0        0
  MONTH TO DATE    0                         0      0        0
  SINCE MAR 1      0                         0      0        0
  SINCE JAN 1      0                         0      0        0
..................................................................


WIND (MPH)
  HIGHEST WIND SPEED    14   HIGHEST WIND DIRECTION    SW (220)
  HIGHEST GUST SPEED    19   HIGHEST GUST DIRECTION     S (180)
  AVERAGE WIND SPEED     6.1


SKY COVER
  AVERAGE SKY COVER 1.0


WEATHER CONDITIONS
 THE FOLLOWING WEATHER WAS RECORDED YESTERDAY.
  HEAVY RAIN
  RAIN
  LIGHT RAIN
  FOG
  FOG W/VISIBILITY <= 1/4 MILE
  HAZE


RELATIVE HUMIDITY (PERCENT)
 HIGHEST   100
 LOWEST     70
 AVERAGE    85

..........................................................


THE CAPE GIRARDEAU MO CLIMATE NORMALS FOR TODAY
                         NORMAL    RECORD    YEAR
 MAXIMUM TEMPERATURE (F)   54        77      1983
 MINIMUM TEMPERATURE (F)   33         6      1978


SUNRISE AND SUNSET
MARCH  4 2015.........SUNRISE   626 AM CST   SUNSET   555 PM CST
MARCH  5 2015.........SUNRISE   624 AM CST   SUNSET   556 PM CST


-  INDICATES NEGATIVE NUMBERS.
R  INDICATES RECORD WAS SET OR TIED.
MM INDICATES DATA IS MISSING.
T  INDICATES TRACE AMOUNT.




$$
