632
CDUS43 KPAH 270645
CLICGI


CLIMATE REPORT
NATIONAL WEATHER SERVICE PADUCAH KY
145 AM CDT MON MAR 27 2017


...................................

...THE CAPE GIRARDEAU MO CLIMATE SUMMARY FOR MARCH 26 2017...

CLIMATE NORMAL PERIOD 1981 TO 2010
CLIMATE RECORD PERIOD 1960 TO 2017


WEATHER ITEM   OBSERVED TIME   RECORD YEAR NORMAL DEPARTURE LAST
                VALUE   (LST)  VALUE       VALUE  FROM      YEAR
                                                  NORMAL
..................................................................
TEMPERATURE (F)
 YESTERDAY
  MAXIMUM         64    411 PM  82    2007  62      2       63
  MINIMUM         50   1159 PM  20    2014  39     11       36
  AVERAGE         57                        50      7

PRECIPITATION (IN)
  YESTERDAY        0.00          1.35 1994   0.16  -0.16     0.00
  MONTH TO DATE    2.35                      3.62  -1.27     3.36
  SINCE MAR 1      2.35                      3.62  -1.27     3.36
  SINCE JAN 1      5.37                     10.50  -5.13     8.14

DEGREE DAYS
 HEATING
  YESTERDAY        8                        15     -7       15
  MONTH TO DATE  444                       489    -45      338
  SINCE MAR 1    444                       489    -45      338
  SINCE JUL 1   3179                      3986   -807     3230

 COOLING
  YESTERDAY        0                         0      0        0
  MONTH TO DATE    3                         0      3        0
  SINCE MAR 1      3                         0      3        0
  SINCE JAN 1      3                         0      3        0
..................................................................


WIND (MPH)
  HIGHEST WIND SPEED    22   HIGHEST WIND DIRECTION     W (260)
  HIGHEST GUST SPEED    27   HIGHEST GUST DIRECTION     W (260)
  AVERAGE WIND SPEED     7.5


SKY COVER
  AVERAGE SKY COVER 0.6


WEATHER CONDITIONS
 THE FOLLOWING WEATHER WAS RECORDED YESTERDAY.
  NO SIGNIFICANT WEATHER WAS OBSERVED.


RELATIVE HUMIDITY (PERCENT)
 HIGHEST    93
 LOWEST     56
 AVERAGE    75

..........................................................


THE CAPE GIRARDEAU MO CLIMATE NORMALS FOR TODAY
                         NORMAL    RECORD    YEAR
 MAXIMUM TEMPERATURE (F)   62        82      2007
 MINIMUM TEMPERATURE (F)   39        19      2001


SUNRISE AND SUNSET
MARCH 27 2017.........SUNRISE   651 AM CDT   SUNSET   717 PM CDT
MARCH 28 2017.........SUNRISE   650 AM CDT   SUNSET   718 PM CDT


-  INDICATES NEGATIVE NUMBERS.
R  INDICATES RECORD WAS SET OR TIED.
MM INDICATES DATA IS MISSING.
T  INDICATES TRACE AMOUNT.




$$
