000
CDUS43 KPAH 180630
CLICGI


CLIMATE REPORT
NATIONAL WEATHER SERVICE PADUCAH KY
128 AM CDT FRI APR 18 2014

...................................

...THE CAPE GIRARDEAU MO CLIMATE SUMMARY FOR APRIL 17 2014...

CLIMATE NORMAL PERIOD 1981 TO 2010
CLIMATE RECORD PERIOD 1960 TO 2014

WEATHER ITEM   OBSERVED TIME   RECORD YEAR NORMAL DEPARTURE LAST
                VALUE   (LST)  VALUE       VALUE  FROM      YEAR
                                                  NORMAL
..................................................................
TEMPERATURE (F)
 YESTERDAY
  MAXIMUM         67    323 PM  86    1977  69     -2       84
  MINIMUM         34    533 AM  33    1993  46    -12       54
  AVERAGE         51                        58     -7

PRECIPITATION (IN)
  YESTERDAY        0.00          0.88 1968   0.14  -0.14     0.00
  MONTH TO DATE    3.71                      2.31   1.40     0.73
  SINCE MAR 1      6.02                      6.71  -0.69     3.28
  SINCE JAN 1      9.16                     13.59  -4.43     9.90

DEGREE DAYS
 HEATING
  YESTERDAY       14                         8      6        0
  MONTH TO DATE  168                       182    -14      160
  SINCE MAR 1    886                       741    145      882
  SINCE JUL 1   4811                      4238    573     4121

 COOLING
  YESTERDAY        0                         1     -1        4
  MONTH TO DATE    7                        11     -4       24
  SINCE MAR 1      7                        15     -8       24
  SINCE JAN 1      7                        15     -8       24
..................................................................

WIND (MPH)
  HIGHEST WIND SPEED    16   HIGHEST WIND DIRECTION     S (170)
  HIGHEST GUST SPEED    23   HIGHEST GUST DIRECTION    SW (220)
  AVERAGE WIND SPEED     5.6

SKY COVER
  AVERAGE SKY COVER 0.0

WEATHER CONDITIONS
 THE FOLLOWING WEATHER WAS RECORDED YESTERDAY.
  NO SIGNIFICANT WEATHER WAS OBSERVED.

RELATIVE HUMIDITY (PERCENT)
 HIGHEST    92
 LOWEST     40
 AVERAGE    66
..........................................................

THE CAPE GIRARDEAU MO CLIMATE NORMALS FOR TODAY
                         NORMAL    RECORD    YEAR
 MAXIMUM TEMPERATURE (F)   70        86      2006
 MINIMUM TEMPERATURE (F)   46        27      2001

SUNRISE AND SUNSET
APRIL 18 2014.........SUNRISE   620 AM CDT   SUNSET   736 PM CDT
APRIL 19 2014.........SUNRISE   618 AM CDT   SUNSET   737 PM CDT

-  INDICATES NEGATIVE NUMBERS.
R  INDICATES RECORD WAS SET OR TIED.
MM INDICATES DATA IS MISSING.
T  INDICATES TRACE AMOUNT.

$$
