000
CDUS43 KPAH 290628
CLICGI


CLIMATE REPORT
NATIONAL WEATHER SERVICE PADUCAH KY
127 AM CDT FRI AUG 29 2014

...................................

...THE CAPE GIRARDEAU MO CLIMATE SUMMARY FOR AUGUST 28 2014...

CLIMATE NORMAL PERIOD 1981 TO 2010
CLIMATE RECORD PERIOD 1960 TO 2014

WEATHER ITEM   OBSERVED TIME   RECORD YEAR NORMAL DEPARTURE LAST
                VALUE   (LST)  VALUE       VALUE  FROM      YEAR
                                                  NORMAL
..................................................................
TEMPERATURE (F)
 YESTERDAY
  MAXIMUM         90    155 PM  99    2007  87      3       92
  MINIMUM         70   1155 PM  48    1967  63      7       67
  AVERAGE         80                        75      5

PRECIPITATION (IN)
  YESTERDAY        0.02          1.02 1974   0.10  -0.08     0.00
  MONTH TO DATE    2.88                      2.71   0.17     3.53
  SINCE JUN 1     13.30                      9.64   3.66    12.06
  SINCE JAN 1     31.69                     30.74   0.95    28.23

DEGREE DAYS
 HEATING
  YESTERDAY        0                         0      0        0
  MONTH TO DATE    0                         0      0        1
  SINCE JUN 1      0                         4     -4        1
  SINCE JUL 1      0                         0      0        1

 COOLING
  YESTERDAY       15                        10      5       15
  MONTH TO DATE  354                       344     10      284
  SINCE JUN 1    988                      1078    -90      957
  SINCE JAN 1   1199                      1230    -31     1128
..................................................................

WIND (MPH)
  HIGHEST WIND SPEED    18   HIGHEST WIND DIRECTION     E (90)
  HIGHEST GUST SPEED    23   HIGHEST GUST DIRECTION     E (90)
  AVERAGE WIND SPEED     2.4

SKY COVER
  AVERAGE SKY COVER 0.1

WEATHER CONDITIONS
 THE FOLLOWING WEATHER WAS RECORDED YESTERDAY.
  THUNDERSTORM
  FOG
  HAZE

RELATIVE HUMIDITY (PERCENT)
 HIGHEST    93
 LOWEST     56
 AVERAGE    75
..........................................................

THE CAPE GIRARDEAU MO CLIMATE NORMALS FOR TODAY
                         NORMAL    RECORD    YEAR
 MAXIMUM TEMPERATURE (F)   87       101      2000
 MINIMUM TEMPERATURE (F)   63        45      1986

SUNRISE AND SUNSET
AUGUST 29 2014........SUNRISE   626 AM CDT   SUNSET   731 PM CDT
AUGUST 30 2014........SUNRISE   627 AM CDT   SUNSET   730 PM CDT

-  INDICATES NEGATIVE NUMBERS.
R  INDICATES RECORD WAS SET OR TIED.
MM INDICATES DATA IS MISSING.
T  INDICATES TRACE AMOUNT.

$$
