000
CDUS43 KPAH 270632
CLICGI


CLIMATE REPORT
NATIONAL WEATHER SERVICE PADUCAH KY
132 AM CDT THU AUG 27 2015


...................................

...THE CAPE GIRARDEAU MO CLIMATE SUMMARY FOR AUGUST 26 2015...

CLIMATE NORMAL PERIOD 1981 TO 2010
CLIMATE RECORD PERIOD 1960 TO 2015


WEATHER ITEM   OBSERVED TIME   RECORD YEAR NORMAL DEPARTURE LAST
                VALUE   (LST)  VALUE       VALUE  FROM      YEAR
                                                  NORMAL
..................................................................
TEMPERATURE (F)
 YESTERDAY
  MAXIMUM         79    429 PM  98    1983  88     -9       94
  MINIMUM         51R   535 AM  52    2010  64    -13       70
  AVERAGE         65                        76    -11

PRECIPITATION (IN)
  YESTERDAY        0.00          0.47 1971   0.10  -0.10     0.00
  MONTH TO DATE    4.16                      2.51   1.65     2.86
  SINCE JUN 1     18.11                      9.44   8.67    13.28
  SINCE JAN 1     43.55                     30.54  13.01    31.67

DEGREE DAYS
 HEATING
  YESTERDAY        0                         0      0        0
  MONTH TO DATE    0                         0      0        0
  SINCE JUN 1      5                         4      1        0
  SINCE JUL 1      0                         0      0        0

 COOLING
  YESTERDAY        0                        11    -11       17
  MONTH TO DATE  259                       323    -64      322
  SINCE JUN 1   1109                      1057     52      956
  SINCE JAN 1   1286                      1209     77     1167
..................................................................


WIND (MPH)
  HIGHEST WIND SPEED    15   HIGHEST WIND DIRECTION     N (340)
  HIGHEST GUST SPEED    19   HIGHEST GUST DIRECTION     N (360)
  AVERAGE WIND SPEED     4.6


SKY COVER
  AVERAGE SKY COVER 0.1


WEATHER CONDITIONS
 THE FOLLOWING WEATHER WAS RECORDED YESTERDAY.
  NO SIGNIFICANT WEATHER WAS OBSERVED.


RELATIVE HUMIDITY (PERCENT)
 HIGHEST   100
 LOWEST     45
 AVERAGE    73

..........................................................


THE CAPE GIRARDEAU MO CLIMATE NORMALS FOR TODAY
                         NORMAL    RECORD    YEAR
 MAXIMUM TEMPERATURE (F)   88        99      1983
 MINIMUM TEMPERATURE (F)   64        51      2010


SUNRISE AND SUNSET
AUGUST 27 2015........SUNRISE   625 AM CDT   SUNSET   735 PM CDT
AUGUST 28 2015........SUNRISE   625 AM CDT   SUNSET   733 PM CDT


-  INDICATES NEGATIVE NUMBERS.
R  INDICATES RECORD WAS SET OR TIED.
MM INDICATES DATA IS MISSING.
T  INDICATES TRACE AMOUNT.




$$
