000
CDUS43 KPAH 250633
CLICGI


CLIMATE REPORT
NATIONAL WEATHER SERVICE PADUCAH KY
129 AM CDT FRI JUL 25 2014


...................................

...THE CAPE GIRARDEAU MO CLIMATE SUMMARY FOR JULY 24 2014...

CLIMATE NORMAL PERIOD 1981 TO 2010
CLIMATE RECORD PERIOD 1960 TO 2014


WEATHER ITEM   OBSERVED TIME   RECORD YEAR NORMAL DEPARTURE LAST
                VALUE   (LST)  VALUE       VALUE  FROM      YEAR
                                                  NORMAL
..................................................................
TEMPERATURE (F)
 YESTERDAY
  MAXIMUM         81    426 PM 102    1965  89     -8       84
  MINIMUM         59    518 AM  51    2000  68     -9       61
  AVERAGE         70                        79     -9

PRECIPITATION (IN)
  YESTERDAY        0.00          1.43 1971   0.12  -0.12     0.00
  MONTH TO DATE    2.92                      2.62   0.30     0.25
  SINCE JUN 1     10.42                      6.19   4.23     8.01
  SINCE JAN 1     28.81                     27.29   1.52    24.18

DEGREE DAYS
 HEATING
  YESTERDAY        0                         0      0        0
  MONTH TO DATE    0                         0      0        0
  SINCE JUN 1      0                         4     -4        0
  SINCE JUL 1      0                         0      0        0

 COOLING
  YESTERDAY        5                        14     -9        8
  MONTH TO DATE  221                       333   -112      297
  SINCE JUN 1    580                       645    -65      630
  SINCE JAN 1    791                       797     -6      801
..................................................................


WIND (MPH)
  HIGHEST WIND SPEED    15   HIGHEST WIND DIRECTION     N (10)
  HIGHEST GUST SPEED    22   HIGHEST GUST DIRECTION    NE (30)
  AVERAGE WIND SPEED     6.1


SKY COVER
  AVERAGE SKY COVER 0.1


WEATHER CONDITIONS
 THE FOLLOWING WEATHER WAS RECORDED YESTERDAY.
  FOG
  HAZE


RELATIVE HUMIDITY (PERCENT)
 HIGHEST   100
 LOWEST     51
 AVERAGE    76

..........................................................


THE CAPE GIRARDEAU MO CLIMATE NORMALS FOR TODAY
                         NORMAL    RECORD    YEAR
 MAXIMUM TEMPERATURE (F)   89       100      1986
 MINIMUM TEMPERATURE (F)   68        54      2000


SUNRISE AND SUNSET
JULY 25 2014..........SUNRISE   557 AM CDT   SUNSET   812 PM CDT
JULY 26 2014..........SUNRISE   558 AM CDT   SUNSET   811 PM CDT


-  INDICATES NEGATIVE NUMBERS.
R  INDICATES RECORD WAS SET OR TIED.
MM INDICATES DATA IS MISSING.
T  INDICATES TRACE AMOUNT.




$$
