000
CDUS43 KPAH 112230
CLICGI


CLIMATE REPORT
NATIONAL WEATHER SERVICE PADUCAH KY
429 PM CST WED JAN 11 2017


...................................

...THE CAPE GIRARDEAU MO CLIMATE SUMMARY FOR JANUARY 11 2017...
VALID TODAY AS OF 0400 PM LOCAL TIME.

CLIMATE NORMAL PERIOD 1981 TO 2010
CLIMATE RECORD PERIOD 1960 TO 2017


WEATHER ITEM   OBSERVED TIME   RECORD YEAR NORMAL DEPARTURE LAST
                VALUE   (LST)  VALUE       VALUE  FROM      YEAR
                                                  NORMAL
..................................................................
TEMPERATURE (F)
 TODAY
  MAXIMUM         65    359 PM  68    2005  42     23       38
  MINIMUM         34    350 AM -18    1977  24     10       14
  AVERAGE         50                        33     17

PRECIPITATION (IN)
  TODAY            0.01          0.49 1991   0.10  -0.09     0.00
  MONTH TO DATE    0.22                      1.26  -1.04     1.40
  SINCE DEC 1      3.56                      5.51  -1.95     3.79
  SINCE JAN 1      0.22                      1.26  -1.04     1.40

DEGREE DAYS
 HEATING
  TODAY           15                        32    -17       39
  MONTH TO DATE  351                       352     -1      329
  SINCE DEC 1   1242                      1252    -10      891
  SINCE JUL 1   1819                      2103   -284     1541

 COOLING
  TODAY            0                         0      0        0
  MONTH TO DATE    0                         0      0        0
  SINCE DEC 1      0                         0      0        2
  SINCE JAN 1      0                         0      0        0
..................................................................


WIND (MPH)
  HIGHEST WIND SPEED    29   HIGHEST WIND DIRECTION     S (200)
  HIGHEST GUST SPEED    38   HIGHEST GUST DIRECTION     S (200)
  AVERAGE WIND SPEED    12.4


SKY COVER
  AVERAGE SKY COVER 0.7


WEATHER CONDITIONS
 THE FOLLOWING WEATHER WAS RECORDED TODAY.
  LIGHT RAIN
  FOG
  FOG W/VISIBILITY <= 1/4 MILE


RELATIVE HUMIDITY (PERCENT)
 HIGHEST   100
 LOWEST     78
 AVERAGE    89

..........................................................


THE CAPE GIRARDEAU MO CLIMATE NORMALS FOR TOMORROW
                         NORMAL
 MAXIMUM TEMPERATURE (F)   42
 MINIMUM TEMPERATURE (F)   24


SUNRISE AND SUNSET
JANUARY 11 2017.......SUNRISE   712 AM CST   SUNSET   501 PM CST
JANUARY 12 2017.......SUNRISE   712 AM CST   SUNSET   502 PM CST


-  INDICATES NEGATIVE NUMBERS.
R  INDICATES RECORD WAS SET OR TIED.
MM INDICATES DATA IS MISSING.
T  INDICATES TRACE AMOUNT.




$$
