000
CDUS43 KPAH 270629
CLICGI


CLIMATE REPORT
NATIONAL WEATHER SERVICE PADUCAH KY
1228 AM CST SUN NOV 27 2016


...................................

...THE CAPE GIRARDEAU MO CLIMATE SUMMARY FOR NOVEMBER 26 2016...

CLIMATE NORMAL PERIOD 1981 TO 2010
CLIMATE RECORD PERIOD 1960 TO 2016


WEATHER ITEM   OBSERVED TIME   RECORD YEAR NORMAL DEPARTURE LAST
                VALUE   (LST)  VALUE       VALUE  FROM      YEAR
                                                  NORMAL
..................................................................
TEMPERATURE (F)
 YESTERDAY
  MAXIMUM         47    307 PM  72    1990  52     -5       65
  MINIMUM         30    315 AM  12    1977  33     -3       53
  AVERAGE         39                        42     -3

PRECIPITATION (IN)
  YESTERDAY        0.00          1.87 1978   0.16  -0.16      T
  MONTH TO DATE    1.34                      3.81  -2.47     6.62
  SINCE SEP 1      7.03                     10.88  -3.85     9.49
  SINCE JAN 1     43.73                     41.93   1.80    53.04

DEGREE DAYS
 HEATING
  YESTERDAY       26                        23      3        6
  MONTH TO DATE  373                       453    -80      363
  SINCE SEP 1    504                       755   -251      579
  SINCE JUL 1    504                       756   -252      579

 COOLING
  YESTERDAY        0                         0      0        0
  MONTH TO DATE   11                         0     11        4
  SINCE SEP 1    355                       191    164      202
  SINCE JAN 1   1798                      1451    347     1531
..................................................................


WIND (MPH)
  HIGHEST WIND SPEED    12   HIGHEST WIND DIRECTION    SW (230)
  HIGHEST GUST SPEED    13   HIGHEST GUST DIRECTION    SW (220)
  AVERAGE WIND SPEED     3.4


SKY COVER
  AVERAGE SKY COVER 0.4


WEATHER CONDITIONS
 THE FOLLOWING WEATHER WAS RECORDED YESTERDAY.
  FOG


RELATIVE HUMIDITY (PERCENT)
 HIGHEST   100
 LOWEST     65
 AVERAGE    83

..........................................................


THE CAPE GIRARDEAU MO CLIMATE NORMALS FOR TODAY
                         NORMAL    RECORD    YEAR
 MAXIMUM TEMPERATURE (F)   51        75      1990
 MINIMUM TEMPERATURE (F)   32        19      2013


SUNRISE AND SUNSET
NOVEMBER 27 2016......SUNRISE   650 AM CST   SUNSET   442 PM CST
NOVEMBER 28 2016......SUNRISE   651 AM CST   SUNSET   442 PM CST


-  INDICATES NEGATIVE NUMBERS.
R  INDICATES RECORD WAS SET OR TIED.
MM INDICATES DATA IS MISSING.
T  INDICATES TRACE AMOUNT.




$$
