344
CDUS43 KPAH 200645
CLICGI


CLIMATE REPORT
NATIONAL WEATHER SERVICE PADUCAH KY
145 AM CDT MON MAR 20 2017


...................................

...THE CAPE GIRARDEAU MO CLIMATE SUMMARY FOR MARCH 19 2017...

CLIMATE NORMAL PERIOD 1981 TO 2010
CLIMATE RECORD PERIOD 1960 TO 2017


WEATHER ITEM   OBSERVED TIME   RECORD YEAR NORMAL DEPARTURE LAST
                VALUE   (LST)  VALUE       VALUE  FROM      YEAR
                                                  NORMAL
..................................................................
TEMPERATURE (F)
 YESTERDAY
  MAXIMUM         55    322 PM  81    1995  59     -4       53
  MINIMUM         30    623 AM  15    1965  37     -7       35
  AVERAGE         43                        48     -5

PRECIPITATION (IN)
  YESTERDAY        0.00          1.70 1968   0.15  -0.15     0.03
  MONTH TO DATE    1.77                      2.54  -0.77     2.61
  SINCE MAR 1      1.77                      2.54  -0.77     2.61
  SINCE JAN 1      4.79                      9.42  -4.63     7.39

DEGREE DAYS
 HEATING
  YESTERDAY       22                        17      5       21
  MONTH TO DATE  392                       378     14      231
  SINCE MAR 1    392                       378     14      231
  SINCE JUL 1   3127                      3875   -748     3123

 COOLING
  YESTERDAY        0                         0      0        0
  MONTH TO DATE    0                         0      0        0
  SINCE MAR 1      0                         0      0        0
  SINCE JAN 1      0                         0      0        0
..................................................................


WIND (MPH)
  HIGHEST WIND SPEED    12   HIGHEST WIND DIRECTION     S (190)
  HIGHEST GUST SPEED    14   HIGHEST GUST DIRECTION    SE (130)
  AVERAGE WIND SPEED     4.2


SKY COVER
  AVERAGE SKY COVER 0.5


WEATHER CONDITIONS
 THE FOLLOWING WEATHER WAS RECORDED YESTERDAY.
  NO SIGNIFICANT WEATHER WAS OBSERVED.


RELATIVE HUMIDITY (PERCENT)
 HIGHEST    92
 LOWEST     46
 AVERAGE    69

..........................................................


THE CAPE GIRARDEAU MO CLIMATE NORMALS FOR TODAY
                         NORMAL    RECORD    YEAR
 MAXIMUM TEMPERATURE (F)   60        82      1982
 MINIMUM TEMPERATURE (F)   37        16      1965


SUNRISE AND SUNSET
MARCH 20 2017.........SUNRISE   702 AM CDT   SUNSET   710 PM CDT
MARCH 21 2017.........SUNRISE   700 AM CDT   SUNSET   711 PM CDT


-  INDICATES NEGATIVE NUMBERS.
R  INDICATES RECORD WAS SET OR TIED.
MM INDICATES DATA IS MISSING.
T  INDICATES TRACE AMOUNT.




$$
