000
CDUS43 KPAH 250630
CLICGI


CLIMATE REPORT
NATIONAL WEATHER SERVICE PADUCAH KY
1228 AM CST SUN JAN 25 2015


...................................

...THE CAPE GIRARDEAU MO CLIMATE SUMMARY FOR JANUARY 24 2015...

CLIMATE NORMAL PERIOD 1981 TO 2010
CLIMATE RECORD PERIOD 1960 TO 2015


WEATHER ITEM   OBSERVED TIME   RECORD YEAR NORMAL DEPARTURE LAST
                VALUE   (LST)  VALUE       VALUE  FROM      YEAR
                                                  NORMAL
..................................................................
TEMPERATURE (F)
 YESTERDAY
  MAXIMUM         52    312 PM  70    1972  43      9       28
  MINIMUM         21    431 AM -14    1963  24     -3        3
  AVERAGE         37                        33      4

PRECIPITATION (IN)
  YESTERDAY        0.00          0.32 1978   0.11  -0.11     0.00
  MONTH TO DATE    4.21                      2.67   1.54     1.99
  SINCE DEC 1      7.02                      6.92   0.10     7.55
  SINCE JAN 1      4.21                      2.67   1.54     1.99

DEGREE DAYS
 HEATING
  YESTERDAY       28                        32     -4       49
  MONTH TO DATE  785                       768     17      858
  SINCE DEC 1   1526                      1668   -142     1819
  SINCE JUL 1   2522                      2519      3     2725

 COOLING
  YESTERDAY        0                         0      0        0
  MONTH TO DATE    0                         0      0        0
  SINCE DEC 1      0                         0      0        0
  SINCE JAN 1      0                         0      0        0
..................................................................


WIND (MPH)
  HIGHEST WIND SPEED    16   HIGHEST WIND DIRECTION     S (190)
  HIGHEST GUST SPEED    19   HIGHEST GUST DIRECTION     S (190)
  AVERAGE WIND SPEED     6.2


SKY COVER
  AVERAGE SKY COVER 0.0


WEATHER CONDITIONS
 THE FOLLOWING WEATHER WAS RECORDED YESTERDAY.
  FOG


RELATIVE HUMIDITY (PERCENT)
 HIGHEST   100
 LOWEST     46
 AVERAGE    73

..........................................................


THE CAPE GIRARDEAU MO CLIMATE NORMALS FOR TODAY
                         NORMAL    RECORD    YEAR
 MAXIMUM TEMPERATURE (F)   43        62      1981
 MINIMUM TEMPERATURE (F)   24         1      1963


SUNRISE AND SUNSET
JANUARY 25 2015.......SUNRISE   707 AM CST   SUNSET   515 PM CST
JANUARY 26 2015.......SUNRISE   706 AM CST   SUNSET   516 PM CST


-  INDICATES NEGATIVE NUMBERS.
R  INDICATES RECORD WAS SET OR TIED.
MM INDICATES DATA IS MISSING.
T  INDICATES TRACE AMOUNT.




$$
