000
CDUS43 KPAH 180632
CLICGI


CLIMATE REPORT
NATIONAL WEATHER SERVICE PADUCAH KY
131 AM CDT TUE APR 18 2017


...................................

...THE CAPE GIRARDEAU MO CLIMATE SUMMARY FOR APRIL 17 2017...

CLIMATE NORMAL PERIOD 1981 TO 2010
CLIMATE RECORD PERIOD 1960 TO 2017


WEATHER ITEM   OBSERVED TIME   RECORD YEAR NORMAL DEPARTURE LAST
                VALUE   (LST)  VALUE       VALUE  FROM      YEAR
                                                  NORMAL
..................................................................
TEMPERATURE (F)
 YESTERDAY
  MAXIMUM         65    750 AM  86    1977  69     -4       80
  MINIMUM         57   1249 AM  33    1993  46     11       50
  AVERAGE         61                        58      3

PRECIPITATION (IN)
  YESTERDAY        0.29          0.88 1968   0.14   0.15     0.00
  MONTH TO DATE    1.67                      2.31  -0.64     0.49
  SINCE MAR 1      4.48                      6.71  -2.23     5.95
  SINCE JAN 1      7.50                     13.59  -6.09    10.73

DEGREE DAYS
 HEATING
  YESTERDAY        4                         8     -4        0
  MONTH TO DATE   97                       182    -85      176
  SINCE MAR 1    579                       741   -162      564
  SINCE JUL 1   3314                      4238   -924     3456

 COOLING
  YESTERDAY        0                         1     -1        0
  MONTH TO DATE   19                        11      8        0
  SINCE MAR 1     22                        15      7        0
  SINCE JAN 1     22                        15      7        0
..................................................................


WIND (MPH)
  HIGHEST WIND SPEED    17   HIGHEST WIND DIRECTION    NE (40)
  HIGHEST GUST SPEED    20   HIGHEST GUST DIRECTION    NE (40)
  AVERAGE WIND SPEED     7.1


SKY COVER
  AVERAGE SKY COVER 0.9


WEATHER CONDITIONS
 THE FOLLOWING WEATHER WAS RECORDED YESTERDAY.
  LIGHT RAIN
  FOG
  FOG W/VISIBILITY <= 1/4 MILE


RELATIVE HUMIDITY (PERCENT)
 HIGHEST   100
 LOWEST     72
 AVERAGE    86

..........................................................


THE CAPE GIRARDEAU MO CLIMATE NORMALS FOR TODAY
                         NORMAL    RECORD    YEAR
 MAXIMUM TEMPERATURE (F)   70        86      2006
 MINIMUM TEMPERATURE (F)   46        27      2001


SUNRISE AND SUNSET
APRIL 18 2017.........SUNRISE   619 AM CDT   SUNSET   736 PM CDT
APRIL 19 2017.........SUNRISE   618 AM CDT   SUNSET   737 PM CDT


-  INDICATES NEGATIVE NUMBERS.
R  INDICATES RECORD WAS SET OR TIED.
MM INDICATES DATA IS MISSING.
T  INDICATES TRACE AMOUNT.




$$
