000
CDUS43 KPAH 232237
CLICGI


CLIMATE REPORT
NATIONAL WEATHER SERVICE PADUCAH KY
435 PM CST TUE DEC 23 2014


...................................

...THE CAPE GIRARDEAU MO CLIMATE SUMMARY FOR DECEMBER 23 2014...
VALID TODAY AS OF 0400 PM LOCAL TIME.

CLIMATE NORMAL PERIOD 1981 TO 2010
CLIMATE RECORD PERIOD 1960 TO 2014


WEATHER ITEM   OBSERVED TIME   RECORD YEAR NORMAL DEPARTURE LAST
                VALUE   (LST)  VALUE       VALUE  FROM      YEAR
                                                  NORMAL
..................................................................
TEMPERATURE (F)
 TODAY
  MAXIMUM         53    106 AM  63    1996  43     10       34
  MINIMUM         42    717 AM  -9    1989  25     17       24
  AVERAGE                                   34

PRECIPITATION (IN)
  TODAY            0.00          0.93 1979   0.14  -0.14     0.00
  MONTH TO DATE    2.18                      3.25  -1.07     5.56
  SINCE DEC 1      2.18                      3.25  -1.07     5.56
  SINCE JAN 1     43.10                     45.81  -2.71    40.08

DEGREE DAYS
 HEATING
  TODAY           17                        31    -14       36
  MONTH TO DATE  520                       649   -129      689
  SINCE DEC 1    520                       649   -129      689
  SINCE JUL 1   1516                      1500     16     1595

 COOLING
  TODAY            0                         0      0        0
  MONTH TO DATE    0                         0      0        0
  SINCE DEC 1      0                         0      0        0
  SINCE JAN 1   1424                      1453    -29     1441
..................................................................


WIND (MPH)
  HIGHEST WIND SPEED    13   HIGHEST WIND DIRECTION    SW (230)
  HIGHEST GUST SPEED    17   HIGHEST GUST DIRECTION    SW (210)
  AVERAGE WIND SPEED


SKY COVER
  AVERAGE SKY COVER 0.6


WEATHER CONDITIONS
 THE FOLLOWING WEATHER WAS RECORDED TODAY.
  FOG
  FOG W/VISIBILITY <= 1/4 MILE


RELATIVE HUMIDITY (PERCENT)
 HIGHEST   100
 LOWEST     80
 AVERAGE

..........................................................


THE CAPE GIRARDEAU MO CLIMATE NORMALS FOR TOMORROW
                         NORMAL
 MAXIMUM TEMPERATURE (F)   43
 MINIMUM TEMPERATURE (F)   25


SUNRISE AND SUNSET
DECEMBER 23 2014......SUNRISE   709 AM CST   SUNSET   446 PM CST
DECEMBER 24 2014......SUNRISE   710 AM CST   SUNSET   446 PM CST


-  INDICATES NEGATIVE NUMBERS.
R  INDICATES RECORD WAS SET OR TIED.
MM INDICATES DATA IS MISSING.
T  INDICATES TRACE AMOUNT.




$$
