000
CDUS43 KPAH 230630
CLICGI


CLIMATE REPORT
NATIONAL WEATHER SERVICE PADUCAH KY
128 AM CDT MON MAR 23 2015


...................................

...THE CAPE GIRARDEAU MO CLIMATE SUMMARY FOR MARCH 22 2015...

CLIMATE NORMAL PERIOD 1981 TO 2010
CLIMATE RECORD PERIOD 1960 TO 2015


WEATHER ITEM   OBSERVED TIME   RECORD YEAR NORMAL DEPARTURE LAST
                VALUE   (LST)  VALUE       VALUE  FROM      YEAR
                                                  NORMAL
..................................................................
TEMPERATURE (F)
 YESTERDAY
  MAXIMUM         67    342 PM  77    2007  60      7       56
  MINIMUM         46   1159 PM  21    2002  38      8       40
  AVERAGE         57                        49      8

PRECIPITATION (IN)
  YESTERDAY        0.00          1.26 1991   0.15  -0.15     0.00
  MONTH TO DATE    6.89                      3.00   3.89     1.80
  SINCE MAR 1      6.89                      3.00   3.89     1.80
  SINCE JAN 1     13.41                      9.88   3.53     4.94

DEGREE DAYS
 HEATING
  YESTERDAY        8                        16     -8       17
  MONTH TO DATE  461                       427     34      525
  SINCE MAR 1    461                       427     34      525
  SINCE JUL 1   4239                      3924    315     4450

 COOLING
  YESTERDAY        0                         0      0        0
  MONTH TO DATE    0                         0      0        0
  SINCE MAR 1      0                         0      0        0
  SINCE JAN 1      0                         0      0        0
..................................................................


WIND (MPH)
  HIGHEST WIND SPEED    12   HIGHEST WIND DIRECTION     E (100)
  HIGHEST GUST SPEED    14   HIGHEST GUST DIRECTION     E (100)
  AVERAGE WIND SPEED     2.9


SKY COVER
  AVERAGE SKY COVER 0.0


WEATHER CONDITIONS
 THE FOLLOWING WEATHER WAS RECORDED YESTERDAY.
  FOG


RELATIVE HUMIDITY (PERCENT)
 HIGHEST   100
 LOWEST     48
 AVERAGE    74

..........................................................


THE CAPE GIRARDEAU MO CLIMATE NORMALS FOR TODAY
                         NORMAL    RECORD    YEAR
 MAXIMUM TEMPERATURE (F)   61        81      2011
 MINIMUM TEMPERATURE (F)   38        18      1974


SUNRISE AND SUNSET
MARCH 23 2015.........SUNRISE   658 AM CDT   SUNSET   713 PM CDT
MARCH 24 2015.........SUNRISE   656 AM CDT   SUNSET   714 PM CDT


-  INDICATES NEGATIVE NUMBERS.
R  INDICATES RECORD WAS SET OR TIED.
MM INDICATES DATA IS MISSING.
T  INDICATES TRACE AMOUNT.




$$
