000
CDUS43 KPAH 290628
CLICGI


CLIMATE REPORT
NATIONAL WEATHER SERVICE PADUCAH KY
128 AM CDT SAT AUG 29 2015


...................................

...THE CAPE GIRARDEAU MO CLIMATE SUMMARY FOR AUGUST 28 2015...

CLIMATE NORMAL PERIOD 1981 TO 2010
CLIMATE RECORD PERIOD 1960 TO 2015


WEATHER ITEM   OBSERVED TIME   RECORD YEAR NORMAL DEPARTURE LAST
                VALUE   (LST)  VALUE       VALUE  FROM      YEAR
                                                  NORMAL
..................................................................
TEMPERATURE (F)
 YESTERDAY
  MAXIMUM         84    213 PM  99    2007  87     -3       90
  MINIMUM         54    310 AM  48    1967  63     -9       70
  AVERAGE         69                        75     -6

PRECIPITATION (IN)
  YESTERDAY        0.00          1.02 1974   0.10  -0.10     0.02
  MONTH TO DATE    4.16                      2.71   1.45     2.88
  SINCE JUN 1     18.11                      9.64   8.47    13.30
  SINCE JAN 1     43.55                     30.74  12.81    31.69

DEGREE DAYS
 HEATING
  YESTERDAY        0                         0      0        0
  MONTH TO DATE    0                         0      0        0
  SINCE JUN 1      5                         4      1        0
  SINCE JUL 1      0                         0      0        0

 COOLING
  YESTERDAY        4                        10     -6       15
  MONTH TO DATE  266                       344    -78      354
  SINCE JUN 1   1116                      1078     38      988
  SINCE JAN 1   1293                      1230     63     1199
..................................................................


WIND (MPH)
  HIGHEST WIND SPEED     9   HIGHEST WIND DIRECTION    SE (140)
  HIGHEST GUST SPEED    12   HIGHEST GUST DIRECTION    SE (140)
  AVERAGE WIND SPEED     3.0


SKY COVER
  AVERAGE SKY COVER 0.1


WEATHER CONDITIONS
 THE FOLLOWING WEATHER WAS RECORDED YESTERDAY.
  FOG
  FOG W/VISIBILITY <= 1/4 MILE


RELATIVE HUMIDITY (PERCENT)
 HIGHEST   100
 LOWEST     46
 AVERAGE    73

..........................................................


THE CAPE GIRARDEAU MO CLIMATE NORMALS FOR TODAY
                         NORMAL    RECORD    YEAR
 MAXIMUM TEMPERATURE (F)   87       101      2000
 MINIMUM TEMPERATURE (F)   63        45      1986


SUNRISE AND SUNSET
AUGUST 29 2015........SUNRISE   626 AM CDT   SUNSET   732 PM CDT
AUGUST 30 2015........SUNRISE   627 AM CDT   SUNSET   730 PM CDT


-  INDICATES NEGATIVE NUMBERS.
R  INDICATES RECORD WAS SET OR TIED.
MM INDICATES DATA IS MISSING.
T  INDICATES TRACE AMOUNT.




$$
