000
CDUS43 KPAH 222233
CLICGI


CLIMATE REPORT
NATIONAL WEATHER SERVICE PADUCAH KY
430 PM CST SUN FEB 22 2015

...................................

...THE CAPE GIRARDEAU MO CLIMATE SUMMARY FOR FEBRUARY 22 2015...
VALID TODAY AS OF 0400 PM LOCAL TIME.

CLIMATE NORMAL PERIOD 1981 TO 2010
CLIMATE RECORD PERIOD 1960 TO 2015

WEATHER ITEM   OBSERVED TIME   RECORD YEAR NORMAL DEPARTURE LAST
                VALUE   (LST)  VALUE       VALUE  FROM      YEAR
                                                  NORMAL
..................................................................
TEMPERATURE (F)
 TODAY
  MAXIMUM         33    916 AM  68    1992  50    -17       63
  MINIMUM         25   1255 AM   0    1963  30     -5       30
  AVERAGE         29                        40    -11

PRECIPITATION (IN)
  TODAY            0.00          2.46 1975   0.12  -0.12     0.00
  MONTH TO DATE    1.75                      2.68  -0.93     1.14
  SINCE DEC 1      9.33                     10.40  -1.07     8.70
  SINCE JAN 1      6.52                      6.15   0.37     3.14

DEGREE DAYS
 HEATING
  TODAY           36                        25     11       18
  MONTH TO DATE  806                       616    190      745
  SINCE DEC 1   2519                      2503     16     2823
  SINCE JUL 1   3515                      3354    161     3729

 COOLING
  TODAY            0                         0      0        0
  MONTH TO DATE    0                         0      0        0
  SINCE DEC 1      0                         0      0        0
  SINCE JAN 1      0                         0      0        0
..................................................................

WIND (MPH)
  HIGHEST WIND SPEED    23   HIGHEST WIND DIRECTION     N (360)
  HIGHEST GUST SPEED    28   HIGHEST GUST DIRECTION     N (10)
  AVERAGE WIND SPEED    11.8

SKY COVER
  AVERAGE SKY COVER 0.8

WEATHER CONDITIONS
 THE FOLLOWING WEATHER WAS RECORDED TODAY.
  FOG
  FOG W/VISIBILITY <= 1/4 MILE
  HAZE

RELATIVE HUMIDITY (PERCENT)
 HIGHEST   100
 LOWEST     58
 AVERAGE    79
..........................................................

THE CAPE GIRARDEAU MO CLIMATE NORMALS FOR TOMORROW
                         NORMAL
 MAXIMUM TEMPERATURE (F)   51
 MINIMUM TEMPERATURE (F)   30

SUNRISE AND SUNSET
FEBRUARY 22 2015......SUNRISE   639 AM CST   SUNSET   545 PM CST
FEBRUARY 23 2015......SUNRISE   638 AM CST   SUNSET   546 PM CST

-  INDICATES NEGATIVE NUMBERS.
R  INDICATES RECORD WAS SET OR TIED.
MM INDICATES DATA IS MISSING.
T  INDICATES TRACE AMOUNT.

$$
