000
CDUS43 KPAH 220637
CLICGI


CLIMATE REPORT
NATIONAL WEATHER SERVICE PADUCAH KY
135 AM CDT TUE JUL 22 2014


...................................

...THE CAPE GIRARDEAU MO CLIMATE SUMMARY FOR JULY 21 2014...

CLIMATE NORMAL PERIOD 1981 TO 2010
CLIMATE RECORD PERIOD 1960 TO 2014


WEATHER ITEM   OBSERVED TIME   RECORD YEAR NORMAL DEPARTURE LAST
                VALUE   (LST)  VALUE       VALUE  FROM      YEAR
                                                  NORMAL
..................................................................
TEMPERATURE (F)
 YESTERDAY
  MAXIMUM         86    348 PM 102    1973  89     -3       90
  MINIMUM         60    427 AM  55    2007  68     -8       70
  AVERAGE         73                        79     -6

PRECIPITATION (IN)
  YESTERDAY        0.00          1.43 1990   0.11  -0.11     0.09
  MONTH TO DATE    1.83                      2.28  -0.45     0.23
  SINCE JUN 1      9.33                      5.85   3.48     7.99
  SINCE JAN 1     27.72                     26.95   0.77    24.16

DEGREE DAYS
 HEATING
  YESTERDAY        0                         0      0        0
  MONTH TO DATE    0                         0      0        0
  SINCE JUN 1      0                         4     -4        0
  SINCE JUL 1      0                         0      0        0

 COOLING
  YESTERDAY        8                        14     -6       15
  MONTH TO DATE  195                       291    -96      257
  SINCE JUN 1    554                       603    -49      590
  SINCE JAN 1    765                       755     10      761
..................................................................


WIND (MPH)
  HIGHEST WIND SPEED     8   HIGHEST WIND DIRECTION     W (250)
  HIGHEST GUST SPEED    10   HIGHEST GUST DIRECTION     W (250)
  AVERAGE WIND SPEED     1.7


SKY COVER
  AVERAGE SKY COVER 0.2


WEATHER CONDITIONS
 THE FOLLOWING WEATHER WAS RECORDED YESTERDAY.
  FOG
  FOG W/VISIBILITY <= 1/4 MILE
  HAZE


RELATIVE HUMIDITY (PERCENT)
 HIGHEST   100
 LOWEST     45
 AVERAGE    73

..........................................................


THE CAPE GIRARDEAU MO CLIMATE NORMALS FOR TODAY
                         NORMAL    RECORD    YEAR
 MAXIMUM TEMPERATURE (F)   89       102      1983
 MINIMUM TEMPERATURE (F)   68        53      1970


SUNRISE AND SUNSET
JULY 22 2014..........SUNRISE   555 AM CDT   SUNSET   814 PM CDT
JULY 23 2014..........SUNRISE   556 AM CDT   SUNSET   813 PM CDT


-  INDICATES NEGATIVE NUMBERS.
R  INDICATES RECORD WAS SET OR TIED.
MM INDICATES DATA IS MISSING.
T  INDICATES TRACE AMOUNT.




$$
