000
CDUS43 KPAH 190646
CLICGI


CLIMATE REPORT
NATIONAL WEATHER SERVICE PADUCAH KY
1241 AM CST THU JAN 19 2017


...................................

...THE CAPE GIRARDEAU MO CLIMATE SUMMARY FOR JANUARY 18 2017...

CLIMATE NORMAL PERIOD 1981 TO 2010
CLIMATE RECORD PERIOD 1960 TO 2017


WEATHER ITEM   OBSERVED TIME   RECORD YEAR NORMAL DEPARTURE LAST
                VALUE   (LST)  VALUE       VALUE  FROM      YEAR
                                                  NORMAL
..................................................................
TEMPERATURE (F)
 YESTERDAY
  MAXIMUM         44   1159 PM  66    1996  42      2       22
  MINIMUM         40    859 AM -10    1994  24     16        7
  AVERAGE         42                        33      9

PRECIPITATION (IN)
  YESTERDAY        0.00          1.67 1973   0.11  -0.11     0.00
  MONTH TO DATE    1.89                      2.00  -0.11     1.52
  SINCE DEC 1      5.23                      6.25  -1.02     3.91
  SINCE JAN 1      1.89                      2.00  -0.11     1.52

DEGREE DAYS
 HEATING
  YESTERDAY       23                        32     -9       50
  MONTH TO DATE  503                       576    -73      563
  SINCE DEC 1   1394                      1476    -82     1125
  SINCE JUL 1   1971                      2327   -356     1775

 COOLING
  YESTERDAY        0                         0      0        0
  MONTH TO DATE    0                         0      0        0
  SINCE DEC 1      0                         0      0        2
  SINCE JAN 1      0                         0      0        0
..................................................................


WIND (MPH)
  HIGHEST WIND SPEED    10   HIGHEST WIND DIRECTION     N (350)
  HIGHEST GUST SPEED    12   HIGHEST GUST DIRECTION     N (350)
  AVERAGE WIND SPEED     4.4


SKY COVER
  AVERAGE SKY COVER 0.9


WEATHER CONDITIONS
 THE FOLLOWING WEATHER WAS RECORDED YESTERDAY.
  NO SIGNIFICANT WEATHER WAS OBSERVED.


RELATIVE HUMIDITY (PERCENT)
 HIGHEST    89
 LOWEST     76
 AVERAGE    83

..........................................................


THE CAPE GIRARDEAU MO CLIMATE NORMALS FOR TODAY
                         NORMAL    RECORD    YEAR
 MAXIMUM TEMPERATURE (F)   42        62      1964
 MINIMUM TEMPERATURE (F)   24       -11      1994


SUNRISE AND SUNSET
JANUARY 19 2017.......SUNRISE   710 AM CST   SUNSET   509 PM CST
JANUARY 20 2017.......SUNRISE   709 AM CST   SUNSET   510 PM CST


-  INDICATES NEGATIVE NUMBERS.
R  INDICATES RECORD WAS SET OR TIED.
MM INDICATES DATA IS MISSING.
T  INDICATES TRACE AMOUNT.




$$
