000
CDUS43 KPAH 160630
CLICGI


CLIMATE REPORT
NATIONAL WEATHER SERVICE PADUCAH KY
129 AM CDT SAT SEP 16 2017


...................................

...THE CAPE GIRARDEAU MO CLIMATE SUMMARY FOR SEPTEMBER 15 2017...

CLIMATE NORMAL PERIOD 1981 TO 2010
CLIMATE RECORD PERIOD 1960 TO 2017


WEATHER ITEM   OBSERVED TIME   RECORD YEAR NORMAL DEPARTURE LAST
                VALUE   (LST)  VALUE       VALUE  FROM      YEAR
                                                  NORMAL
..................................................................
TEMPERATURE (F)
 YESTERDAY
  MAXIMUM         87    231 PM  99    2013  82      5       87
  MINIMUM         58    328 AM  44    1999  57      1       69
  AVERAGE         73                        69      4

PRECIPITATION (IN)
  YESTERDAY        0.00          1.92 1996   0.11  -0.11     1.49
  MONTH TO DATE    0.41                      1.68  -1.27     4.12
  SINCE SEP 1      0.41                      1.68  -1.27     4.12
  SINCE JAN 1     26.16                     32.73  -6.57    40.82

DEGREE DAYS
 HEATING
  YESTERDAY        0                         1     -1        0
  MONTH TO DATE   14                         5      9        0
  SINCE SEP 1     14                         5      9        0
  SINCE JUL 1     14                         6      8        0

 COOLING
  YESTERDAY        8                         5      3       13
  MONTH TO DATE   43                       109    -66      150
  SINCE SEP 1     43                       109    -66      150
  SINCE JAN 1   1245                      1369   -124     1593
..................................................................


WIND (MPH)
  HIGHEST WIND SPEED    14   HIGHEST WIND DIRECTION     S (170)
  HIGHEST GUST SPEED    19   HIGHEST GUST DIRECTION     S (190)
  AVERAGE WIND SPEED     4.9


SKY COVER
  AVERAGE SKY COVER 0.1


WEATHER CONDITIONS
 THE FOLLOWING WEATHER WAS RECORDED YESTERDAY.
  FOG


RELATIVE HUMIDITY (PERCENT)
 HIGHEST    97
 LOWEST     45
 AVERAGE    71

..........................................................


THE CAPE GIRARDEAU MO CLIMATE NORMALS FOR TODAY
                         NORMAL    RECORD    YEAR
 MAXIMUM TEMPERATURE (F)   81        91      1972
 MINIMUM TEMPERATURE (F)   56        41      2000


SUNRISE AND SUNSET
SEPTEMBER 16 2017.....SUNRISE   641 AM CDT   SUNSET   704 PM CDT
SEPTEMBER 17 2017.....SUNRISE   642 AM CDT   SUNSET   703 PM CDT


-  INDICATES NEGATIVE NUMBERS.
R  INDICATES RECORD WAS SET OR TIED.
MM INDICATES DATA IS MISSING.
T  INDICATES TRACE AMOUNT.




$$
