000
CDUS43 KPAH 200628
CLICGI


CLIMATE REPORT
NATIONAL WEATHER SERVICE PADUCAH KY
1226 AM CST MON FEB 20 2017


...................................

...THE CAPE GIRARDEAU MO CLIMATE SUMMARY FOR FEBRUARY 19 2017...

CLIMATE NORMAL PERIOD 1981 TO 2010
CLIMATE RECORD PERIOD 1960 TO 2017


WEATHER ITEM   OBSERVED TIME   RECORD YEAR NORMAL DEPARTURE LAST
                VALUE   (LST)  VALUE       VALUE  FROM      YEAR
                                                  NORMAL
..................................................................
TEMPERATURE (F)
 YESTERDAY
  MAXIMUM         61    431 PM  71    1994  49     12       64
  MINIMUM         46   1159 PM -14    2015  29     17       51
  AVERAGE         54                        39     15

PRECIPITATION (IN)
  YESTERDAY        0.00          1.29 2002   0.12  -0.12     0.00
  MONTH TO DATE    0.95                      2.33  -1.38     0.90
  SINCE DEC 1      6.25                     10.05  -3.80     4.95
  SINCE JAN 1      2.91                      5.80  -2.89     2.56

DEGREE DAYS
 HEATING
  YESTERDAY       11                        26    -15        7
  MONTH TO DATE  407                       540   -133      533
  SINCE DEC 1   2058                      2427   -369     2048
  SINCE JUL 1   2635                      3278   -643     2698

 COOLING
  YESTERDAY        0                         0      0        0
  MONTH TO DATE    0                         0      0        0
  SINCE DEC 1      0                         0      0        2
  SINCE JAN 1      0                         0      0        0
..................................................................


WIND (MPH)
  HIGHEST WIND SPEED     9   HIGHEST WIND DIRECTION    SE (130)
  HIGHEST GUST SPEED    11   HIGHEST GUST DIRECTION    SE (120)
  AVERAGE WIND SPEED     3.5


SKY COVER
  AVERAGE SKY COVER 0.7


WEATHER CONDITIONS
 THE FOLLOWING WEATHER WAS RECORDED YESTERDAY.
  FOG
  FOG W/VISIBILITY <= 1/4 MILE


RELATIVE HUMIDITY (PERCENT)
 HIGHEST   100
 LOWEST     78
 AVERAGE    89

..........................................................


THE CAPE GIRARDEAU MO CLIMATE NORMALS FOR TODAY
                         NORMAL    RECORD    YEAR
 MAXIMUM TEMPERATURE (F)   49        73      2011
 MINIMUM TEMPERATURE (F)   29        11      2015


SUNRISE AND SUNSET
FEBRUARY 20 2017......SUNRISE   641 AM CST   SUNSET   544 PM CST
FEBRUARY 21 2017......SUNRISE   640 AM CST   SUNSET   545 PM CST


-  INDICATES NEGATIVE NUMBERS.
R  INDICATES RECORD WAS SET OR TIED.
MM INDICATES DATA IS MISSING.
T  INDICATES TRACE AMOUNT.




$$
