000
CDUS43 KPAH 070632
CLICGI


CLIMATE REPORT
NATIONAL WEATHER SERVICE PADUCAH KY
1227 AM CST WED DEC 7 2016


...................................

...THE CAPE GIRARDEAU MO CLIMATE SUMMARY FOR DECEMBER 6 2016...

CLIMATE NORMAL PERIOD 1981 TO 2010
CLIMATE RECORD PERIOD 1960 TO 2016


WEATHER ITEM   OBSERVED TIME   RECORD YEAR NORMAL DEPARTURE LAST
                VALUE   (LST)  VALUE       VALUE  FROM      YEAR
                                                  NORMAL
..................................................................
TEMPERATURE (F)
 YESTERDAY
  MAXIMUM         46    310 PM  71    1998  48     -2       55
  MINIMUM         36    958 PM  -1    2002  29      7       29
  AVERAGE         41                        38      3

PRECIPITATION (IN)
  YESTERDAY        0.59          1.11 1971   0.14   0.45     0.00
  MONTH TO DATE    0.80                      0.88  -0.08     0.00
  SINCE DEC 1      0.80                      0.88  -0.08     0.00
  SINCE JAN 1     46.95                     43.44   3.51    55.58

DEGREE DAYS
 HEATING
  YESTERDAY       24                        27     -3       23
  MONTH TO DATE  151                       155     -4      152
  SINCE DEC 1    151                       155     -4      152
  SINCE JUL 1    728                      1006   -278      802

 COOLING
  YESTERDAY        0                         0      0        0
  MONTH TO DATE    0                         0      0        0
  SINCE DEC 1      0                         0      0        0
  SINCE JAN 1   1798                      1453    345     1531
..................................................................


WIND (MPH)
  HIGHEST WIND SPEED    24   HIGHEST WIND DIRECTION     N (350)
  HIGHEST GUST SPEED    30   HIGHEST GUST DIRECTION     N (350)
  AVERAGE WIND SPEED     9.7


SKY COVER
  AVERAGE SKY COVER 0.7


WEATHER CONDITIONS
 THE FOLLOWING WEATHER WAS RECORDED YESTERDAY.
  HEAVY RAIN
  RAIN
  LIGHT RAIN
  FOG


RELATIVE HUMIDITY (PERCENT)
 HIGHEST   100
 LOWEST     70
 AVERAGE    85

..........................................................


THE CAPE GIRARDEAU MO CLIMATE NORMALS FOR TODAY
                         NORMAL    RECORD    YEAR
 MAXIMUM TEMPERATURE (F)   47        70      1966
 MINIMUM TEMPERATURE (F)   29         5      1984


SUNRISE AND SUNSET
DECEMBER  7 2016......SUNRISE   659 AM CST   SUNSET   441 PM CST
DECEMBER  8 2016......SUNRISE   700 AM CST   SUNSET   441 PM CST


-  INDICATES NEGATIVE NUMBERS.
R  INDICATES RECORD WAS SET OR TIED.
MM INDICATES DATA IS MISSING.
T  INDICATES TRACE AMOUNT.




$$
