000
CDUS43 KPAH 212127
CLICGI


CLIMATE REPORT
NATIONAL WEATHER SERVICE PADUCAH KY
425 PM CDT THU APR 21 2016

...................................

...THE CAPE GIRARDEAU MO CLIMATE SUMMARY FOR APRIL 21 2016...
VALID TODAY AS OF 0400 PM LOCAL TIME.

CLIMATE NORMAL PERIOD 1981 TO 2010
CLIMATE RECORD PERIOD 1960 TO 2016

WEATHER ITEM   OBSERVED TIME   RECORD YEAR NORMAL DEPARTURE LAST
                VALUE   (LST)  VALUE       VALUE  FROM      YEAR
                                                  NORMAL
..................................................................
TEMPERATURE (F)
 TODAY
  MAXIMUM         74    256 PM  90    1987  71      3       71
  MINIMUM         60    637 AM  34    1978  48     12       43
  AVERAGE         67                        59      8

PRECIPITATION (IN)
  TODAY            T             1.75 1972   0.15  -0.15     0.13
  MONTH TO DATE    3.23                      2.91   0.32     4.15
  SINCE MAR 1      8.69                      7.31   1.38    12.94
  SINCE JAN 1     13.47                     14.19  -0.72    19.46

DEGREE DAYS
 HEATING
  TODAY            0                         7     -7        8
  MONTH TO DATE  178                       212    -34       95
  SINCE MAR 1    566                       771   -205      701
  SINCE JUL 1   3458                      4268   -810     4479

 COOLING
  TODAY            2                         1      1        0
  MONTH TO DATE    5                        15    -10       25
  SINCE MAR 1      5                        19    -14       25
  SINCE JAN 1      5                        19    -14       25
..................................................................

WIND (MPH)
  HIGHEST WIND SPEED    17   HIGHEST WIND DIRECTION    SW (210)
  HIGHEST GUST SPEED    22   HIGHEST GUST DIRECTION    SW (230)
  AVERAGE WIND SPEED     6.2

SKY COVER
  AVERAGE SKY COVER 0.6

WEATHER CONDITIONS
 THE FOLLOWING WEATHER WAS RECORDED TODAY.
  LIGHT RAIN
  FOG
  FOG W/VISIBILITY <= 1/4 MILE

RELATIVE HUMIDITY (PERCENT)
 HIGHEST   100
 LOWEST     53
 AVERAGE    77
..........................................................

THE CAPE GIRARDEAU MO CLIMATE NORMALS FOR TOMORROW
                         NORMAL
 MAXIMUM TEMPERATURE (F)   71
 MINIMUM TEMPERATURE (F)   48

SUNRISE AND SUNSET
APRIL 21 2016.........SUNRISE   615 AM CDT   SUNSET   739 PM CDT
APRIL 22 2016.........SUNRISE   614 AM CDT   SUNSET   740 PM CDT

-  INDICATES NEGATIVE NUMBERS.
R  INDICATES RECORD WAS SET OR TIED.
MM INDICATES DATA IS MISSING.
T  INDICATES TRACE AMOUNT.

$$
