000
CDUS43 KPAH 250653
CLICGI


CLIMATE REPORT
NATIONAL WEATHER SERVICE PADUCAH KY
150 AM CDT MON AUG 25 2014


...................................

...THE CAPE GIRARDEAU MO CLIMATE SUMMARY FOR AUGUST 24 2014...

CLIMATE NORMAL PERIOD 1981 TO 2010
CLIMATE RECORD PERIOD 1960 TO 2014


WEATHER ITEM   OBSERVED TIME   RECORD YEAR NORMAL DEPARTURE LAST
                VALUE   (LST)  VALUE       VALUE  FROM      YEAR
                                                  NORMAL
..................................................................
TEMPERATURE (F)
 YESTERDAY
  MAXIMUM         95    202 PM 100    2007  88      7       90
  MINIMUM         73    542 AM  52    1997  64      9       64
  AVERAGE         84                        76      8

PRECIPITATION (IN)
  YESTERDAY        0.00          2.80 1985   0.10  -0.10     0.00
  MONTH TO DATE    2.86                      2.31   0.55     3.53
  SINCE JUN 1     13.28                      9.24   4.04    12.06
  SINCE JAN 1     31.67                     30.34   1.33    28.23

DEGREE DAYS
 HEATING
  YESTERDAY        0                         0      0        0
  MONTH TO DATE    0                         0      0        1
  SINCE JUN 1      0                         4     -4        1
  SINCE JUL 1      0                         0      0        1

 COOLING
  YESTERDAY       19                        11      8       12
  MONTH TO DATE  286                       301    -15      230
  SINCE JUN 1    920                      1035   -115      903
  SINCE JAN 1   1131                      1187    -56     1074
..................................................................


WIND (MPH)
  HIGHEST WIND SPEED    13   HIGHEST WIND DIRECTION    SE (140)
  HIGHEST GUST SPEED    18   HIGHEST GUST DIRECTION    SE (140)
  AVERAGE WIND SPEED     3.9


SKY COVER
  AVERAGE SKY COVER 0.0


WEATHER CONDITIONS
 THE FOLLOWING WEATHER WAS RECORDED YESTERDAY.
  NO SIGNIFICANT WEATHER WAS OBSERVED.


RELATIVE HUMIDITY (PERCENT)
 HIGHEST    93
 LOWEST     52
 AVERAGE    73

..........................................................


THE CAPE GIRARDEAU MO CLIMATE NORMALS FOR TODAY
                         NORMAL    RECORD    YEAR
 MAXIMUM TEMPERATURE (F)   88       101      1978
 MINIMUM TEMPERATURE (F)   64        54      2009


SUNRISE AND SUNSET
AUGUST 25 2014........SUNRISE   623 AM CDT   SUNSET   737 PM CDT
AUGUST 26 2014........SUNRISE   624 AM CDT   SUNSET   736 PM CDT


-  INDICATES NEGATIVE NUMBERS.
R  INDICATES RECORD WAS SET OR TIED.
MM INDICATES DATA IS MISSING.
T  INDICATES TRACE AMOUNT.




$$
