000
CDUS43 KPAH 200629
CLICGI


CLIMATE REPORT
NATIONAL WEATHER SERVICE PADUCAH KY
127 AM CDT TUE SEP 20 2016

...................................

...THE CAPE GIRARDEAU MO CLIMATE SUMMARY FOR SEPTEMBER 19 2016...

CLIMATE NORMAL PERIOD 1981 TO 2010
CLIMATE RECORD PERIOD 1960 TO 2016

WEATHER ITEM   OBSERVED TIME   RECORD YEAR NORMAL DEPARTURE LAST
                VALUE   (LST)  VALUE       VALUE  FROM      YEAR
                                                  NORMAL
..................................................................
TEMPERATURE (F)
 YESTERDAY
  MAXIMUM         85    347 PM  94    1972  80      5       76
  MINIMUM         61   1148 PM  40    1973  55      6       54
  AVERAGE         73                        67      6

PRECIPITATION (IN)
  YESTERDAY        0.00          1.26 1975   0.11  -0.11     0.17
  MONTH TO DATE    5.01                      2.11   2.90     1.23
  SINCE SEP 1      5.01                      2.11   2.90     1.23
  SINCE JAN 1     41.71                     33.16   8.55    44.78

DEGREE DAYS
 HEATING
  YESTERDAY        0                         2     -2        0
  MONTH TO DATE    0                        11    -11       12
  SINCE SEP 1      0                        11    -11       12
  SINCE JUL 1      0                        12    -12       12

 COOLING
  YESTERDAY        8                         4      4        0
  MONTH TO DATE  191                       128     63      156
  SINCE SEP 1    191                       128     63      156
  SINCE JAN 1   1634                      1388    246     1485
..................................................................

WIND (MPH)
  HIGHEST WIND SPEED     8   HIGHEST WIND DIRECTION     E (70)
  HIGHEST GUST SPEED    11   HIGHEST GUST DIRECTION     E (90)
  AVERAGE WIND SPEED     1.4

SKY COVER
  AVERAGE SKY COVER 0.4

WEATHER CONDITIONS
 THE FOLLOWING WEATHER WAS RECORDED YESTERDAY.
  FOG
  FOG W/VISIBILITY <= 1/4 MILE

RELATIVE HUMIDITY (PERCENT)
 HIGHEST   100
 LOWEST     51
 AVERAGE    76
..........................................................

THE CAPE GIRARDEAU MO CLIMATE NORMALS FOR TODAY
                         NORMAL    RECORD    YEAR
 MAXIMUM TEMPERATURE (F)   80        93      1972
 MINIMUM TEMPERATURE (F)   54        38      2006

SUNRISE AND SUNSET
SEPTEMBER 20 2016.....SUNRISE   645 AM CDT   SUNSET   658 PM CDT
SEPTEMBER 21 2016.....SUNRISE   646 AM CDT   SUNSET   656 PM CDT

-  INDICATES NEGATIVE NUMBERS.
R  INDICATES RECORD WAS SET OR TIED.
MM INDICATES DATA IS MISSING.
T  INDICATES TRACE AMOUNT.

$$
