000
CDUS43 KPAH 240633
CLICGI


CLIMATE REPORT
NATIONAL WEATHER SERVICE PADUCAH KY
131 AM CDT MON JUL 24 2017


...................................

...THE CAPE GIRARDEAU MO CLIMATE SUMMARY FOR JULY 23 2017...

CLIMATE NORMAL PERIOD 1981 TO 2010
CLIMATE RECORD PERIOD 1960 TO 2017


WEATHER ITEM   OBSERVED TIME   RECORD YEAR NORMAL DEPARTURE LAST
                VALUE   (LST)  VALUE       VALUE  FROM      YEAR
                                                  NORMAL
..................................................................
TEMPERATURE (F)
 YESTERDAY
  MAXIMUM         94    141 PM 103    1983  89      5       93
  MINIMUM         74   1050 PM  54    2007  68      6       73
  AVERAGE         84                        79      5

PRECIPITATION (IN)
  YESTERDAY        0.00          2.24 1971   0.11  -0.11     0.00
  MONTH TO DATE    1.17                      2.50  -1.33     3.29
  SINCE JUN 1      4.12                      6.07  -1.95     4.57
  SINCE JAN 1     23.34                     27.17  -3.83    27.85

DEGREE DAYS
 HEATING
  YESTERDAY        0                         0      0        0
  MONTH TO DATE    0                         0      0        0
  SINCE JUN 1      0                         4     -4        0
  SINCE JUL 1      0                         0      0        0

 COOLING
  YESTERDAY       19                        14      5       18
  MONTH TO DATE  335                       319     16      350
  SINCE JUN 1    643                       631     12      761
  SINCE JAN 1    818                       783     35      882
..................................................................


WIND (MPH)
  HIGHEST WIND SPEED    14   HIGHEST WIND DIRECTION     N (350)
  HIGHEST GUST SPEED    17   HIGHEST GUST DIRECTION     N (20)
  AVERAGE WIND SPEED     5.0


SKY COVER
  AVERAGE SKY COVER 0.1


WEATHER CONDITIONS
 THE FOLLOWING WEATHER WAS RECORDED YESTERDAY.
  NO SIGNIFICANT WEATHER WAS OBSERVED.


RELATIVE HUMIDITY (PERCENT)
 HIGHEST    93
 LOWEST     41
 AVERAGE    67

..........................................................


THE CAPE GIRARDEAU MO CLIMATE NORMALS FOR TODAY
                         NORMAL    RECORD    YEAR
 MAXIMUM TEMPERATURE (F)   89       102      1965
 MINIMUM TEMPERATURE (F)   68        51      2000


SUNRISE AND SUNSET
JULY 24 2017..........SUNRISE   557 AM CDT   SUNSET   812 PM CDT
JULY 25 2017..........SUNRISE   558 AM CDT   SUNSET   812 PM CDT


-  INDICATES NEGATIVE NUMBERS.
R  INDICATES RECORD WAS SET OR TIED.
MM INDICATES DATA IS MISSING.
T  INDICATES TRACE AMOUNT.




$$
