000
CDUS43 KPAH 170630
CLICGI


CLIMATE REPORT
NATIONAL WEATHER SERVICE PADUCAH KY
128 AM CDT WED AUG 17 2016

...................................

...THE CAPE GIRARDEAU MO CLIMATE SUMMARY FOR AUGUST 16 2016...

CLIMATE NORMAL PERIOD 1981 TO 2010
CLIMATE RECORD PERIOD 1960 TO 2016

WEATHER ITEM   OBSERVED TIME   RECORD YEAR NORMAL DEPARTURE LAST
                VALUE   (LST)  VALUE       VALUE  FROM      YEAR
                                                  NORMAL
..................................................................
TEMPERATURE (F)
 YESTERDAY
  MAXIMUM         76    123 PM 103    2007  89    -13       88
  MINIMUM         71   1159 PM  47    2004  66      5       66
  AVERAGE         74                        77     -3

PRECIPITATION (IN)
  YESTERDAY        0.21          1.89 1986   0.10   0.11     0.01
  MONTH TO DATE    4.83                      1.52   3.31     3.25
  SINCE JUN 1     11.99                      8.45   3.54    17.20
  SINCE JAN 1     35.27                     29.55   5.72    42.64

DEGREE DAYS
 HEATING
  YESTERDAY        0                         0      0        0
  MONTH TO DATE    0                         0      0        0
  SINCE JUN 1      0                         4     -4        5
  SINCE JUL 1      0                         0      0        0

 COOLING
  YESTERDAY        9                        12     -3       12
  MONTH TO DATE  235                       207     28      198
  SINCE JUN 1   1122                       941    181     1048
  SINCE JAN 1   1243                      1093    150     1225
..................................................................

WIND (MPH)
  HIGHEST WIND SPEED    13   HIGHEST WIND DIRECTION     S (200)
  HIGHEST GUST SPEED    16   HIGHEST GUST DIRECTION     S (190)
  AVERAGE WIND SPEED     4.1

SKY COVER
  AVERAGE SKY COVER 0.8

WEATHER CONDITIONS
 THE FOLLOWING WEATHER WAS RECORDED YESTERDAY.
  HEAVY RAIN
  RAIN
  LIGHT RAIN
  FOG

RELATIVE HUMIDITY (PERCENT)
 HIGHEST    93
 LOWEST     82
 AVERAGE    88
..........................................................

THE CAPE GIRARDEAU MO CLIMATE NORMALS FOR TODAY
                         NORMAL    RECORD    YEAR
 MAXIMUM TEMPERATURE (F)   89       102      1988
 MINIMUM TEMPERATURE (F)   66        52      2008

SUNRISE AND SUNSET
AUGUST 17 2016........SUNRISE   617 AM CDT   SUNSET   747 PM CDT
AUGUST 18 2016........SUNRISE   618 AM CDT   SUNSET   746 PM CDT

-  INDICATES NEGATIVE NUMBERS.
R  INDICATES RECORD WAS SET OR TIED.
MM INDICATES DATA IS MISSING.
T  INDICATES TRACE AMOUNT.

$$
