000
CDUS43 KPAH 240630
CLICGI


CLIMATE REPORT
NATIONAL WEATHER SERVICE PADUCAH KY
1229 AM CST THU NOV 24 2016


...................................

...THE CAPE GIRARDEAU MO CLIMATE SUMMARY FOR NOVEMBER 23 2016...

CLIMATE NORMAL PERIOD 1981 TO 2010
CLIMATE RECORD PERIOD 1960 TO 2016


WEATHER ITEM   OBSERVED TIME   RECORD YEAR NORMAL DEPARTURE LAST
                VALUE   (LST)  VALUE       VALUE  FROM      YEAR
                                                  NORMAL
..................................................................
TEMPERATURE (F)
 YESTERDAY
  MAXIMUM         56    418 PM  69    2005  54      2       55
  MINIMUM         45    702 AM  16    1970  34     11       29
  AVERAGE         51                        44      7

PRECIPITATION (IN)
  YESTERDAY        1.02          1.84 1973   0.15   0.87     0.00
  MONTH TO DATE    1.34                      3.34  -2.00     6.62
  SINCE SEP 1      7.03                     10.41  -3.38     9.49
  SINCE JAN 1     43.73                     41.46   2.27    53.04

DEGREE DAYS
 HEATING
  YESTERDAY       14                        21     -7       23
  MONTH TO DATE  306                       386    -80      322
  SINCE SEP 1    437                       688   -251      538
  SINCE JUL 1    437                       689   -252      538

 COOLING
  YESTERDAY        0                         0      0        0
  MONTH TO DATE   11                         0     11        4
  SINCE SEP 1    355                       191    164      202
  SINCE JAN 1   1798                      1451    347     1531
..................................................................


WIND (MPH)
  HIGHEST WIND SPEED    20   HIGHEST WIND DIRECTION    SE (150)
  HIGHEST GUST SPEED    25   HIGHEST GUST DIRECTION    SE (150)
  AVERAGE WIND SPEED     7.9


SKY COVER
  AVERAGE SKY COVER 0.9


WEATHER CONDITIONS
 THE FOLLOWING WEATHER WAS RECORDED YESTERDAY.
  RAIN
  LIGHT RAIN
  FOG


RELATIVE HUMIDITY (PERCENT)
 HIGHEST    93
 LOWEST     83
 AVERAGE    88

..........................................................


THE CAPE GIRARDEAU MO CLIMATE NORMALS FOR TODAY
                         NORMAL    RECORD    YEAR
 MAXIMUM TEMPERATURE (F)   53        69      1966
 MINIMUM TEMPERATURE (F)   33        11      1970


SUNRISE AND SUNSET
NOVEMBER 24 2016......SUNRISE   647 AM CST   SUNSET   443 PM CST
NOVEMBER 25 2016......SUNRISE   648 AM CST   SUNSET   443 PM CST


-  INDICATES NEGATIVE NUMBERS.
R  INDICATES RECORD WAS SET OR TIED.
MM INDICATES DATA IS MISSING.
T  INDICATES TRACE AMOUNT.




$$
