000
CDUS43 KPAH 232236
CLICGI


CLIMATE REPORT
NATIONAL WEATHER SERVICE PADUCAH KY
434 PM CST FRI JAN 23 2015


...................................

...THE CAPE GIRARDEAU MO CLIMATE SUMMARY FOR JANUARY 23 2015...
VALID TODAY AS OF 0400 PM LOCAL TIME.

CLIMATE NORMAL PERIOD 1981 TO 2010
CLIMATE RECORD PERIOD 1960 TO 2015


WEATHER ITEM   OBSERVED TIME   RECORD YEAR NORMAL DEPARTURE LAST
                VALUE   (LST)  VALUE       VALUE  FROM      YEAR
                                                  NORMAL
..................................................................
TEMPERATURE (F)
 TODAY
  MAXIMUM         42    354 PM  73    1967  43     -1       26
  MINIMUM         32   1257 AM -14    1963  24      8        6
  AVERAGE                                   33

PRECIPITATION (IN)
  TODAY            0.00          2.22 2002   0.12  -0.12     0.00
  MONTH TO DATE    4.21                      2.56   1.65     1.99
  SINCE DEC 1      7.02                      6.81   0.21     7.55
  SINCE JAN 1      4.21                      2.56   1.65     1.99

DEGREE DAYS
 HEATING
  TODAY           28                        32     -4       49
  MONTH TO DATE  753                       736     17      809
  SINCE DEC 1   1494                      1636   -142     1770
  SINCE JUL 1   2490                      2487      3     2676

 COOLING
  TODAY            0                         0      0        0
  MONTH TO DATE    0                         0      0        0
  SINCE DEC 1      0                         0      0        0
  SINCE JAN 1      0                         0      0        0
..................................................................


WIND (MPH)
  HIGHEST WIND SPEED    14   HIGHEST WIND DIRECTION    NE (40)
  HIGHEST GUST SPEED    17   HIGHEST GUST DIRECTION    NE (30)
  AVERAGE WIND SPEED    MM


SKY COVER
  AVERAGE SKY COVER 0.4


WEATHER CONDITIONS
 THE FOLLOWING WEATHER WAS RECORDED TODAY.
  HAZE


RELATIVE HUMIDITY (PERCENT)
 HIGHEST    85
 LOWEST     57
 AVERAGE

..........................................................


THE CAPE GIRARDEAU MO CLIMATE NORMALS FOR TOMORROW
                         NORMAL
 MAXIMUM TEMPERATURE (F)   43
 MINIMUM TEMPERATURE (F)   24


SUNRISE AND SUNSET
JANUARY 23 2015.......SUNRISE   708 AM CST   SUNSET   513 PM CST
JANUARY 24 2015.......SUNRISE   707 AM CST   SUNSET   514 PM CST


-  INDICATES NEGATIVE NUMBERS.
R  INDICATES RECORD WAS SET OR TIED.
MM INDICATES DATA IS MISSING.
T  INDICATES TRACE AMOUNT.




$$
