000
CDUS43 KPAH 270635
CLICGI


CLIMATE REPORT
NATIONAL WEATHER SERVICE PADUCAH KY
128 AM CDT SAT SEP 27 2014


...................................

...THE CAPE GIRARDEAU MO CLIMATE SUMMARY FOR SEPTEMBER 26 2014...

CLIMATE NORMAL PERIOD 1981 TO 2010
CLIMATE RECORD PERIOD 1960 TO 2014


WEATHER ITEM   OBSERVED TIME   RECORD YEAR NORMAL DEPARTURE LAST
                VALUE   (LST)  VALUE       VALUE  FROM      YEAR
                                                  NORMAL
..................................................................
TEMPERATURE (F)
 YESTERDAY
  MAXIMUM         84    309 PM  90    1998  77      7       84
  MINIMUM         52    612 AM  34    2001  52      0       56
  AVERAGE         68                        64      4

PRECIPITATION (IN)
  YESTERDAY        0.00          2.23 2007   0.11  -0.11     0.00
  MONTH TO DATE    2.05                      2.85  -0.80     0.44
  SINCE SEP 1      2.05                      2.85  -0.80     0.44
  SINCE JAN 1     34.35                     33.90   0.45    28.67

DEGREE DAYS
 HEATING
  YESTERDAY        0                         3     -3        0
  MONTH TO DATE   46                        29     17       10
  SINCE SEP 1     46                        29     17       10
  SINCE JUL 1     46                        30     16       11

 COOLING
  YESTERDAY        3                         3      0        5
  MONTH TO DATE  126                       152    -26      193
  SINCE SEP 1    126                       152    -26      193
  SINCE JAN 1   1365                      1412    -47     1374
..................................................................


WIND (MPH)
  HIGHEST WIND SPEED    10   HIGHEST WIND DIRECTION    NE (60)
  HIGHEST GUST SPEED    14   HIGHEST GUST DIRECTION     E (70)
  AVERAGE WIND SPEED     1.1


SKY COVER
  AVERAGE SKY COVER 0.3


WEATHER CONDITIONS
 THE FOLLOWING WEATHER WAS RECORDED YESTERDAY.
  FOG
  FOG W/VISIBILITY <= 1/4 MILE
  HAZE


RELATIVE HUMIDITY (PERCENT)
 HIGHEST   100
 LOWEST     43
 AVERAGE    72

..........................................................


THE CAPE GIRARDEAU MO CLIMATE NORMALS FOR TODAY
                         NORMAL    RECORD    YEAR
 MAXIMUM TEMPERATURE (F)   77        93      1998
 MINIMUM TEMPERATURE (F)   51        36      2001


SUNRISE AND SUNSET
SEPTEMBER 27 2014.....SUNRISE   650 AM CDT   SUNSET   648 PM CDT
SEPTEMBER 28 2014.....SUNRISE   651 AM CDT   SUNSET   646 PM CDT


-  INDICATES NEGATIVE NUMBERS.
R  INDICATES RECORD WAS SET OR TIED.
MM INDICATES DATA IS MISSING.
T  INDICATES TRACE AMOUNT.




$$
