000
CDUS43 KPAH 192130
CLICGI


CLIMATE REPORT
NATIONAL WEATHER SERVICE PADUCAH KY
427 PM CDT FRI AUG 19 2016


...................................

...THE CAPE GIRARDEAU MO CLIMATE SUMMARY FOR AUGUST 19 2016...
VALID TODAY AS OF 0400 PM LOCAL TIME.

CLIMATE NORMAL PERIOD 1981 TO 2010
CLIMATE RECORD PERIOD 1960 TO 2016


WEATHER ITEM   OBSERVED TIME   RECORD YEAR NORMAL DEPARTURE LAST
                VALUE   (LST)  VALUE       VALUE  FROM      YEAR
                                                  NORMAL
..................................................................
TEMPERATURE (F)
 TODAY
  MAXIMUM         83    211 PM  98    1980  89     -6       80
  MINIMUM         72    841 AM  52    2012  65      7       62
                                      2008
  AVERAGE         78                        77      1

PRECIPITATION (IN)
  TODAY            0.96R         0.89 1965   0.10   0.86     0.16
  MONTH TO DATE    5.80                      1.81   3.99     3.45
  SINCE JUN 1     12.96                      8.74   4.22    17.40
  SINCE JAN 1     36.24                     29.84   6.40    42.84

DEGREE DAYS
 HEATING
  TODAY            0                         0      0        0
  MONTH TO DATE    0                         0      0        0
  SINCE JUN 1      0                         4     -4        5
  SINCE JUL 1      0                         0      0        0

 COOLING
  TODAY           13                        12      1        6
  MONTH TO DATE  271                       243     28      230
  SINCE JUN 1   1158                       977    181     1080
  SINCE JAN 1   1279                      1129    150     1257
..................................................................


WIND (MPH)
  HIGHEST WIND SPEED    14   HIGHEST WIND DIRECTION     S (160)
  HIGHEST GUST SPEED    17   HIGHEST GUST DIRECTION     S (160)
  AVERAGE WIND SPEED     5.2


SKY COVER
  AVERAGE SKY COVER 1.0


WEATHER CONDITIONS
 THE FOLLOWING WEATHER WAS RECORDED TODAY.
  HEAVY RAIN
  RAIN
  LIGHT RAIN
  FOG


RELATIVE HUMIDITY (PERCENT)
 HIGHEST    93
 LOWEST     74
 AVERAGE    84

..........................................................


THE CAPE GIRARDEAU MO CLIMATE NORMALS FOR TOMORROW
                         NORMAL
 MAXIMUM TEMPERATURE (F)   89
 MINIMUM TEMPERATURE (F)   65


SUNRISE AND SUNSET
AUGUST 19 2016........SUNRISE   619 AM CDT   SUNSET   744 PM CDT
AUGUST 20 2016........SUNRISE   619 AM CDT   SUNSET   743 PM CDT


-  INDICATES NEGATIVE NUMBERS.
R  INDICATES RECORD WAS SET OR TIED.
MM INDICATES DATA IS MISSING.
T  INDICATES TRACE AMOUNT.




$$
