000
CDUS43 KPAH 100638
CLICGI


CLIMATE REPORT
NATIONAL WEATHER SERVICE PADUCAH KY
133 AM CDT THU APR 10 2014


...................................

...THE CAPE GIRARDEAU MO CLIMATE SUMMARY FOR APRIL 9 2014...

CLIMATE NORMAL PERIOD 1981 TO 2010
CLIMATE RECORD PERIOD 1960 TO 2014


WEATHER ITEM   OBSERVED TIME   RECORD YEAR NORMAL DEPARTURE LAST
                VALUE   (LST)  VALUE       VALUE  FROM      YEAR
                                                  NORMAL
..................................................................
TEMPERATURE (F)
 YESTERDAY
  MAXIMUM         67    322 PM  86    2011  67      0       82
  MINIMUM         38    532 AM  22    2007  43     -5       60
  AVERAGE         53                        55     -2

PRECIPITATION (IN)
  YESTERDAY        0.00          1.76 1969   0.14  -0.14     0.00
  MONTH TO DATE    2.66                      1.22   1.44      T
  SINCE MAR 1      4.97                      5.62  -0.65     2.55
  SINCE JAN 1      8.11                     12.50  -4.39     9.17

DEGREE DAYS
 HEATING
  YESTERDAY       12                        11      1        0
  MONTH TO DATE   90                       108    -18      108
  SINCE MAR 1    808                       667    141      830
  SINCE JUL 1   4733                      4164    569     4069

 COOLING
  YESTERDAY        0                         1     -1        6
  MONTH TO DATE    4                         3      1        8
  SINCE MAR 1      4                         7     -3        8
  SINCE JAN 1      4                         7     -3        8
..................................................................


WIND (MPH)
  HIGHEST WIND SPEED    16   HIGHEST WIND DIRECTION     S (200)
  HIGHEST GUST SPEED    26   HIGHEST GUST DIRECTION     W (290)
  AVERAGE WIND SPEED     8.8


SKY COVER
  AVERAGE SKY COVER 0.0


WEATHER CONDITIONS
 THE FOLLOWING WEATHER WAS RECORDED YESTERDAY.
  NO SIGNIFICANT WEATHER WAS OBSERVED.


RELATIVE HUMIDITY (PERCENT)
 HIGHEST    85
 LOWEST     28
 AVERAGE    57

..........................................................


THE CAPE GIRARDEAU MO CLIMATE NORMALS FOR TODAY
                         NORMAL    RECORD    YEAR
 MAXIMUM TEMPERATURE (F)   67        86      1995
 MINIMUM TEMPERATURE (F)   44        26      1966


SUNRISE AND SUNSET
APRIL 10 2014.........SUNRISE   631 AM CDT   SUNSET   729 PM CDT
APRIL 11 2014.........SUNRISE   629 AM CDT   SUNSET   730 PM CDT


-  INDICATES NEGATIVE NUMBERS.
R  INDICATES RECORD WAS SET OR TIED.
MM INDICATES DATA IS MISSING.
T  INDICATES TRACE AMOUNT.




$$
