000
CDUS43 KPAH 170631
CLICGI


CLIMATE REPORT
NATIONAL WEATHER SERVICE PADUCAH KY
131 AM CDT FRI OCT 17 2014


...................................

...THE CAPE GIRARDEAU MO CLIMATE SUMMARY FOR OCTOBER 16 2014...

CLIMATE NORMAL PERIOD 1981 TO 2010
CLIMATE RECORD PERIOD 1960 TO 2014


WEATHER ITEM   OBSERVED TIME   RECORD YEAR NORMAL DEPARTURE LAST
                VALUE   (LST)  VALUE       VALUE  FROM      YEAR
                                                  NORMAL
..................................................................
TEMPERATURE (F)
 YESTERDAY
  MAXIMUM         71    355 PM  87    2011  71      0       66
  MINIMUM         42    628 AM  32    2001  45     -3       49
  AVERAGE         57                        58     -1

PRECIPITATION (IN)
  YESTERDAY        0.00          2.82 2006   0.12  -0.12      T
  MONTH TO DATE    3.93                      1.87   2.06     2.43
  SINCE SEP 1      5.98                      5.15   0.83     2.87
  SINCE JAN 1     38.28                     36.20   2.08    31.10

DEGREE DAYS
 HEATING
  YESTERDAY        8                         8      0        7
  MONTH TO DATE   80                       103    -23       47
  SINCE SEP 1    126                       151    -25       57
  SINCE JUL 1    126                       152    -26       58

 COOLING
  YESTERDAY        0                         1     -1        0
  MONTH TO DATE   27                        23      4       44
  SINCE SEP 1    172                       185    -13      256
  SINCE JAN 1   1411                      1445    -34     1437
..................................................................


WIND (MPH)
  HIGHEST WIND SPEED    12   HIGHEST WIND DIRECTION    SW (210)
  HIGHEST GUST SPEED    15   HIGHEST GUST DIRECTION    SW (230)
  AVERAGE WIND SPEED     3.5


SKY COVER
  AVERAGE SKY COVER 0.2


WEATHER CONDITIONS
 THE FOLLOWING WEATHER WAS RECORDED YESTERDAY.
  FOG
  FOG W/VISIBILITY <= 1/4 MILE


RELATIVE HUMIDITY (PERCENT)
 HIGHEST   100
 LOWEST     44
 AVERAGE    72

..........................................................


THE CAPE GIRARDEAU MO CLIMATE NORMALS FOR TODAY
                         NORMAL    RECORD    YEAR
 MAXIMUM TEMPERATURE (F)   70        87      1965
 MINIMUM TEMPERATURE (F)   45        30      2001


SUNRISE AND SUNSET
OCTOBER 17 2014.......SUNRISE   708 AM CDT   SUNSET   619 PM CDT
OCTOBER 18 2014.......SUNRISE   709 AM CDT   SUNSET   617 PM CDT


-  INDICATES NEGATIVE NUMBERS.
R  INDICATES RECORD WAS SET OR TIED.
MM INDICATES DATA IS MISSING.
T  INDICATES TRACE AMOUNT.




$$
