000
CDUS43 KPAH 140634
CLICGI


CLIMATE REPORT
NATIONAL WEATHER SERVICE PADUCAH KY
1233 AM CST SAT JAN 14 2017


...................................

...THE CAPE GIRARDEAU MO CLIMATE SUMMARY FOR JANUARY 13 2017...

CLIMATE NORMAL PERIOD 1981 TO 2010
CLIMATE RECORD PERIOD 1960 TO 2017


WEATHER ITEM   OBSERVED TIME   RECORD YEAR NORMAL DEPARTURE LAST
                VALUE   (LST)  VALUE       VALUE  FROM      YEAR
                                                  NORMAL
..................................................................
TEMPERATURE (F)
 YESTERDAY
  MAXIMUM         34   1159 PM  67    1995  42     -8       39
  MINIMUM         32   1032 AM  -3    1977  24      8       18
  AVERAGE         33                        33      0

PRECIPITATION (IN)
  YESTERDAY        0.58          2.27 1971   0.10   0.48     0.00
  MONTH TO DATE    1.04                      1.47  -0.43     1.40
  SINCE DEC 1      4.38                      5.72  -1.34     3.79
  SINCE JAN 1      1.04                      1.47  -0.43     1.40

DEGREE DAYS
 HEATING
  YESTERDAY       32                        32      0       36
  MONTH TO DATE  397                       416    -19      398
  SINCE DEC 1   1288                      1316    -28      960
  SINCE JUL 1   1865                      2167   -302     1610

 COOLING
  YESTERDAY        0                         0      0        0
  MONTH TO DATE    0                         0      0        0
  SINCE DEC 1      0                         0      0        2
  SINCE JAN 1      0                         0      0        0
..................................................................


WIND (MPH)
  HIGHEST WIND SPEED    16   HIGHEST WIND DIRECTION    NE (30)
  HIGHEST GUST SPEED    21   HIGHEST GUST DIRECTION    NE (30)
  AVERAGE WIND SPEED     9.6


SKY COVER
  AVERAGE SKY COVER 1.0


WEATHER CONDITIONS
 THE FOLLOWING WEATHER WAS RECORDED YESTERDAY.
  LIGHT RAIN
  FREEZING RAIN
  LT FREEZING RAIN
  FOG


RELATIVE HUMIDITY (PERCENT)
 HIGHEST    96
 LOWEST     75
 AVERAGE    86

..........................................................


THE CAPE GIRARDEAU MO CLIMATE NORMALS FOR TODAY
                         NORMAL    RECORD    YEAR
 MAXIMUM TEMPERATURE (F)   42        60      1996
 MINIMUM TEMPERATURE (F)   24        -3      1982


SUNRISE AND SUNSET
JANUARY 14 2017.......SUNRISE   711 AM CST   SUNSET   504 PM CST
JANUARY 15 2017.......SUNRISE   711 AM CST   SUNSET   505 PM CST


-  INDICATES NEGATIVE NUMBERS.
R  INDICATES RECORD WAS SET OR TIED.
MM INDICATES DATA IS MISSING.
T  INDICATES TRACE AMOUNT.




$$
