000
CDUS43 KPAH 142233
CLICGI


CLIMATE REPORT
NATIONAL WEATHER SERVICE PADUCAH KY
430 PM CST SUN DEC 14 2014


...................................

...THE CAPE GIRARDEAU MO CLIMATE SUMMARY FOR DECEMBER 14 2014...
VALID TODAY AS OF 0400 PM LOCAL TIME.

CLIMATE NORMAL PERIOD 1981 TO 2010
CLIMATE RECORD PERIOD 1960 TO 2014


WEATHER ITEM   OBSERVED TIME   RECORD YEAR NORMAL DEPARTURE LAST
                VALUE   (LST)  VALUE       VALUE  FROM      YEAR
                                                  NORMAL
..................................................................
TEMPERATURE (F)
 TODAY
  MAXIMUM         59    154 PM  68    1971  45     14       38
  MINIMUM         47    650 AM   7    2010  27     20       31
  AVERAGE         53                        36     17

PRECIPITATION (IN)
  TODAY            0.00          1.22 1987   0.13  -0.13     0.31
  MONTH TO DATE    1.21                      2.04  -0.83     1.25
  SINCE DEC 1      1.21                      2.04  -0.83     1.25
  SINCE JAN 1     42.13                     44.60  -2.47    35.77

DEGREE DAYS
 HEATING
  TODAY           12                        29    -17       30
  MONTH TO DATE  342                       379    -37      464
  SINCE DEC 1    342                       379    -37      464
  SINCE JUL 1   1338                      1230    108     1370

 COOLING
  TODAY            0                         0      0        0
  MONTH TO DATE    0                         0      0        0
  SINCE DEC 1      0                         0      0        0
  SINCE JAN 1   1424                      1453    -29     1441
..................................................................


WIND (MPH)
  HIGHEST WIND SPEED    13   HIGHEST WIND DIRECTION     S (180)
  HIGHEST GUST SPEED    17   HIGHEST GUST DIRECTION     S (160)
  AVERAGE WIND SPEED     5.8


SKY COVER
  AVERAGE SKY COVER 0.9


WEATHER CONDITIONS
 THE FOLLOWING WEATHER WAS RECORDED TODAY.
  HAZE


RELATIVE HUMIDITY (PERCENT)
 HIGHEST    93
 LOWEST     75
 AVERAGE    84

..........................................................


THE CAPE GIRARDEAU MO CLIMATE NORMALS FOR TOMORROW
                         NORMAL
 MAXIMUM TEMPERATURE (F)   45
 MINIMUM TEMPERATURE (F)   27


SUNRISE AND SUNSET
DECEMBER 14 2014......SUNRISE   704 AM CST   SUNSET   442 PM CST
DECEMBER 15 2014......SUNRISE   705 AM CST   SUNSET   442 PM CST


-  INDICATES NEGATIVE NUMBERS.
R  INDICATES RECORD WAS SET OR TIED.
MM INDICATES DATA IS MISSING.
T  INDICATES TRACE AMOUNT.




$$
