047
CDUS43 KPAH 190635
CLICGI


CLIMATE REPORT
NATIONAL WEATHER SERVICE PADUCAH KY
132 AM CDT MON JUN 19 2017


...................................

...THE CAPE GIRARDEAU MO CLIMATE SUMMARY FOR JUNE 18 2017...

CLIMATE NORMAL PERIOD 1981 TO 2010
CLIMATE RECORD PERIOD 1960 TO 2017


WEATHER ITEM   OBSERVED TIME   RECORD YEAR NORMAL DEPARTURE LAST
                VALUE   (LST)  VALUE       VALUE  FROM      YEAR
                                                  NORMAL
..................................................................
TEMPERATURE (F)
 YESTERDAY
  MAXIMUM         82    152 PM  97    1973  87     -5       90
  MINIMUM         65   1152 PM  51    1961  65      0       66
  AVERAGE         74                        76     -2

PRECIPITATION (IN)
  YESTERDAY        0.79          2.50 1976   0.11   0.68     0.00
  MONTH TO DATE    1.94                      2.20  -0.26     1.01
  SINCE JUN 1      1.94                      2.20  -0.26     1.01
  SINCE JAN 1     21.16                     23.30  -2.14    24.29

DEGREE DAYS
 HEATING
  YESTERDAY        0                         0      0        0
  MONTH TO DATE    0                         1     -1        0
  SINCE JUN 1      0                         1     -1        0
  SINCE JUL 1   3430                      4387   -957     3571

 COOLING
  YESTERDAY        9                        11     -2       13
  MONTH TO DATE  197                       162     35      212
  SINCE JUN 1    197                       162     35      212
  SINCE JAN 1    372                       314     58      333
..................................................................


WIND (MPH)
  HIGHEST WIND SPEED    22   HIGHEST WIND DIRECTION     N (360)
  HIGHEST GUST SPEED    28   HIGHEST GUST DIRECTION     N (350)
  AVERAGE WIND SPEED     5.8


SKY COVER
  AVERAGE SKY COVER 0.7


WEATHER CONDITIONS
 THE FOLLOWING WEATHER WAS RECORDED YESTERDAY.
  THUNDERSTORM
  HEAVY RAIN
  LIGHT RAIN
  FOG


RELATIVE HUMIDITY (PERCENT)
 HIGHEST    90
 LOWEST     62
 AVERAGE    76

..........................................................


THE CAPE GIRARDEAU MO CLIMATE NORMALS FOR TODAY
                         NORMAL    RECORD    YEAR
 MAXIMUM TEMPERATURE (F)   87        97      1990
 MINIMUM TEMPERATURE (F)   65        54      2005


SUNRISE AND SUNSET
JUNE 19 2017..........SUNRISE   538 AM CDT   SUNSET   822 PM CDT
JUNE 20 2017..........SUNRISE   538 AM CDT   SUNSET   822 PM CDT


-  INDICATES NEGATIVE NUMBERS.
R  INDICATES RECORD WAS SET OR TIED.
MM INDICATES DATA IS MISSING.
T  INDICATES TRACE AMOUNT.




$$
