008
CDUS43 KPAH 300633
CLICGI


CLIMATE REPORT
NATIONAL WEATHER SERVICE PADUCAH KY
132 AM CDT TUE AUG 30 2016


...................................

...THE CAPE GIRARDEAU MO CLIMATE SUMMARY FOR AUGUST 29 2016...

CLIMATE NORMAL PERIOD 1981 TO 2010
CLIMATE RECORD PERIOD 1960 TO 2016


WEATHER ITEM   OBSERVED TIME   RECORD YEAR NORMAL DEPARTURE LAST
                VALUE   (LST)  VALUE       VALUE  FROM      YEAR
                                                  NORMAL
..................................................................
TEMPERATURE (F)
 YESTERDAY
  MAXIMUM         92    251 PM 101    2000  87      5       84
  MINIMUM         70    522 AM  45    1986  63      7       67
  AVERAGE         81                        75      6

PRECIPITATION (IN)
  YESTERDAY        0.00          2.89 1978   0.11  -0.11      T
  MONTH TO DATE    6.26                      2.82   3.44     4.16
  SINCE JUN 1     13.42                      9.75   3.67    18.11
  SINCE JAN 1     36.70                     30.85   5.85    43.55

DEGREE DAYS
 HEATING
  YESTERDAY        0                         0      0        0
  MONTH TO DATE    0                         0      0        0
  SINCE JUN 1      0                         4     -4        5
  SINCE JUL 1      0                         0      0        0

 COOLING
  YESTERDAY       16                        10      6       11
  MONTH TO DATE  405                       354     51      277
  SINCE JUN 1   1292                      1088    204     1127
  SINCE JAN 1   1413                      1240    173     1304
..................................................................


WIND (MPH)
  HIGHEST WIND SPEED    13   HIGHEST WIND DIRECTION     E (70)
  HIGHEST GUST SPEED    18   HIGHEST GUST DIRECTION     E (90)
  AVERAGE WIND SPEED     4.2


SKY COVER
  AVERAGE SKY COVER 0.0


WEATHER CONDITIONS
 THE FOLLOWING WEATHER WAS RECORDED YESTERDAY.
  FOG


RELATIVE HUMIDITY (PERCENT)
 HIGHEST   100
 LOWEST     52
 AVERAGE    76

..........................................................


THE CAPE GIRARDEAU MO CLIMATE NORMALS FOR TODAY
                         NORMAL    RECORD    YEAR
 MAXIMUM TEMPERATURE (F)   87        97      2000
 MINIMUM TEMPERATURE (F)   63        48      1986


SUNRISE AND SUNSET
AUGUST 30 2016........SUNRISE   628 AM CDT   SUNSET   729 PM CDT
AUGUST 31 2016........SUNRISE   628 AM CDT   SUNSET   728 PM CDT


-  INDICATES NEGATIVE NUMBERS.
R  INDICATES RECORD WAS SET OR TIED.
MM INDICATES DATA IS MISSING.
T  INDICATES TRACE AMOUNT.




$$
