000
CDUS43 KPAH 300629
CLICGI


CLIMATE REPORT
NATIONAL WEATHER SERVICE PADUCAH KY
1227 AM CST FRI JAN 30 2015


...................................

...THE CAPE GIRARDEAU MO CLIMATE SUMMARY FOR JANUARY 29 2015...

CLIMATE NORMAL PERIOD 1981 TO 2010
CLIMATE RECORD PERIOD 1960 TO 2015


WEATHER ITEM   OBSERVED TIME   RECORD YEAR NORMAL DEPARTURE LAST
                VALUE   (LST)  VALUE       VALUE  FROM      YEAR
                                                  NORMAL
..................................................................
TEMPERATURE (F)
 YESTERDAY
  MAXIMUM         51    935 AM  72    1987  44      7       32
  MINIMUM         38   1159 PM  -3    1985  24     14        2
  AVERAGE         45                        34     11

PRECIPITATION (IN)
  YESTERDAY        0.00          2.81 1969   0.11  -0.11     0.00
  MONTH TO DATE    4.77                      3.22   1.55     1.99
  SINCE DEC 1      7.58                      7.47   0.11     7.55
  SINCE JAN 1      4.77                      3.22   1.55     1.99

DEGREE DAYS
 HEATING
  YESTERDAY       20                        31    -11       48
  MONTH TO DATE  915                       924     -9     1049
  SINCE DEC 1   1656                      1824   -168     2010
  SINCE JUL 1   2652                      2675    -23     2916

 COOLING
  YESTERDAY        0                         0      0        0
  MONTH TO DATE    0                         0      0        0
  SINCE DEC 1      0                         0      0        0
  SINCE JAN 1      0                         0      0        0
..................................................................


WIND (MPH)
  HIGHEST WIND SPEED    24   HIGHEST WIND DIRECTION     N (340)
  HIGHEST GUST SPEED    31   HIGHEST GUST DIRECTION    NW (320)
  AVERAGE WIND SPEED    10.7


SKY COVER
  AVERAGE SKY COVER 0.8


WEATHER CONDITIONS
 THE FOLLOWING WEATHER WAS RECORDED YESTERDAY.
  NO SIGNIFICANT WEATHER WAS OBSERVED.


RELATIVE HUMIDITY (PERCENT)
 HIGHEST    70
 LOWEST     60
 AVERAGE    65

..........................................................


THE CAPE GIRARDEAU MO CLIMATE NORMALS FOR TODAY
                         NORMAL    RECORD    YEAR
 MAXIMUM TEMPERATURE (F)   44        63      1967
 MINIMUM TEMPERATURE (F)   25        -5      1966


SUNRISE AND SUNSET
JANUARY 30 2015.......SUNRISE   703 AM CST   SUNSET   521 PM CST
JANUARY 31 2015.......SUNRISE   702 AM CST   SUNSET   522 PM CST


-  INDICATES NEGATIVE NUMBERS.
R  INDICATES RECORD WAS SET OR TIED.
MM INDICATES DATA IS MISSING.
T  INDICATES TRACE AMOUNT.




$$
