000
CDUS43 KPAH 170645
CLICGI


CLIMATE REPORT
NATIONAL WEATHER SERVICE PADUCAH KY
145 AM CDT THU AUG 17 2017


...................................

...THE CAPE GIRARDEAU MO CLIMATE SUMMARY FOR AUGUST 16 2017...

CLIMATE NORMAL PERIOD 1981 TO 2010
CLIMATE RECORD PERIOD 1960 TO 2017


WEATHER ITEM   OBSERVED TIME   RECORD YEAR NORMAL DEPARTURE LAST
                VALUE   (LST)  VALUE       VALUE  FROM      YEAR
                                                  NORMAL
..................................................................
TEMPERATURE (F)
 YESTERDAY
  MAXIMUM         89    203 PM 103    2007  89      0       76
  MINIMUM         70    204 AM  47    2004  66      4       71
  AVERAGE         80                        77      3

PRECIPITATION (IN)
  YESTERDAY        0.68          1.89 1986   0.10   0.58     0.21
  MONTH TO DATE    2.17                      1.52   0.65     4.83
  SINCE JUN 1      6.49                      8.45  -1.96    11.99
  SINCE JAN 1     25.71                     29.55  -3.84    35.27

DEGREE DAYS
 HEATING
  YESTERDAY        0                         0      0        0
  MONTH TO DATE    0                         0      0        0
  SINCE JUN 1      0                         4     -4        0
  SINCE JUL 1      0                         0      0        0

 COOLING
  YESTERDAY       15                        12      3        9
  MONTH TO DATE  138                       207    -69      235
  SINCE JUN 1    887                       941    -54     1122
  SINCE JAN 1   1062                      1093    -31     1243
..................................................................


WIND (MPH)
  HIGHEST WIND SPEED    21   HIGHEST WIND DIRECTION     N (350)
  HIGHEST GUST SPEED    27   HIGHEST GUST DIRECTION     N (360)
  AVERAGE WIND SPEED     6.4


SKY COVER
  AVERAGE SKY COVER 0.4


WEATHER CONDITIONS
 THE FOLLOWING WEATHER WAS RECORDED YESTERDAY.
  THUNDERSTORM
  HEAVY RAIN
  LIGHT RAIN
  FOG


RELATIVE HUMIDITY (PERCENT)
 HIGHEST   100
 LOWEST     64
 AVERAGE    82

..........................................................


THE CAPE GIRARDEAU MO CLIMATE NORMALS FOR TODAY
                         NORMAL    RECORD    YEAR
 MAXIMUM TEMPERATURE (F)   89       102      1988
 MINIMUM TEMPERATURE (F)   66        52      2008


SUNRISE AND SUNSET
AUGUST 17 2017........SUNRISE   617 AM CDT   SUNSET   747 PM CDT
AUGUST 18 2017........SUNRISE   617 AM CDT   SUNSET   746 PM CDT


-  INDICATES NEGATIVE NUMBERS.
R  INDICATES RECORD WAS SET OR TIED.
MM INDICATES DATA IS MISSING.
T  INDICATES TRACE AMOUNT.




$$
