000
CDUS43 KPAH 250632
CLICGI


CLIMATE REPORT
NATIONAL WEATHER SERVICE PADUCAH KY
130 AM CDT MON MAY 25 2015


...................................

...THE CAPE GIRARDEAU MO CLIMATE SUMMARY FOR MAY 24 2015...

CLIMATE NORMAL PERIOD 1981 TO 2010
CLIMATE RECORD PERIOD 1960 TO 2015


WEATHER ITEM   OBSERVED TIME   RECORD YEAR NORMAL DEPARTURE LAST
                VALUE   (LST)  VALUE       VALUE  FROM      YEAR
                                                  NORMAL
..................................................................
TEMPERATURE (F)
 YESTERDAY
  MAXIMUM         85    136 PM  97    1996  80      5       83
  MINIMUM         64    131 AM  44    1961  58      6       66
  AVERAGE         75                        69      6

PRECIPITATION (IN)
  YESTERDAY        0.52          1.23 1991   0.16   0.36     0.00
  MONTH TO DATE    5.58                      4.42   1.16     4.29
  SINCE MAR 1     18.54                     13.18   5.36    14.61
  SINCE JAN 1     25.06                     20.06   5.00    17.75

DEGREE DAYS
 HEATING
  YESTERDAY        0                         1     -1        0
  MONTH TO DATE   56                        62     -6       78
  SINCE MAR 1    833                       883    -50     1016
  SINCE JUL 1   4611                      4380    231     4941

 COOLING
  YESTERDAY       10                         5      5       10
  MONTH TO DATE  101                        79     22      123
  SINCE MAR 1    129                       110     19      134
  SINCE JAN 1    129                       110     19      134
..................................................................


WIND (MPH)
  HIGHEST WIND SPEED    32   HIGHEST WIND DIRECTION     S (180)
  HIGHEST GUST SPEED    44   HIGHEST GUST DIRECTION     S (170)
  AVERAGE WIND SPEED    13.2


SKY COVER
  AVERAGE SKY COVER 0.3


WEATHER CONDITIONS
 THE FOLLOWING WEATHER WAS RECORDED YESTERDAY.
  HEAVY RAIN
  RAIN
  LIGHT RAIN
  FOG
  HAZE


RELATIVE HUMIDITY (PERCENT)
 HIGHEST    93
 LOWEST     55
 AVERAGE    74

..........................................................


THE CAPE GIRARDEAU MO CLIMATE NORMALS FOR TODAY
                         NORMAL    RECORD    YEAR
 MAXIMUM TEMPERATURE (F)   80        93      1978
 MINIMUM TEMPERATURE (F)   58        44      2013


SUNRISE AND SUNSET
MAY 25 2015...........SUNRISE   543 AM CDT   SUNSET   808 PM CDT
MAY 26 2015...........SUNRISE   542 AM CDT   SUNSET   809 PM CDT


-  INDICATES NEGATIVE NUMBERS.
R  INDICATES RECORD WAS SET OR TIED.
MM INDICATES DATA IS MISSING.
T  INDICATES TRACE AMOUNT.




$$
