000
CDUS43 KPAH 290629
CLICGI


CLIMATE REPORT
NATIONAL WEATHER SERVICE PADUCAH KY
128 AM CDT FRI APR 29 2016


...................................

...THE CAPE GIRARDEAU MO CLIMATE SUMMARY FOR APRIL 28 2016...

CLIMATE NORMAL PERIOD 1981 TO 2010
CLIMATE RECORD PERIOD 1960 TO 2016


WEATHER ITEM   OBSERVED TIME   RECORD YEAR NORMAL DEPARTURE LAST
                VALUE   (LST)  VALUE       VALUE  FROM      YEAR
                                                  NORMAL
..................................................................
TEMPERATURE (F)
 YESTERDAY
  MAXIMUM         78    454 PM  87    1989  73      5       64
  MINIMUM         54   1159 PM  35    1992  50      4       43
  AVERAGE         66                        61      5

PRECIPITATION (IN)
  YESTERDAY        0.01          1.56 1996   0.16  -0.15     0.00
  MONTH TO DATE    3.74                      4.03  -0.29     4.17
  SINCE MAR 1      9.20                      8.43   0.77    12.96
  SINCE JAN 1     13.98                     15.31  -1.33    19.48

DEGREE DAYS
 HEATING
  YESTERDAY        0                         5     -5       11
  MONTH TO DATE  184                       254    -70      155
  SINCE MAR 1    572                       813   -241      761
  SINCE JUL 1   3464                      4310   -846     4539

 COOLING
  YESTERDAY        1                         1      0        0
  MONTH TO DATE   16                        22     -6       28
  SINCE MAR 1     16                        26    -10       28
  SINCE JAN 1     16                        26    -10       28
..................................................................


WIND (MPH)
  HIGHEST WIND SPEED    18   HIGHEST WIND DIRECTION     W (260)
  HIGHEST GUST SPEED    26   HIGHEST GUST DIRECTION     W (260)
  AVERAGE WIND SPEED     6.4


SKY COVER
  AVERAGE SKY COVER 0.1


WEATHER CONDITIONS
 THE FOLLOWING WEATHER WAS RECORDED YESTERDAY.
  THUNDERSTORM
  LIGHT RAIN
  FOG


RELATIVE HUMIDITY (PERCENT)
 HIGHEST   100
 LOWEST     32
 AVERAGE    66

..........................................................


THE CAPE GIRARDEAU MO CLIMATE NORMALS FOR TODAY
                         NORMAL    RECORD    YEAR
 MAXIMUM TEMPERATURE (F)   73        90      1987
 MINIMUM TEMPERATURE (F)   50        31      2008


SUNRISE AND SUNSET
APRIL 29 2016.........SUNRISE   605 AM CDT   SUNSET   746 PM CDT
APRIL 30 2016.........SUNRISE   604 AM CDT   SUNSET   747 PM CDT


-  INDICATES NEGATIVE NUMBERS.
R  INDICATES RECORD WAS SET OR TIED.
MM INDICATES DATA IS MISSING.
T  INDICATES TRACE AMOUNT.




$$
