130
CDUS43 KPAH 212126
CLICGI


CLIMATE REPORT
NATIONAL WEATHER SERVICE PADUCAH KY
426 PM CDT MON AUG 21 2017


...................................

...THE CAPE GIRARDEAU MO CLIMATE SUMMARY FOR AUGUST 21 2017...
VALID TODAY AS OF 0400 PM LOCAL TIME.

CLIMATE NORMAL PERIOD 1981 TO 2010
CLIMATE RECORD PERIOD 1960 TO 2017


WEATHER ITEM   OBSERVED TIME   RECORD YEAR NORMAL DEPARTURE LAST
                VALUE   (LST)  VALUE       VALUE  FROM      YEAR
                                                  NORMAL
..................................................................
TEMPERATURE (F)
 TODAY
  MAXIMUM         92    255 PM 100    1983  89      3       83
  MINIMUM         68    526 AM  51    1961  65      3       61
  AVERAGE         80                        77      3

PRECIPITATION (IN)
  TODAY            0.00          1.60 1989   0.10  -0.10     0.00
  MONTH TO DATE    2.21                      2.01   0.20     6.26
  SINCE JUN 1      6.53                      8.94  -2.41    13.42
  SINCE JAN 1     25.75                     30.04  -4.29    36.70

DEGREE DAYS
 HEATING
  TODAY            0                         0      0        0
  MONTH TO DATE    0                         0      0        0
  SINCE JUN 1      0                         4     -4        0
  SINCE JUL 1      0                         0      0        0

 COOLING
  TODAY           15                        12      3        7
  MONTH TO DATE  202                       267    -65      292
  SINCE JUN 1    951                      1001    -50     1179
  SINCE JAN 1   1126                      1153    -27     1300
..................................................................


WIND (MPH)
  HIGHEST WIND SPEED    10   HIGHEST WIND DIRECTION    SW (220)
  HIGHEST GUST SPEED    15   HIGHEST GUST DIRECTION    SW (240)
  AVERAGE WIND SPEED     1.6


SKY COVER
  AVERAGE SKY COVER 0.0


WEATHER CONDITIONS
 THE FOLLOWING WEATHER WAS RECORDED TODAY.
  NO SIGNIFICANT WEATHER WAS OBSERVED.


RELATIVE HUMIDITY (PERCENT)
 HIGHEST    97
 LOWEST     60
 AVERAGE    79

..........................................................


THE CAPE GIRARDEAU MO CLIMATE NORMALS FOR TOMORROW
                         NORMAL
 MAXIMUM TEMPERATURE (F)   89
 MINIMUM TEMPERATURE (F)   65


SUNRISE AND SUNSET
AUGUST 21 2017........SUNRISE   620 AM CDT   SUNSET   742 PM CDT
AUGUST 22 2017........SUNRISE   621 AM CDT   SUNSET   741 PM CDT


-  INDICATES NEGATIVE NUMBERS.
R  INDICATES RECORD WAS SET OR TIED.
MM INDICATES DATA IS MISSING.
T  INDICATES TRACE AMOUNT.




$$
