361
CDUS43 KPAH 250637
CLICGI


CLIMATE REPORT
NATIONAL WEATHER SERVICE PADUCAH KY
1231 AM CST SAT FEB 25 2017


...................................

...THE CAPE GIRARDEAU MO CLIMATE SUMMARY FOR FEBRUARY 24 2017...

CLIMATE NORMAL PERIOD 1981 TO 2010
CLIMATE RECORD PERIOD 1960 TO 2017


WEATHER ITEM   OBSERVED TIME   RECORD YEAR NORMAL DEPARTURE LAST
                VALUE   (LST)  VALUE       VALUE  FROM      YEAR
                                                  NORMAL
..................................................................
TEMPERATURE (F)
 YESTERDAY
  MAXIMUM         69   1255 PM  73    2000  51     18       43
  MINIMUM         41   1159 PM  11    1967  31     10       33
  AVERAGE         55                        41     14

PRECIPITATION (IN)
  YESTERDAY        0.00          2.61 2011   0.13  -0.13     1.22
  MONTH TO DATE    0.96                      2.93  -1.97     3.12
  SINCE DEC 1      6.26                     10.65  -4.39     7.17
  SINCE JAN 1      2.92                      6.40  -3.48     4.78

DEGREE DAYS
 HEATING
  YESTERDAY       10                        24    -14       27
  MONTH TO DATE  435                       665   -230      618
  SINCE DEC 1   2086                      2552   -466     2133
  SINCE JUL 1   2663                      3403   -740     2783

 COOLING
  YESTERDAY        0                         0      0        0
  MONTH TO DATE    0                         0      0        0
  SINCE DEC 1      0                         0      0        2
  SINCE JAN 1      0                         0      0        0
..................................................................


WIND (MPH)
  HIGHEST WIND SPEED    28   HIGHEST WIND DIRECTION    SW (210)
  HIGHEST GUST SPEED    35   HIGHEST GUST DIRECTION    SW (230)
  AVERAGE WIND SPEED    15.9


SKY COVER
  AVERAGE SKY COVER 0.3


WEATHER CONDITIONS
 THE FOLLOWING WEATHER WAS RECORDED YESTERDAY.
  NO SIGNIFICANT WEATHER WAS OBSERVED.


RELATIVE HUMIDITY (PERCENT)
 HIGHEST    84
 LOWEST     41
 AVERAGE    63

..........................................................


THE CAPE GIRARDEAU MO CLIMATE NORMALS FOR TODAY
                         NORMAL    RECORD    YEAR
 MAXIMUM TEMPERATURE (F)   51        73      1981
 MINIMUM TEMPERATURE (F)   31         2      1967


SUNRISE AND SUNSET
FEBRUARY 25 2017......SUNRISE   634 AM CST   SUNSET   549 PM CST
FEBRUARY 26 2017......SUNRISE   633 AM CST   SUNSET   550 PM CST


-  INDICATES NEGATIVE NUMBERS.
R  INDICATES RECORD WAS SET OR TIED.
MM INDICATES DATA IS MISSING.
T  INDICATES TRACE AMOUNT.




$$
