000
CDUS43 KPAH 050648
CLICGI


CLIMATE REPORT
NATIONAL WEATHER SERVICE PADUCAH KY
145 AM CDT SUN JUL 5 2015


...................................

...THE CAPE GIRARDEAU MO CLIMATE SUMMARY FOR JULY 4 2015...

CLIMATE NORMAL PERIOD 1981 TO 2010
CLIMATE RECORD PERIOD 1960 TO 2015


WEATHER ITEM   OBSERVED TIME   RECORD YEAR NORMAL DEPARTURE LAST
                VALUE   (LST)  VALUE       VALUE  FROM      YEAR
                                                  NORMAL
..................................................................
TEMPERATURE (F)
 YESTERDAY
  MAXIMUM         MM        MM 103    2012  89     MM       81
  MINIMUM         MM        MM  53    1968  68     MM       58
  AVERAGE         MM                        78     MM

PRECIPITATION (IN)
  YESTERDAY       MM             0.86 2006   0.11  MM        0.00
  MONTH TO DATE    1.87                      0.42   1.45     0.89
  SINCE JUN 1      6.19                      3.99   2.20     8.39
  SINCE JAN 1     31.63                     25.09   6.54    26.78

DEGREE DAYS
 HEATING
  YESTERDAY       MM                         0     MM        0
  MONTH TO DATE    0                         0      0        0
  SINCE JUN 1      5                         4      1        0
  SINCE JUL 1      0                         0      0        0

 COOLING
  YESTERDAY       MM                        14     MM        5
  MONTH TO DATE   34                        53    -19       35
  SINCE JUN 1    415                       365     50      394
  SINCE JAN 1    592                       517     75      605
..................................................................


WIND (MPH)
  HIGHEST WIND SPEED    MM   HIGHEST WIND DIRECTION    MM
  HIGHEST GUST SPEED    MM   HIGHEST GUST DIRECTION    MM
  AVERAGE WIND SPEED    MM


SKY COVER
  AVERAGE SKY COVER  MM


WEATHER CONDITIONS
 THE FOLLOWING WEATHER WAS RECORDED YESTERDAY.
  FOG
  HAZE


RELATIVE HUMIDITY (PERCENT)
 HIGHEST    MM
 LOWEST     MM
 AVERAGE    MM

..........................................................


THE CAPE GIRARDEAU MO CLIMATE NORMALS FOR TODAY
                         NORMAL    RECORD    YEAR
 MAXIMUM TEMPERATURE (F)   89       106      2012
 MINIMUM TEMPERATURE (F)   68        53      1997


SUNRISE AND SUNSET
JULY  5 2015..........SUNRISE   544 AM CDT   SUNSET   822 PM CDT
JULY  6 2015..........SUNRISE   544 AM CDT   SUNSET   822 PM CDT


-  INDICATES NEGATIVE NUMBERS.
R  INDICATES RECORD WAS SET OR TIED.
MM INDICATES DATA IS MISSING.
T  INDICATES TRACE AMOUNT.




$$
