000
CDUS43 KPAH 280632
CLICGI


CLIMATE REPORT
NATIONAL WEATHER SERVICE PADUCAH KY
1229 AM CST SUN DEC 28 2014


...................................

...THE CAPE GIRARDEAU MO CLIMATE SUMMARY FOR DECEMBER 27 2014...

CLIMATE NORMAL PERIOD 1981 TO 2010
CLIMATE RECORD PERIOD 1960 TO 2014


WEATHER ITEM   OBSERVED TIME   RECORD YEAR NORMAL DEPARTURE LAST
                VALUE   (LST)  VALUE       VALUE  FROM      YEAR
                                                  NORMAL
..................................................................
TEMPERATURE (F)
 YESTERDAY
  MAXIMUM         50    314 PM  71    2008  43      7       50
  MINIMUM         37   1159 PM   6    2004  25     12       24
  AVERAGE         44                        34     10

PRECIPITATION (IN)
  YESTERDAY        0.46          2.73 1968   0.13   0.33     0.00
  MONTH TO DATE    2.81                      3.77  -0.96     5.56
  SINCE DEC 1      2.81                      3.77  -0.96     5.56
  SINCE JAN 1     43.73                     46.33  -2.60    40.08

DEGREE DAYS
 HEATING
  YESTERDAY       21                        31    -10       28
  MONTH TO DATE  606                       773   -167      829
  SINCE DEC 1    606                       773   -167      829
  SINCE JUL 1   1602                      1624    -22     1735

 COOLING
  YESTERDAY        0                         0      0        0
  MONTH TO DATE    0                         0      0        0
  SINCE DEC 1      0                         0      0        0
  SINCE JAN 1   1424                      1453    -29     1441
..................................................................


WIND (MPH)
  HIGHEST WIND SPEED    18   HIGHEST WIND DIRECTION     N (340)
  HIGHEST GUST SPEED    23   HIGHEST GUST DIRECTION     N (350)
  AVERAGE WIND SPEED     7.5


SKY COVER
  AVERAGE SKY COVER 1.0


WEATHER CONDITIONS
 THE FOLLOWING WEATHER WAS RECORDED YESTERDAY.
  RAIN
  LIGHT RAIN
  FOG


RELATIVE HUMIDITY (PERCENT)
 HIGHEST   100
 LOWEST     77
 AVERAGE    89

..........................................................


THE CAPE GIRARDEAU MO CLIMATE NORMALS FOR TODAY
                         NORMAL    RECORD    YEAR
 MAXIMUM TEMPERATURE (F)   42        69      1984
 MINIMUM TEMPERATURE (F)   25         7      2004


SUNRISE AND SUNSET
DECEMBER 28 2014......SUNRISE   711 AM CST   SUNSET   449 PM CST
DECEMBER 29 2014......SUNRISE   712 AM CST   SUNSET   449 PM CST


-  INDICATES NEGATIVE NUMBERS.
R  INDICATES RECORD WAS SET OR TIED.
MM INDICATES DATA IS MISSING.
T  INDICATES TRACE AMOUNT.




$$
