000
CDUS43 KPAH 072145
CLICGI


CLIMATE REPORT
NATIONAL WEATHER SERVICE PADUCAH KY
443 PM CDT MON JUL 7 2014


...................................

...THE CAPE GIRARDEAU MO CLIMATE SUMMARY FOR JULY 7 2014...
VALID TODAY AS OF 0400 PM LOCAL TIME.

CLIMATE NORMAL PERIOD 1981 TO 2010
CLIMATE RECORD PERIOD 1960 TO 2014


WEATHER ITEM   OBSERVED TIME   RECORD YEAR NORMAL DEPARTURE LAST
                VALUE   (LST)  VALUE       VALUE  FROM      YEAR
                                                  NORMAL
..................................................................
TEMPERATURE (F)
 TODAY
  MAXIMUM         90    237 PM 104    2012  89      1       90
  MINIMUM         71    530 AM  54    2006  68      3       62
  AVERAGE         81                        79      2

PRECIPITATION (IN)
  TODAY            0.03          1.40 1987   0.12  -0.09     0.00
  MONTH TO DATE    0.92                      0.76   0.16     0.05
  SINCE JUN 1      8.42                      4.33   4.09     7.81
  SINCE JAN 1     26.81                     25.43   1.38    23.98

DEGREE DAYS
 HEATING
  TODAY            0                         0      0        0
  MONTH TO DATE    0                         0      0        0
  SINCE JUN 1      0                         4     -4        0
  SINCE JUL 1      0                         0      0        0

 COOLING
  TODAY           16                        14      2       11
  MONTH TO DATE   63                        95    -32       50
  SINCE JUN 1    422                       407     15      383
  SINCE JAN 1    633                       559     74      554
..................................................................


WIND (MPH)
  HIGHEST WIND SPEED    17   HIGHEST WIND DIRECTION    SW (210)
  HIGHEST GUST SPEED    27   HIGHEST GUST DIRECTION    SW (230)
  AVERAGE WIND SPEED     9.4


SKY COVER
  AVERAGE SKY COVER 0.4


WEATHER CONDITIONS
 THE FOLLOWING WEATHER WAS RECORDED TODAY.
  THUNDERSTORM
  FOG


RELATIVE HUMIDITY (PERCENT)
 HIGHEST    90
 LOWEST     56
 AVERAGE    73

..........................................................


THE CAPE GIRARDEAU MO CLIMATE NORMALS FOR TOMORROW
                         NORMAL
 MAXIMUM TEMPERATURE (F)   89
 MINIMUM TEMPERATURE (F)   68


SUNRISE AND SUNSET
JULY  7 2014..........SUNRISE   545 AM CDT   SUNSET   821 PM CDT
JULY  8 2014..........SUNRISE   545 AM CDT   SUNSET   821 PM CDT


-  INDICATES NEGATIVE NUMBERS.
R  INDICATES RECORD WAS SET OR TIED.
MM INDICATES DATA IS MISSING.
T  INDICATES TRACE AMOUNT.




$$
