000
CDUS43 KPAH 230634
CLICGI


CLIMATE REPORT
NATIONAL WEATHER SERVICE PADUCAH KY
130 AM CDT TUE AUG 23 2016


...................................

...THE CAPE GIRARDEAU MO CLIMATE SUMMARY FOR AUGUST 22 2016...

CLIMATE NORMAL PERIOD 1981 TO 2010
CLIMATE RECORD PERIOD 1960 TO 2016


WEATHER ITEM   OBSERVED TIME   RECORD YEAR NORMAL DEPARTURE LAST
                VALUE   (LST)  VALUE       VALUE  FROM      YEAR
                                                  NORMAL
..................................................................
TEMPERATURE (F)
 YESTERDAY
  MAXIMUM         82    317 PM 102    1987  89     -7       83
  MINIMUM         59    315 AM  52    1997  65     -6       63
  AVERAGE         71                        77     -6

PRECIPITATION (IN)
  YESTERDAY        0.00          2.54 2008   0.10  -0.10     0.71
  MONTH TO DATE    6.26                      2.11   4.15     4.16
  SINCE JUN 1     13.42                      9.04   4.38    18.11
  SINCE JAN 1     36.70                     30.14   6.56    43.55

DEGREE DAYS
 HEATING
  YESTERDAY        0                         0      0        0
  MONTH TO DATE    0                         0      0        0
  SINCE JUN 1      0                         4     -4        5
  SINCE JUL 1      0                         0      0        0

 COOLING
  YESTERDAY        6                        12     -6        8
  MONTH TO DATE  298                       279     19      245
  SINCE JUN 1   1185                      1013    172     1095
  SINCE JAN 1   1306                      1165    141     1272
..................................................................


WIND (MPH)
  HIGHEST WIND SPEED     9   HIGHEST WIND DIRECTION     E (110)
  HIGHEST GUST SPEED    13   HIGHEST GUST DIRECTION     E (80)
  AVERAGE WIND SPEED     2.7


SKY COVER
  AVERAGE SKY COVER 0.3


WEATHER CONDITIONS
 THE FOLLOWING WEATHER WAS RECORDED YESTERDAY.
  FOG
  FOG W/VISIBILITY <= 1/4 MILE


RELATIVE HUMIDITY (PERCENT)
 HIGHEST   100
 LOWEST     45
 AVERAGE    73

..........................................................


THE CAPE GIRARDEAU MO CLIMATE NORMALS FOR TODAY
                         NORMAL    RECORD    YEAR
 MAXIMUM TEMPERATURE (F)   88        99      2007
 MINIMUM TEMPERATURE (F)   65        52      2009


SUNRISE AND SUNSET
AUGUST 23 2016........SUNRISE   622 AM CDT   SUNSET   739 PM CDT
AUGUST 24 2016........SUNRISE   623 AM CDT   SUNSET   738 PM CDT


-  INDICATES NEGATIVE NUMBERS.
R  INDICATES RECORD WAS SET OR TIED.
MM INDICATES DATA IS MISSING.
T  INDICATES TRACE AMOUNT.




$$
