000
CDUS43 KPAH 210630
CLICGI


CLIMATE REPORT
NATIONAL WEATHER SERVICE PADUCAH KY
127 AM CDT THU SEP 21 2017


...................................

...THE CAPE GIRARDEAU MO CLIMATE SUMMARY FOR SEPTEMBER 20 2017...

CLIMATE NORMAL PERIOD 1981 TO 2010
CLIMATE RECORD PERIOD 1960 TO 2017


WEATHER ITEM   OBSERVED TIME   RECORD YEAR NORMAL DEPARTURE LAST
                VALUE   (LST)  VALUE       VALUE  FROM      YEAR
                                                  NORMAL
..................................................................
TEMPERATURE (F)
 YESTERDAY
  MAXIMUM         93R   233 PM  93    1972  80     13       87
  MINIMUM         70    556 AM  38    2006  54     16       60
  AVERAGE         82                        67     15

PRECIPITATION (IN)
  YESTERDAY        0.00          1.80 1992   0.10  -0.10     0.00
  MONTH TO DATE    0.73                      2.21  -1.48     5.01
  SINCE SEP 1      0.73                      2.21  -1.48     5.01
  SINCE JAN 1     26.48                     33.26  -6.78    41.71

DEGREE DAYS
 HEATING
  YESTERDAY        0                         2     -2        0
  MONTH TO DATE   14                        13      1        0
  SINCE SEP 1     14                        13      1        0
  SINCE JUL 1     14                        14      0        0

 COOLING
  YESTERDAY       17                         4     13        9
  MONTH TO DATE  105                       132    -27      200
  SINCE SEP 1    105                       132    -27      200
  SINCE JAN 1   1307                      1392    -85     1643
..................................................................


WIND (MPH)
  HIGHEST WIND SPEED    16   HIGHEST WIND DIRECTION    SW (210)
  HIGHEST GUST SPEED    23   HIGHEST GUST DIRECTION     S (190)
  AVERAGE WIND SPEED     7.9


SKY COVER
  AVERAGE SKY COVER 0.1


WEATHER CONDITIONS
 THE FOLLOWING WEATHER WAS RECORDED YESTERDAY.
  HAZE


RELATIVE HUMIDITY (PERCENT)
 HIGHEST    97
 LOWEST     49
 AVERAGE    73

..........................................................


THE CAPE GIRARDEAU MO CLIMATE NORMALS FOR TODAY
                         NORMAL    RECORD    YEAR
 MAXIMUM TEMPERATURE (F)   79        94      2010
 MINIMUM TEMPERATURE (F)   54        39      1991


SUNRISE AND SUNSET
SEPTEMBER 21 2017.....SUNRISE   646 AM CDT   SUNSET   656 PM CDT
SEPTEMBER 22 2017.....SUNRISE   646 AM CDT   SUNSET   655 PM CDT


-  INDICATES NEGATIVE NUMBERS.
R  INDICATES RECORD WAS SET OR TIED.
MM INDICATES DATA IS MISSING.
T  INDICATES TRACE AMOUNT.




$$
