000
CDUS43 KPAH 232135
CLICGI


CLIMATE REPORT
NATIONAL WEATHER SERVICE PADUCAH KY
433 PM CDT MON MAR 23 2015


...................................

...THE CAPE GIRARDEAU MO CLIMATE SUMMARY FOR MARCH 23 2015...
VALID TODAY AS OF 0400 PM LOCAL TIME.

CLIMATE NORMAL PERIOD 1981 TO 2010
CLIMATE RECORD PERIOD 1960 TO 2015


WEATHER ITEM   OBSERVED TIME   RECORD YEAR NORMAL DEPARTURE LAST
                VALUE   (LST)  VALUE       VALUE  FROM      YEAR
                                                  NORMAL
..................................................................
TEMPERATURE (F)
 TODAY
  MAXIMUM         71    259 PM  81    2011  61     10       47
  MINIMUM         39    633 AM  18    1974  38      1       29
  AVERAGE                                   49

PRECIPITATION (IN)
  TODAY            0.00          1.60 1969   0.16  -0.16     0.00
  MONTH TO DATE    6.89                      3.16   3.73     1.80
  SINCE MAR 1      6.89                      3.16   3.73     1.80
  SINCE JAN 1     13.41                     10.04   3.37     4.94

DEGREE DAYS
 HEATING
  TODAY           10                        16     -6       27
  MONTH TO DATE  471                       443     28      552
  SINCE MAR 1    471                       443     28      552
  SINCE JUL 1   4249                      3940    309     4477

 COOLING
  TODAY            0                         0      0        0
  MONTH TO DATE    0                         0      0        0
  SINCE MAR 1      0                         0      0        0
  SINCE JAN 1      0                         0      0        0
..................................................................


WIND (MPH)
  HIGHEST WIND SPEED    17   HIGHEST WIND DIRECTION     S (200)
  HIGHEST GUST SPEED    22   HIGHEST GUST DIRECTION     S (180)
  AVERAGE WIND SPEED


SKY COVER
  AVERAGE SKY COVER 0.1


WEATHER CONDITIONS
 THE FOLLOWING WEATHER WAS RECORDED TODAY.
  NO SIGNIFICANT WEATHER WAS OBSERVED.


RELATIVE HUMIDITY (PERCENT)
 HIGHEST   100
 LOWEST     44
 AVERAGE

..........................................................


THE CAPE GIRARDEAU MO CLIMATE NORMALS FOR TOMORROW
                         NORMAL
 MAXIMUM TEMPERATURE (F)   61
 MINIMUM TEMPERATURE (F)   38


SUNRISE AND SUNSET
MARCH 23 2015.........SUNRISE   658 AM CDT   SUNSET   713 PM CDT
MARCH 24 2015.........SUNRISE   656 AM CDT   SUNSET   714 PM CDT


-  INDICATES NEGATIVE NUMBERS.
R  INDICATES RECORD WAS SET OR TIED.
MM INDICATES DATA IS MISSING.
T  INDICATES TRACE AMOUNT.




$$
