000
CDUS43 KPAH 252132
CLICGI


CLIMATE REPORT
NATIONAL WEATHER SERVICE PADUCAH KY
431 PM CDT THU SEP 25 2014


...................................

...THE CAPE GIRARDEAU MO CLIMATE SUMMARY FOR SEPTEMBER 25 2014...
VALID TODAY AS OF 0400 PM LOCAL TIME.

CLIMATE NORMAL PERIOD 1981 TO 2010
CLIMATE RECORD PERIOD 1960 TO 2014


WEATHER ITEM   OBSERVED TIME   RECORD YEAR NORMAL DEPARTURE LAST
                VALUE   (LST)  VALUE       VALUE  FROM      YEAR
                                                  NORMAL
..................................................................
TEMPERATURE (F)
 TODAY
  MAXIMUM         83        MM  92    1998  78      5       82
  MINIMUM         49        MM  35    2001  52     -3       61
  AVERAGE         66                        65      1

PRECIPITATION (IN)
  TODAY            0.00          3.22 2011   0.11  -0.11     0.00
  MONTH TO DATE    2.05                      2.74  -0.69     0.44
  SINCE SEP 1      2.05                      2.74  -0.69     0.44
  SINCE JAN 1     34.35                     33.79   0.56    28.67

DEGREE DAYS
 HEATING
  TODAY            0                         3     -3        0
  MONTH TO DATE   46                        26     20       10
  SINCE SEP 1     46                        26     20       10
  SINCE JUL 1     46                        27     19       11

 COOLING
  TODAY            1                         3     -2        7
  MONTH TO DATE  123                       149    -26      188
  SINCE SEP 1    123                       149    -26      188
  SINCE JAN 1   1362                      1409    -47     1369
..................................................................


WIND (MPH)
  HIGHEST WIND SPEED     7   HIGHEST WIND DIRECTION     E (99)
  HIGHEST GUST SPEED    MM   HIGHEST GUST DIRECTION    MM
  AVERAGE WIND SPEED     1.3


SKY COVER
  AVERAGE SKY COVER 0.3


WEATHER CONDITIONS
 THE FOLLOWING WEATHER WAS RECORDED TODAY.
  FOG
  FOG W/VISIBILITY <= 1/4 MILE


RELATIVE HUMIDITY (PERCENT)
 HIGHEST   100
 LOWEST     42
 AVERAGE    71

..........................................................


THE CAPE GIRARDEAU MO CLIMATE NORMALS FOR TOMORROW
                         NORMAL
 MAXIMUM TEMPERATURE (F)   77
 MINIMUM TEMPERATURE (F)   52


SUNRISE AND SUNSET
SEPTEMBER 25 2014.....SUNRISE   649 AM CDT   SUNSET   651 PM CDT
SEPTEMBER 26 2014.....SUNRISE   649 AM CDT   SUNSET   649 PM CDT


-  INDICATES NEGATIVE NUMBERS.
R  INDICATES RECORD WAS SET OR TIED.
MM INDICATES DATA IS MISSING.
T  INDICATES TRACE AMOUNT.




$$
