000
CDUS43 KPAH 190644
CLICGI


CLIMATE REPORT
NATIONAL WEATHER SERVICE PADUCAH KY
143 AM CDT FRI SEP 19 2014


...................................

...THE CAPE GIRARDEAU MO CLIMATE SUMMARY FOR SEPTEMBER 18 2014...

CLIMATE NORMAL PERIOD 1981 TO 2010
CLIMATE RECORD PERIOD 1960 TO 2014


WEATHER ITEM   OBSERVED TIME   RECORD YEAR NORMAL DEPARTURE LAST
                VALUE   (LST)  VALUE       VALUE  FROM      YEAR
                                                  NORMAL
..................................................................
TEMPERATURE (F)
 YESTERDAY
  MAXIMUM         76    347 PM  93    1965  80     -4       89
  MINIMUM         54    152 AM  43    1981  55     -1       68
  AVERAGE         65                        68     -3

PRECIPITATION (IN)
  YESTERDAY        0.00          0.89 1970   0.10  -0.10     0.00
  MONTH TO DATE    2.05                      2.00   0.05      T
  SINCE SEP 1      2.05                      2.00   0.05      T
  SINCE JAN 1     34.35                     33.05   1.30    28.23

DEGREE DAYS
 HEATING
  YESTERDAY        0                         2     -2        0
  MONTH TO DATE   32                         9     23        3
  SINCE SEP 1     32                         9     23        3
  SINCE JUL 1     32                        10     22        4

 COOLING
  YESTERDAY        0                         5     -5       14
  MONTH TO DATE  108                       124    -16      158
  SINCE SEP 1    108                       124    -16      158
  SINCE JAN 1   1347                      1384    -37     1339
..................................................................


WIND (MPH)
  HIGHEST WIND SPEED    12   HIGHEST WIND DIRECTION     E (70)
  HIGHEST GUST SPEED    16   HIGHEST GUST DIRECTION    NE (50)
  AVERAGE WIND SPEED     3.8


SKY COVER
  AVERAGE SKY COVER 0.7


WEATHER CONDITIONS
 THE FOLLOWING WEATHER WAS RECORDED YESTERDAY.
  FOG
  FOG W/VISIBILITY <= 1/4 MILE


RELATIVE HUMIDITY (PERCENT)
 HIGHEST   100
 LOWEST     58
 AVERAGE    79

..........................................................


THE CAPE GIRARDEAU MO CLIMATE NORMALS FOR TODAY
                         NORMAL    RECORD    YEAR
 MAXIMUM TEMPERATURE (F)   80        94      1972
 MINIMUM TEMPERATURE (F)   55        40      1973


SUNRISE AND SUNSET
SEPTEMBER 19 2014.....SUNRISE   644 AM CDT   SUNSET   700 PM CDT
SEPTEMBER 20 2014.....SUNRISE   644 AM CDT   SUNSET   658 PM CDT


-  INDICATES NEGATIVE NUMBERS.
R  INDICATES RECORD WAS SET OR TIED.
MM INDICATES DATA IS MISSING.
T  INDICATES TRACE AMOUNT.




$$
