000
CDUS43 KPAH 090706
CLICGI


CLIMATE REPORT
NATIONAL WEATHER SERVICE PADUCAH KY
202 AM CDT WED AUG 9 2017


...................................

...THE CAPE GIRARDEAU MO CLIMATE SUMMARY FOR AUGUST 8 2017...

CLIMATE NORMAL PERIOD 1981 TO 2010
CLIMATE RECORD PERIOD 1960 TO 2017


WEATHER ITEM   OBSERVED TIME   RECORD YEAR NORMAL DEPARTURE LAST
                VALUE   (LST)  VALUE       VALUE  FROM      YEAR
                                                  NORMAL
..................................................................
TEMPERATURE (F)
 YESTERDAY
  MAXIMUM         84    235 PM  99    1980  89     -5       88
  MINIMUM         63   1159 PM  52    2004  67     -4       67
  AVERAGE         74                        78     -4

PRECIPITATION (IN)
  YESTERDAY        0.00          1.14 2013   0.10  -0.10     0.00
  MONTH TO DATE    1.27                      0.75   0.52     1.46
  SINCE JUN 1      5.59                      7.68  -2.09     8.62
  SINCE JAN 1     24.81                     28.78  -3.97    31.90

DEGREE DAYS
 HEATING
  YESTERDAY        0                         0      0        0
  MONTH TO DATE    0                         0      0        0
  SINCE JUN 1      0                         4     -4        0
  SINCE JUL 1      0                         0      0        0

 COOLING
  YESTERDAY        9                        13     -4       13
  MONTH TO DATE   63                       104    -41      126
  SINCE JUN 1    812                       838    -26     1013
  SINCE JAN 1    987                       990     -3     1134
..................................................................


WIND (MPH)
  HIGHEST WIND SPEED    14   HIGHEST WIND DIRECTION    NE (40)
  HIGHEST GUST SPEED    17   HIGHEST GUST DIRECTION    NE (40)
  AVERAGE WIND SPEED     6.4


SKY COVER
  AVERAGE SKY COVER 0.2


WEATHER CONDITIONS
 THE FOLLOWING WEATHER WAS RECORDED YESTERDAY.
  NO SIGNIFICANT WEATHER WAS OBSERVED.


RELATIVE HUMIDITY (PERCENT)
 HIGHEST    93
 LOWEST     47
 AVERAGE    70

..........................................................


THE CAPE GIRARDEAU MO CLIMATE NORMALS FOR TODAY
                         NORMAL    RECORD    YEAR
 MAXIMUM TEMPERATURE (F)   89       101      2007
 MINIMUM TEMPERATURE (F)   67        53      1976


SUNRISE AND SUNSET
AUGUST  9 2017........SUNRISE   610 AM CDT   SUNSET   757 PM CDT
AUGUST 10 2017........SUNRISE   611 AM CDT   SUNSET   756 PM CDT


-  INDICATES NEGATIVE NUMBERS.
R  INDICATES RECORD WAS SET OR TIED.
MM INDICATES DATA IS MISSING.
T  INDICATES TRACE AMOUNT.




$$
