000
CDUS43 KPAH 280633
CLICGI


CLIMATE REPORT
NATIONAL WEATHER SERVICE PADUCAH KY
128 AM CDT MON JUL 28 2014


...................................

...THE CAPE GIRARDEAU MO CLIMATE SUMMARY FOR JULY 27 2014...

CLIMATE NORMAL PERIOD 1981 TO 2010
CLIMATE RECORD PERIOD 1960 TO 2014


WEATHER ITEM   OBSERVED TIME   RECORD YEAR NORMAL DEPARTURE LAST
                VALUE   (LST)  VALUE       VALUE  FROM      YEAR
                                                  NORMAL
..................................................................
TEMPERATURE (F)
 YESTERDAY
  MAXIMUM         95    144 PM  99    1993  89      6       83
  MINIMUM         70    943 PM  49    1962  68      2       59
  AVERAGE         83                        78      5

PRECIPITATION (IN)
  YESTERDAY        0.00          0.50 1980   0.10  -0.10     0.03
  MONTH TO DATE    2.92                      2.94  -0.02     0.28
  SINCE JUN 1     10.42                      6.51   3.91     8.04
  SINCE JAN 1     28.81                     27.61   1.20    24.21

DEGREE DAYS
 HEATING
  YESTERDAY        0                         0      0        0
  MONTH TO DATE    0                         0      0        0
  SINCE JUN 1      0                         4     -4        0
  SINCE JUL 1      0                         0      0        0

 COOLING
  YESTERDAY       18                        13      5        6
  MONTH TO DATE  258                       373   -115      313
  SINCE JUN 1    617                       685    -68      646
  SINCE JAN 1    828                       837     -9      817
..................................................................


WIND (MPH)
  HIGHEST WIND SPEED    15   HIGHEST WIND DIRECTION     N (360)
  HIGHEST GUST SPEED    21   HIGHEST GUST DIRECTION     N (20)
  AVERAGE WIND SPEED     8.7


SKY COVER
  AVERAGE SKY COVER 0.1


WEATHER CONDITIONS
 THE FOLLOWING WEATHER WAS RECORDED YESTERDAY.
  FOG
  HAZE


RELATIVE HUMIDITY (PERCENT)
 HIGHEST    91
 LOWEST     49
 AVERAGE    70

..........................................................


THE CAPE GIRARDEAU MO CLIMATE NORMALS FOR TODAY
                         NORMAL    RECORD    YEAR
 MAXIMUM TEMPERATURE (F)   89       100      1993
 MINIMUM TEMPERATURE (F)   67        53      2013
                                             2004


SUNRISE AND SUNSET
JULY 28 2014..........SUNRISE   600 AM CDT   SUNSET   809 PM CDT
JULY 29 2014..........SUNRISE   601 AM CDT   SUNSET   809 PM CDT


-  INDICATES NEGATIVE NUMBERS.
R  INDICATES RECORD WAS SET OR TIED.
MM INDICATES DATA IS MISSING.
T  INDICATES TRACE AMOUNT.




$$
