000
CDUS43 KPAH 212136
CLICGI


CLIMATE REPORT
NATIONAL WEATHER SERVICE PADUCAH KY
434 PM CDT SAT MAR 21 2015


...................................

...THE CAPE GIRARDEAU MO CLIMATE SUMMARY FOR MARCH 21 2015...
VALID TODAY AS OF 0400 PM LOCAL TIME.

CLIMATE NORMAL PERIOD 1981 TO 2010
CLIMATE RECORD PERIOD 1960 TO 2015


WEATHER ITEM   OBSERVED TIME   RECORD YEAR NORMAL DEPARTURE LAST
                VALUE   (LST)  VALUE       VALUE  FROM      YEAR
                                                  NORMAL
..................................................................
TEMPERATURE (F)
 TODAY
  MAXIMUM         66    228 PM  80    1966  60      6       68
  MINIMUM         37    619 AM  20    1986  37      0       44
  AVERAGE                                   49

PRECIPITATION (IN)
  TODAY            0.00          1.80 2010   0.16  -0.16     0.00
  MONTH TO DATE    6.89                      2.85   4.04     1.80
  SINCE MAR 1      6.89                      2.85   4.04     1.80
  SINCE JAN 1     13.41                      9.73   3.68     4.94

DEGREE DAYS
 HEATING
  TODAY           13                        16     -3        9
  MONTH TO DATE  453                       411     42      508
  SINCE MAR 1    453                       411     42      508
  SINCE JUL 1   4231                      3908    323     4433

 COOLING
  TODAY            0                         0      0        0
  MONTH TO DATE    0                         0      0        0
  SINCE MAR 1      0                         0      0        0
  SINCE JAN 1      0                         0      0        0
..................................................................


WIND (MPH)
  HIGHEST WIND SPEED    12   HIGHEST WIND DIRECTION    SW (210)
  HIGHEST GUST SPEED    14   HIGHEST GUST DIRECTION     S (190)
  AVERAGE WIND SPEED


SKY COVER
  AVERAGE SKY COVER 0.0


WEATHER CONDITIONS
 THE FOLLOWING WEATHER WAS RECORDED TODAY.
  FOG


RELATIVE HUMIDITY (PERCENT)
 HIGHEST   100
 LOWEST     56
 AVERAGE

..........................................................


THE CAPE GIRARDEAU MO CLIMATE NORMALS FOR TOMORROW
                         NORMAL
 MAXIMUM TEMPERATURE (F)   60
 MINIMUM TEMPERATURE (F)   38


SUNRISE AND SUNSET
MARCH 21 2015.........SUNRISE   701 AM CDT   SUNSET   711 PM CDT
MARCH 22 2015.........SUNRISE   659 AM CDT   SUNSET   712 PM CDT


-  INDICATES NEGATIVE NUMBERS.
R  INDICATES RECORD WAS SET OR TIED.
MM INDICATES DATA IS MISSING.
T  INDICATES TRACE AMOUNT.




$$
