000
CDUS43 KPAH 210629
CLICGI


CLIMATE REPORT
NATIONAL WEATHER SERVICE PADUCAH KY
127 AM CDT THU APR 21 2016


...................................

...THE CAPE GIRARDEAU MO CLIMATE SUMMARY FOR APRIL 20 2016...

CLIMATE NORMAL PERIOD 1981 TO 2010
CLIMATE RECORD PERIOD 1960 TO 2016


WEATHER ITEM   OBSERVED TIME   RECORD YEAR NORMAL DEPARTURE LAST
                VALUE   (LST)  VALUE       VALUE  FROM      YEAR
                                                  NORMAL
..................................................................
TEMPERATURE (F)
 YESTERDAY
  MAXIMUM         73   1105 AM  90    1987  70      3       65
  MINIMUM         60    537 AM  29    1983  47     13       45
  AVERAGE         67                        59      8

PRECIPITATION (IN)
  YESTERDAY        2.74R         0.77 1972   0.15   2.59     0.03
  MONTH TO DATE    3.23                      2.76   0.47     4.02
  SINCE MAR 1      8.69                      7.16   1.53    12.81
  SINCE JAN 1     13.47                     14.04  -0.57    19.33

DEGREE DAYS
 HEATING
  YESTERDAY        0                         7     -7       10
  MONTH TO DATE  178                       205    -27       87
  SINCE MAR 1    566                       764   -198      693
  SINCE JUL 1   3458                      4261   -803     4471

 COOLING
  YESTERDAY        2                         1      1        0
  MONTH TO DATE    3                        14    -11       25
  SINCE MAR 1      3                        18    -15       25
  SINCE JAN 1      3                        18    -15       25
..................................................................


WIND (MPH)
  HIGHEST WIND SPEED    17   HIGHEST WIND DIRECTION     S (180)
  HIGHEST GUST SPEED    23   HIGHEST GUST DIRECTION     S (180)
  AVERAGE WIND SPEED     7.1


SKY COVER
  AVERAGE SKY COVER 1.0


WEATHER CONDITIONS
 THE FOLLOWING WEATHER WAS RECORDED YESTERDAY.
  HEAVY RAIN
  RAIN
  LIGHT RAIN
  FOG


RELATIVE HUMIDITY (PERCENT)
 HIGHEST   100
 LOWEST     61
 AVERAGE    81

..........................................................


THE CAPE GIRARDEAU MO CLIMATE NORMALS FOR TODAY
                         NORMAL    RECORD    YEAR
 MAXIMUM TEMPERATURE (F)   71        90      1987
 MINIMUM TEMPERATURE (F)   48        34      1978


SUNRISE AND SUNSET
APRIL 21 2016.........SUNRISE   615 AM CDT   SUNSET   739 PM CDT
APRIL 22 2016.........SUNRISE   614 AM CDT   SUNSET   740 PM CDT


-  INDICATES NEGATIVE NUMBERS.
R  INDICATES RECORD WAS SET OR TIED.
MM INDICATES DATA IS MISSING.
T  INDICATES TRACE AMOUNT.




$$
