000
CDUS43 KPAH 130633
CLICGI


CLIMATE REPORT
NATIONAL WEATHER SERVICE PADUCAH KY
131 AM CDT SAT MAY 13 2017


...................................

...THE CAPE GIRARDEAU MO CLIMATE SUMMARY FOR MAY 12 2017...

CLIMATE NORMAL PERIOD 1981 TO 2010
CLIMATE RECORD PERIOD 1960 TO 2017


WEATHER ITEM   OBSERVED TIME   RECORD YEAR NORMAL DEPARTURE LAST
                VALUE   (LST)  VALUE       VALUE  FROM      YEAR
                                                  NORMAL
..................................................................
TEMPERATURE (F)
 YESTERDAY
  MAXIMUM         71    512 PM  89    2005  77     -6       73
  MINIMUM         57   1104 PM  38    2008  55      2       54
  AVERAGE         64                        66     -2

PRECIPITATION (IN)
  YESTERDAY        0.36          2.95 2002   0.20   0.16     0.83
  MONTH TO DATE    3.10                      2.34   0.76     2.13
  SINCE MAR 1     14.19                     11.10   3.09    12.29
  SINCE JAN 1     17.21                     17.98  -0.77    17.07

DEGREE DAYS
 HEATING
  YESTERDAY        1                         3     -2        1
  MONTH TO DATE   61                        41     20       40
  SINCE MAR 1    688                       862   -174      619
  SINCE JUL 1   3423                      4359   -936     3511

 COOLING
  YESTERDAY        0                         3     -3        0
  MONTH TO DATE   26                        28     -2       32
  SINCE MAR 1     68                        59      9       50
  SINCE JAN 1     68                        59      9       50
..................................................................


WIND (MPH)
  HIGHEST WIND SPEED    16   HIGHEST WIND DIRECTION     N (20)
  HIGHEST GUST SPEED    21   HIGHEST GUST DIRECTION    NE (30)
  AVERAGE WIND SPEED     8.7


SKY COVER
  AVERAGE SKY COVER 0.7


WEATHER CONDITIONS
 THE FOLLOWING WEATHER WAS RECORDED YESTERDAY.
  HEAVY RAIN
  RAIN
  LIGHT RAIN
  FOG


RELATIVE HUMIDITY (PERCENT)
 HIGHEST    93
 LOWEST     53
 AVERAGE    73

..........................................................


THE CAPE GIRARDEAU MO CLIMATE NORMALS FOR TODAY
                         NORMAL    RECORD    YEAR
 MAXIMUM TEMPERATURE (F)   77        91      1962
 MINIMUM TEMPERATURE (F)   55        38      2013


SUNRISE AND SUNSET
MAY 13 2017...........SUNRISE   551 AM CDT   SUNSET   759 PM CDT
MAY 14 2017...........SUNRISE   550 AM CDT   SUNSET   759 PM CDT


-  INDICATES NEGATIVE NUMBERS.
R  INDICATES RECORD WAS SET OR TIED.
MM INDICATES DATA IS MISSING.
T  INDICATES TRACE AMOUNT.




$$
