815
CDUS43 KPAH 190630
CLICGI


CLIMATE REPORT
NATIONAL WEATHER SERVICE PADUCAH KY
129 AM CDT TUE JUL 19 2016


...................................

...THE CAPE GIRARDEAU MO CLIMATE SUMMARY FOR JULY 18 2016...

CLIMATE NORMAL PERIOD 1981 TO 2010
CLIMATE RECORD PERIOD 1960 TO 2016


WEATHER ITEM   OBSERVED TIME   RECORD YEAR NORMAL DEPARTURE LAST
                VALUE   (LST)  VALUE       VALUE  FROM      YEAR
                                                  NORMAL
..................................................................
TEMPERATURE (F)
 YESTERDAY
  MAXIMUM         94    353 PM  99    1986  90      4       93
  MINIMUM         74    527 AM  56    2009  68      6       78
  AVERAGE         84                        79      5

PRECIPITATION (IN)
  YESTERDAY        0.00          1.03 2001   0.11  -0.11     0.00
  MONTH TO DATE    3.15                      1.97   1.18     7.81
  SINCE JUN 1      4.43                      5.54  -1.11    12.13
  SINCE JAN 1     27.71                     26.64   1.07    37.57

DEGREE DAYS
 HEATING
  YESTERDAY        0                         0      0        0
  MONTH TO DATE    0                         0      0        0
  SINCE JUN 1      0                         4     -4        5
  SINCE JUL 1      0                         0      0        0

 COOLING
  YESTERDAY       19                        14      5       21
  MONTH TO DATE  260                       249     11      253
  SINCE JUN 1    671                       561    110      634
  SINCE JAN 1    792                       713     79      811
..................................................................


WIND (MPH)
  HIGHEST WIND SPEED    14   HIGHEST WIND DIRECTION    NE (50)
  HIGHEST GUST SPEED    16   HIGHEST GUST DIRECTION    NE (50)
  AVERAGE WIND SPEED     3.9


SKY COVER
  AVERAGE SKY COVER 0.0


WEATHER CONDITIONS
 THE FOLLOWING WEATHER WAS RECORDED YESTERDAY.
  THUNDERSTORM
  FOG


RELATIVE HUMIDITY (PERCENT)
 HIGHEST    94
 LOWEST     49
 AVERAGE    72

..........................................................


THE CAPE GIRARDEAU MO CLIMATE NORMALS FOR TODAY
                         NORMAL    RECORD    YEAR
 MAXIMUM TEMPERATURE (F)   90       101      2012
 MINIMUM TEMPERATURE (F)   68        54      2009


SUNRISE AND SUNSET
JULY 19 2016..........SUNRISE   553 AM CDT   SUNSET   816 PM CDT
JULY 20 2016..........SUNRISE   554 AM CDT   SUNSET   815 PM CDT


-  INDICATES NEGATIVE NUMBERS.
R  INDICATES RECORD WAS SET OR TIED.
MM INDICATES DATA IS MISSING.
T  INDICATES TRACE AMOUNT.




$$
