063
CDUS43 KPAH 190629
CLICGI


CLIMATE REPORT
NATIONAL WEATHER SERVICE PADUCAH KY
128 AM CDT THU MAY 19 2016


...................................

...THE CAPE GIRARDEAU MO CLIMATE SUMMARY FOR MAY 18 2016...

CLIMATE NORMAL PERIOD 1981 TO 2010
CLIMATE RECORD PERIOD 1960 TO 2016


WEATHER ITEM   OBSERVED TIME   RECORD YEAR NORMAL DEPARTURE LAST
                VALUE   (LST)  VALUE       VALUE  FROM      YEAR
                                                  NORMAL
..................................................................
TEMPERATURE (F)
 YESTERDAY
  MAXIMUM         68    419 PM  92    1964  78    -10       81
  MINIMUM         50   1159 PM  40    2002  56     -6       66
  AVERAGE         59                        67     -8

PRECIPITATION (IN)
  YESTERDAY        0.00          2.82 1981   0.17  -0.17     0.07
  MONTH TO DATE    3.24                      3.44  -0.20     4.37
  SINCE MAR 1     13.40                     12.20   1.20    17.33
  SINCE JAN 1     18.18                     19.08  -0.90    23.85

DEGREE DAYS
 HEATING
  YESTERDAY        6                         2      4        0
  MONTH TO DATE   93                        53     40       25
  SINCE MAR 1    672                       874   -202      802
  SINCE JUL 1   3564                      4371   -807     4580

 COOLING
  YESTERDAY        0                         4     -4        9
  MONTH TO DATE   32                        50    -18       88
  SINCE MAR 1     50                        81    -31      116
  SINCE JAN 1     50                        81    -31      116
..................................................................


WIND (MPH)
  HIGHEST WIND SPEED    17   HIGHEST WIND DIRECTION    NE (40)
  HIGHEST GUST SPEED    22   HIGHEST GUST DIRECTION    NE (40)
  AVERAGE WIND SPEED     8.4


SKY COVER
  AVERAGE SKY COVER 0.8


WEATHER CONDITIONS
 THE FOLLOWING WEATHER WAS RECORDED YESTERDAY.
  FOG


RELATIVE HUMIDITY (PERCENT)
 HIGHEST   100
 LOWEST     56
 AVERAGE    78

..........................................................


THE CAPE GIRARDEAU MO CLIMATE NORMALS FOR TODAY
                         NORMAL    RECORD    YEAR
 MAXIMUM TEMPERATURE (F)   79        92      1974
 MINIMUM TEMPERATURE (F)   57        40      2007


SUNRISE AND SUNSET
MAY 19 2016...........SUNRISE   546 AM CDT   SUNSET   804 PM CDT
MAY 20 2016...........SUNRISE   546 AM CDT   SUNSET   805 PM CDT


-  INDICATES NEGATIVE NUMBERS.
R  INDICATES RECORD WAS SET OR TIED.
MM INDICATES DATA IS MISSING.
T  INDICATES TRACE AMOUNT.




$$
