000
CDUS43 KPAH 210635
CLICGI


CLIMATE REPORT
NATIONAL WEATHER SERVICE PADUCAH KY
134 AM CDT WED SEP 21 2016


...................................

...THE CAPE GIRARDEAU MO CLIMATE SUMMARY FOR SEPTEMBER 20 2016...

CLIMATE NORMAL PERIOD 1981 TO 2010
CLIMATE RECORD PERIOD 1960 TO 2016


WEATHER ITEM   OBSERVED TIME   RECORD YEAR NORMAL DEPARTURE LAST
                VALUE   (LST)  VALUE       VALUE  FROM      YEAR
                                                  NORMAL
..................................................................
TEMPERATURE (F)
 YESTERDAY
  MAXIMUM         87    351 PM  93    1972  80      7       75
  MINIMUM         60    439 AM  38    2006  54      6       52
  AVERAGE         74                        67      7

PRECIPITATION (IN)
  YESTERDAY        0.00          1.80 1992   0.10  -0.10     0.00
  MONTH TO DATE    5.01                      2.21   2.80     1.23
  SINCE SEP 1      5.01                      2.21   2.80     1.23
  SINCE JAN 1     41.71                     33.26   8.45    44.78

DEGREE DAYS
 HEATING
  YESTERDAY        0                         2     -2        1
  MONTH TO DATE    0                        13    -13       13
  SINCE SEP 1      0                        13    -13       13
  SINCE JUL 1      0                        14    -14       13

 COOLING
  YESTERDAY        9                         4      5        0
  MONTH TO DATE  200                       132     68      156
  SINCE SEP 1    200                       132     68      156
  SINCE JAN 1   1643                      1392    251     1485
..................................................................


WIND (MPH)
  HIGHEST WIND SPEED     7   HIGHEST WIND DIRECTION     E (110)
  HIGHEST GUST SPEED     9   HIGHEST GUST DIRECTION     E (80)
  AVERAGE WIND SPEED     2.0


SKY COVER
  AVERAGE SKY COVER 0.2


WEATHER CONDITIONS
 THE FOLLOWING WEATHER WAS RECORDED YESTERDAY.
  FOG
  FOG W/VISIBILITY <= 1/4 MILE


RELATIVE HUMIDITY (PERCENT)
 HIGHEST   100
 LOWEST     48
 AVERAGE    74

..........................................................


THE CAPE GIRARDEAU MO CLIMATE NORMALS FOR TODAY
                         NORMAL    RECORD    YEAR
 MAXIMUM TEMPERATURE (F)   79        94      2010
 MINIMUM TEMPERATURE (F)   54        39      1991


SUNRISE AND SUNSET
SEPTEMBER 21 2016.....SUNRISE   646 AM CDT   SUNSET   656 PM CDT
SEPTEMBER 22 2016.....SUNRISE   647 AM CDT   SUNSET   654 PM CDT


-  INDICATES NEGATIVE NUMBERS.
R  INDICATES RECORD WAS SET OR TIED.
MM INDICATES DATA IS MISSING.
T  INDICATES TRACE AMOUNT.




$$
