147
CDUS43 KPAH 210634
CLICGI


CLIMATE REPORT
NATIONAL WEATHER SERVICE PADUCAH KY
1231 AM CST TUE FEB 21 2017


...................................

...THE CAPE GIRARDEAU MO CLIMATE SUMMARY FOR FEBRUARY 20 2017...

CLIMATE NORMAL PERIOD 1981 TO 2010
CLIMATE RECORD PERIOD 1960 TO 2017


WEATHER ITEM   OBSERVED TIME   RECORD YEAR NORMAL DEPARTURE LAST
                VALUE   (LST)  VALUE       VALUE  FROM      YEAR
                                                  NORMAL
..................................................................
TEMPERATURE (F)
 YESTERDAY
  MAXIMUM         73R   159 PM  73    2011  49     24       72
  MINIMUM         44   1215 AM  11    2015  29     15       44
  AVERAGE         59                        39     20

PRECIPITATION (IN)
  YESTERDAY        0.00          1.32 1994   0.11  -0.11     0.00
  MONTH TO DATE    0.95                      2.44  -1.49     0.90
  SINCE DEC 1      6.25                     10.16  -3.91     4.95
  SINCE JAN 1      2.91                      5.91  -3.00     2.56

DEGREE DAYS
 HEATING
  YESTERDAY        6                        26    -20        7
  MONTH TO DATE  413                       566   -153      540
  SINCE DEC 1   2064                      2453   -389     2055
  SINCE JUL 1   2641                      3304   -663     2705

 COOLING
  YESTERDAY        0                         0      0        0
  MONTH TO DATE    0                         0      0        0
  SINCE DEC 1      0                         0      0        2
  SINCE JAN 1      0                         0      0        0
..................................................................


WIND (MPH)
  HIGHEST WIND SPEED    16   HIGHEST WIND DIRECTION    SE (140)
  HIGHEST GUST SPEED    21   HIGHEST GUST DIRECTION     S (170)
  AVERAGE WIND SPEED     7.8


SKY COVER
  AVERAGE SKY COVER 0.0


WEATHER CONDITIONS
 THE FOLLOWING WEATHER WAS RECORDED YESTERDAY.
  FOG
  FOG W/VISIBILITY <= 1/4 MILE


RELATIVE HUMIDITY (PERCENT)
 HIGHEST   100
 LOWEST     53
 AVERAGE    77

..........................................................


THE CAPE GIRARDEAU MO CLIMATE NORMALS FOR TODAY
                         NORMAL    RECORD    YEAR
 MAXIMUM TEMPERATURE (F)   50        69      1983
 MINIMUM TEMPERATURE (F)   30         5      1963


SUNRISE AND SUNSET
FEBRUARY 21 2017......SUNRISE   640 AM CST   SUNSET   545 PM CST
FEBRUARY 22 2017......SUNRISE   638 AM CST   SUNSET   546 PM CST


-  INDICATES NEGATIVE NUMBERS.
R  INDICATES RECORD WAS SET OR TIED.
MM INDICATES DATA IS MISSING.
T  INDICATES TRACE AMOUNT.




$$
