000
CDUS43 KPAH 210629
CLICGI


CLIMATE REPORT
NATIONAL WEATHER SERVICE PADUCAH KY
127 AM CDT WED JUN 21 2017


...................................

...THE CAPE GIRARDEAU MO CLIMATE SUMMARY FOR JUNE 20 2017...

CLIMATE NORMAL PERIOD 1981 TO 2010
CLIMATE RECORD PERIOD 1960 TO 2017


WEATHER ITEM   OBSERVED TIME   RECORD YEAR NORMAL DEPARTURE LAST
                VALUE   (LST)  VALUE       VALUE  FROM      YEAR
                                                  NORMAL
..................................................................
TEMPERATURE (F)
 YESTERDAY
  MAXIMUM         89    357 PM  96    2010  88      1       93
  MINIMUM         63    452 AM  53    1980  66     -3       74
  AVERAGE         76                        77     -1

PRECIPITATION (IN)
  YESTERDAY        0.00          1.40 1963   0.12  -0.12     0.00
  MONTH TO DATE    1.94                      2.44  -0.50     1.01
  SINCE JUN 1      1.94                      2.44  -0.50     1.01
  SINCE JAN 1     21.16                     23.54  -2.38    24.29

DEGREE DAYS
 HEATING
  YESTERDAY        0                         0      0        0
  MONTH TO DATE    0                         1     -1        0
  SINCE JUN 1      0                         1     -1        0
  SINCE JUL 1   3430                      4387   -957     3571

 COOLING
  YESTERDAY       11                        12     -1       19
  MONTH TO DATE  217                       185     32      249
  SINCE JUN 1    217                       185     32      249
  SINCE JAN 1    392                       337     55      370
..................................................................


WIND (MPH)
  HIGHEST WIND SPEED     9   HIGHEST WIND DIRECTION    SW (220)
  HIGHEST GUST SPEED    13   HIGHEST GUST DIRECTION     W (290)
  AVERAGE WIND SPEED     3.1


SKY COVER
  AVERAGE SKY COVER 0.1


WEATHER CONDITIONS
 THE FOLLOWING WEATHER WAS RECORDED YESTERDAY.
  HAZE


RELATIVE HUMIDITY (PERCENT)
 HIGHEST    93
 LOWEST     27
 AVERAGE    60

..........................................................


THE CAPE GIRARDEAU MO CLIMATE NORMALS FOR TODAY
                         NORMAL    RECORD    YEAR
 MAXIMUM TEMPERATURE (F)   88        98      1988
 MINIMUM TEMPERATURE (F)   66        51      2003


SUNRISE AND SUNSET
JUNE 21 2017..........SUNRISE   538 AM CDT   SUNSET   822 PM CDT
JUNE 22 2017..........SUNRISE   539 AM CDT   SUNSET   822 PM CDT


-  INDICATES NEGATIVE NUMBERS.
R  INDICATES RECORD WAS SET OR TIED.
MM INDICATES DATA IS MISSING.
T  INDICATES TRACE AMOUNT.




$$
