000
CDUS43 KPAH 160629
CLICGI


CLIMATE REPORT
NATIONAL WEATHER SERVICE PADUCAH KY
128 AM CDT SAT AUG 16 2014

...................................

...THE CAPE GIRARDEAU MO CLIMATE SUMMARY FOR AUGUST 15 2014...

CLIMATE NORMAL PERIOD 1981 TO 2010
CLIMATE RECORD PERIOD 1960 TO 2014

WEATHER ITEM   OBSERVED TIME   RECORD YEAR NORMAL DEPARTURE LAST
                VALUE   (LST)  VALUE       VALUE  FROM      YEAR
                                                  NORMAL
..................................................................
TEMPERATURE (F)
 YESTERDAY
  MAXIMUM         84    426 PM 104    1988  89     -5       77
  MINIMUM         59    439 AM  49    1988  66     -7       51
  AVERAGE         72                        78     -6

PRECIPITATION (IN)
  YESTERDAY        0.00          1.35 1966   0.10  -0.10     0.00
  MONTH TO DATE    2.73                      1.42   1.31     3.53
  SINCE JUN 1     13.15                      8.35   4.80    12.06
  SINCE JAN 1     31.54                     29.45   2.09    28.23

DEGREE DAYS
 HEATING
  YESTERDAY        0                         0      0        1
  MONTH TO DATE    0                         0      0        1
  SINCE JUN 1      0                         4     -4        1
  SINCE JUL 1      0                         0      0        1

 COOLING
  YESTERDAY        7                        13     -6        0
  MONTH TO DATE  148                       195    -47      147
  SINCE JUN 1    782                       929   -147      820
  SINCE JAN 1    993                      1081    -88      991
..................................................................

WIND (MPH)
  HIGHEST WIND SPEED    10   HIGHEST WIND DIRECTION    SW (220)
  HIGHEST GUST SPEED    13   HIGHEST GUST DIRECTION     S (160)
  AVERAGE WIND SPEED     3.5

SKY COVER
  AVERAGE SKY COVER 0.2

WEATHER CONDITIONS
 THE FOLLOWING WEATHER WAS RECORDED YESTERDAY.
  FOG
  FOG W/VISIBILITY <= 1/4 MILE

RELATIVE HUMIDITY (PERCENT)
 HIGHEST   100
 LOWEST     55
 AVERAGE    78
..........................................................

THE CAPE GIRARDEAU MO CLIMATE NORMALS FOR TODAY
                         NORMAL    RECORD    YEAR
 MAXIMUM TEMPERATURE (F)   89       103      2007
 MINIMUM TEMPERATURE (F)   66        47      2004

SUNRISE AND SUNSET
AUGUST 16 2014........SUNRISE   616 AM CDT   SUNSET   749 PM CDT
AUGUST 17 2014........SUNRISE   616 AM CDT   SUNSET   748 PM CDT

-  INDICATES NEGATIVE NUMBERS.
R  INDICATES RECORD WAS SET OR TIED.
MM INDICATES DATA IS MISSING.
T  INDICATES TRACE AMOUNT.

$$
