000
CDUS43 KPAH 210638
CLICGI


CLIMATE REPORT
NATIONAL WEATHER SERVICE PADUCAH KY
137 AM CDT THU JUL 21 2016


...................................

...THE CAPE GIRARDEAU MO CLIMATE SUMMARY FOR JULY 20 2016...

CLIMATE NORMAL PERIOD 1981 TO 2010
CLIMATE RECORD PERIOD 1960 TO 2016


WEATHER ITEM   OBSERVED TIME   RECORD YEAR NORMAL DEPARTURE LAST
                VALUE   (LST)  VALUE       VALUE  FROM      YEAR
                                                  NORMAL
..................................................................
TEMPERATURE (F)
 YESTERDAY
  MAXIMUM         92    221 PM 103    1983  89      3       89
  MINIMUM         74   1159 PM  58    2009  68      6       73
  AVERAGE         83                        79      4

PRECIPITATION (IN)
  YESTERDAY        0.14          1.40 1975   0.10   0.04     0.60
  MONTH TO DATE    3.29                      2.17   1.12     8.41
  SINCE JUN 1      4.57                      5.74  -1.17    12.73
  SINCE JAN 1     27.85                     26.84   1.01    38.17

DEGREE DAYS
 HEATING
  YESTERDAY        0                         0      0        0
  MONTH TO DATE    0                         0      0        0
  SINCE JUN 1      0                         4     -4        5
  SINCE JUL 1      0                         0      0        0

 COOLING
  YESTERDAY       18                        14      4       16
  MONTH TO DATE  297                       277     20      289
  SINCE JUN 1    708                       589    119      670
  SINCE JAN 1    829                       741     88      847
..................................................................


WIND (MPH)
  HIGHEST WIND SPEED    23   HIGHEST WIND DIRECTION    SW (220)
  HIGHEST GUST SPEED    32   HIGHEST GUST DIRECTION    SW (240)
  AVERAGE WIND SPEED     2.9


SKY COVER
  AVERAGE SKY COVER 0.1


WEATHER CONDITIONS
 THE FOLLOWING WEATHER WAS RECORDED YESTERDAY.
  THUNDERSTORM
  HEAVY RAIN
  RAIN
  LIGHT RAIN
  FOG
  HAZE


RELATIVE HUMIDITY (PERCENT)
 HIGHEST    94
 LOWEST     64
 AVERAGE    79

..........................................................


THE CAPE GIRARDEAU MO CLIMATE NORMALS FOR TODAY
                         NORMAL    RECORD    YEAR
 MAXIMUM TEMPERATURE (F)   89       102      1973
 MINIMUM TEMPERATURE (F)   68        55      2007


SUNRISE AND SUNSET
JULY 21 2016..........SUNRISE   555 AM CDT   SUNSET   814 PM CDT
JULY 22 2016..........SUNRISE   555 AM CDT   SUNSET   814 PM CDT


-  INDICATES NEGATIVE NUMBERS.
R  INDICATES RECORD WAS SET OR TIED.
MM INDICATES DATA IS MISSING.
T  INDICATES TRACE AMOUNT.




$$
