000
CDUS43 KPAH 250641
CLICGI


CLIMATE REPORT
NATIONAL WEATHER SERVICE PADUCAH KY
137 AM CDT WED MAR 25 2015


...................................

...THE CAPE GIRARDEAU MO CLIMATE SUMMARY FOR MARCH 24 2015...

CLIMATE NORMAL PERIOD 1981 TO 2010
CLIMATE RECORD PERIOD 1960 TO 2015


WEATHER ITEM   OBSERVED TIME   RECORD YEAR NORMAL DEPARTURE LAST
                VALUE   (LST)  VALUE       VALUE  FROM      YEAR
                                                  NORMAL
..................................................................
TEMPERATURE (F)
 YESTERDAY
  MAXIMUM         62   1144 PM  82    1967  61      1       47
  MINIMUM         41    653 AM  11    1974  38      3       25
  AVERAGE         52                        50      2

PRECIPITATION (IN)
  YESTERDAY        0.07          1.96 2009   0.15  -0.08      T
  MONTH TO DATE    6.96                      3.31   3.65     1.80
  SINCE MAR 1      6.96                      3.31   3.65     1.80
  SINCE JAN 1     13.48                     10.19   3.29     4.94

DEGREE DAYS
 HEATING
  YESTERDAY       13                        16     -3       29
  MONTH TO DATE  484                       459     25      581
  SINCE MAR 1    484                       459     25      581
  SINCE JUL 1   4262                      3956    306     4506

 COOLING
  YESTERDAY        0                         0      0        0
  MONTH TO DATE    0                         0      0        0
  SINCE MAR 1      0                         0      0        0
  SINCE JAN 1      0                         0      0        0
..................................................................


WIND (MPH)
  HIGHEST WIND SPEED    17   HIGHEST WIND DIRECTION     S (200)
  HIGHEST GUST SPEED    22   HIGHEST GUST DIRECTION     S (200)
  AVERAGE WIND SPEED     9.7


SKY COVER
  AVERAGE SKY COVER 0.4


WEATHER CONDITIONS
 THE FOLLOWING WEATHER WAS RECORDED YESTERDAY.
  HAZE


RELATIVE HUMIDITY (PERCENT)
 HIGHEST    84
 LOWEST     55
 AVERAGE    70

..........................................................


THE CAPE GIRARDEAU MO CLIMATE NORMALS FOR TODAY
                         NORMAL    RECORD    YEAR
 MAXIMUM TEMPERATURE (F)   62        83      2007
 MINIMUM TEMPERATURE (F)   38        20      1966


SUNRISE AND SUNSET
MARCH 25 2015.........SUNRISE   655 AM CDT   SUNSET   714 PM CDT
MARCH 26 2015.........SUNRISE   653 AM CDT   SUNSET   715 PM CDT


-  INDICATES NEGATIVE NUMBERS.
R  INDICATES RECORD WAS SET OR TIED.
MM INDICATES DATA IS MISSING.
T  INDICATES TRACE AMOUNT.




$$
