000
CDUS43 KPAH 302226
CLICGI


CLIMATE REPORT
NATIONAL WEATHER SERVICE PADUCAH KY
425 PM CST WED NOV 30 2016

...................................

...THE CAPE GIRARDEAU MO CLIMATE SUMMARY FOR NOVEMBER 30 2016...
VALID TODAY AS OF 0400 PM LOCAL TIME.

CLIMATE NORMAL PERIOD 1981 TO 2010
CLIMATE RECORD PERIOD 1960 TO 2016

WEATHER ITEM   OBSERVED TIME   RECORD YEAR NORMAL DEPARTURE LAST
                VALUE   (LST)  VALUE       VALUE  FROM      YEAR
                                                  NORMAL
..................................................................
TEMPERATURE (F)
 TODAY
  MAXIMUM         52    147 PM  72    1970  50      2       49
  MINIMUM         36    737 AM  10    1964  31      5       42
  AVERAGE         44                        41      3

PRECIPITATION (IN)
  TODAY            0.00          1.60 2006   0.16  -0.16     0.03
  MONTH TO DATE    3.76                      4.44  -0.68     9.16
  SINCE SEP 1      9.45                     11.51  -2.06    12.03
  SINCE JAN 1     46.15                     42.56   3.59    55.58

DEGREE DAYS
 HEATING
  TODAY           21                        24     -3       19
  MONTH TO DATE  446                       548   -102      434
  SINCE SEP 1    577                       850   -273      650
  SINCE JUL 1    577                       851   -274      650

 COOLING
  TODAY            0                         0      0        0
  MONTH TO DATE   11                         2      9        4
  SINCE SEP 1    355                       193    162      202
  SINCE JAN 1   1798                      1453    345     1531
..................................................................

WIND (MPH)
  HIGHEST WIND SPEED    24   HIGHEST WIND DIRECTION     W (260)
  HIGHEST GUST SPEED    30   HIGHEST GUST DIRECTION     W (250)
  AVERAGE WIND SPEED     8.0

SKY COVER
  AVERAGE SKY COVER 0.1

WEATHER CONDITIONS
 THE FOLLOWING WEATHER WAS RECORDED TODAY.
  FOG
  FOG W/VISIBILITY <= 1/4 MILE

RELATIVE HUMIDITY (PERCENT)
 HIGHEST    93
 LOWEST     50
 AVERAGE    72
..........................................................

THE CAPE GIRARDEAU MO CLIMATE NORMALS FOR TOMORROW
                         NORMAL
 MAXIMUM TEMPERATURE (F)   50
 MINIMUM TEMPERATURE (F)   31

SUNRISE AND SUNSET
NOVEMBER 30 2016......SUNRISE   653 AM CST   SUNSET   441 PM CST
DECEMBER  1 2016......SUNRISE   654 AM CST   SUNSET   441 PM CST

-  INDICATES NEGATIVE NUMBERS.
R  INDICATES RECORD WAS SET OR TIED.
MM INDICATES DATA IS MISSING.
T  INDICATES TRACE AMOUNT.

$$
