000
CDUS43 KPAH 110629
CLICGI


CLIMATE REPORT
NATIONAL WEATHER SERVICE PADUCAH KY
128 AM CDT MON SEP 11 2017


...................................

...THE CAPE GIRARDEAU MO CLIMATE SUMMARY FOR SEPTEMBER 10 2017...

CLIMATE NORMAL PERIOD 1981 TO 2010
CLIMATE RECORD PERIOD 1960 TO 2017


WEATHER ITEM   OBSERVED TIME   RECORD YEAR NORMAL DEPARTURE LAST
                VALUE   (LST)  VALUE       VALUE  FROM      YEAR
                                                  NORMAL
..................................................................
TEMPERATURE (F)
 YESTERDAY
  MAXIMUM         79    353 PM  96    1983  84     -5       83
  MINIMUM         51   1159 PM  46    1969  59     -8       58
  AVERAGE         65                        71     -6

PRECIPITATION (IN)
  YESTERDAY        0.00          2.25 2010   0.11  -0.11     0.00
  MONTH TO DATE    0.07                      1.10  -1.03     2.28
  SINCE SEP 1      0.07                      1.10  -1.03     2.28
  SINCE JAN 1     25.82                     32.15  -6.33    38.98

DEGREE DAYS
 HEATING
  YESTERDAY        0                         0      0        0
  MONTH TO DATE   11                         0     11        0
  SINCE SEP 1     11                         0     11        0
  SINCE JUL 1     11                         1     10        0

 COOLING
  YESTERDAY        0                         7     -7        6
  MONTH TO DATE   26                        81    -55      110
  SINCE SEP 1     26                        81    -55      110
  SINCE JAN 1   1228                      1341   -113     1553
..................................................................


WIND (MPH)
  HIGHEST WIND SPEED    18   HIGHEST WIND DIRECTION    NE (50)
  HIGHEST GUST SPEED    23   HIGHEST GUST DIRECTION    NE (40)
  AVERAGE WIND SPEED     5.8


SKY COVER
  AVERAGE SKY COVER 0.1


WEATHER CONDITIONS
 THE FOLLOWING WEATHER WAS RECORDED YESTERDAY.
  NO SIGNIFICANT WEATHER WAS OBSERVED.


RELATIVE HUMIDITY (PERCENT)
 HIGHEST    93
 LOWEST     30
 AVERAGE    62

..........................................................


THE CAPE GIRARDEAU MO CLIMATE NORMALS FOR TODAY
                         NORMAL    RECORD    YEAR
 MAXIMUM TEMPERATURE (F)   83        95      1991
 MINIMUM TEMPERATURE (F)   58        46      1998


SUNRISE AND SUNSET
SEPTEMBER 11 2017.....SUNRISE   637 AM CDT   SUNSET   712 PM CDT
SEPTEMBER 12 2017.....SUNRISE   638 AM CDT   SUNSET   710 PM CDT


-  INDICATES NEGATIVE NUMBERS.
R  INDICATES RECORD WAS SET OR TIED.
MM INDICATES DATA IS MISSING.
T  INDICATES TRACE AMOUNT.




$$
