384
CDUS43 KPAH 022230
CLICGI


CLIMATE REPORT
NATIONAL WEATHER SERVICE PADUCAH KY
429 PM CST TUE FEB 2 2016


...................................

...THE CAPE GIRARDEAU MO CLIMATE SUMMARY FOR FEBRUARY 2 2016...
VALID TODAY AS OF 0400 PM LOCAL TIME.

CLIMATE NORMAL PERIOD 1981 TO 2010
CLIMATE RECORD PERIOD 1960 TO 2016


WEATHER ITEM   OBSERVED TIME   RECORD YEAR NORMAL DEPARTURE LAST
                VALUE   (LST)  VALUE       VALUE  FROM      YEAR
                                                  NORMAL
..................................................................
TEMPERATURE (F)
 TODAY
  MAXIMUM         71R   238 PM  65    2012  44     27       32
  MINIMUM         48    409 AM  -8    1965  25     23       22
  AVERAGE         60                        35     25

PRECIPITATION (IN)
  TODAY            0.03          2.70 1989   0.13  -0.10     0.00
  MONTH TO DATE    0.03                      0.26  -0.23     0.73
  SINCE DEC 1      4.08                      7.98  -3.90     8.31
  SINCE JAN 1      1.69                      3.73  -2.04     5.50

DEGREE DAYS
 HEATING
  TODAY            5                        30    -25       38
  MONTH TO DATE   18                        61    -43       62
  SINCE DEC 1   1533                      1948   -415     1775
  SINCE JUL 1   2183                      2799   -616     2771

 COOLING
  TODAY            0                         0      0        0
  MONTH TO DATE    0                         0      0        0
  SINCE DEC 1      2                         0      2        0
  SINCE JAN 1      0                         0      0        0
..................................................................


WIND (MPH)
  HIGHEST WIND SPEED    32   HIGHEST WIND DIRECTION     S (170)
  HIGHEST GUST SPEED    41   HIGHEST GUST DIRECTION     S (180)
  AVERAGE WIND SPEED    16.5


SKY COVER
  AVERAGE SKY COVER 0.9


WEATHER CONDITIONS
 THE FOLLOWING WEATHER WAS RECORDED TODAY.
  THUNDERSTORM
  LIGHT RAIN
  FOG
  HAZE


RELATIVE HUMIDITY (PERCENT)
 HIGHEST    96
 LOWEST     52
 AVERAGE    74

..........................................................


THE CAPE GIRARDEAU MO CLIMATE NORMALS FOR TOMORROW
                         NORMAL
 MAXIMUM TEMPERATURE (F)   45
 MINIMUM TEMPERATURE (F)   25


SUNRISE AND SUNSET
FEBRUARY  2 2016......SUNRISE   701 AM CST   SUNSET   524 PM CST
FEBRUARY  3 2016......SUNRISE   700 AM CST   SUNSET   525 PM CST


-  INDICATES NEGATIVE NUMBERS.
R  INDICATES RECORD WAS SET OR TIED.
MM INDICATES DATA IS MISSING.
T  INDICATES TRACE AMOUNT.




$$
