000
CDUS43 KPAH 260639
CLICGI


CLIMATE REPORT
NATIONAL WEATHER SERVICE PADUCAH KY
128 AM CDT SUN JUL 26 2015


...................................

...THE CAPE GIRARDEAU MO CLIMATE SUMMARY FOR JULY 25 2015...

CLIMATE NORMAL PERIOD 1981 TO 2010
CLIMATE RECORD PERIOD 1960 TO 2015


WEATHER ITEM   OBSERVED TIME   RECORD YEAR NORMAL DEPARTURE LAST
                VALUE   (LST)  VALUE       VALUE  FROM      YEAR
                                                  NORMAL
..................................................................
TEMPERATURE (F)
 YESTERDAY
  MAXIMUM         91    358 PM 100    1986  89      2       81
  MINIMUM         74    529 AM  54    2000  68      6       58
  AVERAGE         83                        78      5

PRECIPITATION (IN)
  YESTERDAY        0.00          2.08 1960   0.11  -0.11     0.00
  MONTH TO DATE    8.83                      2.73   6.10     2.92
  SINCE JUN 1     13.15                      6.30   6.85    10.42
  SINCE JAN 1     38.59                     27.40  11.19    28.81

DEGREE DAYS
 HEATING
  YESTERDAY        0                         0      0        0
  MONTH TO DATE    0                         0      0        0
  SINCE JUN 1      5                         4      1        0
  SINCE JUL 1      0                         0      0        0

 COOLING
  YESTERDAY       18                        14      4        5
  MONTH TO DATE  370                       347     23      226
  SINCE JUN 1    751                       659     92      585
  SINCE JAN 1    928                       811    117      796
..................................................................


WIND (MPH)
  HIGHEST WIND SPEED     8   HIGHEST WIND DIRECTION    SE (120)
  HIGHEST GUST SPEED    11   HIGHEST GUST DIRECTION    SE (140)
  AVERAGE WIND SPEED     3.4


SKY COVER
  AVERAGE SKY COVER 0.4


WEATHER CONDITIONS
 THE FOLLOWING WEATHER WAS RECORDED YESTERDAY.
  THUNDERSTORM


RELATIVE HUMIDITY (PERCENT)
 HIGHEST    94
 LOWEST     60
 AVERAGE    77

..........................................................


THE CAPE GIRARDEAU MO CLIMATE NORMALS FOR TODAY
                         NORMAL    RECORD    YEAR
 MAXIMUM TEMPERATURE (F)   89       100      1997
 MINIMUM TEMPERATURE (F)   68        55      1962


SUNRISE AND SUNSET
JULY 26 2015..........SUNRISE   558 AM CDT   SUNSET   811 PM CDT
JULY 27 2015..........SUNRISE   559 AM CDT   SUNSET   810 PM CDT


-  INDICATES NEGATIVE NUMBERS.
R  INDICATES RECORD WAS SET OR TIED.
MM INDICATES DATA IS MISSING.
T  INDICATES TRACE AMOUNT.




$$
