000
CDUS43 KPAH 160645
CLICGI


CLIMATE REPORT
NATIONAL WEATHER SERVICE PADUCAH KY
145 AM CDT TUE MAY 16 2017


...................................

...THE CAPE GIRARDEAU MO CLIMATE SUMMARY FOR MAY 15 2017...

CLIMATE NORMAL PERIOD 1981 TO 2010
CLIMATE RECORD PERIOD 1960 TO 2017


WEATHER ITEM   OBSERVED TIME   RECORD YEAR NORMAL DEPARTURE LAST
                VALUE   (LST)  VALUE       VALUE  FROM      YEAR
                                                  NORMAL
..................................................................
TEMPERATURE (F)
 YESTERDAY
  MAXIMUM         84    411 PM  90    1962  78      6       68
  MINIMUM         54    514 AM  41    2016  55     -1       41
  AVERAGE         69                        66      3

PRECIPITATION (IN)
  YESTERDAY        0.00          6.64 1986   0.18  -0.18     0.00
  MONTH TO DATE    3.10                      2.91   0.19     2.13
  SINCE MAR 1     14.19                     11.67   2.52    12.29
  SINCE JAN 1     17.21                     18.55  -1.34    17.07

DEGREE DAYS
 HEATING
  YESTERDAY        0                         2     -2       10
  MONTH TO DATE   62                        47     15       64
  SINCE MAR 1    689                       868   -179      643
  SINCE JUL 1   3424                      4365   -941     3535

 COOLING
  YESTERDAY        4                         4      0        0
  MONTH TO DATE   32                        38     -6       32
  SINCE MAR 1     74                        69      5       50
  SINCE JAN 1     74                        69      5       50
..................................................................


WIND (MPH)
  HIGHEST WIND SPEED    16   HIGHEST WIND DIRECTION    SW (210)
  HIGHEST GUST SPEED    20   HIGHEST GUST DIRECTION    SW (230)
  AVERAGE WIND SPEED     5.8


SKY COVER
  AVERAGE SKY COVER 0.0


WEATHER CONDITIONS
 THE FOLLOWING WEATHER WAS RECORDED YESTERDAY.
  FOG


RELATIVE HUMIDITY (PERCENT)
 HIGHEST    93
 LOWEST     43
 AVERAGE    68

..........................................................


THE CAPE GIRARDEAU MO CLIMATE NORMALS FOR TODAY
                         NORMAL    RECORD    YEAR
 MAXIMUM TEMPERATURE (F)   78        95      1962
 MINIMUM TEMPERATURE (F)   56        42      2014


SUNRISE AND SUNSET
MAY 16 2017...........SUNRISE   549 AM CDT   SUNSET   801 PM CDT
MAY 17 2017...........SUNRISE   548 AM CDT   SUNSET   802 PM CDT


-  INDICATES NEGATIVE NUMBERS.
R  INDICATES RECORD WAS SET OR TIED.
MM INDICATES DATA IS MISSING.
T  INDICATES TRACE AMOUNT.




$$
