432
CDUS43 KPAH 200628
CLICGI


CLIMATE REPORT
NATIONAL WEATHER SERVICE PADUCAH KY
126 AM CDT THU APR 20 2017


...................................

...THE CAPE GIRARDEAU MO CLIMATE SUMMARY FOR APRIL 19 2017...

CLIMATE NORMAL PERIOD 1981 TO 2010
CLIMATE RECORD PERIOD 1960 TO 2017


WEATHER ITEM   OBSERVED TIME   RECORD YEAR NORMAL DEPARTURE LAST
                VALUE   (LST)  VALUE       VALUE  FROM      YEAR
                                                  NORMAL
..................................................................
TEMPERATURE (F)
 YESTERDAY
  MAXIMUM         82    345 PM  89    1971  70     12       77
  MINIMUM         56    455 AM  32    1983  47      9       54
  AVERAGE         69                        58     11

PRECIPITATION (IN)
  YESTERDAY        0.00          2.03 1970   0.15  -0.15     0.00
  MONTH TO DATE    1.67                      2.61  -0.94     0.49
  SINCE MAR 1      4.48                      7.01  -2.53     5.95
  SINCE JAN 1      7.50                     13.89  -6.39    10.73

DEGREE DAYS
 HEATING
  YESTERDAY        0                         8     -8        0
  MONTH TO DATE   97                       198   -101      178
  SINCE MAR 1    579                       757   -178      566
  SINCE JUL 1   3314                      4254   -940     3458

 COOLING
  YESTERDAY        4                         1      3        1
  MONTH TO DATE   24                        13     11        1
  SINCE MAR 1     27                        17     10        1
  SINCE JAN 1     27                        17     10        1
..................................................................


WIND (MPH)
  HIGHEST WIND SPEED    23   HIGHEST WIND DIRECTION     S (160)
  HIGHEST GUST SPEED    28   HIGHEST GUST DIRECTION     S (160)
  AVERAGE WIND SPEED     7.2


SKY COVER
  AVERAGE SKY COVER 0.2


WEATHER CONDITIONS
 THE FOLLOWING WEATHER WAS RECORDED YESTERDAY.
  FOG
  FOG W/VISIBILITY <= 1/4 MILE


RELATIVE HUMIDITY (PERCENT)
 HIGHEST   100
 LOWEST     54
 AVERAGE    77

..........................................................


THE CAPE GIRARDEAU MO CLIMATE NORMALS FOR TODAY
                         NORMAL    RECORD    YEAR
 MAXIMUM TEMPERATURE (F)   70        90      1987
 MINIMUM TEMPERATURE (F)   47        29      1983


SUNRISE AND SUNSET
APRIL 20 2017.........SUNRISE   617 AM CDT   SUNSET   738 PM CDT
APRIL 21 2017.........SUNRISE   615 AM CDT   SUNSET   739 PM CDT


-  INDICATES NEGATIVE NUMBERS.
R  INDICATES RECORD WAS SET OR TIED.
MM INDICATES DATA IS MISSING.
T  INDICATES TRACE AMOUNT.




$$
