000
CDUS43 KPAH 280629
CLICGI


CLIMATE REPORT
NATIONAL WEATHER SERVICE PADUCAH KY
1228 AM CST MON NOV 28 2016


...................................

...THE CAPE GIRARDEAU MO CLIMATE SUMMARY FOR NOVEMBER 27 2016...

CLIMATE NORMAL PERIOD 1981 TO 2010
CLIMATE RECORD PERIOD 1960 TO 2016


WEATHER ITEM   OBSERVED TIME   RECORD YEAR NORMAL DEPARTURE LAST
                VALUE   (LST)  VALUE       VALUE  FROM      YEAR
                                                  NORMAL
..................................................................
TEMPERATURE (F)
 YESTERDAY
  MAXIMUM         49    253 PM  75    1990  51     -2       62
  MINIMUM         29    747 AM  19    2013  32     -3       47
  AVERAGE         39                        42     -3

PRECIPITATION (IN)
  YESTERDAY        T             1.69 2015   0.15  -0.15     1.69
  MONTH TO DATE    1.34                      3.96  -2.62     8.31
  SINCE SEP 1      7.03                     11.03  -4.00    11.18
  SINCE JAN 1     43.73                     42.08   1.65    54.73

DEGREE DAYS
 HEATING
  YESTERDAY       26                        23      3       10
  MONTH TO DATE  399                       476    -77      373
  SINCE SEP 1    530                       778   -248      589
  SINCE JUL 1    530                       779   -249      589

 COOLING
  YESTERDAY        0                         0      0        0
  MONTH TO DATE   11                         0     11        4
  SINCE SEP 1    355                       191    164      202
  SINCE JAN 1   1798                      1451    347     1531
..................................................................


WIND (MPH)
  HIGHEST WIND SPEED    15   HIGHEST WIND DIRECTION    SE (150)
  HIGHEST GUST SPEED    20   HIGHEST GUST DIRECTION    SE (150)
  AVERAGE WIND SPEED     6.8


SKY COVER
  AVERAGE SKY COVER 0.3


WEATHER CONDITIONS
 THE FOLLOWING WEATHER WAS RECORDED YESTERDAY.
  LIGHT RAIN
  FOG
  FOG W/VISIBILITY <= 1/4 MILE


RELATIVE HUMIDITY (PERCENT)
 HIGHEST   100
 LOWEST     65
 AVERAGE    83

..........................................................


THE CAPE GIRARDEAU MO CLIMATE NORMALS FOR TODAY
                         NORMAL    RECORD    YEAR
 MAXIMUM TEMPERATURE (F)   51        69      1998
 MINIMUM TEMPERATURE (F)   32        18      1976


SUNRISE AND SUNSET
NOVEMBER 28 2016......SUNRISE   651 AM CST   SUNSET   442 PM CST
NOVEMBER 29 2016......SUNRISE   652 AM CST   SUNSET   441 PM CST


-  INDICATES NEGATIVE NUMBERS.
R  INDICATES RECORD WAS SET OR TIED.
MM INDICATES DATA IS MISSING.
T  INDICATES TRACE AMOUNT.




$$
