000
CDUS43 KPAH 270636
CLICGI


CLIMATE REPORT
NATIONAL WEATHER SERVICE PADUCAH KY
133 AM CDT MON JUL 27 2015


...................................

...THE CAPE GIRARDEAU MO CLIMATE SUMMARY FOR JULY 26 2015...

CLIMATE NORMAL PERIOD 1981 TO 2010
CLIMATE RECORD PERIOD 1960 TO 2015


WEATHER ITEM   OBSERVED TIME   RECORD YEAR NORMAL DEPARTURE LAST
                VALUE   (LST)  VALUE       VALUE  FROM      YEAR
                                                  NORMAL
..................................................................
TEMPERATURE (F)
 YESTERDAY
  MAXIMUM         85    429 PM 100    1997  89     -4       91
  MINIMUM         74    859 AM  55    1962  68      6       66
  AVERAGE         80                        78      2

PRECIPITATION (IN)
  YESTERDAY        0.38          1.80 1998   0.11   0.27     0.00
  MONTH TO DATE    9.21                      2.84   6.37     2.92
  SINCE JUN 1     13.53                      6.41   7.12    10.42
  SINCE JAN 1     38.97                     27.51  11.46    28.81

DEGREE DAYS
 HEATING
  YESTERDAY        0                         0      0        0
  MONTH TO DATE    0                         0      0        0
  SINCE JUN 1      5                         4      1        0
  SINCE JUL 1      0                         0      0        0

 COOLING
  YESTERDAY       15                        13      2       14
  MONTH TO DATE  385                       360     25      240
  SINCE JUN 1    766                       672     94      599
  SINCE JAN 1    943                       824    119      810
..................................................................


WIND (MPH)
  HIGHEST WIND SPEED    24   HIGHEST WIND DIRECTION     N (350)
  HIGHEST GUST SPEED    32   HIGHEST GUST DIRECTION     N (350)
  AVERAGE WIND SPEED     3.4


SKY COVER
  AVERAGE SKY COVER 0.2


WEATHER CONDITIONS
 THE FOLLOWING WEATHER WAS RECORDED YESTERDAY.
  THUNDERSTORM
  HEAVY RAIN
  RAIN
  LIGHT RAIN
  FOG


RELATIVE HUMIDITY (PERCENT)
 HIGHEST   100
 LOWEST     70
 AVERAGE    85

..........................................................


THE CAPE GIRARDEAU MO CLIMATE NORMALS FOR TODAY
                         NORMAL    RECORD    YEAR
 MAXIMUM TEMPERATURE (F)   89        99      1993
 MINIMUM TEMPERATURE (F)   68        49      1962


SUNRISE AND SUNSET
JULY 27 2015..........SUNRISE   559 AM CDT   SUNSET   810 PM CDT
JULY 28 2015..........SUNRISE   600 AM CDT   SUNSET   810 PM CDT


-  INDICATES NEGATIVE NUMBERS.
R  INDICATES RECORD WAS SET OR TIED.
MM INDICATES DATA IS MISSING.
T  INDICATES TRACE AMOUNT.




$$
