673
CDUS43 KPAH 142134
CLICGI


CLIMATE REPORT
NATIONAL WEATHER SERVICE PADUCAH KY
430 PM CDT THU SEP 14 2017


...................................

...THE CAPE GIRARDEAU MO CLIMATE SUMMARY FOR SEPTEMBER 14 2017...
VALID TODAY AS OF 0400 PM LOCAL TIME.

CLIMATE NORMAL PERIOD 1981 TO 2010
CLIMATE RECORD PERIOD 1960 TO 2017


WEATHER ITEM   OBSERVED TIME   RECORD YEAR NORMAL DEPARTURE LAST
                VALUE   (LST)  VALUE       VALUE  FROM      YEAR
                                                  NORMAL
..................................................................
TEMPERATURE (F)
 TODAY
  MAXIMUM         86    258 PM  95    1971  82      4       90
  MINIMUM         57    605 AM  40    1964  57      0       68
  AVERAGE         72                        70      2

PRECIPITATION (IN)
  TODAY            0.00          3.68 2011   0.12  -0.12     0.35
  MONTH TO DATE    0.41                      1.57  -1.16     2.63
  SINCE SEP 1      0.41                      1.57  -1.16     2.63
  SINCE JAN 1     26.16                     32.62  -6.46    39.33

DEGREE DAYS
 HEATING
  TODAY            0                         1     -1        0
  MONTH TO DATE   14                         4     10        0
  SINCE SEP 1     14                         4     10        0
  SINCE JUL 1     14                         5      9        0

 COOLING
  TODAY            7                         5      2       14
  MONTH TO DATE   35                       104    -69      137
  SINCE SEP 1     35                       104    -69      137
  SINCE JAN 1   1237                      1364   -127     1580
..................................................................


WIND (MPH)
  HIGHEST WIND SPEED     8   HIGHEST WIND DIRECTION     S (190)
  HIGHEST GUST SPEED    11   HIGHEST GUST DIRECTION    SW (220)
  AVERAGE WIND SPEED     0.9


SKY COVER
  AVERAGE SKY COVER 0.5


WEATHER CONDITIONS
 THE FOLLOWING WEATHER WAS RECORDED TODAY.
  FOG
  FOG W/VISIBILITY <= 1/4 MILE


RELATIVE HUMIDITY (PERCENT)
 HIGHEST   100
 LOWEST     44
 AVERAGE    72

..........................................................


THE CAPE GIRARDEAU MO CLIMATE NORMALS FOR TOMORROW
                         NORMAL
 MAXIMUM TEMPERATURE (F)   82
 MINIMUM TEMPERATURE (F)   57


SUNRISE AND SUNSET
SEPTEMBER 14 2017.....SUNRISE   640 AM CDT   SUNSET   707 PM CDT
SEPTEMBER 15 2017.....SUNRISE   641 AM CDT   SUNSET   706 PM CDT


-  INDICATES NEGATIVE NUMBERS.
R  INDICATES RECORD WAS SET OR TIED.
MM INDICATES DATA IS MISSING.
T  INDICATES TRACE AMOUNT.




$$
