000
CDUS43 KPAH 142129
CLICGI


CLIMATE REPORT
NATIONAL WEATHER SERVICE PADUCAH KY
429 PM CDT TUE MAR 14 2017


...................................

...THE CAPE GIRARDEAU MO CLIMATE SUMMARY FOR MARCH 14 2017...
VALID TODAY AS OF 0400 PM LOCAL TIME.

CLIMATE NORMAL PERIOD 1981 TO 2010
CLIMATE RECORD PERIOD 1960 TO 2017


WEATHER ITEM   OBSERVED TIME   RECORD YEAR NORMAL DEPARTURE LAST
                VALUE   (LST)  VALUE       VALUE  FROM      YEAR
                                                  NORMAL
..................................................................
TEMPERATURE (F)
 TODAY
  MAXIMUM         37   1229 PM  79    2012  58    -21       72
  MINIMUM         31    645 AM  15    1993  36     -5       56
  AVERAGE         34                        46    -12

PRECIPITATION (IN)
  TODAY            0.00          1.97 1982   0.14  -0.14     0.03
  MONTH TO DATE    1.75                      1.81  -0.06     2.53
  SINCE MAR 1      1.75                      1.81  -0.06     2.53
  SINCE JAN 1      4.77                      8.69  -3.92     7.31

DEGREE DAYS
 HEATING
  TODAY           31                        19     12        1
  MONTH TO DATE  274                       290    -16      176
  SINCE MAR 1    274                       290    -16      176
  SINCE JUL 1   3009                      3787   -778     3068

 COOLING
  TODAY            0                         0      0        0
  MONTH TO DATE    0                         0      0        0
  SINCE MAR 1      0                         0      0        0
  SINCE JAN 1      0                         0      0        0
..................................................................


WIND (MPH)
  HIGHEST WIND SPEED    24   HIGHEST WIND DIRECTION     N (360)
  HIGHEST GUST SPEED    29   HIGHEST GUST DIRECTION     N (360)
  AVERAGE WIND SPEED    13.9


SKY COVER
  AVERAGE SKY COVER 1.0


WEATHER CONDITIONS
 THE FOLLOWING WEATHER WAS RECORDED TODAY.
  NO SIGNIFICANT WEATHER WAS OBSERVED.


RELATIVE HUMIDITY (PERCENT)
 HIGHEST    82
 LOWEST     56
 AVERAGE    69

..........................................................


THE CAPE GIRARDEAU MO CLIMATE NORMALS FOR TOMORROW
                         NORMAL
 MAXIMUM TEMPERATURE (F)   58
 MINIMUM TEMPERATURE (F)   36


SUNRISE AND SUNSET
MARCH 14 2017.........SUNRISE   710 AM CDT   SUNSET   705 PM CDT
MARCH 15 2017.........SUNRISE   709 AM CDT   SUNSET   706 PM CDT


-  INDICATES NEGATIVE NUMBERS.
R  INDICATES RECORD WAS SET OR TIED.
MM INDICATES DATA IS MISSING.
T  INDICATES TRACE AMOUNT.




$$
