000
CDUS43 KPAH 210632
CLICGI


CLIMATE REPORT
NATIONAL WEATHER SERVICE PADUCAH KY
1230 AM CST WED JAN 21 2015


...................................

...THE CAPE GIRARDEAU MO CLIMATE SUMMARY FOR JANUARY 20 2015...

CLIMATE NORMAL PERIOD 1981 TO 2010
CLIMATE RECORD PERIOD 1960 TO 2015


WEATHER ITEM   OBSERVED TIME   RECORD YEAR NORMAL DEPARTURE LAST
                VALUE   (LST)  VALUE       VALUE  FROM      YEAR
                                                  NORMAL
..................................................................
TEMPERATURE (F)
 YESTERDAY
  MAXIMUM         58    214 PM  63    1974  42     16       55
  MINIMUM         28    536 AM -15    1985  24      4       25
  AVERAGE         43                        33     10

PRECIPITATION (IN)
  YESTERDAY        T             1.36 1993   0.11  -0.11     0.00
  MONTH TO DATE    4.21                      2.22   1.99     1.99
  SINCE DEC 1      7.02                      6.47   0.55     7.55
  SINCE JAN 1      4.21                      2.22   1.99     1.99

DEGREE DAYS
 HEATING
  YESTERDAY       22                        32    -10       25
  MONTH TO DATE  670                       640     30      683
  SINCE DEC 1   1411                      1540   -129     1644
  SINCE JUL 1   2407                      2391     16     2550

 COOLING
  YESTERDAY        0                         0      0        0
  MONTH TO DATE    0                         0      0        0
  SINCE DEC 1      0                         0      0        0
  SINCE JAN 1      0                         0      0        0
..................................................................


WIND (MPH)
  HIGHEST WIND SPEED    17   HIGHEST WIND DIRECTION    NW (300)
  HIGHEST GUST SPEED    24   HIGHEST GUST DIRECTION    NW (300)
  AVERAGE WIND SPEED     4.3


SKY COVER
  AVERAGE SKY COVER 0.3


WEATHER CONDITIONS
 THE FOLLOWING WEATHER WAS RECORDED YESTERDAY.
  LIGHT RAIN


RELATIVE HUMIDITY (PERCENT)
 HIGHEST   100
 LOWEST     39
 AVERAGE    70

..........................................................


THE CAPE GIRARDEAU MO CLIMATE NORMALS FOR TODAY
                         NORMAL    RECORD    YEAR
 MAXIMUM TEMPERATURE (F)   43        68      1999
 MINIMUM TEMPERATURE (F)   24        -9      1984


SUNRISE AND SUNSET
JANUARY 21 2015.......SUNRISE   709 AM CST   SUNSET   511 PM CST
JANUARY 22 2015.......SUNRISE   708 AM CST   SUNSET   512 PM CST


-  INDICATES NEGATIVE NUMBERS.
R  INDICATES RECORD WAS SET OR TIED.
MM INDICATES DATA IS MISSING.
T  INDICATES TRACE AMOUNT.




$$
