000
CDUS43 KPAH 060630
CLICGI


CLIMATE REPORT
NATIONAL WEATHER SERVICE PADUCAH KY
129 AM CDT SUN APR 6 2014


...................................

...THE CAPE GIRARDEAU MO CLIMATE SUMMARY FOR APRIL 5 2014...

CLIMATE NORMAL PERIOD 1981 TO 2010
CLIMATE RECORD PERIOD 1960 TO 2014


WEATHER ITEM   OBSERVED TIME   RECORD YEAR NORMAL DEPARTURE LAST
                VALUE   (LST)  VALUE       VALUE  FROM      YEAR
                                                  NORMAL
..................................................................
TEMPERATURE (F)
 YESTERDAY
  MAXIMUM         57    506 PM  85    1967  65     -8       70
  MINIMUM         42   1159 PM  27    2000  42      0       30
  AVERAGE         50                        54     -4

PRECIPITATION (IN)
  YESTERDAY        0.00          2.18 1964   0.13  -0.13     0.00
  MONTH TO DATE    1.96                      0.68   1.28     0.00
  SINCE MAR 1      4.27                      5.08  -0.81     2.55
  SINCE JAN 1      7.41                     11.96  -4.55     9.17

DEGREE DAYS
 HEATING
  YESTERDAY       15                        12      3       15
  MONTH TO DATE   33                        63    -30       99
  SINCE MAR 1    751                       622    129      821
  SINCE JUL 1   4676                      4119    557     4060

 COOLING
  YESTERDAY        0                         0      0        0
  MONTH TO DATE    4                         0      4        0
  SINCE MAR 1      4                         4      0        0
  SINCE JAN 1      4                         4      0        0
..................................................................


WIND (MPH)
  HIGHEST WIND SPEED    17   HIGHEST WIND DIRECTION     N (10)
  HIGHEST GUST SPEED    21   HIGHEST GUST DIRECTION     N (20)
  AVERAGE WIND SPEED     7.3


SKY COVER
  AVERAGE SKY COVER 0.4


WEATHER CONDITIONS
 THE FOLLOWING WEATHER WAS RECORDED YESTERDAY.
  NO SIGNIFICANT WEATHER WAS OBSERVED.


RELATIVE HUMIDITY (PERCENT)
 HIGHEST    70
 LOWEST     38
 AVERAGE    54

..........................................................


THE CAPE GIRARDEAU MO CLIMATE NORMALS FOR TODAY
                         NORMAL    RECORD    YEAR
 MAXIMUM TEMPERATURE (F)   66        83      1978
 MINIMUM TEMPERATURE (F)   42        24      2007


SUNRISE AND SUNSET
APRIL  6 2014.........SUNRISE   637 AM CDT   SUNSET   725 PM CDT
APRIL  7 2014.........SUNRISE   635 AM CDT   SUNSET   726 PM CDT


-  INDICATES NEGATIVE NUMBERS.
R  INDICATES RECORD WAS SET OR TIED.
MM INDICATES DATA IS MISSING.
T  INDICATES TRACE AMOUNT.




$$
