000
CDUS43 KPAH 180641
CLICGI


CLIMATE REPORT
NATIONAL WEATHER SERVICE PADUCAH KY
1239 AM CST SUN JAN 18 2015


...................................

...THE CAPE GIRARDEAU MO CLIMATE SUMMARY FOR JANUARY 17 2015...

CLIMATE NORMAL PERIOD 1981 TO 2010
CLIMATE RECORD PERIOD 1960 TO 2015


WEATHER ITEM   OBSERVED TIME   RECORD YEAR NORMAL DEPARTURE LAST
                VALUE   (LST)  VALUE       VALUE  FROM      YEAR
                                                  NORMAL
..................................................................
TEMPERATURE (F)
 YESTERDAY
  MAXIMUM         52    225 PM  65    1996  42     10       37
  MINIMUM         35   1101 PM -16    1977  24     11       14
  AVERAGE         44                        33     11

PRECIPITATION (IN)
  YESTERDAY        0.00          1.50 1969   0.11  -0.11      T
  MONTH TO DATE    4.21                      1.89   2.32     1.99
  SINCE DEC 1      7.02                      6.14   0.88     7.55
  SINCE JAN 1      4.21                      1.89   2.32     1.99

DEGREE DAYS
 HEATING
  YESTERDAY       21                        32    -11       39
  MONTH TO DATE  606                       544     62      591
  SINCE DEC 1   1347                      1444    -97     1552
  SINCE JUL 1   2343                      2295     48     2458

 COOLING
  YESTERDAY        0                         0      0        0
  MONTH TO DATE    0                         0      0        0
  SINCE DEC 1      0                         0      0        0
  SINCE JAN 1      0                         0      0        0
..................................................................


WIND (MPH)
  HIGHEST WIND SPEED    26   HIGHEST WIND DIRECTION     S (200)
  HIGHEST GUST SPEED    34   HIGHEST GUST DIRECTION     S (200)
  AVERAGE WIND SPEED    12.4


SKY COVER
  AVERAGE SKY COVER 0.1


WEATHER CONDITIONS
 THE FOLLOWING WEATHER WAS RECORDED YESTERDAY.
  NO SIGNIFICANT WEATHER WAS OBSERVED.


RELATIVE HUMIDITY (PERCENT)
 HIGHEST    92
 LOWEST     61
 AVERAGE    77

..........................................................


THE CAPE GIRARDEAU MO CLIMATE NORMALS FOR TODAY
                         NORMAL    RECORD    YEAR
 MAXIMUM TEMPERATURE (F)   42        66      1996
 MINIMUM TEMPERATURE (F)   24       -10      1994


SUNRISE AND SUNSET
JANUARY 18 2015.......SUNRISE   710 AM CST   SUNSET   508 PM CST
JANUARY 19 2015.......SUNRISE   710 AM CST   SUNSET   509 PM CST


-  INDICATES NEGATIVE NUMBERS.
R  INDICATES RECORD WAS SET OR TIED.
MM INDICATES DATA IS MISSING.
T  INDICATES TRACE AMOUNT.




$$
