000
CDUS43 KPAH 202136
CLICGI


CLIMATE REPORT
NATIONAL WEATHER SERVICE PADUCAH KY
434 PM CDT FRI MAR 20 2015


...................................

...THE CAPE GIRARDEAU MO CLIMATE SUMMARY FOR MARCH 20 2015...
VALID TODAY AS OF 0400 PM LOCAL TIME.

CLIMATE NORMAL PERIOD 1981 TO 2010
CLIMATE RECORD PERIOD 1960 TO 2015


WEATHER ITEM   OBSERVED TIME   RECORD YEAR NORMAL DEPARTURE LAST
                VALUE   (LST)  VALUE       VALUE  FROM      YEAR
                                                  NORMAL
..................................................................
TEMPERATURE (F)
 TODAY
  MAXIMUM         54    259 PM  82    1982  60     -6       62
  MINIMUM         45    657 AM  16    1965  37      8       29
  AVERAGE                                   48

PRECIPITATION (IN)
  TODAY            0.02          1.68 1962   0.15  -0.13     0.00
  MONTH TO DATE    6.89                      2.69   4.20     1.80
  SINCE MAR 1      6.89                      2.69   4.20     1.80
  SINCE JAN 1     13.41                      9.57   3.84     4.94

DEGREE DAYS
 HEATING
  TODAY           15                        17     -2       19
  MONTH TO DATE  439                       395     44      499
  SINCE MAR 1    439                       395     44      499
  SINCE JUL 1   4217                      3892    325     4424

 COOLING
  TODAY            0                         0      0        0
  MONTH TO DATE    0                         0      0        0
  SINCE MAR 1      0                         0      0        0
  SINCE JAN 1      0                         0      0        0
..................................................................


WIND (MPH)
  HIGHEST WIND SPEED    13   HIGHEST WIND DIRECTION     N (340)
  HIGHEST GUST SPEED    16   HIGHEST GUST DIRECTION    NW (330)
  AVERAGE WIND SPEED


SKY COVER
  AVERAGE SKY COVER 1.0


WEATHER CONDITIONS
 THE FOLLOWING WEATHER WAS RECORDED TODAY.
  LIGHT RAIN
  FOG


RELATIVE HUMIDITY (PERCENT)
 HIGHEST   100
 LOWEST     64
 AVERAGE

..........................................................


THE CAPE GIRARDEAU MO CLIMATE NORMALS FOR TOMORROW
                         NORMAL
 MAXIMUM TEMPERATURE (F)   60
 MINIMUM TEMPERATURE (F)   37


SUNRISE AND SUNSET
MARCH 20 2015.........SUNRISE   702 AM CDT   SUNSET   710 PM CDT
MARCH 21 2015.........SUNRISE   701 AM CDT   SUNSET   711 PM CDT


-  INDICATES NEGATIVE NUMBERS.
R  INDICATES RECORD WAS SET OR TIED.
MM INDICATES DATA IS MISSING.
T  INDICATES TRACE AMOUNT.




$$
