000
CDUS43 KPAH 060635
CLICGI


CLIMATE REPORT
NATIONAL WEATHER SERVICE PADUCAH KY
128 AM CDT SUN AUG 6 2017


...................................

...THE CAPE GIRARDEAU MO CLIMATE SUMMARY FOR AUGUST 5 2017...

CLIMATE NORMAL PERIOD 1981 TO 2010
CLIMATE RECORD PERIOD 1960 TO 2017


WEATHER ITEM   OBSERVED TIME   RECORD YEAR NORMAL DEPARTURE LAST
                VALUE   (LST)  VALUE       VALUE  FROM      YEAR
                                                  NORMAL
..................................................................
TEMPERATURE (F)
 YESTERDAY
  MAXIMUM         80    120 PM 101    1982  89     -9       94
  MINIMUM         51R   516 AM  56    1986  67    -16       74
  AVERAGE         66                        78    -12

PRECIPITATION (IN)
  YESTERDAY        0.04          3.15 1985   0.08  -0.04     0.76
  MONTH TO DATE    0.04                      0.47  -0.43     1.14
  SINCE JUN 1      4.36                      7.40  -3.04     8.30
  SINCE JAN 1     23.58                     28.50  -4.92    31.58

DEGREE DAYS
 HEATING
  YESTERDAY        0                         0      0        0
  MONTH TO DATE    0                         0      0        0
  SINCE JUN 1      0                         4     -4        0
  SINCE JUL 1      0                         0      0        0

 COOLING
  YESTERDAY        1                        13    -12       19
  MONTH TO DATE   42                        65    -23       87
  SINCE JUN 1    791                       799     -8      974
  SINCE JAN 1    966                       951     15     1095
..................................................................


WIND (MPH)
  HIGHEST WIND SPEED    14   HIGHEST WIND DIRECTION     E (110)
  HIGHEST GUST SPEED    18   HIGHEST GUST DIRECTION    SE (150)
  AVERAGE WIND SPEED     4.1


SKY COVER
  AVERAGE SKY COVER 0.2


WEATHER CONDITIONS
 THE FOLLOWING WEATHER WAS RECORDED YESTERDAY.
  LIGHT RAIN


RELATIVE HUMIDITY (PERCENT)
 HIGHEST   100
 LOWEST     39
 AVERAGE    70

..........................................................


THE CAPE GIRARDEAU MO CLIMATE NORMALS FOR TODAY
                         NORMAL    RECORD    YEAR
 MAXIMUM TEMPERATURE (F)   89        98      1983
 MINIMUM TEMPERATURE (F)   67        52      1997


SUNRISE AND SUNSET
AUGUST  6 2017........SUNRISE   607 AM CDT   SUNSET   800 PM CDT
AUGUST  7 2017........SUNRISE   608 AM CDT   SUNSET   759 PM CDT


-  INDICATES NEGATIVE NUMBERS.
R  INDICATES RECORD WAS SET OR TIED.
MM INDICATES DATA IS MISSING.
T  INDICATES TRACE AMOUNT.




$$
