000
CDUS43 KPAH 170636
CLICGI


CLIMATE REPORT
NATIONAL WEATHER SERVICE PADUCAH KY
132 AM CDT SUN AUG 17 2014


...................................

...THE CAPE GIRARDEAU MO CLIMATE SUMMARY FOR AUGUST 16 2014...

CLIMATE NORMAL PERIOD 1981 TO 2010
CLIMATE RECORD PERIOD 1960 TO 2014


WEATHER ITEM   OBSERVED TIME   RECORD YEAR NORMAL DEPARTURE LAST
                VALUE   (LST)  VALUE       VALUE  FROM      YEAR
                                                  NORMAL
..................................................................
TEMPERATURE (F)
 YESTERDAY
  MAXIMUM         82    316 PM 103    2007  89     -7       79
  MINIMUM         69    522 AM  47    2004  66      3       54
  AVERAGE         76                        77     -1

PRECIPITATION (IN)
  YESTERDAY        0.05          1.89 1986   0.10  -0.05     0.00
  MONTH TO DATE    2.78                      1.52   1.26     3.53
  SINCE JUN 1     13.20                      8.45   4.75    12.06
  SINCE JAN 1     31.59                     29.55   2.04    28.23

DEGREE DAYS
 HEATING
  YESTERDAY        0                         0      0        0
  MONTH TO DATE    0                         0      0        1
  SINCE JUN 1      0                         4     -4        1
  SINCE JUL 1      0                         0      0        1

 COOLING
  YESTERDAY       11                        12     -1        2
  MONTH TO DATE  159                       207    -48      149
  SINCE JUN 1    793                       941   -148      822
  SINCE JAN 1   1004                      1093    -89      993
..................................................................


WIND (MPH)
  HIGHEST WIND SPEED    15   HIGHEST WIND DIRECTION     S (180)
  HIGHEST GUST SPEED    20   HIGHEST GUST DIRECTION     S (170)
  AVERAGE WIND SPEED     6.2


SKY COVER
  AVERAGE SKY COVER 0.2


WEATHER CONDITIONS
 THE FOLLOWING WEATHER WAS RECORDED YESTERDAY.
  LIGHT RAIN
  FOG


RELATIVE HUMIDITY (PERCENT)
 HIGHEST    84
 LOWEST     62
 AVERAGE    73

..........................................................


THE CAPE GIRARDEAU MO CLIMATE NORMALS FOR TODAY
                         NORMAL    RECORD    YEAR
 MAXIMUM TEMPERATURE (F)   89       102      1988
 MINIMUM TEMPERATURE (F)   66        52      2008


SUNRISE AND SUNSET
AUGUST 17 2014........SUNRISE   616 AM CDT   SUNSET   748 PM CDT
AUGUST 18 2014........SUNRISE   617 AM CDT   SUNSET   746 PM CDT


-  INDICATES NEGATIVE NUMBERS.
R  INDICATES RECORD WAS SET OR TIED.
MM INDICATES DATA IS MISSING.
T  INDICATES TRACE AMOUNT.




$$
