000
CDUS43 KPAH 150636
CLICGI


CLIMATE REPORT
NATIONAL WEATHER SERVICE PADUCAH KY
134 AM CDT SUN MAY 15 2016


...................................

...THE CAPE GIRARDEAU MO CLIMATE SUMMARY FOR MAY 14 2016...

CLIMATE NORMAL PERIOD 1981 TO 2010
CLIMATE RECORD PERIOD 1960 TO 2016


WEATHER ITEM   OBSERVED TIME   RECORD YEAR NORMAL DEPARTURE LAST
                VALUE   (LST)  VALUE       VALUE  FROM      YEAR
                                                  NORMAL
..................................................................
TEMPERATURE (F)
 YESTERDAY
  MAXIMUM         64    129 AM  93    1962  77    -13       74
  MINIMUM         44   1159 PM  40    2000  55    -11       59
  AVERAGE         54                        66    -12

PRECIPITATION (IN)
  YESTERDAY        T             2.31 1967   0.19  -0.19     0.01
  MONTH TO DATE    2.13                      2.73  -0.60     3.10
  SINCE MAR 1     12.29                     11.49   0.80    16.06
  SINCE JAN 1     17.07                     18.37  -1.30    22.58

DEGREE DAYS
 HEATING
  YESTERDAY       11                         2      9        0
  MONTH TO DATE   54                        45      9       25
  SINCE MAR 1    633                       866   -233      802
  SINCE JUL 1   3525                      4363   -838     4580

 COOLING
  YESTERDAY        0                         3     -3        2
  MONTH TO DATE   32                        34     -2       56
  SINCE MAR 1     50                        65    -15       84
  SINCE JAN 1     50                        65    -15       84
..................................................................


WIND (MPH)
  HIGHEST WIND SPEED    30   HIGHEST WIND DIRECTION     N (350)
  HIGHEST GUST SPEED    37   HIGHEST GUST DIRECTION     N (350)
  AVERAGE WIND SPEED    12.4


SKY COVER
  AVERAGE SKY COVER 0.3


WEATHER CONDITIONS
 THE FOLLOWING WEATHER WAS RECORDED YESTERDAY.
  LIGHT RAIN


RELATIVE HUMIDITY (PERCENT)
 HIGHEST    92
 LOWEST     40
 AVERAGE    66

..........................................................


THE CAPE GIRARDEAU MO CLIMATE NORMALS FOR TODAY
                         NORMAL    RECORD    YEAR
 MAXIMUM TEMPERATURE (F)   78        90      1962
 MINIMUM TEMPERATURE (F)   55        43      1973


SUNRISE AND SUNSET
MAY 15 2016...........SUNRISE   549 AM CDT   SUNSET   800 PM CDT
MAY 16 2016...........SUNRISE   549 AM CDT   SUNSET   801 PM CDT


-  INDICATES NEGATIVE NUMBERS.
R  INDICATES RECORD WAS SET OR TIED.
MM INDICATES DATA IS MISSING.
T  INDICATES TRACE AMOUNT.




$$
