000
CDUS43 KPAH 192139
CLICGI


CLIMATE REPORT
NATIONAL WEATHER SERVICE PADUCAH KY
433 PM CDT TUE MAY 19 2015


...................................

...THE CAPE GIRARDEAU MO CLIMATE SUMMARY FOR MAY 19 2015...
VALID TODAY AS OF 0400 PM LOCAL TIME.

CLIMATE NORMAL PERIOD 1981 TO 2010
CLIMATE RECORD PERIOD 1960 TO 2015


WEATHER ITEM   OBSERVED TIME   RECORD YEAR NORMAL DEPARTURE LAST
                VALUE   (LST)  VALUE       VALUE  FROM      YEAR
                                                  NORMAL
..................................................................
TEMPERATURE (F)
 TODAY
  MAXIMUM         72    259 PM  92    1974  79     -7       79
  MINIMUM         57    632 AM  40    2007  57      0       49
  AVERAGE         65                        68     -3

PRECIPITATION (IN)
  TODAY            0.00          0.35 1991   0.17  -0.17     0.00
  MONTH TO DATE    4.37                      3.61   0.76     4.29
  SINCE MAR 1     17.33                     12.37   4.96    14.61
  SINCE JAN 1     23.85                     19.25   4.60    17.75

DEGREE DAYS
 HEATING
  TODAY            0                         2     -2        1
  MONTH TO DATE   25                        55    -30       78
  SINCE MAR 1    802                       876    -74     1016
  SINCE JUL 1   4580                      4373    207     4941

 COOLING
  TODAY            0                         4     -4        0
  MONTH TO DATE   88                        54     34       73
  SINCE MAR 1    116                        85     31       84
  SINCE JAN 1    116                        85     31       84
..................................................................


WIND (MPH)
  HIGHEST WIND SPEED    17   HIGHEST WIND DIRECTION     N (360)
  HIGHEST GUST SPEED    22   HIGHEST GUST DIRECTION     N (360)
  AVERAGE WIND SPEED     9.5


SKY COVER
  AVERAGE SKY COVER 0.0


WEATHER CONDITIONS
 THE FOLLOWING WEATHER WAS RECORDED TODAY.
  NO SIGNIFICANT WEATHER WAS OBSERVED.


RELATIVE HUMIDITY (PERCENT)
 HIGHEST    87
 LOWEST     49
 AVERAGE    68

..........................................................


THE CAPE GIRARDEAU MO CLIMATE NORMALS FOR TOMORROW
                         NORMAL
 MAXIMUM TEMPERATURE (F)   79
 MINIMUM TEMPERATURE (F)   57


SUNRISE AND SUNSET
MAY 19 2015...........SUNRISE   547 AM CDT   SUNSET   803 PM CDT
MAY 20 2015...........SUNRISE   546 AM CDT   SUNSET   804 PM CDT


-  INDICATES NEGATIVE NUMBERS.
R  INDICATES RECORD WAS SET OR TIED.
MM INDICATES DATA IS MISSING.
T  INDICATES TRACE AMOUNT.




$$
