000
CDUS43 KPAH 222128
CLICGI


CLIMATE REPORT
NATIONAL WEATHER SERVICE PADUCAH KY
425 PM CDT THU JUN 22 2017

...................................

...THE CAPE GIRARDEAU MO CLIMATE SUMMARY FOR JUNE 22 2017...
VALID TODAY AS OF 0400 PM LOCAL TIME.

CLIMATE NORMAL PERIOD 1981 TO 2010
CLIMATE RECORD PERIOD 1960 TO 2017

WEATHER ITEM   OBSERVED TIME   RECORD YEAR NORMAL DEPARTURE LAST
                VALUE   (LST)  VALUE       VALUE  FROM      YEAR
                                                  NORMAL
..................................................................
TEMPERATURE (F)
 TODAY
  MAXIMUM         81    232 PM 100    1988  88     -7       96
  MINIMUM         73    949 AM  48    1992  66      7       74
  AVERAGE         77                        77      0

PRECIPITATION (IN)
  TODAY            0.39          2.26 2013   0.12   0.27     0.00
  MONTH TO DATE    2.33                      2.67  -0.34     1.01
  SINCE JUN 1      2.33                      2.67  -0.34     1.01
  SINCE JAN 1     21.55                     23.77  -2.22    24.29

DEGREE DAYS
 HEATING
  TODAY            0                         0      0        0
  MONTH TO DATE    0                         1     -1        0
  SINCE JUN 1      0                         1     -1        0
  SINCE JUL 1   3430                      4387   -957     3571

 COOLING
  TODAY           12                        12      0       20
  MONTH TO DATE  241                       209     32      288
  SINCE JUN 1    241                       209     32      288
  SINCE JAN 1    416                       361     55      409
..................................................................

WIND (MPH)
  HIGHEST WIND SPEED    18   HIGHEST WIND DIRECTION    SE (140)
  HIGHEST GUST SPEED    24   HIGHEST GUST DIRECTION    SE (130)
  AVERAGE WIND SPEED     9.3

SKY COVER
  AVERAGE SKY COVER 0.7

WEATHER CONDITIONS
 THE FOLLOWING WEATHER WAS RECORDED TODAY.
  HEAVY RAIN
  RAIN
  LIGHT RAIN
  FOG
  HAZE

RELATIVE HUMIDITY (PERCENT)
 HIGHEST    93
 LOWEST     79
 AVERAGE    86
..........................................................

THE CAPE GIRARDEAU MO CLIMATE NORMALS FOR TOMORROW
                         NORMAL
 MAXIMUM TEMPERATURE (F)   88
 MINIMUM TEMPERATURE (F)   66

SUNRISE AND SUNSET
JUNE 22 2017..........SUNRISE   539 AM CDT   SUNSET   822 PM CDT
JUNE 23 2017..........SUNRISE   539 AM CDT   SUNSET   822 PM CDT

-  INDICATES NEGATIVE NUMBERS.
R  INDICATES RECORD WAS SET OR TIED.
MM INDICATES DATA IS MISSING.
T  INDICATES TRACE AMOUNT.

$$
