000
CDUS43 KPAH 250630
CLICGI


CLIMATE REPORT
NATIONAL WEATHER SERVICE PADUCAH KY
126 AM CDT TUE AUG 25 2015

...................................

...THE CAPE GIRARDEAU MO CLIMATE SUMMARY FOR AUGUST 24 2015...

CLIMATE NORMAL PERIOD 1981 TO 2010
CLIMATE RECORD PERIOD 1960 TO 2015

WEATHER ITEM   OBSERVED TIME   RECORD YEAR NORMAL DEPARTURE LAST
                VALUE   (LST)  VALUE       VALUE  FROM      YEAR
                                                  NORMAL
..................................................................
TEMPERATURE (F)
 YESTERDAY
  MAXIMUM         79    421 PM 100    2007  88     -9       95
  MINIMUM         55   1154 PM  52    1997  64     -9       73
  AVERAGE         67                        76     -9

PRECIPITATION (IN)
  YESTERDAY        0.00          2.80 1985   0.10  -0.10     0.00
  MONTH TO DATE    4.16                      2.31   1.85     2.86
  SINCE JUN 1     18.11                      9.24   8.87    13.28
  SINCE JAN 1     43.55                     30.34  13.21    31.67

DEGREE DAYS
 HEATING
  YESTERDAY        0                         0      0        0
  MONTH TO DATE    0                         0      0        0
  SINCE JUN 1      5                         4      1        0
  SINCE JUL 1      0                         0      0        0

 COOLING
  YESTERDAY        2                        11     -9       19
  MONTH TO DATE  257                       301    -44      286
  SINCE JUN 1   1107                      1035     72      920
  SINCE JAN 1   1284                      1187     97     1131
..................................................................

WIND (MPH)
  HIGHEST WIND SPEED    15   HIGHEST WIND DIRECTION    NW (330)
  HIGHEST GUST SPEED    20   HIGHEST GUST DIRECTION    NW (300)
  AVERAGE WIND SPEED     5.4

SKY COVER
  AVERAGE SKY COVER 0.0

WEATHER CONDITIONS
 THE FOLLOWING WEATHER WAS RECORDED YESTERDAY.
  NO SIGNIFICANT WEATHER WAS OBSERVED.

RELATIVE HUMIDITY (PERCENT)
 HIGHEST   100
 LOWEST     35
 AVERAGE    68
..........................................................

THE CAPE GIRARDEAU MO CLIMATE NORMALS FOR TODAY
                         NORMAL    RECORD    YEAR
 MAXIMUM TEMPERATURE (F)   88       101      1978
 MINIMUM TEMPERATURE (F)   64        54      2009

SUNRISE AND SUNSET
AUGUST 25 2015........SUNRISE   623 AM CDT   SUNSET   737 PM CDT
AUGUST 26 2015........SUNRISE   624 AM CDT   SUNSET   736 PM CDT

-  INDICATES NEGATIVE NUMBERS.
R  INDICATES RECORD WAS SET OR TIED.
MM INDICATES DATA IS MISSING.
T  INDICATES TRACE AMOUNT.

$$
