000
CDUS43 KPAH 210627
CLICGI


CLIMATE REPORT
NATIONAL WEATHER SERVICE PADUCAH KY
1225 AM CST MON NOV 21 2016

...................................

...THE CAPE GIRARDEAU MO CLIMATE SUMMARY FOR NOVEMBER 20 2016...

CLIMATE NORMAL PERIOD 1981 TO 2010
CLIMATE RECORD PERIOD 1960 TO 2016

WEATHER ITEM   OBSERVED TIME   RECORD YEAR NORMAL DEPARTURE LAST
                VALUE   (LST)  VALUE       VALUE  FROM      YEAR
                                                  NORMAL
..................................................................
TEMPERATURE (F)
 YESTERDAY
  MAXIMUM         49    337 PM  77    1989  55     -6       57
  MINIMUM         22    704 AM  19    1968  35    -13       31
  AVERAGE         36                        45     -9

PRECIPITATION (IN)
  YESTERDAY        0.00          0.74 2011   0.16  -0.16     0.00
  MONTH TO DATE    0.17                      2.87  -2.70     6.50
  SINCE SEP 1      5.86                      9.94  -4.08     9.37
  SINCE JAN 1     42.56                     40.99   1.57    52.92

DEGREE DAYS
 HEATING
  YESTERDAY       29                        20      9       21
  MONTH TO DATE  246                       323    -77      238
  SINCE SEP 1    377                       625   -248      454
  SINCE JUL 1    377                       626   -249      454

 COOLING
  YESTERDAY        0                         0      0        0
  MONTH TO DATE   11                         0     11        4
  SINCE SEP 1    355                       191    164      202
  SINCE JAN 1   1798                      1451    347     1531
..................................................................

WIND (MPH)
  HIGHEST WIND SPEED    12   HIGHEST WIND DIRECTION    NW (330)
  HIGHEST GUST SPEED    15   HIGHEST GUST DIRECTION    NW (330)
  AVERAGE WIND SPEED     3.2

SKY COVER
  AVERAGE SKY COVER 0.0

WEATHER CONDITIONS
 THE FOLLOWING WEATHER WAS RECORDED YESTERDAY.
  NO SIGNIFICANT WEATHER WAS OBSERVED.

RELATIVE HUMIDITY (PERCENT)
 HIGHEST    85
 LOWEST     26
 AVERAGE    56
..........................................................

THE CAPE GIRARDEAU MO CLIMATE NORMALS FOR TODAY
                         NORMAL    RECORD    YEAR
 MAXIMUM TEMPERATURE (F)   55        71      1990
 MINIMUM TEMPERATURE (F)   34        13      1964

SUNRISE AND SUNSET
NOVEMBER 21 2016......SUNRISE   644 AM CST   SUNSET   444 PM CST
NOVEMBER 22 2016......SUNRISE   645 AM CST   SUNSET   444 PM CST

-  INDICATES NEGATIVE NUMBERS.
R  INDICATES RECORD WAS SET OR TIED.
MM INDICATES DATA IS MISSING.
T  INDICATES TRACE AMOUNT.

$$
