000
CDUS43 KPAH 170634
CLICGI


CLIMATE REPORT
NATIONAL WEATHER SERVICE PADUCAH KY
133 AM CDT SUN APR 17 2016


...................................

...THE CAPE GIRARDEAU MO CLIMATE SUMMARY FOR APRIL 16 2016...

CLIMATE NORMAL PERIOD 1981 TO 2010
CLIMATE RECORD PERIOD 1960 TO 2016


WEATHER ITEM   OBSERVED TIME   RECORD YEAR NORMAL DEPARTURE LAST
                VALUE   (LST)  VALUE       VALUE  FROM      YEAR
                                                  NORMAL
..................................................................
TEMPERATURE (F)
 YESTERDAY
  MAXIMUM         76    128 PM  87    1977  69      7       76
  MINIMUM         47    355 AM  28    1962  46      1       58
  AVERAGE         62                        57      5

PRECIPITATION (IN)
  YESTERDAY        0.00          1.58 1982   0.15  -0.15     0.00
  MONTH TO DATE    0.49                      2.17  -1.68     2.53
  SINCE MAR 1      5.95                      6.57  -0.62    11.32
  SINCE JAN 1     10.73                     13.45  -2.72    17.84

DEGREE DAYS
 HEATING
  YESTERDAY        3                         9     -6        0
  MONTH TO DATE  176                       174      2       77
  SINCE MAR 1    564                       733   -169      683
  SINCE JUL 1   3456                      4230   -774     4461

 COOLING
  YESTERDAY        0                         1     -1        2
  MONTH TO DATE    0                        10    -10       23
  SINCE MAR 1      0                        14    -14       23
  SINCE JAN 1      0                        14    -14       23
..................................................................


WIND (MPH)
  HIGHEST WIND SPEED    15   HIGHEST WIND DIRECTION    SE (120)
  HIGHEST GUST SPEED    20   HIGHEST GUST DIRECTION    SE (120)
  AVERAGE WIND SPEED     6.2


SKY COVER
  AVERAGE SKY COVER 0.3


WEATHER CONDITIONS
 THE FOLLOWING WEATHER WAS RECORDED YESTERDAY.
  NO SIGNIFICANT WEATHER WAS OBSERVED.


RELATIVE HUMIDITY (PERCENT)
 HIGHEST    93
 LOWEST     49
 AVERAGE    71

..........................................................


THE CAPE GIRARDEAU MO CLIMATE NORMALS FOR TODAY
                         NORMAL    RECORD    YEAR
 MAXIMUM TEMPERATURE (F)   69        86      1977
 MINIMUM TEMPERATURE (F)   46        33      1993


SUNRISE AND SUNSET
APRIL 17 2016.........SUNRISE   620 AM CDT   SUNSET   736 PM CDT
APRIL 18 2016.........SUNRISE   619 AM CDT   SUNSET   737 PM CDT


-  INDICATES NEGATIVE NUMBERS.
R  INDICATES RECORD WAS SET OR TIED.
MM INDICATES DATA IS MISSING.
T  INDICATES TRACE AMOUNT.




$$
