000
CDUS43 KPAH 260636
CLICGI


CLIMATE REPORT
NATIONAL WEATHER SERVICE PADUCAH KY
1234 AM CST MON JAN 26 2015


...................................

...THE CAPE GIRARDEAU MO CLIMATE SUMMARY FOR JANUARY 25 2015...

CLIMATE NORMAL PERIOD 1981 TO 2010
CLIMATE RECORD PERIOD 1960 TO 2015


WEATHER ITEM   OBSERVED TIME   RECORD YEAR NORMAL DEPARTURE LAST
                VALUE   (LST)  VALUE       VALUE  FROM      YEAR
                                                  NORMAL
..................................................................
TEMPERATURE (F)
 YESTERDAY
  MAXIMUM         47    435 PM  62    1981  43      4       52
  MINIMUM         34   1159 PM   1    1963  24     10       21
  AVERAGE         41                        34      7

PRECIPITATION (IN)
  YESTERDAY        0.56          1.17 1976   0.11   0.45      T
  MONTH TO DATE    4.77                      2.78   1.99     1.99
  SINCE DEC 1      7.58                      7.03   0.55     7.55
  SINCE JAN 1      4.77                      2.78   1.99     1.99

DEGREE DAYS
 HEATING
  YESTERDAY       24                        32     -8       28
  MONTH TO DATE  809                       800      9      886
  SINCE DEC 1   1550                      1700   -150     1847
  SINCE JUL 1   2546                      2551     -5     2753

 COOLING
  YESTERDAY        0                         0      0        0
  MONTH TO DATE    0                         0      0        0
  SINCE DEC 1      0                         0      0        0
  SINCE JAN 1      0                         0      0        0
..................................................................


WIND (MPH)
  HIGHEST WIND SPEED    28   HIGHEST WIND DIRECTION     N (360)
  HIGHEST GUST SPEED    35   HIGHEST GUST DIRECTION     N (350)
  AVERAGE WIND SPEED    11.9


SKY COVER
  AVERAGE SKY COVER 0.8


WEATHER CONDITIONS
 THE FOLLOWING WEATHER WAS RECORDED YESTERDAY.
  RAIN
  LIGHT RAIN
  FOG


RELATIVE HUMIDITY (PERCENT)
 HIGHEST   100
 LOWEST     70
 AVERAGE    85

..........................................................


THE CAPE GIRARDEAU MO CLIMATE NORMALS FOR TODAY
                         NORMAL    RECORD    YEAR
 MAXIMUM TEMPERATURE (F)   43        61      1974
 MINIMUM TEMPERATURE (F)   24        -2      1978


SUNRISE AND SUNSET
JANUARY 26 2015.......SUNRISE   706 AM CST   SUNSET   516 PM CST
JANUARY 27 2015.......SUNRISE   705 AM CST   SUNSET   517 PM CST


-  INDICATES NEGATIVE NUMBERS.
R  INDICATES RECORD WAS SET OR TIED.
MM INDICATES DATA IS MISSING.
T  INDICATES TRACE AMOUNT.




$$
