127
CDUS43 KPAH 230638
CLICGI


CLIMATE REPORT
NATIONAL WEATHER SERVICE PADUCAH KY
130 AM CDT THU MAR 23 2017


...................................

...THE CAPE GIRARDEAU MO CLIMATE SUMMARY FOR MARCH 22 2017...

CLIMATE NORMAL PERIOD 1981 TO 2010
CLIMATE RECORD PERIOD 1960 TO 2017


WEATHER ITEM   OBSERVED TIME   RECORD YEAR NORMAL DEPARTURE LAST
                VALUE   (LST)  VALUE       VALUE  FROM      YEAR
                                                  NORMAL
..................................................................
TEMPERATURE (F)
 YESTERDAY
  MAXIMUM         56    335 PM  77    2007  60     -4       66
  MINIMUM         42   1132 PM  21    2002  38      4       44
  AVERAGE         49                        49      0

PRECIPITATION (IN)
  YESTERDAY        0.00          1.26 1991   0.15  -0.15     0.00
  MONTH TO DATE    2.04                      3.00  -0.96     2.62
  SINCE MAR 1      2.04                      3.00  -0.96     2.62
  SINCE JAN 1      5.06                      9.88  -4.82     7.40

DEGREE DAYS
 HEATING
  YESTERDAY       16                        16      0       10
  MONTH TO DATE  420                       427     -7      290
  SINCE MAR 1    420                       427     -7      290
  SINCE JUL 1   3155                      3924   -769     3182

 COOLING
  YESTERDAY        0                         0      0        0
  MONTH TO DATE    0                         0      0        0
  SINCE MAR 1      0                         0      0        0
  SINCE JAN 1      0                         0      0        0
..................................................................


WIND (MPH)
  HIGHEST WIND SPEED    23   HIGHEST WIND DIRECTION    NE (50)
  HIGHEST GUST SPEED    27   HIGHEST GUST DIRECTION    NE (50)
  AVERAGE WIND SPEED    12.9


SKY COVER
  AVERAGE SKY COVER 0.1


WEATHER CONDITIONS
 THE FOLLOWING WEATHER WAS RECORDED YESTERDAY.
  NO SIGNIFICANT WEATHER WAS OBSERVED.


RELATIVE HUMIDITY (PERCENT)
 HIGHEST    65
 LOWEST     27
 AVERAGE    46

..........................................................


THE CAPE GIRARDEAU MO CLIMATE NORMALS FOR TODAY
                         NORMAL    RECORD    YEAR
 MAXIMUM TEMPERATURE (F)   61        81      2011
 MINIMUM TEMPERATURE (F)   38        18      1974


SUNRISE AND SUNSET
MARCH 23 2017.........SUNRISE   657 AM CDT   SUNSET   713 PM CDT
MARCH 24 2017.........SUNRISE   656 AM CDT   SUNSET   714 PM CDT


-  INDICATES NEGATIVE NUMBERS.
R  INDICATES RECORD WAS SET OR TIED.
MM INDICATES DATA IS MISSING.
T  INDICATES TRACE AMOUNT.




$$
