000
CDUS43 KPAH 122145
CLICGI


CLIMATE REPORT
NATIONAL WEATHER SERVICE PADUCAH KY
444 PM CDT MON SEP 12 2016


...................................

...THE CAPE GIRARDEAU MO CLIMATE SUMMARY FOR SEPTEMBER 12 2016...
VALID TODAY AS OF 0400 PM LOCAL TIME.

CLIMATE NORMAL PERIOD 1981 TO 2010
CLIMATE RECORD PERIOD 1960 TO 2016


WEATHER ITEM   OBSERVED TIME   RECORD YEAR NORMAL DEPARTURE LAST
                VALUE   (LST)  VALUE       VALUE  FROM      YEAR
                                                  NORMAL
..................................................................
TEMPERATURE (F)
 TODAY
  MAXIMUM         82    250 PM  95    1980  83     -1       69
  MINIMUM         52    556 AM  45    1968  58     -6       48
  AVERAGE         67                        70     -3

PRECIPITATION (IN)
  TODAY            0.00          3.03 1963   0.12  -0.12      T
  MONTH TO DATE    2.28                      1.34   0.94     1.06
  SINCE SEP 1      2.28                      1.34   0.94     1.06
  SINCE JAN 1     38.98                     32.39   6.59    44.61

DEGREE DAYS
 HEATING
  TODAY            0                         1     -1        6
  MONTH TO DATE    0                         2     -2        6
  SINCE SEP 1      0                         2     -2        6
  SINCE JUL 1      0                         3     -3        6

 COOLING
  TODAY            2                         6     -4        0
  MONTH TO DATE  114                        93     21      129
  SINCE SEP 1    114                        93     21      129
  SINCE JAN 1   1557                      1353    204     1458
..................................................................


WIND (MPH)
  HIGHEST WIND SPEED     9   HIGHEST WIND DIRECTION    SE (150)
  HIGHEST GUST SPEED    12   HIGHEST GUST DIRECTION    SE (150)
  AVERAGE WIND SPEED     2.4


SKY COVER
  AVERAGE SKY COVER 0.1


WEATHER CONDITIONS
 THE FOLLOWING WEATHER WAS RECORDED TODAY.
  FOG
  FOG W/VISIBILITY <= 1/4 MILE


RELATIVE HUMIDITY (PERCENT)
 HIGHEST   100
 LOWEST     45
 AVERAGE    73

..........................................................


THE CAPE GIRARDEAU MO CLIMATE NORMALS FOR TOMORROW
                         NORMAL
 MAXIMUM TEMPERATURE (F)   82
 MINIMUM TEMPERATURE (F)   58


SUNRISE AND SUNSET
SEPTEMBER 12 2016.....SUNRISE   638 AM CDT   SUNSET   710 PM CDT
SEPTEMBER 13 2016.....SUNRISE   639 AM CDT   SUNSET   708 PM CDT


-  INDICATES NEGATIVE NUMBERS.
R  INDICATES RECORD WAS SET OR TIED.
MM INDICATES DATA IS MISSING.
T  INDICATES TRACE AMOUNT.




$$
