000
CDUS43 KPAH 152133
CLICGI


CLIMATE REPORT
NATIONAL WEATHER SERVICE PADUCAH KY
433 PM CDT TUE JUL 15 2014


...................................

...THE CAPE GIRARDEAU MO CLIMATE SUMMARY FOR JULY 15 2014...
VALID TODAY AS OF 0400 PM LOCAL TIME.

CLIMATE NORMAL PERIOD 1981 TO 2010
CLIMATE RECORD PERIOD 1960 TO 2014


WEATHER ITEM   OBSERVED TIME   RECORD YEAR NORMAL DEPARTURE LAST
                VALUE   (LST)  VALUE       VALUE  FROM      YEAR
                                                  NORMAL
..................................................................
TEMPERATURE (F)
 TODAY
  MAXIMUM         78    300 PM 105    1980  90    -12       90
  MINIMUM         63        MM  55    2001  68     -5       71
  AVERAGE         71                        79     -8

PRECIPITATION (IN)
  TODAY            0.00          3.61 1971   0.11  -0.11     0.03
  MONTH TO DATE    1.83                      1.65   0.18     0.14
  SINCE JUN 1      9.33                      5.22   4.11     7.90
  SINCE JAN 1     27.72                     26.32   1.40    24.07

DEGREE DAYS
 HEATING
  TODAY            0                         0      0        0
  MONTH TO DATE    0                         0      0        0
  SINCE JUN 1      0                         4     -4        0
  SINCE JUL 1      0                         0      0        0

 COOLING
  TODAY            6                        14     -8       16
  MONTH TO DATE  164                       207    -43      157
  SINCE JUN 1    523                       519      4      490
  SINCE JAN 1    734                       671     63      661
..................................................................


WIND (MPH)
  HIGHEST WIND SPEED    17   HIGHEST WIND DIRECTION     N (360)
  HIGHEST GUST SPEED    23   HIGHEST GUST DIRECTION    NW (320)
  AVERAGE WIND SPEED    10.1


SKY COVER
  AVERAGE SKY COVER 0.3


WEATHER CONDITIONS
 THE FOLLOWING WEATHER WAS RECORDED TODAY.
  NO SIGNIFICANT WEATHER WAS OBSERVED.


RELATIVE HUMIDITY (PERCENT)
 HIGHEST    81
 LOWEST     46
 AVERAGE    64

..........................................................


THE CAPE GIRARDEAU MO CLIMATE NORMALS FOR TOMORROW
                         NORMAL
 MAXIMUM TEMPERATURE (F)   90
 MINIMUM TEMPERATURE (F)   68


SUNRISE AND SUNSET
JULY 15 2014..........SUNRISE   550 AM CDT   SUNSET   818 PM CDT
JULY 16 2014..........SUNRISE   551 AM CDT   SUNSET   818 PM CDT


-  INDICATES NEGATIVE NUMBERS.
R  INDICATES RECORD WAS SET OR TIED.
MM INDICATES DATA IS MISSING.
T  INDICATES TRACE AMOUNT.




$$
