894
CDUS43 KPAH 182130
CLICGI


CLIMATE REPORT
NATIONAL WEATHER SERVICE PADUCAH KY
429 PM CDT SAT MAR 18 2017


...................................

...THE CAPE GIRARDEAU MO CLIMATE SUMMARY FOR MARCH 18 2017...
VALID TODAY AS OF 0400 PM LOCAL TIME.

CLIMATE NORMAL PERIOD 1981 TO 2010
CLIMATE RECORD PERIOD 1960 TO 2017


WEATHER ITEM   OBSERVED TIME   RECORD YEAR NORMAL DEPARTURE LAST
                VALUE   (LST)  VALUE       VALUE  FROM      YEAR
                                                  NORMAL
..................................................................
TEMPERATURE (F)
 TODAY
  MAXIMUM         64    254 PM  79    1982  59      5       62
  MINIMUM         40    535 AM  20    1967  37      3       35
  AVERAGE         52                        48      4

PRECIPITATION (IN)
  TODAY            0.00         11.49 2008   0.14  -0.14     0.05
  MONTH TO DATE    1.77                      2.39  -0.62     2.58
  SINCE MAR 1      1.77                      2.39  -0.62     2.58
  SINCE JAN 1      4.79                      9.27  -4.48     7.36

DEGREE DAYS
 HEATING
  TODAY           13                        17     -4       16
  MONTH TO DATE  371                       361     10      210
  SINCE MAR 1    371                       361     10      210
  SINCE JUL 1   3106                      3858   -752     3102

 COOLING
  TODAY            0                         0      0        0
  MONTH TO DATE    0                         0      0        0
  SINCE MAR 1      0                         0      0        0
  SINCE JAN 1      0                         0      0        0
..................................................................


WIND (MPH)
  HIGHEST WIND SPEED    15   HIGHEST WIND DIRECTION     N (350)
  HIGHEST GUST SPEED    20   HIGHEST GUST DIRECTION     N (350)
  AVERAGE WIND SPEED     7.1


SKY COVER
  AVERAGE SKY COVER 0.3


WEATHER CONDITIONS
 THE FOLLOWING WEATHER WAS RECORDED TODAY.
  FOG
  FOG W/VISIBILITY <= 1/4 MILE


RELATIVE HUMIDITY (PERCENT)
 HIGHEST   100
 LOWEST     30
 AVERAGE    65

..........................................................


THE CAPE GIRARDEAU MO CLIMATE NORMALS FOR TOMORROW
                         NORMAL
 MAXIMUM TEMPERATURE (F)   59
 MINIMUM TEMPERATURE (F)   37


SUNRISE AND SUNSET
MARCH 18 2017.........SUNRISE   704 AM CDT   SUNSET   709 PM CDT
MARCH 19 2017.........SUNRISE   703 AM CDT   SUNSET   710 PM CDT


-  INDICATES NEGATIVE NUMBERS.
R  INDICATES RECORD WAS SET OR TIED.
MM INDICATES DATA IS MISSING.
T  INDICATES TRACE AMOUNT.




$$
