000
CDUS43 KPAH 110628
CLICGI


CLIMATE REPORT
NATIONAL WEATHER SERVICE PADUCAH KY
1226 AM CST THU DEC 11 2014

...................................

...THE CAPE GIRARDEAU MO CLIMATE SUMMARY FOR DECEMBER 10 2014...

CLIMATE NORMAL PERIOD 1981 TO 2010
CLIMATE RECORD PERIOD 1960 TO 2014

WEATHER ITEM   OBSERVED TIME   RECORD YEAR NORMAL DEPARTURE LAST
                VALUE   (LST)  VALUE       VALUE  FROM      YEAR
                                                  NORMAL
..................................................................
TEMPERATURE (F)
 YESTERDAY
  MAXIMUM         38    132 PM  69    1971  46     -8       29
  MINIMUM         31   1159 PM  -2    1995  28      3        7
  AVERAGE         35                        37     -2

PRECIPITATION (IN)
  YESTERDAY        0.00          1.18 1960   0.15  -0.15      T
  MONTH TO DATE    1.21                      1.48  -0.27     0.94
  SINCE DEC 1      1.21                      1.48  -0.27     0.94
  SINCE JAN 1     42.13                     44.04  -1.91    35.46

DEGREE DAYS
 HEATING
  YESTERDAY       30                        28      2       47
  MONTH TO DATE  255                       265    -10      295
  SINCE DEC 1    255                       265    -10      295
  SINCE JUL 1   1251                      1116    135     1201

 COOLING
  YESTERDAY        0                         0      0        0
  MONTH TO DATE    0                         0      0        0
  SINCE DEC 1      0                         0      0        0
  SINCE JAN 1   1424                      1453    -29     1441
..................................................................

WIND (MPH)
  HIGHEST WIND SPEED    10   HIGHEST WIND DIRECTION     N (20)
  HIGHEST GUST SPEED    13   HIGHEST GUST DIRECTION     N (20)
  AVERAGE WIND SPEED     6.0

SKY COVER
  AVERAGE SKY COVER 1.0

WEATHER CONDITIONS
 THE FOLLOWING WEATHER WAS RECORDED YESTERDAY.
  NO SIGNIFICANT WEATHER WAS OBSERVED.

RELATIVE HUMIDITY (PERCENT)
 HIGHEST    89
 LOWEST     70
 AVERAGE    80
..........................................................

THE CAPE GIRARDEAU MO CLIMATE NORMALS FOR TODAY
                         NORMAL    RECORD    YEAR
 MAXIMUM TEMPERATURE (F)   46        72      1996
 MINIMUM TEMPERATURE (F)   28         5      2013

SUNRISE AND SUNSET
DECEMBER 11 2014......SUNRISE   702 AM CST   SUNSET   441 PM CST
DECEMBER 12 2014......SUNRISE   703 AM CST   SUNSET   441 PM CST

-  INDICATES NEGATIVE NUMBERS.
R  INDICATES RECORD WAS SET OR TIED.
MM INDICATES DATA IS MISSING.
T  INDICATES TRACE AMOUNT.

$$
