000
CDUS43 KPAH 130634
CLICGI


CLIMATE REPORT
NATIONAL WEATHER SERVICE PADUCAH KY
1231 AM CST THU NOV 13 2014


...................................

...THE CAPE GIRARDEAU MO CLIMATE SUMMARY FOR NOVEMBER 12 2014...

CLIMATE NORMAL PERIOD 1981 TO 2010
CLIMATE RECORD PERIOD 1960 TO 2014


WEATHER ITEM   OBSERVED TIME   RECORD YEAR NORMAL DEPARTURE LAST
                VALUE   (LST)  VALUE       VALUE  FROM      YEAR
                                                  NORMAL
..................................................................
TEMPERATURE (F)
 YESTERDAY
  MAXIMUM         36    328 PM  78    2010  59    -23       42
  MINIMUM         29    950 PM  17    1976  38     -9       23
  AVERAGE         33                        48    -15

PRECIPITATION (IN)
  YESTERDAY        0.00          1.28 1992   0.14  -0.14      T
  MONTH TO DATE    0.75                      1.62  -0.87     0.23
  SINCE SEP 1      7.11                      8.69  -1.58     4.87
  SINCE JAN 1     39.41                     39.74  -0.33    33.10

DEGREE DAYS
 HEATING
  YESTERDAY       32                        17     15       32
  MONTH TO DATE  244                       175     69      195
  SINCE SEP 1    493                       477     16      461
  SINCE JUL 1    493                       478     15      462

 COOLING
  YESTERDAY        0                         0      0        0
  MONTH TO DATE    0                         0      0        0
  SINCE SEP 1    185                       191     -6      260
  SINCE JAN 1   1424                      1451    -27     1441
..................................................................


WIND (MPH)
  HIGHEST WIND SPEED    18   HIGHEST WIND DIRECTION     N (20)
  HIGHEST GUST SPEED    23   HIGHEST GUST DIRECTION     N (20)
  AVERAGE WIND SPEED    11.2


SKY COVER
  AVERAGE SKY COVER 0.8


WEATHER CONDITIONS
 THE FOLLOWING WEATHER WAS RECORDED YESTERDAY.
  NO SIGNIFICANT WEATHER WAS OBSERVED.


RELATIVE HUMIDITY (PERCENT)
 HIGHEST    69
 LOWEST     54
 AVERAGE    62

..........................................................


THE CAPE GIRARDEAU MO CLIMATE NORMALS FOR TODAY
                         NORMAL    RECORD    YEAR
 MAXIMUM TEMPERATURE (F)   59        80      1999
 MINIMUM TEMPERATURE (F)   37        14      1986


SUNRISE AND SUNSET
NOVEMBER 13 2014......SUNRISE   635 AM CST   SUNSET   450 PM CST
NOVEMBER 14 2014......SUNRISE   636 AM CST   SUNSET   449 PM CST


-  INDICATES NEGATIVE NUMBERS.
R  INDICATES RECORD WAS SET OR TIED.
MM INDICATES DATA IS MISSING.
T  INDICATES TRACE AMOUNT.




$$
