000
CDUS43 KPAH 110638
CLICGI


CLIMATE REPORT
NATIONAL WEATHER SERVICE PADUCAH KY
135 AM CDT SUN JUN 11 2017


...................................

...THE CAPE GIRARDEAU MO CLIMATE SUMMARY FOR JUNE 10 2017...

CLIMATE NORMAL PERIOD 1981 TO 2010
CLIMATE RECORD PERIOD 1960 TO 2017


WEATHER ITEM   OBSERVED TIME   RECORD YEAR NORMAL DEPARTURE LAST
                VALUE   (LST)  VALUE       VALUE  FROM      YEAR
                                                  NORMAL
..................................................................
TEMPERATURE (F)
 YESTERDAY
  MAXIMUM         87    352 PM  97    1963  85      2       91
  MINIMUM         57    422 AM  47    1988  63     -6       62
  AVERAGE         72                        74     -2

PRECIPITATION (IN)
  YESTERDAY        0.00          1.34 2014   0.12  -0.12     0.00
  MONTH TO DATE    0.72                      1.28  -0.56     0.61
  SINCE JUN 1      0.72                      1.28  -0.56     0.61
  SINCE JAN 1     19.94                     22.38  -2.44    23.89

DEGREE DAYS
 HEATING
  YESTERDAY        0                         0      0        0
  MONTH TO DATE    0                         1     -1        0
  SINCE JUN 1      0                         1     -1        0
  SINCE JUL 1   3430                      4387   -957     3571

 COOLING
  YESTERDAY        7                         9     -2       12
  MONTH TO DATE   84                        80      4       77
  SINCE JUN 1     84                        80      4       77
  SINCE JAN 1    259                       232     27      198
..................................................................


WIND (MPH)
  HIGHEST WIND SPEED    21   HIGHEST WIND DIRECTION    SW (220)
  HIGHEST GUST SPEED    29   HIGHEST GUST DIRECTION    SW (210)
  AVERAGE WIND SPEED     7.8


SKY COVER
  AVERAGE SKY COVER 0.0


WEATHER CONDITIONS
 THE FOLLOWING WEATHER WAS RECORDED YESTERDAY.
  FOG
  HAZE


RELATIVE HUMIDITY (PERCENT)
 HIGHEST    93
 LOWEST     35
 AVERAGE    64

..........................................................


THE CAPE GIRARDEAU MO CLIMATE NORMALS FOR TODAY
                         NORMAL    RECORD    YEAR
 MAXIMUM TEMPERATURE (F)   86       100      1977
 MINIMUM TEMPERATURE (F)   63        47      1988


SUNRISE AND SUNSET
JUNE 11 2017..........SUNRISE   538 AM CDT   SUNSET   819 PM CDT
JUNE 12 2017..........SUNRISE   537 AM CDT   SUNSET   819 PM CDT


-  INDICATES NEGATIVE NUMBERS.
R  INDICATES RECORD WAS SET OR TIED.
MM INDICATES DATA IS MISSING.
T  INDICATES TRACE AMOUNT.




$$
