000
CDUS43 KPAH 040633
CLICGI


CLIMATE REPORT
NATIONAL WEATHER SERVICE PADUCAH KY
1230 AM CST THU FEB 4 2016


...................................

...THE CAPE GIRARDEAU MO CLIMATE SUMMARY FOR FEBRUARY 3 2016...

CLIMATE NORMAL PERIOD 1981 TO 2010
CLIMATE RECORD PERIOD 1960 TO 2016


WEATHER ITEM   OBSERVED TIME   RECORD YEAR NORMAL DEPARTURE LAST
                VALUE   (LST)  VALUE       VALUE  FROM      YEAR
                                                  NORMAL
..................................................................
TEMPERATURE (F)
 YESTERDAY
  MAXIMUM         54   1218 AM  70    1962  45      9       41
  MINIMUM         33   1046 PM  -8    1985  25      8       21
  AVERAGE         44                        35      9

PRECIPITATION (IN)
  YESTERDAY        0.00          1.15 1997   0.12  -0.12     0.00
  MONTH TO DATE    0.03                      0.38  -0.35     0.73
  SINCE DEC 1      4.08                      8.10  -4.02     8.31
  SINCE JAN 1      1.69                      3.85  -2.16     5.50

DEGREE DAYS
 HEATING
  YESTERDAY       21                        30     -9       34
  MONTH TO DATE   39                        91    -52       96
  SINCE DEC 1   1554                      1978   -424     1809
  SINCE JUL 1   2204                      2829   -625     2805

 COOLING
  YESTERDAY        0                         0      0        0
  MONTH TO DATE    0                         0      0        0
  SINCE DEC 1      2                         0      2        0
  SINCE JAN 1      0                         0      0        0
..................................................................


WIND (MPH)
  HIGHEST WIND SPEED    23   HIGHEST WIND DIRECTION     W (270)
  HIGHEST GUST SPEED    27   HIGHEST GUST DIRECTION     W (280)
  AVERAGE WIND SPEED    14.1


SKY COVER
  AVERAGE SKY COVER 0.5


WEATHER CONDITIONS
 THE FOLLOWING WEATHER WAS RECORDED YESTERDAY.
  NO SIGNIFICANT WEATHER WAS OBSERVED.


RELATIVE HUMIDITY (PERCENT)
 HIGHEST    65
 LOWEST     46
 AVERAGE    56

..........................................................


THE CAPE GIRARDEAU MO CLIMATE NORMALS FOR TODAY
                         NORMAL    RECORD    YEAR
 MAXIMUM TEMPERATURE (F)   45        72      2008
 MINIMUM TEMPERATURE (F)   25        -8      1996


SUNRISE AND SUNSET
FEBRUARY  4 2016......SUNRISE   659 AM CST   SUNSET   526 PM CST
FEBRUARY  5 2016......SUNRISE   658 AM CST   SUNSET   527 PM CST


-  INDICATES NEGATIVE NUMBERS.
R  INDICATES RECORD WAS SET OR TIED.
MM INDICATES DATA IS MISSING.
T  INDICATES TRACE AMOUNT.




$$
