341
CDUS43 KPAH 180631
CLICGI


CLIMATE REPORT
NATIONAL WEATHER SERVICE PADUCAH KY
128 AM CDT WED MAY 18 2016


...................................

...THE CAPE GIRARDEAU MO CLIMATE SUMMARY FOR MAY 17 2016...

CLIMATE NORMAL PERIOD 1981 TO 2010
CLIMATE RECORD PERIOD 1960 TO 2016


WEATHER ITEM   OBSERVED TIME   RECORD YEAR NORMAL DEPARTURE LAST
                VALUE   (LST)  VALUE       VALUE  FROM      YEAR
                                                  NORMAL
..................................................................
TEMPERATURE (F)
 YESTERDAY
  MAXIMUM         56    221 PM  95    1962  78    -22       79
  MINIMUM         49    256 AM  30    1968  56     -7       66
  AVERAGE         53                        67    -14

PRECIPITATION (IN)
  YESTERDAY        0.70          1.71 1995   0.18   0.52     0.97
  MONTH TO DATE    3.24                      3.27  -0.03     4.30
  SINCE MAR 1     13.40                     12.03   1.37    17.26
  SINCE JAN 1     18.18                     18.91  -0.73    23.78

DEGREE DAYS
 HEATING
  YESTERDAY       12                         2     10        0
  MONTH TO DATE   87                        51     36       25
  SINCE MAR 1    666                       872   -206      802
  SINCE JUL 1   3558                      4369   -811     4580

 COOLING
  YESTERDAY        0                         4     -4        8
  MONTH TO DATE   32                        46    -14       79
  SINCE MAR 1     50                        77    -27      107
  SINCE JAN 1     50                        77    -27      107
..................................................................


WIND (MPH)
  HIGHEST WIND SPEED    17   HIGHEST WIND DIRECTION    NE (40)
  HIGHEST GUST SPEED    22   HIGHEST GUST DIRECTION    NE (30)
  AVERAGE WIND SPEED    10.7


SKY COVER
  AVERAGE SKY COVER 0.8


WEATHER CONDITIONS
 THE FOLLOWING WEATHER WAS RECORDED YESTERDAY.
  HEAVY RAIN
  RAIN
  LIGHT RAIN
  FOG


RELATIVE HUMIDITY (PERCENT)
 HIGHEST   100
 LOWEST     83
 AVERAGE    92

..........................................................


THE CAPE GIRARDEAU MO CLIMATE NORMALS FOR TODAY
                         NORMAL    RECORD    YEAR
 MAXIMUM TEMPERATURE (F)   78        92      1964
 MINIMUM TEMPERATURE (F)   56        40      2002


SUNRISE AND SUNSET
MAY 18 2016...........SUNRISE   547 AM CDT   SUNSET   803 PM CDT
MAY 19 2016...........SUNRISE   546 AM CDT   SUNSET   804 PM CDT


-  INDICATES NEGATIVE NUMBERS.
R  INDICATES RECORD WAS SET OR TIED.
MM INDICATES DATA IS MISSING.
T  INDICATES TRACE AMOUNT.




$$
