348
CDUS43 KPAH 190626
CLICGI


CLIMATE REPORT
NATIONAL WEATHER SERVICE PADUCAH KY
126 AM CDT FRI MAY 19 2017


...................................

...THE CAPE GIRARDEAU MO CLIMATE SUMMARY FOR MAY 18 2017...

CLIMATE NORMAL PERIOD 1981 TO 2010
CLIMATE RECORD PERIOD 1960 TO 2017


WEATHER ITEM   OBSERVED TIME   RECORD YEAR NORMAL DEPARTURE LAST
                VALUE   (LST)  VALUE       VALUE  FROM      YEAR
                                                  NORMAL
..................................................................
TEMPERATURE (F)
 YESTERDAY
  MAXIMUM         85    228 PM  92    1964  78      7       68
  MINIMUM         68    446 AM  40    2002  56     12       50
  AVERAGE         77                        67     10

PRECIPITATION (IN)
  YESTERDAY        0.65          2.82 1981   0.17   0.48     0.00
  MONTH TO DATE    3.78                      3.44   0.34     3.24
  SINCE MAR 1     14.87                     12.20   2.67    13.40
  SINCE JAN 1     17.89                     19.08  -1.19    18.18

DEGREE DAYS
 HEATING
  YESTERDAY        0                         2     -2        6
  MONTH TO DATE   62                        53      9       93
  SINCE MAR 1    689                       874   -185      672
  SINCE JUL 1   3424                      4371   -947     3564

 COOLING
  YESTERDAY       12                         4      8        0
  MONTH TO DATE   66                        50     16       32
  SINCE MAR 1    108                        81     27       50
  SINCE JAN 1    108                        81     27       50
..................................................................


WIND (MPH)
  HIGHEST WIND SPEED    20   HIGHEST WIND DIRECTION     S (200)
  HIGHEST GUST SPEED    25   HIGHEST GUST DIRECTION    SW (210)
  AVERAGE WIND SPEED     9.2


SKY COVER
  AVERAGE SKY COVER 0.5


WEATHER CONDITIONS
 THE FOLLOWING WEATHER WAS RECORDED YESTERDAY.
  THUNDERSTORM
  HEAVY RAIN
  RAIN
  LIGHT RAIN
  FOG


RELATIVE HUMIDITY (PERCENT)
 HIGHEST    90
 LOWEST     61
 AVERAGE    76

..........................................................


THE CAPE GIRARDEAU MO CLIMATE NORMALS FOR TODAY
                         NORMAL    RECORD    YEAR
 MAXIMUM TEMPERATURE (F)   79        92      1974
 MINIMUM TEMPERATURE (F)   57        40      2007


SUNRISE AND SUNSET
MAY 19 2017...........SUNRISE   546 AM CDT   SUNSET   804 PM CDT
MAY 20 2017...........SUNRISE   546 AM CDT   SUNSET   804 PM CDT


-  INDICATES NEGATIVE NUMBERS.
R  INDICATES RECORD WAS SET OR TIED.
MM INDICATES DATA IS MISSING.
T  INDICATES TRACE AMOUNT.




$$
