290
CDUS43 KPAH 040632
CLICGI


CLIMATE REPORT
NATIONAL WEATHER SERVICE PADUCAH KY
129 AM CDT WED MAY 4 2016


...................................

...THE CAPE GIRARDEAU MO CLIMATE SUMMARY FOR MAY 3 2016...

CLIMATE NORMAL PERIOD 1981 TO 2010
CLIMATE RECORD PERIOD 1960 TO 2016


WEATHER ITEM   OBSERVED TIME   RECORD YEAR NORMAL DEPARTURE LAST
                VALUE   (LST)  VALUE       VALUE  FROM      YEAR
                                                  NORMAL
..................................................................
TEMPERATURE (F)
 YESTERDAY
  MAXIMUM         65    253 PM  85    1965  74     -9       82
  MINIMUM         47   1140 PM  34    1976  52     -5       52
  AVERAGE         56                        63     -7

PRECIPITATION (IN)
  YESTERDAY        0.00          1.93 1979   0.20  -0.20     0.00
  MONTH TO DATE    0.00                      0.58  -0.58     0.00
  SINCE MAR 1     10.16                      9.34   0.82    12.96
  SINCE JAN 1     14.94                     16.22  -1.28    19.48

DEGREE DAYS
 HEATING
  YESTERDAY        9                         4      5        0
  MONTH TO DATE   15                        12      3       17
  SINCE MAR 1    594                       833   -239      794
  SINCE JUL 1   3486                      4330   -844     4572

 COOLING
  YESTERDAY        0                         2     -2        2
  MONTH TO DATE    5                         6     -1        2
  SINCE MAR 1     23                        37    -14       30
  SINCE JAN 1     23                        37    -14       30
..................................................................


WIND (MPH)
  HIGHEST WIND SPEED    12   HIGHEST WIND DIRECTION     W (280)
  HIGHEST GUST SPEED    14   HIGHEST GUST DIRECTION     W (290)
  AVERAGE WIND SPEED     5.2


SKY COVER
  AVERAGE SKY COVER 0.8


WEATHER CONDITIONS
 THE FOLLOWING WEATHER WAS RECORDED YESTERDAY.
  NO SIGNIFICANT WEATHER WAS OBSERVED.


RELATIVE HUMIDITY (PERCENT)
 HIGHEST    93
 LOWEST     52
 AVERAGE    73

..........................................................


THE CAPE GIRARDEAU MO CLIMATE NORMALS FOR TODAY
                         NORMAL    RECORD    YEAR
 MAXIMUM TEMPERATURE (F)   74        89      2012
 MINIMUM TEMPERATURE (F)   52        34      1976


SUNRISE AND SUNSET
MAY  4 2016...........SUNRISE   600 AM CDT   SUNSET   751 PM CDT
MAY  5 2016...........SUNRISE   559 AM CDT   SUNSET   752 PM CDT


-  INDICATES NEGATIVE NUMBERS.
R  INDICATES RECORD WAS SET OR TIED.
MM INDICATES DATA IS MISSING.
T  INDICATES TRACE AMOUNT.




$$
