000
CDUS43 KPAH 220628
CLICGI


CLIMATE REPORT
NATIONAL WEATHER SERVICE PADUCAH KY
127 AM CDT TUE APR 22 2014

...................................

...THE CAPE GIRARDEAU MO CLIMATE SUMMARY FOR APRIL 21 2014...

CLIMATE NORMAL PERIOD 1981 TO 2010
CLIMATE RECORD PERIOD 1960 TO 2014

WEATHER ITEM   OBSERVED TIME   RECORD YEAR NORMAL DEPARTURE LAST
                VALUE   (LST)  VALUE       VALUE  FROM      YEAR
                                                  NORMAL
..................................................................
TEMPERATURE (F)
 YESTERDAY
  MAXIMUM         73    330 PM  90    1987  71      2       66
  MINIMUM         53    215 AM  34    1978  48      5       41
  AVERAGE         63                        59      4

PRECIPITATION (IN)
  YESTERDAY        0.09          1.75 1972   0.15  -0.06     0.00
  MONTH TO DATE    3.80                      2.91   0.89     2.90
  SINCE MAR 1      6.11                      7.31  -1.20     5.45
  SINCE JAN 1      9.25                     14.19  -4.94    12.07

DEGREE DAYS
 HEATING
  YESTERDAY        2                         7     -5       11
  MONTH TO DATE  182                       212    -30      215
  SINCE MAR 1    900                       771    129      937
  SINCE JUL 1   4825                      4268    557     4176

 COOLING
  YESTERDAY        0                         1     -1        0
  MONTH TO DATE    7                        15     -8       24
  SINCE MAR 1      7                        19    -12       24
  SINCE JAN 1      7                        19    -12       24
..................................................................

WIND (MPH)
  HIGHEST WIND SPEED    15   HIGHEST WIND DIRECTION    SW (210)
  HIGHEST GUST SPEED    19   HIGHEST GUST DIRECTION    SW (210)
  AVERAGE WIND SPEED     5.5

SKY COVER
  AVERAGE SKY COVER 0.4

WEATHER CONDITIONS
 THE FOLLOWING WEATHER WAS RECORDED YESTERDAY.
  LIGHT RAIN
  FOG

RELATIVE HUMIDITY (PERCENT)
 HIGHEST    87
 LOWEST     58
 AVERAGE    73
..........................................................

THE CAPE GIRARDEAU MO CLIMATE NORMALS FOR TODAY
                         NORMAL    RECORD    YEAR
 MAXIMUM TEMPERATURE (F)   71        90      1963
 MINIMUM TEMPERATURE (F)   48        31      2000

SUNRISE AND SUNSET
APRIL 22 2014.........SUNRISE   615 AM CDT   SUNSET   740 PM CDT
APRIL 23 2014.........SUNRISE   613 AM CDT   SUNSET   741 PM CDT

-  INDICATES NEGATIVE NUMBERS.
R  INDICATES RECORD WAS SET OR TIED.
MM INDICATES DATA IS MISSING.
T  INDICATES TRACE AMOUNT.

$$
