288
CDUS43 KPAH 210631
CLICGI


CLIMATE REPORT
NATIONAL WEATHER SERVICE PADUCAH KY
128 AM CDT THU MAY 21 2015


...................................

...THE CAPE GIRARDEAU MO CLIMATE SUMMARY FOR MAY 20 2015...

CLIMATE NORMAL PERIOD 1981 TO 2010
CLIMATE RECORD PERIOD 1960 TO 2015


WEATHER ITEM   OBSERVED TIME   RECORD YEAR NORMAL DEPARTURE LAST
                VALUE   (LST)  VALUE       VALUE  FROM      YEAR
                                                  NORMAL
..................................................................
TEMPERATURE (F)
 YESTERDAY
  MAXIMUM         58   1229 AM  93    1975  79    -21       83
  MINIMUM         49   1159 PM  42    2007  57     -8       60
  AVERAGE         54                        68    -14

PRECIPITATION (IN)
  YESTERDAY        0.69          1.09 2010   0.16   0.53     0.00
  MONTH TO DATE    5.06                      3.77   1.29     4.29
  SINCE MAR 1     18.02                     12.53   5.49    14.61
  SINCE JAN 1     24.54                     19.41   5.13    17.75

DEGREE DAYS
 HEATING
  YESTERDAY       11                         2      9        0
  MONTH TO DATE   36                        57    -21       78
  SINCE MAR 1    813                       878    -65     1016
  SINCE JUL 1   4591                      4375    216     4941

 COOLING
  YESTERDAY        0                         5     -5        7
  MONTH TO DATE   88                        59     29       80
  SINCE MAR 1    116                        90     26       91
  SINCE JAN 1    116                        90     26       91
..................................................................


WIND (MPH)
  HIGHEST WIND SPEED    18   HIGHEST WIND DIRECTION     N (10)
  HIGHEST GUST SPEED    22   HIGHEST GUST DIRECTION     N (360)
  AVERAGE WIND SPEED    10.3


SKY COVER
  AVERAGE SKY COVER 0.8


WEATHER CONDITIONS
 THE FOLLOWING WEATHER WAS RECORDED YESTERDAY.
  HEAVY RAIN
  RAIN
  LIGHT RAIN
  FOG


RELATIVE HUMIDITY (PERCENT)
 HIGHEST   100
 LOWEST     72
 AVERAGE    86

..........................................................


THE CAPE GIRARDEAU MO CLIMATE NORMALS FOR TODAY
                         NORMAL    RECORD    YEAR
 MAXIMUM TEMPERATURE (F)   79        95      1987
 MINIMUM TEMPERATURE (F)   57        43      1968


SUNRISE AND SUNSET
MAY 21 2015...........SUNRISE   545 AM CDT   SUNSET   805 PM CDT
MAY 22 2015...........SUNRISE   545 AM CDT   SUNSET   806 PM CDT


-  INDICATES NEGATIVE NUMBERS.
R  INDICATES RECORD WAS SET OR TIED.
MM INDICATES DATA IS MISSING.
T  INDICATES TRACE AMOUNT.




$$
