000
CDUS43 KPAH 070631
CLICGI


CLIMATE REPORT
NATIONAL WEATHER SERVICE PADUCAH KY
130 AM CDT TUE JUL 7 2015


...................................

...THE CAPE GIRARDEAU MO CLIMATE SUMMARY FOR JULY 6 2015...

CLIMATE NORMAL PERIOD 1981 TO 2010
CLIMATE RECORD PERIOD 1960 TO 2015


WEATHER ITEM   OBSERVED TIME   RECORD YEAR NORMAL DEPARTURE LAST
                VALUE   (LST)  VALUE       VALUE  FROM      YEAR
                                                  NORMAL
..................................................................
TEMPERATURE (F)
 YESTERDAY
  MAXIMUM         86    409 PM 106    2012  89     -3       86
  MINIMUM         72    339 AM  50    1972  68      4       60
  AVERAGE         79                        79      0

PRECIPITATION (IN)
  YESTERDAY        0.04          2.10 1962   0.11  -0.07     0.00
  MONTH TO DATE    1.91                      0.64   1.27     0.89
  SINCE JUN 1      6.23                      4.21   2.02     8.39
  SINCE JAN 1     31.67                     25.31   6.36    26.78

DEGREE DAYS
 HEATING
  YESTERDAY        0                         0      0        0
  MONTH TO DATE    0                         0      0        0
  SINCE JUN 1      5                         4      1        0
  SINCE JUL 1      0                         0      0        0

 COOLING
  YESTERDAY       14                        14      0        8
  MONTH TO DATE   58                        81    -23       47
  SINCE JUN 1    439                       393     46      406
  SINCE JAN 1    616                       545     71      617
..................................................................


WIND (MPH)
  HIGHEST WIND SPEED    20   HIGHEST WIND DIRECTION    SW (220)
  HIGHEST GUST SPEED    26   HIGHEST GUST DIRECTION     S (200)
  AVERAGE WIND SPEED     8.4


SKY COVER
  AVERAGE SKY COVER 0.6


WEATHER CONDITIONS
 THE FOLLOWING WEATHER WAS RECORDED YESTERDAY.
  LIGHT RAIN


RELATIVE HUMIDITY (PERCENT)
 HIGHEST    93
 LOWEST     70
 AVERAGE    82

..........................................................


THE CAPE GIRARDEAU MO CLIMATE NORMALS FOR TODAY
                         NORMAL    RECORD    YEAR
 MAXIMUM TEMPERATURE (F)   89       104      2012
 MINIMUM TEMPERATURE (F)   68        54      2006


SUNRISE AND SUNSET
JULY  7 2015..........SUNRISE   545 AM CDT   SUNSET   822 PM CDT
JULY  8 2015..........SUNRISE   545 AM CDT   SUNSET   821 PM CDT


-  INDICATES NEGATIVE NUMBERS.
R  INDICATES RECORD WAS SET OR TIED.
MM INDICATES DATA IS MISSING.
T  INDICATES TRACE AMOUNT.




$$
