000
CDUS43 KPAH 140632
CLICGI


CLIMATE REPORT
NATIONAL WEATHER SERVICE PADUCAH KY
130 AM CDT THU JUL 14 2016


...................................

...THE CAPE GIRARDEAU MO CLIMATE SUMMARY FOR JULY 13 2016...

CLIMATE NORMAL PERIOD 1981 TO 2010
CLIMATE RECORD PERIOD 1960 TO 2016


WEATHER ITEM   OBSERVED TIME   RECORD YEAR NORMAL DEPARTURE LAST
                VALUE   (LST)  VALUE       VALUE  FROM      YEAR
                                                  NORMAL
..................................................................
TEMPERATURE (F)
 YESTERDAY
  MAXIMUM         93    310 PM 104    1966  90      3       93
  MINIMUM         73   1132 PM  55    1964  68      5       75
  AVERAGE         83                        79      4

PRECIPITATION (IN)
  YESTERDAY        0.25          1.75 2006   0.11   0.14     0.00
  MONTH TO DATE    3.05                      1.43   1.62     7.49
  SINCE JUN 1      4.33                      5.00  -0.67    11.81
  SINCE JAN 1     27.61                     26.10   1.51    37.25

DEGREE DAYS
 HEATING
  YESTERDAY        0                         0      0        0
  MONTH TO DATE    0                         0      0        0
  SINCE JUN 1      0                         4     -4        5
  SINCE JUL 1      0                         0      0        0

 COOLING
  YESTERDAY       18                        14      4       19
  MONTH TO DATE  179                       179      0      162
  SINCE JUN 1    590                       491     99      543
  SINCE JAN 1    711                       643     68      720
..................................................................


WIND (MPH)
  HIGHEST WIND SPEED    22   HIGHEST WIND DIRECTION    SW (230)
  HIGHEST GUST SPEED    28   HIGHEST GUST DIRECTION     W (250)
  AVERAGE WIND SPEED     8.1


SKY COVER
  AVERAGE SKY COVER 0.2


WEATHER CONDITIONS
 THE FOLLOWING WEATHER WAS RECORDED YESTERDAY.
  THUNDERSTORM
  HEAVY RAIN
  LIGHT RAIN
  FOG


RELATIVE HUMIDITY (PERCENT)
 HIGHEST    94
 LOWEST     51
 AVERAGE    73

..........................................................


THE CAPE GIRARDEAU MO CLIMATE NORMALS FOR TODAY
                         NORMAL    RECORD    YEAR
 MAXIMUM TEMPERATURE (F)   90       105      1966
 MINIMUM TEMPERATURE (F)   68        54      1967


SUNRISE AND SUNSET
JULY 14 2016..........SUNRISE   550 AM CDT   SUNSET   819 PM CDT
JULY 15 2016..........SUNRISE   550 AM CDT   SUNSET   818 PM CDT


-  INDICATES NEGATIVE NUMBERS.
R  INDICATES RECORD WAS SET OR TIED.
MM INDICATES DATA IS MISSING.
T  INDICATES TRACE AMOUNT.




$$
