000
CDUS43 KPAH 260631
CLICGI


CLIMATE REPORT
NATIONAL WEATHER SERVICE PADUCAH KY
127 AM CDT WED AUG 26 2015


...................................

...THE CAPE GIRARDEAU MO CLIMATE SUMMARY FOR AUGUST 25 2015...

CLIMATE NORMAL PERIOD 1981 TO 2010
CLIMATE RECORD PERIOD 1960 TO 2015


WEATHER ITEM   OBSERVED TIME   RECORD YEAR NORMAL DEPARTURE LAST
                VALUE   (LST)  VALUE       VALUE  FROM      YEAR
                                                  NORMAL
..................................................................
TEMPERATURE (F)
 YESTERDAY
  MAXIMUM         81    247 PM 101    1978  88     -7       94
  MINIMUM         52R   543 AM  54    2009  64    -12       73
  AVERAGE         67                        76     -9

PRECIPITATION (IN)
  YESTERDAY        0.00          0.91 1964   0.10  -0.10     0.00
  MONTH TO DATE    4.16                      2.41   1.75     2.86
  SINCE JUN 1     18.11                      9.34   8.77    13.28
  SINCE JAN 1     43.55                     30.44  13.11    31.67

DEGREE DAYS
 HEATING
  YESTERDAY        0                         0      0        0
  MONTH TO DATE    0                         0      0        0
  SINCE JUN 1      5                         4      1        0
  SINCE JUL 1      0                         0      0        0

 COOLING
  YESTERDAY        2                        11     -9       19
  MONTH TO DATE  259                       312    -53      305
  SINCE JUN 1   1109                      1046     63      939
  SINCE JAN 1   1286                      1198     88     1150
..................................................................


WIND (MPH)
  HIGHEST WIND SPEED    14   HIGHEST WIND DIRECTION    NW (310)
  HIGHEST GUST SPEED    20   HIGHEST GUST DIRECTION    NW (310)
  AVERAGE WIND SPEED     4.5


SKY COVER
  AVERAGE SKY COVER 0.0


WEATHER CONDITIONS
 THE FOLLOWING WEATHER WAS RECORDED YESTERDAY.
  FOG
  HAZE


RELATIVE HUMIDITY (PERCENT)
 HIGHEST   100
 LOWEST     37
 AVERAGE    69

..........................................................


THE CAPE GIRARDEAU MO CLIMATE NORMALS FOR TODAY
                         NORMAL    RECORD    YEAR
 MAXIMUM TEMPERATURE (F)   88        98      1983
 MINIMUM TEMPERATURE (F)   64        52      2010


SUNRISE AND SUNSET
AUGUST 26 2015........SUNRISE   624 AM CDT   SUNSET   736 PM CDT
AUGUST 27 2015........SUNRISE   625 AM CDT   SUNSET   735 PM CDT


-  INDICATES NEGATIVE NUMBERS.
R  INDICATES RECORD WAS SET OR TIED.
MM INDICATES DATA IS MISSING.
T  INDICATES TRACE AMOUNT.




$$
