000
CDUS43 KPAH 210630
CLICGI


CLIMATE REPORT
NATIONAL WEATHER SERVICE PADUCAH KY
127 AM CDT TUE JUL 21 2015

...................................

...THE CAPE GIRARDEAU MO CLIMATE SUMMARY FOR JULY 20 2015...

CLIMATE NORMAL PERIOD 1981 TO 2010
CLIMATE RECORD PERIOD 1960 TO 2015

WEATHER ITEM   OBSERVED TIME   RECORD YEAR NORMAL DEPARTURE LAST
                VALUE   (LST)  VALUE       VALUE  FROM      YEAR
                                                  NORMAL
..................................................................
TEMPERATURE (F)
 YESTERDAY
  MAXIMUM         89    441 PM 103    1983  89      0       84
  MINIMUM         73    548 AM  58    2009  68      5       60
  AVERAGE         81                        79      2

PRECIPITATION (IN)
  YESTERDAY        0.60          1.40 1975   0.10   0.50     0.00
  MONTH TO DATE    8.41                      2.17   6.24     1.83
  SINCE JUN 1     12.73                      5.74   6.99     9.33
  SINCE JAN 1     38.17                     26.84  11.33    27.72

DEGREE DAYS
 HEATING
  YESTERDAY        0                         0      0        0
  MONTH TO DATE    0                         0      0        0
  SINCE JUN 1      5                         4      1        0
  SINCE JUL 1      0                         0      0        0

 COOLING
  YESTERDAY       16                        14      2        7
  MONTH TO DATE  289                       277     12      187
  SINCE JUN 1    670                       589     81      546
  SINCE JAN 1    847                       741    106      757
..................................................................

WIND (MPH)
  HIGHEST WIND SPEED    28   HIGHEST WIND DIRECTION    SW (210)
  HIGHEST GUST SPEED    39   HIGHEST GUST DIRECTION    SW (220)
  AVERAGE WIND SPEED     7.5

SKY COVER
  AVERAGE SKY COVER 0.3

WEATHER CONDITIONS
 THE FOLLOWING WEATHER WAS RECORDED YESTERDAY.
  THUNDERSTORM
  HEAVY RAIN
  RAIN
  LIGHT RAIN
  FOG

RELATIVE HUMIDITY (PERCENT)
 HIGHEST    94
 LOWEST     63
 AVERAGE    79
..........................................................

THE CAPE GIRARDEAU MO CLIMATE NORMALS FOR TODAY
                         NORMAL    RECORD    YEAR
 MAXIMUM TEMPERATURE (F)   89       102      1973
 MINIMUM TEMPERATURE (F)   68        55      2007

SUNRISE AND SUNSET
JULY 21 2015..........SUNRISE   554 AM CDT   SUNSET   815 PM CDT
JULY 22 2015..........SUNRISE   555 AM CDT   SUNSET   814 PM CDT

-  INDICATES NEGATIVE NUMBERS.
R  INDICATES RECORD WAS SET OR TIED.
MM INDICATES DATA IS MISSING.
T  INDICATES TRACE AMOUNT.

$$
