000
CDUS43 KPAH 052227
CLICGI


CLIMATE REPORT
NATIONAL WEATHER SERVICE PADUCAH KY
427 PM CST THU JAN 5 2017


...................................

...THE CAPE GIRARDEAU MO CLIMATE SUMMARY FOR JANUARY 5 2017...
VALID TODAY AS OF 0400 PM LOCAL TIME.

CLIMATE NORMAL PERIOD 1981 TO 2010
CLIMATE RECORD PERIOD 1960 TO 2017


WEATHER ITEM   OBSERVED TIME   RECORD YEAR NORMAL DEPARTURE LAST
                VALUE   (LST)  VALUE       VALUE  FROM      YEAR
                                                  NORMAL
..................................................................
TEMPERATURE (F)
 TODAY
  MAXIMUM         26    102 PM  65    1998  42    -16       39
  MINIMUM         21    359 PM   4    1972  24     -3       23
  AVERAGE         24                        33     -9

PRECIPITATION (IN)
  TODAY            T             1.24 2005   0.12  -0.12     0.00
  MONTH TO DATE    0.15                      0.60  -0.45     0.00
  SINCE DEC 1      3.49                      4.85  -1.36     2.39
  SINCE JAN 1      0.15                      0.60  -0.45     0.00

DEGREE DAYS
 HEATING
  TODAY           41                        32      9       34
  MONTH TO DATE  138                       160    -22      151
  SINCE DEC 1   1029                      1060    -31      713
  SINCE JUL 1   1606                      1911   -305     1363

 COOLING
  TODAY            0                         0      0        0
  MONTH TO DATE    0                         0      0        0
  SINCE DEC 1      0                         0      0        2
  SINCE JAN 1      0                         0      0        0
..................................................................


WIND (MPH)
  HIGHEST WIND SPEED    15   HIGHEST WIND DIRECTION     N (350)
  HIGHEST GUST SPEED    19   HIGHEST GUST DIRECTION     N (350)
  AVERAGE WIND SPEED     9.4


SKY COVER
  AVERAGE SKY COVER 1.0


WEATHER CONDITIONS
 THE FOLLOWING WEATHER WAS RECORDED TODAY.
  LIGHT SNOW


RELATIVE HUMIDITY (PERCENT)
 HIGHEST    74
 LOWEST     55
 AVERAGE    65

..........................................................


THE CAPE GIRARDEAU MO CLIMATE NORMALS FOR TOMORROW
                         NORMAL
 MAXIMUM TEMPERATURE (F)   42
 MINIMUM TEMPERATURE (F)   24


SUNRISE AND SUNSET
JANUARY  5 2017.......SUNRISE   713 AM CST   SUNSET   455 PM CST
JANUARY  6 2017.......SUNRISE   713 AM CST   SUNSET   456 PM CST


-  INDICATES NEGATIVE NUMBERS.
R  INDICATES RECORD WAS SET OR TIED.
MM INDICATES DATA IS MISSING.
T  INDICATES TRACE AMOUNT.




$$
