243
CDUS43 KPAH 070635
CLICGI


CLIMATE REPORT
NATIONAL WEATHER SERVICE PADUCAH KY
1232 AM CST SUN FEB 7 2016


...................................

...THE CAPE GIRARDEAU MO CLIMATE SUMMARY FOR FEBRUARY 6 2016...

CLIMATE NORMAL PERIOD 1981 TO 2010
CLIMATE RECORD PERIOD 1960 TO 2016


WEATHER ITEM   OBSERVED TIME   RECORD YEAR NORMAL DEPARTURE LAST
                VALUE   (LST)  VALUE       VALUE  FROM      YEAR
                                                  NORMAL
..................................................................
TEMPERATURE (F)
 YESTERDAY
  MAXIMUM         56    237 PM  62    1999  45     11       45
  MINIMUM         23    543 AM  -2    1978  26     -3       17
  AVERAGE         40                        36      4

PRECIPITATION (IN)
  YESTERDAY        0.00          1.01 1972   0.12  -0.12     0.00
  MONTH TO DATE    0.03                      0.75  -0.72     0.73
  SINCE DEC 1      4.08                      8.47  -4.39     8.31
  SINCE JAN 1      1.69                      4.22  -2.53     5.50

DEGREE DAYS
 HEATING
  YESTERDAY       25                        29     -4       34
  MONTH TO DATE  127                       180    -53      199
  SINCE DEC 1   1642                      2067   -425     1912
  SINCE JUL 1   2292                      2918   -626     2908

 COOLING
  YESTERDAY        0                         0      0        0
  MONTH TO DATE    0                         0      0        0
  SINCE DEC 1      2                         0      2        0
  SINCE JAN 1      0                         0      0        0
..................................................................


WIND (MPH)
  HIGHEST WIND SPEED    16   HIGHEST WIND DIRECTION    SW (240)
  HIGHEST GUST SPEED    20   HIGHEST GUST DIRECTION     W (250)
  AVERAGE WIND SPEED     5.1


SKY COVER
  AVERAGE SKY COVER 0.0


WEATHER CONDITIONS
 THE FOLLOWING WEATHER WAS RECORDED YESTERDAY.
  NO SIGNIFICANT WEATHER WAS OBSERVED.


RELATIVE HUMIDITY (PERCENT)
 HIGHEST    92
 LOWEST     24
 AVERAGE    58

..........................................................


THE CAPE GIRARDEAU MO CLIMATE NORMALS FOR TODAY
                         NORMAL    RECORD    YEAR
 MAXIMUM TEMPERATURE (F)   45        64      1999
 MINIMUM TEMPERATURE (F)   26        -5      2003


SUNRISE AND SUNSET
FEBRUARY  7 2016......SUNRISE   656 AM CST   SUNSET   529 PM CST
FEBRUARY  8 2016......SUNRISE   655 AM CST   SUNSET   530 PM CST


-  INDICATES NEGATIVE NUMBERS.
R  INDICATES RECORD WAS SET OR TIED.
MM INDICATES DATA IS MISSING.
T  INDICATES TRACE AMOUNT.




$$
