000
CDUS43 KPAH 092233
CLICGI


CLIMATE REPORT
NATIONAL WEATHER SERVICE PADUCAH KY
431 PM CST TUE DEC 9 2014


...................................

...THE CAPE GIRARDEAU MO CLIMATE SUMMARY FOR DECEMBER 9 2014...
VALID TODAY AS OF 0400 PM LOCAL TIME.

CLIMATE NORMAL PERIOD 1981 TO 2010
CLIMATE RECORD PERIOD 1960 TO 2014


WEATHER ITEM   OBSERVED TIME   RECORD YEAR NORMAL DEPARTURE LAST
                VALUE   (LST)  VALUE       VALUE  FROM      YEAR
                                                  NORMAL
..................................................................
TEMPERATURE (F)
 TODAY
  MAXIMUM         42    112 PM  68    1970  46     -4       32
  MINIMUM         29    317 AM  -6    2005  28      1       21
  AVERAGE         36                        37     -1

PRECIPITATION (IN)
  TODAY            0.00          1.77 1999   0.15  -0.15     0.00
  MONTH TO DATE    1.21                      1.33  -0.12     0.94
  SINCE DEC 1      1.21                      1.33  -0.12     0.94
  SINCE JAN 1     42.13                     43.89  -1.76    35.46

DEGREE DAYS
 HEATING
  TODAY           29                        28      1       38
  MONTH TO DATE  225                       237    -12      248
  SINCE DEC 1    225                       237    -12      248
  SINCE JUL 1   1221                      1088    133     1154

 COOLING
  TODAY            0                         0      0        0
  MONTH TO DATE    0                         0      0        0
  SINCE DEC 1      0                         0      0        0
  SINCE JAN 1   1424                      1453    -29     1441
..................................................................


WIND (MPH)
  HIGHEST WIND SPEED    23   HIGHEST WIND DIRECTION     N (350)
  HIGHEST GUST SPEED    27   HIGHEST GUST DIRECTION     N (360)
  AVERAGE WIND SPEED    10.4


SKY COVER
  AVERAGE SKY COVER 0.8


WEATHER CONDITIONS
 THE FOLLOWING WEATHER WAS RECORDED TODAY.
  FOG
  FOG W/VISIBILITY <= 1/4 MILE


RELATIVE HUMIDITY (PERCENT)
 HIGHEST   100
 LOWEST     62
 AVERAGE    81

..........................................................


THE CAPE GIRARDEAU MO CLIMATE NORMALS FOR TOMORROW
                         NORMAL
 MAXIMUM TEMPERATURE (F)   46
 MINIMUM TEMPERATURE (F)   28


SUNRISE AND SUNSET
DECEMBER  9 2014......SUNRISE   700 AM CST   SUNSET   441 PM CST
DECEMBER 10 2014......SUNRISE   701 AM CST   SUNSET   441 PM CST


-  INDICATES NEGATIVE NUMBERS.
R  INDICATES RECORD WAS SET OR TIED.
MM INDICATES DATA IS MISSING.
T  INDICATES TRACE AMOUNT.




$$
