000
CDUS43 KPAH 090638
CLICGI


CLIMATE REPORT
NATIONAL WEATHER SERVICE PADUCAH KY
135 AM CDT WED APR 9 2014


...................................

...THE CAPE GIRARDEAU MO CLIMATE SUMMARY FOR APRIL 8 2014...

CLIMATE NORMAL PERIOD 1981 TO 2010
CLIMATE RECORD PERIOD 1960 TO 2014


WEATHER ITEM   OBSERVED TIME   RECORD YEAR NORMAL DEPARTURE LAST
                VALUE   (LST)  VALUE       VALUE  FROM      YEAR
                                                  NORMAL
..................................................................
TEMPERATURE (F)
 YESTERDAY
  MAXIMUM         62    424 PM  85    1995  66     -4       76
  MINIMUM         39    158 AM  18    2007  43     -4       58
  AVERAGE         51                        55     -4

PRECIPITATION (IN)
  YESTERDAY        0.05          1.31 1983   0.13  -0.08      T
  MONTH TO DATE    2.66                      1.08   1.58      T
  SINCE MAR 1      4.97                      5.48  -0.51     2.55
  SINCE JAN 1      8.11                     12.36  -4.25     9.17

DEGREE DAYS
 HEATING
  YESTERDAY       14                        11      3        0
  MONTH TO DATE   78                        97    -19      108
  SINCE MAR 1    796                       656    140      830
  SINCE JUL 1   4721                      4153    568     4069

 COOLING
  YESTERDAY        0                         1     -1        2
  MONTH TO DATE    4                         2      2        2
  SINCE MAR 1      4                         6     -2        2
  SINCE JAN 1      4                         6     -2        2
..................................................................


WIND (MPH)
  HIGHEST WIND SPEED    21   HIGHEST WIND DIRECTION     N (350)
  HIGHEST GUST SPEED    27   HIGHEST GUST DIRECTION    NW (320)
  AVERAGE WIND SPEED     6.8


SKY COVER
  AVERAGE SKY COVER 0.5


WEATHER CONDITIONS
 THE FOLLOWING WEATHER WAS RECORDED YESTERDAY.
  LIGHT RAIN
  FOG


RELATIVE HUMIDITY (PERCENT)
 HIGHEST    93
 LOWEST     39
 AVERAGE    66

..........................................................


THE CAPE GIRARDEAU MO CLIMATE NORMALS FOR TODAY
                         NORMAL    RECORD    YEAR
 MAXIMUM TEMPERATURE (F)   67        86      2011
 MINIMUM TEMPERATURE (F)   43        22      2007


SUNRISE AND SUNSET
APRIL  9 2014.........SUNRISE   632 AM CDT   SUNSET   728 PM CDT
APRIL 10 2014.........SUNRISE   631 AM CDT   SUNSET   729 PM CDT


-  INDICATES NEGATIVE NUMBERS.
R  INDICATES RECORD WAS SET OR TIED.
MM INDICATES DATA IS MISSING.
T  INDICATES TRACE AMOUNT.




$$
