000
CDUS43 KPAH 172132
CLICGI


CLIMATE REPORT
NATIONAL WEATHER SERVICE PADUCAH KY
429 PM CDT SAT JUN 17 2017


...................................

...THE CAPE GIRARDEAU MO CLIMATE SUMMARY FOR JUNE 17 2017...
VALID TODAY AS OF 0400 PM LOCAL TIME.

CLIMATE NORMAL PERIOD 1981 TO 2010
CLIMATE RECORD PERIOD 1960 TO 2017


WEATHER ITEM   OBSERVED TIME   RECORD YEAR NORMAL DEPARTURE LAST
                VALUE   (LST)  VALUE       VALUE  FROM      YEAR
                                                  NORMAL
..................................................................
TEMPERATURE (F)
 TODAY
  MAXIMUM         86    256 PM  98    1990  87     -1       88
  MINIMUM         65    422 AM  48    1961  65      0       71
  AVERAGE         76                        76      0

PRECIPITATION (IN)
  TODAY            0.00          1.67 2013   0.12  -0.12     0.00
  MONTH TO DATE    1.15                      2.09  -0.94     1.01
  SINCE JUN 1      1.15                      2.09  -0.94     1.01
  SINCE JAN 1     20.37                     23.19  -2.82    24.29

DEGREE DAYS
 HEATING
  TODAY            0                         0      0        0
  MONTH TO DATE    0                         1     -1        0
  SINCE JUN 1      0                         1     -1        0
  SINCE JUL 1   3430                      4387   -957     3571

 COOLING
  TODAY           11                        11      0       15
  MONTH TO DATE  188                       151     37      199
  SINCE JUN 1    188                       151     37      199
  SINCE JAN 1    363                       303     60      320
..................................................................


WIND (MPH)
  HIGHEST WIND SPEED    17   HIGHEST WIND DIRECTION     S (170)
  HIGHEST GUST SPEED    23   HIGHEST GUST DIRECTION     S (170)
  AVERAGE WIND SPEED     7.8


SKY COVER
  AVERAGE SKY COVER 0.2


WEATHER CONDITIONS
 THE FOLLOWING WEATHER WAS RECORDED TODAY.
  NO SIGNIFICANT WEATHER WAS OBSERVED.


RELATIVE HUMIDITY (PERCENT)
 HIGHEST    93
 LOWEST     61
 AVERAGE    77

..........................................................


THE CAPE GIRARDEAU MO CLIMATE NORMALS FOR TOMORROW
                         NORMAL
 MAXIMUM TEMPERATURE (F)   87
 MINIMUM TEMPERATURE (F)   65


SUNRISE AND SUNSET
JUNE 17 2017..........SUNRISE   538 AM CDT   SUNSET   821 PM CDT
JUNE 18 2017..........SUNRISE   538 AM CDT   SUNSET   821 PM CDT


-  INDICATES NEGATIVE NUMBERS.
R  INDICATES RECORD WAS SET OR TIED.
MM INDICATES DATA IS MISSING.
T  INDICATES TRACE AMOUNT.




$$
