000
CDUS43 KPAH 152137
CLICGI


CLIMATE REPORT
NATIONAL WEATHER SERVICE PADUCAH KY
435 PM CDT WED OCT 15 2014


...................................

...THE CAPE GIRARDEAU MO CLIMATE SUMMARY FOR OCTOBER 15 2014...
VALID TODAY AS OF 0400 PM LOCAL TIME.

CLIMATE NORMAL PERIOD 1981 TO 2010
CLIMATE RECORD PERIOD 1960 TO 2014


WEATHER ITEM   OBSERVED TIME   RECORD YEAR NORMAL DEPARTURE LAST
                VALUE   (LST)  VALUE       VALUE  FROM      YEAR
                                                  NORMAL
..................................................................
TEMPERATURE (F)
 TODAY
  MAXIMUM         59        MM  89    1963  71    -12       70
  MINIMUM         54        MM  30    1978  45      9       61
  AVERAGE         57                        58     -1

PRECIPITATION (IN)
  TODAY            0.00          2.31 1992   0.12  -0.12     0.11
  MONTH TO DATE    3.93                      1.75   2.18     2.43
  SINCE SEP 1      5.98                      5.03   0.95     2.87
  SINCE JAN 1     38.28                     36.08   2.20    31.10

DEGREE DAYS
 HEATING
  TODAY            8                         8      0        0
  MONTH TO DATE   68                        95    -27       40
  SINCE SEP 1    114                       143    -29       50
  SINCE JUL 1    114                       144    -30       51

 COOLING
  TODAY            0                         1     -1        1
  MONTH TO DATE   27                        22      5       44
  SINCE SEP 1    172                       184    -12      256
  SINCE JAN 1   1411                      1444    -33     1437
..................................................................


WIND (MPH)
  HIGHEST WIND SPEED    12   HIGHEST WIND DIRECTION    NW (300)
  HIGHEST GUST SPEED    MM   HIGHEST GUST DIRECTION    MM
  AVERAGE WIND SPEED     8.7


SKY COVER
  AVERAGE SKY COVER 1.0


WEATHER CONDITIONS
 THE FOLLOWING WEATHER WAS RECORDED TODAY.
  FOG


RELATIVE HUMIDITY (PERCENT)
 HIGHEST    93
 LOWEST     72
 AVERAGE    83

..........................................................


THE CAPE GIRARDEAU MO CLIMATE NORMALS FOR TOMORROW
                         NORMAL
 MAXIMUM TEMPERATURE (F)   71
 MINIMUM TEMPERATURE (F)   45


SUNRISE AND SUNSET
OCTOBER 15 2014.......SUNRISE   706 AM CDT   SUNSET   621 PM CDT
OCTOBER 16 2014.......SUNRISE   707 AM CDT   SUNSET   620 PM CDT


-  INDICATES NEGATIVE NUMBERS.
R  INDICATES RECORD WAS SET OR TIED.
MM INDICATES DATA IS MISSING.
T  INDICATES TRACE AMOUNT.




$$
