000
CDUS43 KPAH 260631
CLICGI


CLIMATE REPORT
NATIONAL WEATHER SERVICE PADUCAH KY
130 AM CDT TUE MAY 26 2015


...................................

...THE CAPE GIRARDEAU MO CLIMATE SUMMARY FOR MAY 25 2015...

CLIMATE NORMAL PERIOD 1981 TO 2010
CLIMATE RECORD PERIOD 1960 TO 2015


WEATHER ITEM   OBSERVED TIME   RECORD YEAR NORMAL DEPARTURE LAST
                VALUE   (LST)  VALUE       VALUE  FROM      YEAR
                                                  NORMAL
..................................................................
TEMPERATURE (F)
 YESTERDAY
  MAXIMUM         79    245 PM  93    1978  80     -1       87
  MINIMUM         68    506 AM  44    2013  58     10       66
  AVERAGE         74                        69      5

PRECIPITATION (IN)
  YESTERDAY        0.04          1.63 1968   0.16  -0.12     0.00
  MONTH TO DATE    5.62                      4.58   1.04     4.29
  SINCE MAR 1     18.58                     13.34   5.24    14.61
  SINCE JAN 1     25.10                     20.22   4.88    17.75

DEGREE DAYS
 HEATING
  YESTERDAY        0                         1     -1        0
  MONTH TO DATE   56                        63     -7       78
  SINCE MAR 1    833                       884    -51     1016
  SINCE JUL 1   4611                      4381    230     4941

 COOLING
  YESTERDAY        9                         5      4       12
  MONTH TO DATE  110                        84     26      135
  SINCE MAR 1    138                       115     23      146
  SINCE JAN 1    138                       115     23      146
..................................................................


WIND (MPH)
  HIGHEST WIND SPEED    20   HIGHEST WIND DIRECTION     S (180)
  HIGHEST GUST SPEED    27   HIGHEST GUST DIRECTION     S (180)
  AVERAGE WIND SPEED    11.5


SKY COVER
  AVERAGE SKY COVER 0.7


WEATHER CONDITIONS
 THE FOLLOWING WEATHER WAS RECORDED YESTERDAY.
  LIGHT RAIN


RELATIVE HUMIDITY (PERCENT)
 HIGHEST    97
 LOWEST     74
 AVERAGE    86

..........................................................


THE CAPE GIRARDEAU MO CLIMATE NORMALS FOR TODAY
                         NORMAL    RECORD    YEAR
 MAXIMUM TEMPERATURE (F)   81        96      2012
 MINIMUM TEMPERATURE (F)   59        43      1988


SUNRISE AND SUNSET
MAY 26 2015...........SUNRISE   542 AM CDT   SUNSET   809 PM CDT
MAY 27 2015...........SUNRISE   542 AM CDT   SUNSET   809 PM CDT


-  INDICATES NEGATIVE NUMBERS.
R  INDICATES RECORD WAS SET OR TIED.
MM INDICATES DATA IS MISSING.
T  INDICATES TRACE AMOUNT.




$$
