000
CDUS43 KPAH 250638
CLICGI


CLIMATE REPORT
NATIONAL WEATHER SERVICE PADUCAH KY
135 AM CDT SAT JUL 25 2015


...................................

...THE CAPE GIRARDEAU MO CLIMATE SUMMARY FOR JULY 24 2015...

CLIMATE NORMAL PERIOD 1981 TO 2010
CLIMATE RECORD PERIOD 1960 TO 2015


WEATHER ITEM   OBSERVED TIME   RECORD YEAR NORMAL DEPARTURE LAST
                VALUE   (LST)  VALUE       VALUE  FROM      YEAR
                                                  NORMAL
..................................................................
TEMPERATURE (F)
 YESTERDAY
  MAXIMUM         90    337 PM 102    1965  89      1       81
  MINIMUM         73    516 AM  51    2000  68      5       59
  AVERAGE         82                        79      3

PRECIPITATION (IN)
  YESTERDAY        0.00          1.43 1971   0.12  -0.12     0.00
  MONTH TO DATE    8.83                      2.62   6.21     2.92
  SINCE JUN 1     13.15                      6.19   6.96    10.42
  SINCE JAN 1     38.59                     27.29  11.30    28.81

DEGREE DAYS
 HEATING
  YESTERDAY        0                         0      0        0
  MONTH TO DATE    0                         0      0        0
  SINCE JUN 1      5                         4      1        0
  SINCE JUL 1      0                         0      0        0

 COOLING
  YESTERDAY       17                        14      3        5
  MONTH TO DATE  352                       333     19      221
  SINCE JUN 1    733                       645     88      580
  SINCE JAN 1    910                       797    113      791
..................................................................


WIND (MPH)
  HIGHEST WIND SPEED     8   HIGHEST WIND DIRECTION    NE (40)
  HIGHEST GUST SPEED    11   HIGHEST GUST DIRECTION     E (90)
  AVERAGE WIND SPEED     4.5


SKY COVER
  AVERAGE SKY COVER 0.5


WEATHER CONDITIONS
 THE FOLLOWING WEATHER WAS RECORDED YESTERDAY.
  NO SIGNIFICANT WEATHER WAS OBSERVED.


RELATIVE HUMIDITY (PERCENT)
 HIGHEST    93
 LOWEST     56
 AVERAGE    75

..........................................................


THE CAPE GIRARDEAU MO CLIMATE NORMALS FOR TODAY
                         NORMAL    RECORD    YEAR
 MAXIMUM TEMPERATURE (F)   89       100      1986
 MINIMUM TEMPERATURE (F)   68        54      2000


SUNRISE AND SUNSET
JULY 25 2015..........SUNRISE   557 AM CDT   SUNSET   812 PM CDT
JULY 26 2015..........SUNRISE   558 AM CDT   SUNSET   811 PM CDT


-  INDICATES NEGATIVE NUMBERS.
R  INDICATES RECORD WAS SET OR TIED.
MM INDICATES DATA IS MISSING.
T  INDICATES TRACE AMOUNT.




$$
