000
CDUS43 KPAH 152128
CLICGI


CLIMATE REPORT
NATIONAL WEATHER SERVICE PADUCAH KY
427 PM CDT SAT APR 15 2017


...................................

...THE CAPE GIRARDEAU MO CLIMATE SUMMARY FOR APRIL 15 2017...
VALID TODAY AS OF 0400 PM LOCAL TIME.

CLIMATE NORMAL PERIOD 1981 TO 2010
CLIMATE RECORD PERIOD 1960 TO 2017


WEATHER ITEM   OBSERVED TIME   RECORD YEAR NORMAL DEPARTURE LAST
                VALUE   (LST)  VALUE       VALUE  FROM      YEAR
                                                  NORMAL
..................................................................
TEMPERATURE (F)
 TODAY
  MAXIMUM         83    230 PM  87    1992  69     14       75
  MINIMUM         58    552 AM  29    2008  45     13       53
  AVERAGE         71                        57     14

PRECIPITATION (IN)
  TODAY            0.00          4.48 1972   0.13  -0.13     0.00
  MONTH TO DATE    1.23                      2.02  -0.79     0.49
  SINCE MAR 1      4.04                      6.42  -2.38     5.95
  SINCE JAN 1      7.06                     13.30  -6.24    10.73

DEGREE DAYS
 HEATING
  TODAY            0                         9     -9        1
  MONTH TO DATE   93                       165    -72      173
  SINCE MAR 1    575                       724   -149      561
  SINCE JUL 1   3310                      4221   -911     3453

 COOLING
  TODAY            6                         1      5        0
  MONTH TO DATE   15                         9      6        0
  SINCE MAR 1     18                        13      5        0
  SINCE JAN 1     18                        13      5        0
..................................................................


WIND (MPH)
  HIGHEST WIND SPEED    25   HIGHEST WIND DIRECTION     S (180)
  HIGHEST GUST SPEED    39   HIGHEST GUST DIRECTION    SW (230)
  AVERAGE WIND SPEED    12.2


SKY COVER
  AVERAGE SKY COVER 0.2


WEATHER CONDITIONS
 THE FOLLOWING WEATHER WAS RECORDED TODAY.
  NO SIGNIFICANT WEATHER WAS OBSERVED.


RELATIVE HUMIDITY (PERCENT)
 HIGHEST    80
 LOWEST     35
 AVERAGE    58

..........................................................


THE CAPE GIRARDEAU MO CLIMATE NORMALS FOR TOMORROW
                         NORMAL
 MAXIMUM TEMPERATURE (F)   69
 MINIMUM TEMPERATURE (F)   46


SUNRISE AND SUNSET
APRIL 15 2017.........SUNRISE   624 AM CDT   SUNSET   734 PM CDT
APRIL 16 2017.........SUNRISE   622 AM CDT   SUNSET   735 PM CDT


-  INDICATES NEGATIVE NUMBERS.
R  INDICATES RECORD WAS SET OR TIED.
MM INDICATES DATA IS MISSING.
T  INDICATES TRACE AMOUNT.




$$
