000
CDUS43 KPAH 130652
CLICGI


CLIMATE REPORT
NATIONAL WEATHER SERVICE PADUCAH KY
141 AM CDT FRI MAY 13 2016


...................................

...THE CAPE GIRARDEAU MO CLIMATE SUMMARY FOR MAY 12 2016...

CLIMATE NORMAL PERIOD 1981 TO 2010
CLIMATE RECORD PERIOD 1960 TO 2016


WEATHER ITEM   OBSERVED TIME   RECORD YEAR NORMAL DEPARTURE LAST
                VALUE   (LST)  VALUE       VALUE  FROM      YEAR
                                                  NORMAL
..................................................................
TEMPERATURE (F)
 YESTERDAY
  MAXIMUM         73    523 PM  89    2005  77     -4       70
  MINIMUM         54   1159 PM  38    2008  55     -1       50
  AVERAGE         64                        66     -2

PRECIPITATION (IN)
  YESTERDAY        0.83          2.95 2002   0.20   0.63     0.00
  MONTH TO DATE    2.13                      2.34  -0.21     3.09
  SINCE MAR 1     12.29                     11.10   1.19    16.05
  SINCE JAN 1     17.07                     17.98  -0.91    22.57

DEGREE DAYS
 HEATING
  YESTERDAY        1                         3     -2        5
  MONTH TO DATE   40                        41     -1       22
  SINCE MAR 1    619                       862   -243      799
  SINCE JUL 1   3511                      4359   -848     4577

 COOLING
  YESTERDAY        0                         3     -3        0
  MONTH TO DATE   32                        28      4       54
  SINCE MAR 1     50                        59     -9       82
  SINCE JAN 1     50                        59     -9       82
..................................................................


WIND (MPH)
  HIGHEST WIND SPEED    22   HIGHEST WIND DIRECTION    NW (330)
  HIGHEST GUST SPEED    26   HIGHEST GUST DIRECTION    NW (320)
  AVERAGE WIND SPEED     7.7


SKY COVER
  AVERAGE SKY COVER 0.6


WEATHER CONDITIONS
 THE FOLLOWING WEATHER WAS RECORDED YESTERDAY.
  THUNDERSTORM
  RAIN
  LIGHT RAIN
  FOG


RELATIVE HUMIDITY (PERCENT)
 HIGHEST    93
 LOWEST     53
 AVERAGE    73

..........................................................


THE CAPE GIRARDEAU MO CLIMATE NORMALS FOR TODAY
                         NORMAL    RECORD    YEAR
 MAXIMUM TEMPERATURE (F)   77        91      1962
 MINIMUM TEMPERATURE (F)   55        38      2013


SUNRISE AND SUNSET
MAY 13 2016...........SUNRISE   551 AM CDT   SUNSET   759 PM CDT
MAY 14 2016...........SUNRISE   550 AM CDT   SUNSET   800 PM CDT


-  INDICATES NEGATIVE NUMBERS.
R  INDICATES RECORD WAS SET OR TIED.
MM INDICATES DATA IS MISSING.
T  INDICATES TRACE AMOUNT.




$$
