000
CDUS43 KPAH 170633
CLICGI


CLIMATE REPORT
NATIONAL WEATHER SERVICE PADUCAH KY
1230 AM CST SAT JAN 17 2015


...................................

...THE CAPE GIRARDEAU MO CLIMATE SUMMARY FOR JANUARY 16 2015...

CLIMATE NORMAL PERIOD 1981 TO 2010
CLIMATE RECORD PERIOD 1960 TO 2015


WEATHER ITEM   OBSERVED TIME   RECORD YEAR NORMAL DEPARTURE LAST
                VALUE   (LST)  VALUE       VALUE  FROM      YEAR
                                                  NORMAL
..................................................................
TEMPERATURE (F)
 YESTERDAY
  MAXIMUM         49    259 PM  63    2012  42      7       46
  MINIMUM         22    711 AM -12    1982  24     -2       27
  AVERAGE         36                        33      3

PRECIPITATION (IN)
  YESTERDAY        0.00          1.10 1978   0.10  -0.10      T
  MONTH TO DATE    4.21                      1.78   2.43     1.99
  SINCE DEC 1      7.02                      6.03   0.99     7.55
  SINCE JAN 1      4.21                      1.78   2.43     1.99

DEGREE DAYS
 HEATING
  YESTERDAY       29                        32     -3       28
  MONTH TO DATE  585                       512     73      552
  SINCE DEC 1   1326                      1412    -86     1513
  SINCE JUL 1   2322                      2263     59     2419

 COOLING
  YESTERDAY        0                         0      0        0
  MONTH TO DATE    0                         0      0        0
  SINCE DEC 1      0                         0      0        0
  SINCE JAN 1      0                         0      0        0
..................................................................


WIND (MPH)
  HIGHEST WIND SPEED     9   HIGHEST WIND DIRECTION     S (180)
  HIGHEST GUST SPEED    11   HIGHEST GUST DIRECTION     S (170)
  AVERAGE WIND SPEED     2.4


SKY COVER
  AVERAGE SKY COVER 0.0


WEATHER CONDITIONS
 THE FOLLOWING WEATHER WAS RECORDED YESTERDAY.
  FOG


RELATIVE HUMIDITY (PERCENT)
 HIGHEST   100
 LOWEST     56
 AVERAGE    78

..........................................................


THE CAPE GIRARDEAU MO CLIMATE NORMALS FOR TODAY
                         NORMAL    RECORD    YEAR
 MAXIMUM TEMPERATURE (F)   42        65      1996
 MINIMUM TEMPERATURE (F)   24       -16      1977


SUNRISE AND SUNSET
JANUARY 17 2015.......SUNRISE   711 AM CST   SUNSET   507 PM CST
JANUARY 18 2015.......SUNRISE   710 AM CST   SUNSET   508 PM CST


-  INDICATES NEGATIVE NUMBERS.
R  INDICATES RECORD WAS SET OR TIED.
MM INDICATES DATA IS MISSING.
T  INDICATES TRACE AMOUNT.




$$
