000
CDUS43 KPAH 132128
CLICGI


CLIMATE REPORT
NATIONAL WEATHER SERVICE PADUCAH KY
426 PM CDT WED APR 13 2016

...................................

...THE CAPE GIRARDEAU MO CLIMATE SUMMARY FOR APRIL 13 2016...
VALID TODAY AS OF 0400 PM LOCAL TIME.

CLIMATE NORMAL PERIOD 1981 TO 2010
CLIMATE RECORD PERIOD 1960 TO 2016

WEATHER ITEM   OBSERVED TIME   RECORD YEAR NORMAL DEPARTURE LAST
                VALUE   (LST)  VALUE       VALUE  FROM      YEAR
                                                  NORMAL
..................................................................
TEMPERATURE (F)
 TODAY
  MAXIMUM         68    245 PM  86    1977  68      0       72
  MINIMUM         37    514 AM  33    2013  45     -8       57
                                      1973
  AVERAGE         53                        56     -3

PRECIPITATION (IN)
  TODAY            0.00          2.15 1991   0.13  -0.13     0.33
  MONTH TO DATE    0.49                      1.76  -1.27     2.31
  SINCE MAR 1      5.95                      6.16  -0.21    11.10
  SINCE JAN 1     10.73                     13.04  -2.31    17.62

DEGREE DAYS
 HEATING
  TODAY           12                         9      3        0
  MONTH TO DATE  169                       147     22       72
  SINCE MAR 1    557                       706   -149      678
  SINCE JUL 1   3449                      4203   -754     4456

 COOLING
  TODAY            0                         1     -1        0
  MONTH TO DATE    0                         7     -7       21
  SINCE MAR 1      0                        11    -11       21
  SINCE JAN 1      0                        11    -11       21
..................................................................

WIND (MPH)
  HIGHEST WIND SPEED    12   HIGHEST WIND DIRECTION     N (350)
  HIGHEST GUST SPEED    16   HIGHEST GUST DIRECTION    NE (60)
  AVERAGE WIND SPEED     6.0

SKY COVER
  AVERAGE SKY COVER 0.0

WEATHER CONDITIONS
 THE FOLLOWING WEATHER WAS RECORDED TODAY.
  NO SIGNIFICANT WEATHER WAS OBSERVED.

RELATIVE HUMIDITY (PERCENT)
 HIGHEST    85
 LOWEST     26
 AVERAGE    56
..........................................................

THE CAPE GIRARDEAU MO CLIMATE NORMALS FOR TOMORROW
                         NORMAL
 MAXIMUM TEMPERATURE (F)   68
 MINIMUM TEMPERATURE (F)   45

SUNRISE AND SUNSET
APRIL 13 2016.........SUNRISE   626 AM CDT   SUNSET   732 PM CDT
APRIL 14 2016.........SUNRISE   625 AM CDT   SUNSET   733 PM CDT

-  INDICATES NEGATIVE NUMBERS.
R  INDICATES RECORD WAS SET OR TIED.
MM INDICATES DATA IS MISSING.
T  INDICATES TRACE AMOUNT.

$$
