000
CDUS43 KPAH 140643
CLICGI


CLIMATE REPORT
NATIONAL WEATHER SERVICE PADUCAH KY
1240 AM CST FRI NOV 14 2014


...................................

...THE CAPE GIRARDEAU MO CLIMATE SUMMARY FOR NOVEMBER 13 2014...

CLIMATE NORMAL PERIOD 1981 TO 2010
CLIMATE RECORD PERIOD 1960 TO 2014


WEATHER ITEM   OBSERVED TIME   RECORD YEAR NORMAL DEPARTURE LAST
                VALUE   (LST)  VALUE       VALUE  FROM      YEAR
                                                  NORMAL
..................................................................
TEMPERATURE (F)
 YESTERDAY
  MAXIMUM         35    147 PM  80    1999  59    -24       43
  MINIMUM         20   1156 PM  14    1986  37    -17       17
  AVERAGE         28                        48    -20

PRECIPITATION (IN)
  YESTERDAY        0.00          0.96 1961   0.16  -0.16     0.00
  MONTH TO DATE    0.75                      1.78  -1.03     0.23
  SINCE SEP 1      7.11                      8.85  -1.74     4.87
  SINCE JAN 1     39.41                     39.90  -0.49    33.10

DEGREE DAYS
 HEATING
  YESTERDAY       37                        17     20       35
  MONTH TO DATE  281                       192     89      230
  SINCE SEP 1    530                       494     36      496
  SINCE JUL 1    530                       495     35      497

 COOLING
  YESTERDAY        0                         0      0        0
  MONTH TO DATE    0                         0      0        0
  SINCE SEP 1    185                       191     -6      260
  SINCE JAN 1   1424                      1451    -27     1441
..................................................................


WIND (MPH)
  HIGHEST WIND SPEED    20   HIGHEST WIND DIRECTION     N (360)
  HIGHEST GUST SPEED    25   HIGHEST GUST DIRECTION    NW (330)
  AVERAGE WIND SPEED    10.6


SKY COVER
  AVERAGE SKY COVER 0.3


WEATHER CONDITIONS
 THE FOLLOWING WEATHER WAS RECORDED YESTERDAY.
  NO SIGNIFICANT WEATHER WAS OBSERVED.


RELATIVE HUMIDITY (PERCENT)
 HIGHEST    68
 LOWEST     43
 AVERAGE    56

..........................................................


THE CAPE GIRARDEAU MO CLIMATE NORMALS FOR TODAY
                         NORMAL    RECORD    YEAR
 MAXIMUM TEMPERATURE (F)   58        80      1964
 MINIMUM TEMPERATURE (F)   37        13      1986


SUNRISE AND SUNSET
NOVEMBER 14 2014......SUNRISE   636 AM CST   SUNSET   449 PM CST
NOVEMBER 15 2014......SUNRISE   637 AM CST   SUNSET   448 PM CST


-  INDICATES NEGATIVE NUMBERS.
R  INDICATES RECORD WAS SET OR TIED.
MM INDICATES DATA IS MISSING.
T  INDICATES TRACE AMOUNT.




$$
