000
CDUS43 KPAH 080633
CLICGI


CLIMATE REPORT
NATIONAL WEATHER SERVICE PADUCAH KY
130 AM CDT MON SEP 8 2014


...................................

...THE CAPE GIRARDEAU MO CLIMATE SUMMARY FOR SEPTEMBER 7 2014...

CLIMATE NORMAL PERIOD 1981 TO 2010
CLIMATE RECORD PERIOD 1960 TO 2014


WEATHER ITEM   OBSERVED TIME   RECORD YEAR NORMAL DEPARTURE LAST
                VALUE   (LST)  VALUE       VALUE  FROM      YEAR
                                                  NORMAL
..................................................................
TEMPERATURE (F)
 YESTERDAY
  MAXIMUM         81    344 PM  99    1960  85     -4       89
  MINIMUM         58   1159 PM  46    2011  60     -2       58
  AVERAGE         70                        72     -2

PRECIPITATION (IN)
  YESTERDAY        0.00          0.79 1969   0.11  -0.11     0.00
  MONTH TO DATE    0.00                      0.77  -0.77      T
  SINCE SEP 1      0.00                      0.77  -0.77      T
  SINCE JAN 1     32.30                     31.82   0.48    28.23

DEGREE DAYS
 HEATING
  YESTERDAY        0                         0      0        0
  MONTH TO DATE    0                         0      0        0
  SINCE SEP 1      0                         0      0        0
  SINCE JUL 1      0                         1     -1        1

 COOLING
  YESTERDAY        5                         8     -3        9
  MONTH TO DATE   79                        60     19       56
  SINCE SEP 1     79                        60     19       56
  SINCE JAN 1   1318                      1320     -2     1237
..................................................................


WIND (MPH)
  HIGHEST WIND SPEED    15   HIGHEST WIND DIRECTION    NE (60)
  HIGHEST GUST SPEED    20   HIGHEST GUST DIRECTION     N (20)
  AVERAGE WIND SPEED     6.7


SKY COVER
  AVERAGE SKY COVER 0.0


WEATHER CONDITIONS
 THE FOLLOWING WEATHER WAS RECORDED YESTERDAY.
  FOG


RELATIVE HUMIDITY (PERCENT)
 HIGHEST    93
 LOWEST     45
 AVERAGE    69

..........................................................


THE CAPE GIRARDEAU MO CLIMATE NORMALS FOR TODAY
                         NORMAL    RECORD    YEAR
 MAXIMUM TEMPERATURE (F)   84        98      1960
 MINIMUM TEMPERATURE (F)   60        46      2011


SUNRISE AND SUNSET
SEPTEMBER  8 2014.....SUNRISE   635 AM CDT   SUNSET   717 PM CDT
SEPTEMBER  9 2014.....SUNRISE   635 AM CDT   SUNSET   715 PM CDT


-  INDICATES NEGATIVE NUMBERS.
R  INDICATES RECORD WAS SET OR TIED.
MM INDICATES DATA IS MISSING.
T  INDICATES TRACE AMOUNT.




$$
