936
CDUS43 KPAH 140635
CLICGI


CLIMATE REPORT
NATIONAL WEATHER SERVICE PADUCAH KY
1232 AM CST TUE FEB 14 2017


...................................

...THE CAPE GIRARDEAU MO CLIMATE SUMMARY FOR FEBRUARY 13 2017...

CLIMATE NORMAL PERIOD 1981 TO 2010
CLIMATE RECORD PERIOD 1960 TO 2017


WEATHER ITEM   OBSERVED TIME   RECORD YEAR NORMAL DEPARTURE LAST
                VALUE   (LST)  VALUE       VALUE  FROM      YEAR
                                                  NORMAL
..................................................................
TEMPERATURE (F)
 YESTERDAY
  MAXIMUM         49    232 PM  79    1962  47      2       28
  MINIMUM         25    702 AM   5    1980  28     -3       16
  AVERAGE         37                        37      0

PRECIPITATION (IN)
  YESTERDAY        0.00          3.16 1989   0.13  -0.13     0.00
  MONTH TO DATE    0.53                      1.62  -1.09     0.05
  SINCE DEC 1      5.83                      9.34  -3.51     4.10
  SINCE JAN 1      2.49                      5.09  -2.60     1.71

DEGREE DAYS
 HEATING
  YESTERDAY       28                        28      0       43
  MONTH TO DATE  299                       380    -81      379
  SINCE DEC 1   1950                      2267   -317     1894
  SINCE JUL 1   2527                      3118   -591     2544

 COOLING
  YESTERDAY        0                         0      0        0
  MONTH TO DATE    0                         0      0        0
  SINCE DEC 1      0                         0      0        2
  SINCE JAN 1      0                         0      0        0
..................................................................


WIND (MPH)
  HIGHEST WIND SPEED    10   HIGHEST WIND DIRECTION     W (260)
  HIGHEST GUST SPEED    14   HIGHEST GUST DIRECTION     W (260)
  AVERAGE WIND SPEED     2.4


SKY COVER
  AVERAGE SKY COVER 0.1


WEATHER CONDITIONS
 THE FOLLOWING WEATHER WAS RECORDED YESTERDAY.
  NO SIGNIFICANT WEATHER WAS OBSERVED.


RELATIVE HUMIDITY (PERCENT)
 HIGHEST    85
 LOWEST     34
 AVERAGE    60

..........................................................


THE CAPE GIRARDEAU MO CLIMATE NORMALS FOR TODAY
                         NORMAL    RECORD    YEAR
 MAXIMUM TEMPERATURE (F)   47        67      2005
 MINIMUM TEMPERATURE (F)   28        11      1971


SUNRISE AND SUNSET
FEBRUARY 14 2017......SUNRISE   648 AM CST   SUNSET   537 PM CST
FEBRUARY 15 2017......SUNRISE   647 AM CST   SUNSET   538 PM CST


-  INDICATES NEGATIVE NUMBERS.
R  INDICATES RECORD WAS SET OR TIED.
MM INDICATES DATA IS MISSING.
T  INDICATES TRACE AMOUNT.




$$
