250
CDUS43 KPAH 310630
CLICGI


CLIMATE REPORT
NATIONAL WEATHER SERVICE PADUCAH KY
1229 AM CST SUN JAN 31 2016


...................................

...THE CAPE GIRARDEAU MO CLIMATE SUMMARY FOR JANUARY 30 2016...

CLIMATE NORMAL PERIOD 1981 TO 2010
CLIMATE RECORD PERIOD 1960 TO 2016


WEATHER ITEM   OBSERVED TIME   RECORD YEAR NORMAL DEPARTURE LAST
                VALUE   (LST)  VALUE       VALUE  FROM      YEAR
                                                  NORMAL
..................................................................
TEMPERATURE (F)
 YESTERDAY
  MAXIMUM         62    239 PM  63    1967  44     18       44
  MINIMUM         36    108 AM  -5    1966  25     11       29
  AVERAGE         49                        34     15

PRECIPITATION (IN)
  YESTERDAY        0.00          4.81 1982   0.12  -0.12     0.00
  MONTH TO DATE    1.63                      3.34  -1.71     4.77
  SINCE DEC 1      4.02                      7.59  -3.57     7.58
  SINCE JAN 1      1.63                      3.34  -1.71     4.77

DEGREE DAYS
 HEATING
  YESTERDAY       16                        31    -15       28
  MONTH TO DATE  946                       955     -9      943
  SINCE DEC 1   1508                      1855   -347     1684
  SINCE JUL 1   2158                      2706   -548     2680

 COOLING
  YESTERDAY        0                         0      0        0
  MONTH TO DATE    0                         0      0        0
  SINCE DEC 1      2                         0      2        0
  SINCE JAN 1      0                         0      0        0
..................................................................


WIND (MPH)
  HIGHEST WIND SPEED    22   HIGHEST WIND DIRECTION     S (190)
  HIGHEST GUST SPEED    30   HIGHEST GUST DIRECTION     S (200)
  AVERAGE WIND SPEED    11.9


SKY COVER
  AVERAGE SKY COVER 0.0


WEATHER CONDITIONS
 THE FOLLOWING WEATHER WAS RECORDED YESTERDAY.
  NO SIGNIFICANT WEATHER WAS OBSERVED.


RELATIVE HUMIDITY (PERCENT)
 HIGHEST    80
 LOWEST     51
 AVERAGE    66

..........................................................


THE CAPE GIRARDEAU MO CLIMATE NORMALS FOR TODAY
                         NORMAL    RECORD    YEAR
 MAXIMUM TEMPERATURE (F)   44        66      1993
 MINIMUM TEMPERATURE (F)   25        -8      1965


SUNRISE AND SUNSET
JANUARY 31 2016.......SUNRISE   702 AM CST   SUNSET   521 PM CST
FEBRUARY  1 2016......SUNRISE   702 AM CST   SUNSET   522 PM CST


-  INDICATES NEGATIVE NUMBERS.
R  INDICATES RECORD WAS SET OR TIED.
MM INDICATES DATA IS MISSING.
T  INDICATES TRACE AMOUNT.




$$
