000
CDUS43 KPAH 010632
CLICGI


CLIMATE REPORT
NATIONAL WEATHER SERVICE PADUCAH KY
131 AM CDT SUN OCT 1 2017


...................................

...THE CAPE GIRARDEAU MO CLIMATE SUMMARY FOR SEPTEMBER 30 2017...

CLIMATE NORMAL PERIOD 1981 TO 2010
CLIMATE RECORD PERIOD 1960 TO 2017


WEATHER ITEM   OBSERVED TIME   RECORD YEAR NORMAL DEPARTURE LAST
                VALUE   (LST)  VALUE       VALUE  FROM      YEAR
                                                  NORMAL
..................................................................
TEMPERATURE (F)
 YESTERDAY
  MAXIMUM         78    309 PM  95    1971  76      2       68
  MINIMUM         48   1017 PM  33    1999  50     -2       55
  AVERAGE         63                        63      0

PRECIPITATION (IN)
  YESTERDAY        0.00          2.06 1965   0.11  -0.11     0.02
  MONTH TO DATE    0.73                      3.28  -2.55     5.05
  SINCE SEP 1      0.73                      3.28  -2.55     5.05
  SINCE JAN 1     26.48                     34.33  -7.85    41.75

DEGREE DAYS
 HEATING
  YESTERDAY        2                         4     -2        3
  MONTH TO DATE   16                        45    -29       19
  SINCE SEP 1     16                        48    -32       19
  SINCE JUL 1     16                        49    -33       19

 COOLING
  YESTERDAY        0                         2     -2        0
  MONTH TO DATE  191                       162     29      257
  SINCE SEP 1    191                       162     29      257
  SINCE JAN 1   1393                      1422    -29     1700
..................................................................


WIND (MPH)
  HIGHEST WIND SPEED    16   HIGHEST WIND DIRECTION     N (20)
  HIGHEST GUST SPEED    20   HIGHEST GUST DIRECTION    NE (40)
  AVERAGE WIND SPEED     7.6


SKY COVER
  AVERAGE SKY COVER 0.0


WEATHER CONDITIONS
 THE FOLLOWING WEATHER WAS RECORDED YESTERDAY.
  NO SIGNIFICANT WEATHER WAS OBSERVED.


RELATIVE HUMIDITY (PERCENT)
 HIGHEST    86
 LOWEST     26
 AVERAGE    56

..........................................................


THE CAPE GIRARDEAU MO CLIMATE NORMALS FOR TODAY
                         NORMAL    RECORD    YEAR
 MAXIMUM TEMPERATURE (F)   75        92      1971
 MINIMUM TEMPERATURE (F)   50        35      1984


SUNRISE AND SUNSET
OCTOBER  1 2017.......SUNRISE   654 AM CDT   SUNSET   641 PM CDT
OCTOBER  2 2017.......SUNRISE   655 AM CDT   SUNSET   640 PM CDT


-  INDICATES NEGATIVE NUMBERS.
R  INDICATES RECORD WAS SET OR TIED.
MM INDICATES DATA IS MISSING.
T  INDICATES TRACE AMOUNT.




$$
