000
CDUS43 KPAH 032131
CLICGI


CLIMATE REPORT
NATIONAL WEATHER SERVICE PADUCAH KY
430 PM CDT THU APR 3 2014


...................................

...THE CAPE GIRARDEAU MO CLIMATE SUMMARY FOR APRIL 3 2014...
VALID TODAY AS OF 0400 PM LOCAL TIME.

CLIMATE NORMAL PERIOD 1981 TO 2010
CLIMATE RECORD PERIOD 1960 TO 2014


WEATHER ITEM   OBSERVED TIME   RECORD YEAR NORMAL DEPARTURE LAST
                VALUE   (LST)  VALUE       VALUE  FROM      YEAR
                                                  NORMAL
..................................................................
TEMPERATURE (F)
 TODAY
  MAXIMUM         MM        MM  84    1986  65     MM       54
  MINIMUM         MM        MM  25    1987  41     MM       31
  AVERAGE         MM                        53     MM

PRECIPITATION (IN)
  TODAY            0.01          3.65 2008   0.13  -0.12     0.00
  MONTH TO DATE    0.08                      0.42  -0.34     0.00
  SINCE MAR 1      2.39                      4.82  -2.43     2.55
  SINCE JAN 1      5.53                     11.70  -6.17     9.17

DEGREE DAYS
 HEATING
  TODAY           MM                        13     MM       22
  MONTH TO DATE    5                        39    -34       66
  SINCE MAR 1    723                       598    125      788
  SINCE JUL 1   4648                      4095    553     4027

 COOLING
  TODAY           MM                         0     MM        0
  MONTH TO DATE    0                         0      0        0
  SINCE MAR 1      0                         4     -4        0
  SINCE JAN 1      0                         4     -4        0
..................................................................


WIND (MPH)
  HIGHEST WIND SPEED    24   HIGHEST WIND DIRECTION    SW (210)
  HIGHEST GUST SPEED    37   HIGHEST GUST DIRECTION    SW (210)
  AVERAGE WIND SPEED    15.5


SKY COVER
  AVERAGE SKY COVER 0.8


WEATHER CONDITIONS
 THE FOLLOWING WEATHER WAS RECORDED TODAY.
  THUNDERSTORM
  LIGHT RAIN


RELATIVE HUMIDITY (PERCENT)
 HIGHEST    93
 LOWEST     74
 AVERAGE    84

..........................................................


THE CAPE GIRARDEAU MO CLIMATE NORMALS FOR TOMORROW
                         NORMAL
 MAXIMUM TEMPERATURE (F)   65
 MINIMUM TEMPERATURE (F)   41


SUNRISE AND SUNSET
APRIL  3 2014.........SUNRISE   641 AM CDT   SUNSET   723 PM CDT
APRIL  4 2014.........SUNRISE   640 AM CDT   SUNSET   724 PM CDT


-  INDICATES NEGATIVE NUMBERS.
R  INDICATES RECORD WAS SET OR TIED.
MM INDICATES DATA IS MISSING.
T  INDICATES TRACE AMOUNT.




$$
