000
CDUS43 KPAH 182233
CLICGI


CLIMATE REPORT
NATIONAL WEATHER SERVICE PADUCAH KY
432 PM CST TUE NOV 18 2014


...................................

...THE CAPE GIRARDEAU MO CLIMATE SUMMARY FOR NOVEMBER 18 2014...
VALID TODAY AS OF 0400 PM LOCAL TIME.

CLIMATE NORMAL PERIOD 1981 TO 2010
CLIMATE RECORD PERIOD 1960 TO 2014


WEATHER ITEM   OBSERVED TIME   RECORD YEAR NORMAL DEPARTURE LAST
                VALUE   (LST)  VALUE       VALUE  FROM      YEAR
                                                  NORMAL
..................................................................
TEMPERATURE (F)
 TODAY
  MAXIMUM         29    348 PM  73    1985  56    -27       60
  MINIMUM          8R   423 AM  17    2000  35    -27       35
  AVERAGE         19                        46    -27

PRECIPITATION (IN)
  TODAY            0.00          1.48 1969   0.16  -0.16     0.00
  MONTH TO DATE    1.04                      2.55  -1.51     1.31
  SINCE SEP 1      7.40                      9.62  -2.22     5.95
  SINCE JAN 1     39.70                     40.67  -0.97    34.18

DEGREE DAYS
 HEATING
  TODAY           46                        19     27       17
  MONTH TO DATE  471                       283    188      300
  SINCE SEP 1    720                       585    135      566
  SINCE JUL 1    720                       586    134      567

 COOLING
  TODAY            0                         0      0        0
  MONTH TO DATE    0                         0      0        0
  SINCE SEP 1    185                       191     -6      260
  SINCE JAN 1   1424                      1451    -27     1441
..................................................................


WIND (MPH)
  HIGHEST WIND SPEED    14   HIGHEST WIND DIRECTION     W (260)
  HIGHEST GUST SPEED    17   HIGHEST GUST DIRECTION    SW (210)
  AVERAGE WIND SPEED     7.6


SKY COVER
  AVERAGE SKY COVER 0.0


WEATHER CONDITIONS
 THE FOLLOWING WEATHER WAS RECORDED TODAY.
  NO SIGNIFICANT WEATHER WAS OBSERVED.


RELATIVE HUMIDITY (PERCENT)
 HIGHEST    80
 LOWEST     46
 AVERAGE    63

..........................................................


THE CAPE GIRARDEAU MO CLIMATE NORMALS FOR TOMORROW
                         NORMAL
 MAXIMUM TEMPERATURE (F)   56
 MINIMUM TEMPERATURE (F)   35


SUNRISE AND SUNSET
NOVEMBER 18 2014......SUNRISE   640 AM CST   SUNSET   446 PM CST
NOVEMBER 19 2014......SUNRISE   642 AM CST   SUNSET   446 PM CST


-  INDICATES NEGATIVE NUMBERS.
R  INDICATES RECORD WAS SET OR TIED.
MM INDICATES DATA IS MISSING.
T  INDICATES TRACE AMOUNT.




$$
