000
CDUS43 KPAH 100642
CLICGI


CLIMATE REPORT
NATIONAL WEATHER SERVICE PADUCAH KY
139 AM CDT SAT SEP 10 2016


...................................

...THE CAPE GIRARDEAU MO CLIMATE SUMMARY FOR SEPTEMBER 9 2016...

CLIMATE NORMAL PERIOD 1981 TO 2010
CLIMATE RECORD PERIOD 1960 TO 2016


WEATHER ITEM   OBSERVED TIME   RECORD YEAR NORMAL DEPARTURE LAST
                VALUE   (LST)  VALUE       VALUE  FROM      YEAR
                                                  NORMAL
..................................................................
TEMPERATURE (F)
 YESTERDAY
  MAXIMUM         90    305 PM  99    1980  84      6       77
  MINIMUM         72    539 AM  47    2004  59     13       64
  AVERAGE         81                        72      9

PRECIPITATION (IN)
  YESTERDAY        0.00          1.67 2010   0.11  -0.11     0.75
  MONTH TO DATE    2.28                      0.99   1.29     1.06
  SINCE SEP 1      2.28                      0.99   1.29     1.06
  SINCE JAN 1     38.98                     32.04   6.94    44.61

DEGREE DAYS
 HEATING
  YESTERDAY        0                         0      0        0
  MONTH TO DATE    0                         0      0        0
  SINCE SEP 1      0                         0      0        0
  SINCE JUL 1      0                         1     -1        0

 COOLING
  YESTERDAY       16                         7      9        6
  MONTH TO DATE  104                        74     30      118
  SINCE SEP 1    104                        74     30      118
  SINCE JAN 1   1547                      1334    213     1447
..................................................................


WIND (MPH)
  HIGHEST WIND SPEED    17   HIGHEST WIND DIRECTION    SW (210)
  HIGHEST GUST SPEED    23   HIGHEST GUST DIRECTION     S (190)
  AVERAGE WIND SPEED     7.0


SKY COVER
  AVERAGE SKY COVER 0.5


WEATHER CONDITIONS
 THE FOLLOWING WEATHER WAS RECORDED YESTERDAY.
  FOG


RELATIVE HUMIDITY (PERCENT)
 HIGHEST   100
 LOWEST     59
 AVERAGE    80

..........................................................


THE CAPE GIRARDEAU MO CLIMATE NORMALS FOR TODAY
                         NORMAL    RECORD    YEAR
 MAXIMUM TEMPERATURE (F)   84        96      1983
 MINIMUM TEMPERATURE (F)   59        46      1969


SUNRISE AND SUNSET
SEPTEMBER 10 2016.....SUNRISE   637 AM CDT   SUNSET   713 PM CDT
SEPTEMBER 11 2016.....SUNRISE   637 AM CDT   SUNSET   711 PM CDT


-  INDICATES NEGATIVE NUMBERS.
R  INDICATES RECORD WAS SET OR TIED.
MM INDICATES DATA IS MISSING.
T  INDICATES TRACE AMOUNT.




$$
