000
CDUS43 KPAH 012128
CLICGI


CLIMATE REPORT
NATIONAL WEATHER SERVICE PADUCAH KY
427 PM CDT TUE AUG 1 2017


...................................

...THE CAPE GIRARDEAU MO CLIMATE SUMMARY FOR AUGUST 1 2017...
VALID TODAY AS OF 0400 PM LOCAL TIME.

CLIMATE NORMAL PERIOD 1981 TO 2010
CLIMATE RECORD PERIOD 1960 TO 2017


WEATHER ITEM   OBSERVED TIME   RECORD YEAR NORMAL DEPARTURE LAST
                VALUE   (LST)  VALUE       VALUE  FROM      YEAR
                                                  NORMAL
..................................................................
TEMPERATURE (F)
 TODAY
  MAXIMUM         86    157 PM  98    1970  89     -3       89
  MINIMUM         66   1257 AM  54    1971  67     -1       71
  AVERAGE         76                        78     -2

PRECIPITATION (IN)
  TODAY            0.00          0.70 1967   0.10  -0.10     0.38
  MONTH TO DATE    0.00                      0.10  -0.10     0.38
  SINCE JUN 1      4.32                      7.03  -2.71     7.54
  SINCE JAN 1     23.54                     28.13  -4.59    30.82

DEGREE DAYS
 HEATING
  TODAY            0                         0      0        0
  MONTH TO DATE    0                         0      0        0
  SINCE JUN 1      0                         4     -4        0
  SINCE JUL 1      0                         0      0        0

 COOLING
  TODAY           11                        13     -2       15
  MONTH TO DATE   11                        13     -2       15
  SINCE JUN 1    760                       747     13      902
  SINCE JAN 1    935                       899     36     1023
..................................................................


WIND (MPH)
  HIGHEST WIND SPEED    12   HIGHEST WIND DIRECTION    SW (210)
  HIGHEST GUST SPEED    15   HIGHEST GUST DIRECTION    SW (220)
  AVERAGE WIND SPEED     3.2


SKY COVER
  AVERAGE SKY COVER 0.0


WEATHER CONDITIONS
 THE FOLLOWING WEATHER WAS RECORDED TODAY.
  FOG


RELATIVE HUMIDITY (PERCENT)
 HIGHEST    93
 LOWEST     48
 AVERAGE    71

..........................................................


THE CAPE GIRARDEAU MO CLIMATE NORMALS FOR TOMORROW
                         NORMAL
 MAXIMUM TEMPERATURE (F)   89
 MINIMUM TEMPERATURE (F)   67


SUNRISE AND SUNSET
AUGUST  1 2017........SUNRISE   603 AM CDT   SUNSET   805 PM CDT
AUGUST  2 2017........SUNRISE   604 AM CDT   SUNSET   805 PM CDT


-  INDICATES NEGATIVE NUMBERS.
R  INDICATES RECORD WAS SET OR TIED.
MM INDICATES DATA IS MISSING.
T  INDICATES TRACE AMOUNT.




$$
