614
CDUS43 KPAH 170629
CLICGI


CLIMATE REPORT
NATIONAL WEATHER SERVICE PADUCAH KY
128 AM CDT SUN JUL 17 2016


...................................

...THE CAPE GIRARDEAU MO CLIMATE SUMMARY FOR JULY 16 2016...

CLIMATE NORMAL PERIOD 1981 TO 2010
CLIMATE RECORD PERIOD 1960 TO 2016


WEATHER ITEM   OBSERVED TIME   RECORD YEAR NORMAL DEPARTURE LAST
                VALUE   (LST)  VALUE       VALUE  FROM      YEAR
                                                  NORMAL
..................................................................
TEMPERATURE (F)
 YESTERDAY
  MAXIMUM         89    350 PM 104    1980  90     -1       88
  MINIMUM         67    249 AM  56    2014  68     -1       69
                                      1967
  AVERAGE         78                        79     -1

PRECIPITATION (IN)
  YESTERDAY        0.00          1.17 1972   0.10  -0.10     0.00
  MONTH TO DATE    3.15                      1.75   1.40     7.81
  SINCE JUN 1      4.43                      5.32  -0.89    12.13
  SINCE JAN 1     27.71                     26.42   1.29    37.57

DEGREE DAYS
 HEATING
  YESTERDAY        0                         0      0        0
  MONTH TO DATE    0                         0      0        0
  SINCE JUN 1      0                         4     -4        5
  SINCE JUL 1      0                         0      0        0

 COOLING
  YESTERDAY       13                        14     -1       14
  MONTH TO DATE  224                       221      3      212
  SINCE JUN 1    635                       533    102      593
  SINCE JAN 1    756                       685     71      770
..................................................................


WIND (MPH)
  HIGHEST WIND SPEED    13   HIGHEST WIND DIRECTION     E (80)
  HIGHEST GUST SPEED    15   HIGHEST GUST DIRECTION     E (80)
  AVERAGE WIND SPEED     5.0


SKY COVER
  AVERAGE SKY COVER 0.2


WEATHER CONDITIONS
 THE FOLLOWING WEATHER WAS RECORDED YESTERDAY.
  FOG
  FOG W/VISIBILITY <= 1/4 MILE


RELATIVE HUMIDITY (PERCENT)
 HIGHEST   100
 LOWEST     50
 AVERAGE    75

..........................................................


THE CAPE GIRARDEAU MO CLIMATE NORMALS FOR TODAY
                         NORMAL    RECORD    YEAR
 MAXIMUM TEMPERATURE (F)   90        99      1988
 MINIMUM TEMPERATURE (F)   68        56      2014
                                             1960


SUNRISE AND SUNSET
JULY 17 2016..........SUNRISE   552 AM CDT   SUNSET   817 PM CDT
JULY 18 2016..........SUNRISE   552 AM CDT   SUNSET   816 PM CDT


-  INDICATES NEGATIVE NUMBERS.
R  INDICATES RECORD WAS SET OR TIED.
MM INDICATES DATA IS MISSING.
T  INDICATES TRACE AMOUNT.




$$
