000
CDUS43 KPAH 100629
CLICGI


CLIMATE REPORT
NATIONAL WEATHER SERVICE PADUCAH KY
127 AM CDT TUE MAY 10 2016


...................................

...THE CAPE GIRARDEAU MO CLIMATE SUMMARY FOR MAY 9 2016...

CLIMATE NORMAL PERIOD 1981 TO 2010
CLIMATE RECORD PERIOD 1960 TO 2016


WEATHER ITEM   OBSERVED TIME   RECORD YEAR NORMAL DEPARTURE LAST
                VALUE   (LST)  VALUE       VALUE  FROM      YEAR
                                                  NORMAL
..................................................................
TEMPERATURE (F)
 YESTERDAY
  MAXIMUM         76    227 PM  89    1963  76      0       79
  MINIMUM         61   1159 PM  36    1980  54      7       64
  AVERAGE         69                        65      4

PRECIPITATION (IN)
  YESTERDAY        0.41          1.38 2014   0.19   0.22     0.46
  MONTH TO DATE    0.41                      1.75  -1.34     0.65
  SINCE MAR 1     10.57                     10.51   0.06    13.61
  SINCE JAN 1     15.35                     17.39  -2.04    20.13

DEGREE DAYS
 HEATING
  YESTERDAY        0                         3     -3        0
  MONTH TO DATE   39                        32      7       17
  SINCE MAR 1    618                       853   -235      794
  SINCE JUL 1   3510                      4350   -840     4572

 COOLING
  YESTERDAY        4                         3      1        7
  MONTH TO DATE   18                        19     -1       44
  SINCE MAR 1     36                        50    -14       72
  SINCE JAN 1     36                        50    -14       72
..................................................................


WIND (MPH)
  HIGHEST WIND SPEED    35   HIGHEST WIND DIRECTION    SW (230)
  HIGHEST GUST SPEED    49   HIGHEST GUST DIRECTION    SW (240)
  AVERAGE WIND SPEED    11.3


SKY COVER
  AVERAGE SKY COVER 0.8


WEATHER CONDITIONS
 THE FOLLOWING WEATHER WAS RECORDED YESTERDAY.
  THUNDERSTORM
  HEAVY RAIN
  RAIN
  LIGHT RAIN
  FOG


RELATIVE HUMIDITY (PERCENT)
 HIGHEST    93
 LOWEST     61
 AVERAGE    77

..........................................................


THE CAPE GIRARDEAU MO CLIMATE NORMALS FOR TODAY
                         NORMAL    RECORD    YEAR
 MAXIMUM TEMPERATURE (F)   76        89      1987
 MINIMUM TEMPERATURE (F)   54        35      1966


SUNRISE AND SUNSET
MAY 10 2016...........SUNRISE   554 AM CDT   SUNSET   756 PM CDT
MAY 11 2016...........SUNRISE   553 AM CDT   SUNSET   757 PM CDT


-  INDICATES NEGATIVE NUMBERS.
R  INDICATES RECORD WAS SET OR TIED.
MM INDICATES DATA IS MISSING.
T  INDICATES TRACE AMOUNT.




$$
