000
CDUS43 KPAH 010629
CLICGI


CLIMATE REPORT
NATIONAL WEATHER SERVICE PADUCAH KY
127 AM CDT TUE APR 1 2014

...................................

...THE CAPE GIRARDEAU MO CLIMATE SUMMARY FOR MARCH 31 2014...

CLIMATE NORMAL PERIOD 1981 TO 2010
CLIMATE RECORD PERIOD 1960 TO 2014

WEATHER ITEM   OBSERVED TIME   RECORD YEAR NORMAL DEPARTURE LAST
                VALUE   (LST)  VALUE       VALUE  FROM      YEAR
                                                  NORMAL
..................................................................
TEMPERATURE (F)
 YESTERDAY
  MAXIMUM         70    335 PM  83    1986  64      6       65
  MINIMUM         40    128 AM  25    2003  40      0       47
  AVERAGE         55                        52      3

PRECIPITATION (IN)
  YESTERDAY        0.01          1.51 2008   0.16  -0.15      T
  MONTH TO DATE    2.31                      4.40  -2.09     2.55
  SINCE MAR 1      2.31                      4.40  -2.09     2.55
  SINCE JAN 1      5.45                     11.28  -5.83     9.17

DEGREE DAYS
 HEATING
  YESTERDAY       10                        13     -3        9
  MONTH TO DATE  718                       559    159      722
  SINCE MAR 1    718                       559    159      722
  SINCE JUL 1   4643                      4056    587     3961

 COOLING
  YESTERDAY        0                         0      0        0
  MONTH TO DATE    0                         4     -4        0
  SINCE MAR 1      0                         4     -4        0
  SINCE JAN 1      0                         4     -4        0
..................................................................

WIND (MPH)
  HIGHEST WIND SPEED    39   HIGHEST WIND DIRECTION    SE (140)
  HIGHEST GUST SPEED    46   HIGHEST GUST DIRECTION    SE (140)
  AVERAGE WIND SPEED    12.4

SKY COVER
  AVERAGE SKY COVER 0.3

WEATHER CONDITIONS
 THE FOLLOWING WEATHER WAS RECORDED YESTERDAY.
  LIGHT RAIN
  FOG

RELATIVE HUMIDITY (PERCENT)
 HIGHEST    82
 LOWEST     33
 AVERAGE    58
..........................................................

THE CAPE GIRARDEAU MO CLIMATE NORMALS FOR TODAY
                         NORMAL    RECORD    YEAR
 MAXIMUM TEMPERATURE (F)   64        85      2012
 MINIMUM TEMPERATURE (F)   41        29      1995

SUNRISE AND SUNSET
APRIL  1 2014.........SUNRISE   644 AM CDT   SUNSET   721 PM CDT
APRIL  2 2014.........SUNRISE   643 AM CDT   SUNSET   722 PM CDT

-  INDICATES NEGATIVE NUMBERS.
R  INDICATES RECORD WAS SET OR TIED.
MM INDICATES DATA IS MISSING.
T  INDICATES TRACE AMOUNT.

$$
