000
CDUS43 KPAH 110723
CLICGI


CLIMATE REPORT
NATIONAL WEATHER SERVICE PADUCAH KY
220 AM CDT THU SEP 11 2014


...................................

...THE CAPE GIRARDEAU MO CLIMATE SUMMARY FOR SEPTEMBER 10 2014...

CLIMATE NORMAL PERIOD 1981 TO 2010
CLIMATE RECORD PERIOD 1960 TO 2014


WEATHER ITEM   OBSERVED TIME   RECORD YEAR NORMAL DEPARTURE LAST
                VALUE   (LST)  VALUE       VALUE  FROM      YEAR
                                                  NORMAL
..................................................................
TEMPERATURE (F)
 YESTERDAY
  MAXIMUM         89    357 PM  96    1983  84      5       94
  MINIMUM         73   1159 PM  46    1969  59     14       71
  AVERAGE         81                        71     10

PRECIPITATION (IN)
  YESTERDAY        1.41          2.25 2010   0.11   1.30     0.00
  MONTH TO DATE    1.41                      1.10   0.31      T
  SINCE SEP 1      1.41                      1.10   0.31      T
  SINCE JAN 1     33.71                     32.15   1.56    28.23

DEGREE DAYS
 HEATING
  YESTERDAY        0                         0      0        0
  MONTH TO DATE    0                         0      0        0
  SINCE SEP 1      0                         0      0        0
  SINCE JUL 1      0                         1     -1        1

 COOLING
  YESTERDAY       16                         7      9       18
  MONTH TO DATE  107                        81     26      104
  SINCE SEP 1    107                        81     26      104
  SINCE JAN 1   1346                      1341      5     1285
..................................................................


WIND (MPH)
  HIGHEST WIND SPEED    22   HIGHEST WIND DIRECTION    SW (210)
  HIGHEST GUST SPEED    30   HIGHEST GUST DIRECTION     S (190)
  AVERAGE WIND SPEED    11.3


SKY COVER
  AVERAGE SKY COVER 0.4


WEATHER CONDITIONS
 THE FOLLOWING WEATHER WAS RECORDED YESTERDAY.
  THUNDERSTORM
  HEAVY RAIN
  RAIN
  LIGHT RAIN
  FOG


RELATIVE HUMIDITY (PERCENT)
 HIGHEST    93
 LOWEST     59
 AVERAGE    76

..........................................................


THE CAPE GIRARDEAU MO CLIMATE NORMALS FOR TODAY
                         NORMAL    RECORD    YEAR
 MAXIMUM TEMPERATURE (F)   83        95      1991
 MINIMUM TEMPERATURE (F)   58        46      1998


SUNRISE AND SUNSET
SEPTEMBER 11 2014.....SUNRISE   637 AM CDT   SUNSET   712 PM CDT
SEPTEMBER 12 2014.....SUNRISE   638 AM CDT   SUNSET   711 PM CDT


-  INDICATES NEGATIVE NUMBERS.
R  INDICATES RECORD WAS SET OR TIED.
MM INDICATES DATA IS MISSING.
T  INDICATES TRACE AMOUNT.




$$
