000
CDUS43 KPAH 230639
CLICGI


CLIMATE REPORT
NATIONAL WEATHER SERVICE PADUCAH KY
137 AM CDT TUE SEP 23 2014

...................................

...THE CAPE GIRARDEAU MO CLIMATE SUMMARY FOR SEPTEMBER 22 2014...

CLIMATE NORMAL PERIOD 1981 TO 2010
CLIMATE RECORD PERIOD 1960 TO 2014

WEATHER ITEM   OBSERVED TIME   RECORD YEAR NORMAL DEPARTURE LAST
                VALUE   (LST)  VALUE       VALUE  FROM      YEAR
                                                  NORMAL
..................................................................
TEMPERATURE (F)
 YESTERDAY
  MAXIMUM         74    352 PM  93    2005  79     -5       77
  MINIMUM         45   1129 PM  36    1999  54     -9       46
  AVERAGE         60                        66     -6

PRECIPITATION (IN)
  YESTERDAY        0.00          1.30 2006   0.10  -0.10     0.00
  MONTH TO DATE    2.05                      2.42  -0.37     0.44
  SINCE SEP 1      2.05                      2.42  -0.37     0.44
  SINCE JAN 1     34.35                     33.47   0.88    28.67

DEGREE DAYS
 HEATING
  YESTERDAY        5                         2      3        3
  MONTH TO DATE   37                        17     20        8
  SINCE SEP 1     37                        17     20        8
  SINCE JUL 1     37                        18     19        9

 COOLING
  YESTERDAY        0                         4     -4        0
  MONTH TO DATE  122                       140    -18      181
  SINCE SEP 1    122                       140    -18      181
  SINCE JAN 1   1361                      1400    -39     1362
..................................................................

WIND (MPH)
  HIGHEST WIND SPEED    15   HIGHEST WIND DIRECTION    NE (40)
  HIGHEST GUST SPEED    19   HIGHEST GUST DIRECTION    NE (40)
  AVERAGE WIND SPEED     4.9

SKY COVER
  AVERAGE SKY COVER 0.0

WEATHER CONDITIONS
 THE FOLLOWING WEATHER WAS RECORDED YESTERDAY.
  FOG

RELATIVE HUMIDITY (PERCENT)
 HIGHEST    96
 LOWEST     38
 AVERAGE    67
..........................................................

THE CAPE GIRARDEAU MO CLIMATE NORMALS FOR TODAY
                         NORMAL    RECORD    YEAR
 MAXIMUM TEMPERATURE (F)   78        92      2010
 MINIMUM TEMPERATURE (F)   53        37      1999

SUNRISE AND SUNSET
SEPTEMBER 23 2014.....SUNRISE   647 AM CDT   SUNSET   654 PM CDT
SEPTEMBER 24 2014.....SUNRISE   648 AM CDT   SUNSET   652 PM CDT

-  INDICATES NEGATIVE NUMBERS.
R  INDICATES RECORD WAS SET OR TIED.
MM INDICATES DATA IS MISSING.
T  INDICATES TRACE AMOUNT.

$$
