000
CDUS43 KPAH 200633
CLICGI


CLIMATE REPORT
NATIONAL WEATHER SERVICE PADUCAH KY
1230 AM CST TUE JAN 20 2015


...................................

...THE CAPE GIRARDEAU MO CLIMATE SUMMARY FOR JANUARY 19 2015...

CLIMATE NORMAL PERIOD 1981 TO 2010
CLIMATE RECORD PERIOD 1960 TO 2015


WEATHER ITEM   OBSERVED TIME   RECORD YEAR NORMAL DEPARTURE LAST
                VALUE   (LST)  VALUE       VALUE  FROM      YEAR
                                                  NORMAL
..................................................................
TEMPERATURE (F)
 YESTERDAY
  MAXIMUM         58    408 PM  62    1964  42     16       43
  MINIMUM         27    718 AM -11    1994  24      3       24
  AVERAGE         43                        33     10

PRECIPITATION (IN)
  YESTERDAY        0.00          3.06 1990   0.11  -0.11     0.00
  MONTH TO DATE    4.21                      2.11   2.10     1.99
  SINCE DEC 1      7.02                      6.36   0.66     7.55
  SINCE JAN 1      4.21                      2.11   2.10     1.99

DEGREE DAYS
 HEATING
  YESTERDAY       22                        32    -10       31
  MONTH TO DATE  648                       608     40      658
  SINCE DEC 1   1389                      1508   -119     1619
  SINCE JUL 1   2385                      2359     26     2525

 COOLING
  YESTERDAY        0                         0      0        0
  MONTH TO DATE    0                         0      0        0
  SINCE DEC 1      0                         0      0        0
  SINCE JAN 1      0                         0      0        0
..................................................................


WIND (MPH)
  HIGHEST WIND SPEED     8   HIGHEST WIND DIRECTION    SE (130)
  HIGHEST GUST SPEED     9   HIGHEST GUST DIRECTION    SE (130)
  AVERAGE WIND SPEED     1.8


SKY COVER
  AVERAGE SKY COVER 0.0


WEATHER CONDITIONS
 THE FOLLOWING WEATHER WAS RECORDED YESTERDAY.
  NO SIGNIFICANT WEATHER WAS OBSERVED.


RELATIVE HUMIDITY (PERCENT)
 HIGHEST    92
 LOWEST     33
 AVERAGE    63

..........................................................


THE CAPE GIRARDEAU MO CLIMATE NORMALS FOR TODAY
                         NORMAL    RECORD    YEAR
 MAXIMUM TEMPERATURE (F)   42        63      1974
 MINIMUM TEMPERATURE (F)   24       -15      1985


SUNRISE AND SUNSET
JANUARY 20 2015.......SUNRISE   709 AM CST   SUNSET   510 PM CST
JANUARY 21 2015.......SUNRISE   709 AM CST   SUNSET   511 PM CST


-  INDICATES NEGATIVE NUMBERS.
R  INDICATES RECORD WAS SET OR TIED.
MM INDICATES DATA IS MISSING.
T  INDICATES TRACE AMOUNT.




$$
