000
CDUS43 KPAH 140650
CLICGI


CLIMATE REPORT
NATIONAL WEATHER SERVICE PADUCAH KY
150 AM CDT TUE OCT 14 2014


...................................

...THE CAPE GIRARDEAU MO CLIMATE SUMMARY FOR OCTOBER 13 2014...

CLIMATE NORMAL PERIOD 1981 TO 2010
CLIMATE RECORD PERIOD 1960 TO 2014


WEATHER ITEM   OBSERVED TIME   RECORD YEAR NORMAL DEPARTURE LAST
                VALUE   (LST)  VALUE       VALUE  FROM      YEAR
                                                  NORMAL
..................................................................
TEMPERATURE (F)
 YESTERDAY
  MAXIMUM         75    118 PM  92    1989  71      4       74
  MINIMUM         62   1159 PM  29    2006  46     16       47
  AVERAGE         69                        59     10

PRECIPITATION (IN)
  YESTERDAY        0.64          1.80 2001   0.12   0.52     0.00
  MONTH TO DATE    3.77                      1.51   2.26     2.32
  SINCE SEP 1      5.82                      4.79   1.03     2.76
  SINCE JAN 1     38.12                     35.84   2.28    30.99

DEGREE DAYS
 HEATING
  YESTERDAY        0                         7     -7        4
  MONTH TO DATE   53                        79    -26       33
  SINCE SEP 1     99                       127    -28       43
  SINCE JUL 1     99                       128    -29       44

 COOLING
  YESTERDAY        4                         1      3        0
  MONTH TO DATE   27                        20      7       43
  SINCE SEP 1    172                       182    -10      255
  SINCE JAN 1   1411                      1442    -31     1436
..................................................................


WIND (MPH)
  HIGHEST WIND SPEED    30   HIGHEST WIND DIRECTION    SW (230)
  HIGHEST GUST SPEED    42   HIGHEST GUST DIRECTION    SW (240)
  AVERAGE WIND SPEED    12.3


SKY COVER
  AVERAGE SKY COVER 0.9


WEATHER CONDITIONS
 THE FOLLOWING WEATHER WAS RECORDED YESTERDAY.
  THUNDERSTORM
  HEAVY RAIN
  RAIN
  LIGHT RAIN
  FOG


RELATIVE HUMIDITY (PERCENT)
 HIGHEST    93
 LOWEST     79
 AVERAGE    86

..........................................................


THE CAPE GIRARDEAU MO CLIMATE NORMALS FOR TODAY
                         NORMAL    RECORD    YEAR
 MAXIMUM TEMPERATURE (F)   71        87      1963
 MINIMUM TEMPERATURE (F)   45        25      2006


SUNRISE AND SUNSET
OCTOBER 14 2014.......SUNRISE   705 AM CDT   SUNSET   623 PM CDT
OCTOBER 15 2014.......SUNRISE   706 AM CDT   SUNSET   621 PM CDT


-  INDICATES NEGATIVE NUMBERS.
R  INDICATES RECORD WAS SET OR TIED.
MM INDICATES DATA IS MISSING.
T  INDICATES TRACE AMOUNT.




$$
