000
CDUS43 KPAH 210636
CLICGI


CLIMATE REPORT
NATIONAL WEATHER SERVICE PADUCAH KY
133 AM CDT FRI APR 21 2017


...................................

...THE CAPE GIRARDEAU MO CLIMATE SUMMARY FOR APRIL 20 2017...

CLIMATE NORMAL PERIOD 1981 TO 2010
CLIMATE RECORD PERIOD 1960 TO 2017


WEATHER ITEM   OBSERVED TIME   RECORD YEAR NORMAL DEPARTURE LAST
                VALUE   (LST)  VALUE       VALUE  FROM      YEAR
                                                  NORMAL
..................................................................
TEMPERATURE (F)
 YESTERDAY
  MAXIMUM         77    119 PM  90    1987  70      7       73
  MINIMUM         63    535 AM  29    1983  47     16       60
  AVERAGE         70                        59     11

PRECIPITATION (IN)
  YESTERDAY        0.67          2.74 2016   0.15   0.52     2.74
  MONTH TO DATE    2.34                      2.76  -0.42     3.23
  SINCE MAR 1      5.15                      7.16  -2.01     8.69
  SINCE JAN 1      8.17                     14.04  -5.87    13.47

DEGREE DAYS
 HEATING
  YESTERDAY        0                         7     -7        0
  MONTH TO DATE   97                       205   -108      178
  SINCE MAR 1    579                       764   -185      566
  SINCE JUL 1   3314                      4261   -947     3458

 COOLING
  YESTERDAY        5                         1      4        2
  MONTH TO DATE   29                        14     15        3
  SINCE MAR 1     32                        18     14        3
  SINCE JAN 1     32                        18     14        3
..................................................................


WIND (MPH)
  HIGHEST WIND SPEED    33   HIGHEST WIND DIRECTION    NW (310)
  HIGHEST GUST SPEED    45   HIGHEST GUST DIRECTION    NW (310)
  AVERAGE WIND SPEED     8.6


SKY COVER
  AVERAGE SKY COVER 0.6


WEATHER CONDITIONS
 THE FOLLOWING WEATHER WAS RECORDED YESTERDAY.
  THUNDERSTORM
  HEAVY RAIN
  RAIN
  LIGHT RAIN
  FOG


RELATIVE HUMIDITY (PERCENT)
 HIGHEST    93
 LOWEST     57
 AVERAGE    75

..........................................................


THE CAPE GIRARDEAU MO CLIMATE NORMALS FOR TODAY
                         NORMAL    RECORD    YEAR
 MAXIMUM TEMPERATURE (F)   71        90      1987
 MINIMUM TEMPERATURE (F)   48        34      1978


SUNRISE AND SUNSET
APRIL 21 2017.........SUNRISE   615 AM CDT   SUNSET   739 PM CDT
APRIL 22 2017.........SUNRISE   614 AM CDT   SUNSET   740 PM CDT


-  INDICATES NEGATIVE NUMBERS.
R  INDICATES RECORD WAS SET OR TIED.
MM INDICATES DATA IS MISSING.
T  INDICATES TRACE AMOUNT.




$$
