000
CDUS43 KPAH 012228
CLICGI


CLIMATE REPORT
NATIONAL WEATHER SERVICE PADUCAH KY
426 PM CST SUN JAN 1 2017

...................................

...THE CAPE GIRARDEAU MO CLIMATE SUMMARY FOR JANUARY 1 2017...
VALID TODAY AS OF 0400 PM LOCAL TIME.

CLIMATE NORMAL PERIOD 1981 TO 2010
CLIMATE RECORD PERIOD 1960 TO 2016

WEATHER ITEM   OBSERVED TIME   RECORD YEAR NORMAL DEPARTURE LAST
                VALUE   (LST)  VALUE       VALUE  FROM      YEAR
                                                  NORMAL
..................................................................
TEMPERATURE (F)
 TODAY
  MAXIMUM         46    359 PM  65    2006  42      4       44
  MINIMUM         40    838 AM  -2    2001  24     16       28
  AVERAGE         43                        33     10

PRECIPITATION (IN)
  TODAY            0.00          1.77 1966   0.12  -0.12     0.00
  MONTH TO DATE    0.00                      0.12  -0.12     0.00
  SINCE DEC 1      3.34                      4.37  -1.03     2.39
  SINCE JAN 1      0.00                      0.12  -0.12     0.00

DEGREE DAYS
 HEATING
  TODAY           22                        32    -10       29
  MONTH TO DATE   22                        32    -10       29
  SINCE DEC 1    913                       932    -19      591
  SINCE JUL 1   1490                      1783   -293     1241

 COOLING
  TODAY            0                         0      0        0
  MONTH TO DATE    0                         0      0        0
  SINCE DEC 1      0                         0      0        2
  SINCE JAN 1      0                         0      0        0
..................................................................

WIND (MPH)
  HIGHEST WIND SPEED    13   HIGHEST WIND DIRECTION     N (20)
  HIGHEST GUST SPEED    16   HIGHEST GUST DIRECTION    NE (50)
  AVERAGE WIND SPEED     8.1

SKY COVER
  AVERAGE SKY COVER 1.0

WEATHER CONDITIONS
 THE FOLLOWING WEATHER WAS RECORDED TODAY.
  NO SIGNIFICANT WEATHER WAS OBSERVED.

RELATIVE HUMIDITY (PERCENT)
 HIGHEST    89
 LOWEST     71
 AVERAGE    80
..........................................................

THE CAPE GIRARDEAU MO CLIMATE NORMALS FOR TOMORROW
                         NORMAL
 MAXIMUM TEMPERATURE (F)   42
 MINIMUM TEMPERATURE (F)   24

SUNRISE AND SUNSET
JANUARY  1 2017.......SUNRISE   712 AM CST   SUNSET   452 PM CST
JANUARY  2 2017.......SUNRISE   712 AM CST   SUNSET   453 PM CST

-  INDICATES NEGATIVE NUMBERS.
R  INDICATES RECORD WAS SET OR TIED.
MM INDICATES DATA IS MISSING.
T  INDICATES TRACE AMOUNT.

$$
