000
CDUS43 KPAH 130630
CLICGI


CLIMATE REPORT
NATIONAL WEATHER SERVICE PADUCAH KY
126 AM CDT TUE JUN 13 2017


...................................

...THE CAPE GIRARDEAU MO CLIMATE SUMMARY FOR JUNE 12 2017...

CLIMATE NORMAL PERIOD 1981 TO 2010
CLIMATE RECORD PERIOD 1960 TO 2017


WEATHER ITEM   OBSERVED TIME   RECORD YEAR NORMAL DEPARTURE LAST
                VALUE   (LST)  VALUE       VALUE  FROM      YEAR
                                                  NORMAL
..................................................................
TEMPERATURE (F)
 YESTERDAY
  MAXIMUM         91    447 PM  98    1969  86      5       95
  MINIMUM         71    237 AM  49    1980  64      7       69
  AVERAGE         81                        75      6

PRECIPITATION (IN)
  YESTERDAY        0.00          1.23 1989   0.12  -0.12     0.00
  MONTH TO DATE    0.72                      1.51  -0.79     0.61
  SINCE JUN 1      0.72                      1.51  -0.79     0.61
  SINCE JAN 1     19.94                     22.61  -2.67    23.89

DEGREE DAYS
 HEATING
  YESTERDAY        0                         0      0        0
  MONTH TO DATE    0                         1     -1        0
  SINCE JUN 1      0                         1     -1        0
  SINCE JUL 1   3430                      4387   -957     3571

 COOLING
  YESTERDAY       16                        10      6       17
  MONTH TO DATE  113                        99     14      107
  SINCE JUN 1    113                        99     14      107
  SINCE JAN 1    288                       251     37      228
..................................................................


WIND (MPH)
  HIGHEST WIND SPEED    17   HIGHEST WIND DIRECTION    SW (210)
  HIGHEST GUST SPEED    22   HIGHEST GUST DIRECTION    SW (230)
  AVERAGE WIND SPEED     9.4


SKY COVER
  AVERAGE SKY COVER 0.4


WEATHER CONDITIONS
 THE FOLLOWING WEATHER WAS RECORDED YESTERDAY.
  NO SIGNIFICANT WEATHER WAS OBSERVED.


RELATIVE HUMIDITY (PERCENT)
 HIGHEST    84
 LOWEST     52
 AVERAGE    68

..........................................................


THE CAPE GIRARDEAU MO CLIMATE NORMALS FOR TODAY
                         NORMAL    RECORD    YEAR
 MAXIMUM TEMPERATURE (F)   86        97      2012
 MINIMUM TEMPERATURE (F)   64        48      1985


SUNRISE AND SUNSET
JUNE 13 2017..........SUNRISE   537 AM CDT   SUNSET   820 PM CDT
JUNE 14 2017..........SUNRISE   537 AM CDT   SUNSET   820 PM CDT


-  INDICATES NEGATIVE NUMBERS.
R  INDICATES RECORD WAS SET OR TIED.
MM INDICATES DATA IS MISSING.
T  INDICATES TRACE AMOUNT.




$$
