000
CDUS43 KPAH 260629
CLICGI


CLIMATE REPORT
NATIONAL WEATHER SERVICE PADUCAH KY
1228 AM CST SAT NOV 26 2016


...................................

...THE CAPE GIRARDEAU MO CLIMATE SUMMARY FOR NOVEMBER 25 2016...

CLIMATE NORMAL PERIOD 1981 TO 2010
CLIMATE RECORD PERIOD 1960 TO 2016


WEATHER ITEM   OBSERVED TIME   RECORD YEAR NORMAL DEPARTURE LAST
                VALUE   (LST)  VALUE       VALUE  FROM      YEAR
                                                  NORMAL
..................................................................
TEMPERATURE (F)
 YESTERDAY
  MAXIMUM         51    200 PM  69    1990  52     -1       57
  MINIMUM         33   1118 PM  19    2005  33      0       42
  AVERAGE         42                        43     -1

PRECIPITATION (IN)
  YESTERDAY        0.00          2.43 2010   0.16  -0.16     0.00
  MONTH TO DATE    1.34                      3.65  -2.31     6.62
  SINCE SEP 1      7.03                     10.72  -3.69     9.49
  SINCE JAN 1     43.73                     41.77   1.96    53.04

DEGREE DAYS
 HEATING
  YESTERDAY       23                        22      1       15
  MONTH TO DATE  347                       430    -83      357
  SINCE SEP 1    478                       732   -254      573
  SINCE JUL 1    478                       733   -255      573

 COOLING
  YESTERDAY        0                         0      0        0
  MONTH TO DATE   11                         0     11        4
  SINCE SEP 1    355                       191    164      202
  SINCE JAN 1   1798                      1451    347     1531
..................................................................


WIND (MPH)
  HIGHEST WIND SPEED    13   HIGHEST WIND DIRECTION     N (360)
  HIGHEST GUST SPEED    15   HIGHEST GUST DIRECTION     N (360)
  AVERAGE WIND SPEED     4.6


SKY COVER
  AVERAGE SKY COVER 0.8


WEATHER CONDITIONS
 THE FOLLOWING WEATHER WAS RECORDED YESTERDAY.
  FOG


RELATIVE HUMIDITY (PERCENT)
 HIGHEST    96
 LOWEST     61
 AVERAGE    79

..........................................................


THE CAPE GIRARDEAU MO CLIMATE NORMALS FOR TODAY
                         NORMAL    RECORD    YEAR
 MAXIMUM TEMPERATURE (F)   52        72      1990
 MINIMUM TEMPERATURE (F)   33        12      1977


SUNRISE AND SUNSET
NOVEMBER 26 2016......SUNRISE   649 AM CST   SUNSET   442 PM CST
NOVEMBER 27 2016......SUNRISE   650 AM CST   SUNSET   442 PM CST


-  INDICATES NEGATIVE NUMBERS.
R  INDICATES RECORD WAS SET OR TIED.
MM INDICATES DATA IS MISSING.
T  INDICATES TRACE AMOUNT.




$$
