000
CDUS43 KPAH 270632
CLICGI


CLIMATE REPORT
NATIONAL WEATHER SERVICE PADUCAH KY
130 AM CDT WED APR 27 2016


...................................

...THE CAPE GIRARDEAU MO CLIMATE SUMMARY FOR APRIL 26 2016...

CLIMATE NORMAL PERIOD 1981 TO 2010
CLIMATE RECORD PERIOD 1960 TO 2016


WEATHER ITEM   OBSERVED TIME   RECORD YEAR NORMAL DEPARTURE LAST
                VALUE   (LST)  VALUE       VALUE  FROM      YEAR
                                                  NORMAL
..................................................................
TEMPERATURE (F)
 YESTERDAY
  MAXIMUM         80    303 PM  90    1989  72      8       65
  MINIMUM         58   1154 PM  34    2000  49      9       49
  AVERAGE         69                        61      8

PRECIPITATION (IN)
  YESTERDAY        0.21          2.13 1985   0.16   0.05     0.00
  MONTH TO DATE    3.55                      3.70  -0.15     4.17
  SINCE MAR 1      9.01                      8.10   0.91    12.96
  SINCE JAN 1     13.79                     14.98  -1.19    19.48

DEGREE DAYS
 HEATING
  YESTERDAY        0                         6     -6        8
  MONTH TO DATE  184                       244    -60      135
  SINCE MAR 1    572                       803   -231      741
  SINCE JUL 1   3464                      4300   -836     4519

 COOLING
  YESTERDAY        4                         1      3        0
  MONTH TO DATE   13                        20     -7       28
  SINCE MAR 1     13                        24    -11       28
  SINCE JAN 1     13                        24    -11       28
..................................................................


WIND (MPH)
  HIGHEST WIND SPEED    31   HIGHEST WIND DIRECTION     N (340)
  HIGHEST GUST SPEED    38   HIGHEST GUST DIRECTION     N (340)
  AVERAGE WIND SPEED     9.4


SKY COVER
  AVERAGE SKY COVER 0.6


WEATHER CONDITIONS
 THE FOLLOWING WEATHER WAS RECORDED YESTERDAY.
  THUNDERSTORM
  HEAVY RAIN
  RAIN
  LIGHT RAIN
  FOG


RELATIVE HUMIDITY (PERCENT)
 HIGHEST    93
 LOWEST     62
 AVERAGE    78

..........................................................


THE CAPE GIRARDEAU MO CLIMATE NORMALS FOR TODAY
                         NORMAL    RECORD    YEAR
 MAXIMUM TEMPERATURE (F)   72        91      1989
 MINIMUM TEMPERATURE (F)   50        36      2006


SUNRISE AND SUNSET
APRIL 27 2016.........SUNRISE   608 AM CDT   SUNSET   745 PM CDT
APRIL 28 2016.........SUNRISE   607 AM CDT   SUNSET   746 PM CDT


-  INDICATES NEGATIVE NUMBERS.
R  INDICATES RECORD WAS SET OR TIED.
MM INDICATES DATA IS MISSING.
T  INDICATES TRACE AMOUNT.




$$
