000
CDUS43 KPAH 210637
CLICGI


CLIMATE REPORT
NATIONAL WEATHER SERVICE PADUCAH KY
136 AM CDT FRI AUG 21 2015


...................................

...THE CAPE GIRARDEAU MO CLIMATE SUMMARY FOR AUGUST 20 2015...

CLIMATE NORMAL PERIOD 1981 TO 2010
CLIMATE RECORD PERIOD 1960 TO 2015


WEATHER ITEM   OBSERVED TIME   RECORD YEAR NORMAL DEPARTURE LAST
                VALUE   (LST)  VALUE       VALUE  FROM      YEAR
                                                  NORMAL
..................................................................
TEMPERATURE (F)
 YESTERDAY
  MAXIMUM         82    342 PM 101    1962  89     -7       92
  MINIMUM         54    532 AM  50    1967  65    -11       67
  AVERAGE         68                        77     -9

PRECIPITATION (IN)
  YESTERDAY        0.00          1.20 1994   0.10  -0.10     0.00
  MONTH TO DATE    3.45                      1.91   1.54     2.86
  SINCE JUN 1     17.40                      8.84   8.56    13.28
  SINCE JAN 1     42.84                     29.94  12.90    31.67

DEGREE DAYS
 HEATING
  YESTERDAY        0                         0      0        0
  MONTH TO DATE    0                         0      0        0
  SINCE JUN 1      5                         4      1        0
  SINCE JUL 1      0                         0      0        0

 COOLING
  YESTERDAY        3                        12     -9       15
  MONTH TO DATE  233                       255    -22      212
  SINCE JUN 1   1083                       989     94      846
  SINCE JAN 1   1260                      1141    119     1057
..................................................................


WIND (MPH)
  HIGHEST WIND SPEED    10   HIGHEST WIND DIRECTION     W (270)
  HIGHEST GUST SPEED    16   HIGHEST GUST DIRECTION    NW (330)
  AVERAGE WIND SPEED     3.5


SKY COVER
  AVERAGE SKY COVER 0.0


WEATHER CONDITIONS
 THE FOLLOWING WEATHER WAS RECORDED YESTERDAY.
  FOG


RELATIVE HUMIDITY (PERCENT)
 HIGHEST   100
 LOWEST     39
 AVERAGE    70

..........................................................


THE CAPE GIRARDEAU MO CLIMATE NORMALS FOR TODAY
                         NORMAL    RECORD    YEAR
 MAXIMUM TEMPERATURE (F)   89       100      1983
 MINIMUM TEMPERATURE (F)   65        51      1961


SUNRISE AND SUNSET
AUGUST 21 2015........SUNRISE   620 AM CDT   SUNSET   743 PM CDT
AUGUST 22 2015........SUNRISE   620 AM CDT   SUNSET   741 PM CDT


-  INDICATES NEGATIVE NUMBERS.
R  INDICATES RECORD WAS SET OR TIED.
MM INDICATES DATA IS MISSING.
T  INDICATES TRACE AMOUNT.




$$
