000
CDUS43 KPAH 192138
CLICGI


CLIMATE REPORT
NATIONAL WEATHER SERVICE PADUCAH KY
436 PM CDT SUN JUL 19 2015


...................................

...THE CAPE GIRARDEAU MO CLIMATE SUMMARY FOR JULY 19 2015...
VALID TODAY AS OF 0400 PM LOCAL TIME.

CLIMATE NORMAL PERIOD 1981 TO 2010
CLIMATE RECORD PERIOD 1960 TO 2015


WEATHER ITEM   OBSERVED TIME   RECORD YEAR NORMAL DEPARTURE LAST
                VALUE   (LST)  VALUE       VALUE  FROM      YEAR
                                                  NORMAL
..................................................................
TEMPERATURE (F)
 TODAY
  MAXIMUM         94   1255 PM 101    2012  90      4       81
  MINIMUM         75    519 AM  54    2009  68      7       58
  AVERAGE                                   79

PRECIPITATION (IN)
  TODAY            0.00          5.81 2001   0.10  -0.10     0.00
  MONTH TO DATE    7.81                      2.07   5.74     1.83
  SINCE JUN 1     12.13                      5.64   6.49     9.33
  SINCE JAN 1     37.57                     26.74  10.83    27.72

DEGREE DAYS
 HEATING
  TODAY            0                         0      0        0
  MONTH TO DATE    0                         0      0        0
  SINCE JUN 1      5                         4      1        0
  SINCE JUL 1      0                         0      0        0

 COOLING
  TODAY           20                        14      6        5
  MONTH TO DATE  273                       263     10      180
  SINCE JUN 1    654                       575     79      539
  SINCE JAN 1    831                       727    104      750
..................................................................


WIND (MPH)
  HIGHEST WIND SPEED    14   HIGHEST WIND DIRECTION     N (350)
  HIGHEST GUST SPEED    17   HIGHEST GUST DIRECTION     N (350)
  AVERAGE WIND SPEED


SKY COVER
  AVERAGE SKY COVER 0.1


WEATHER CONDITIONS
 THE FOLLOWING WEATHER WAS RECORDED TODAY.
  NO SIGNIFICANT WEATHER WAS OBSERVED.


RELATIVE HUMIDITY (PERCENT)
 HIGHEST    94
 LOWEST     56
 AVERAGE

..........................................................


THE CAPE GIRARDEAU MO CLIMATE NORMALS FOR TOMORROW
                         NORMAL
 MAXIMUM TEMPERATURE (F)   89
 MINIMUM TEMPERATURE (F)   68


SUNRISE AND SUNSET
JULY 19 2015..........SUNRISE   553 AM CDT   SUNSET   816 PM CDT
JULY 20 2015..........SUNRISE   553 AM CDT   SUNSET   816 PM CDT


-  INDICATES NEGATIVE NUMBERS.
R  INDICATES RECORD WAS SET OR TIED.
MM INDICATES DATA IS MISSING.
T  INDICATES TRACE AMOUNT.




$$
