000
CDUS43 KPAH 240631
CLICGI


CLIMATE REPORT
NATIONAL WEATHER SERVICE PADUCAH KY
128 AM CDT SUN APR 24 2016


...................................

...THE CAPE GIRARDEAU MO CLIMATE SUMMARY FOR APRIL 23 2016...

CLIMATE NORMAL PERIOD 1981 TO 2010
CLIMATE RECORD PERIOD 1960 TO 2016


WEATHER ITEM   OBSERVED TIME   RECORD YEAR NORMAL DEPARTURE LAST
                VALUE   (LST)  VALUE       VALUE  FROM      YEAR
                                                  NORMAL
..................................................................
TEMPERATURE (F)
 YESTERDAY
  MAXIMUM         74    425 PM  90    1980  71      3       68
  MINIMUM         49    538 AM  34    2012  48      1       39
  AVERAGE         62                        60      2

PRECIPITATION (IN)
  YESTERDAY        0.00          3.10 2011   0.15  -0.15     0.00
  MONTH TO DATE    3.34                      3.22   0.12     4.15
  SINCE MAR 1      8.80                      7.62   1.18    12.94
  SINCE JAN 1     13.58                     14.50  -0.92    19.46

DEGREE DAYS
 HEATING
  YESTERDAY        3                         7     -4       11
  MONTH TO DATE  183                       226    -43      115
  SINCE MAR 1    571                       785   -214      721
  SINCE JUL 1   3463                      4282   -819     4499

 COOLING
  YESTERDAY        0                         1     -1        0
  MONTH TO DATE    3                        17    -14       25
  SINCE MAR 1      3                        21    -18       25
  SINCE JAN 1      3                        21    -18       25
..................................................................


WIND (MPH)
  HIGHEST WIND SPEED    14   HIGHEST WIND DIRECTION     N (20)
  HIGHEST GUST SPEED    18   HIGHEST GUST DIRECTION     N (10)
  AVERAGE WIND SPEED     5.7


SKY COVER
  AVERAGE SKY COVER 0.0


WEATHER CONDITIONS
 THE FOLLOWING WEATHER WAS RECORDED YESTERDAY.
  FOG
  HAZE


RELATIVE HUMIDITY (PERCENT)
 HIGHEST   100
 LOWEST     41
 AVERAGE    71

..........................................................


THE CAPE GIRARDEAU MO CLIMATE NORMALS FOR TODAY
                         NORMAL    RECORD    YEAR
 MAXIMUM TEMPERATURE (F)   72        85      1965
 MINIMUM TEMPERATURE (F)   49        32      2005


SUNRISE AND SUNSET
APRIL 24 2016.........SUNRISE   611 AM CDT   SUNSET   742 PM CDT
APRIL 25 2016.........SUNRISE   610 AM CDT   SUNSET   743 PM CDT


-  INDICATES NEGATIVE NUMBERS.
R  INDICATES RECORD WAS SET OR TIED.
MM INDICATES DATA IS MISSING.
T  INDICATES TRACE AMOUNT.




$$
