000
CDUS43 KPAH 220632
CLICGI


CLIMATE REPORT
NATIONAL WEATHER SERVICE PADUCAH KY
1230 AM CST SUN FEB 22 2015


...................................

...THE CAPE GIRARDEAU MO CLIMATE SUMMARY FOR FEBRUARY 21 2015...

CLIMATE NORMAL PERIOD 1981 TO 2010
CLIMATE RECORD PERIOD 1960 TO 2015


WEATHER ITEM   OBSERVED TIME   RECORD YEAR NORMAL DEPARTURE LAST
                VALUE   (LST)  VALUE       VALUE  FROM      YEAR
                                                  NORMAL
..................................................................
TEMPERATURE (F)
 YESTERDAY
  MAXIMUM         36    313 PM  69    1983  50    -14       54
  MINIMUM         27   1159 PM   5    1963  30     -3       34
  AVERAGE         32                        40     -8

PRECIPITATION (IN)
  YESTERDAY       MM             1.97 1971   0.12  MM        0.00
  MONTH TO DATE    1.75                      2.56  -0.81     1.14
  SINCE DEC 1      9.33                     10.28  -0.95     8.70
  SINCE JAN 1      6.52                      6.03   0.49     3.14

DEGREE DAYS
 HEATING
  YESTERDAY       33                        25      8       21
  MONTH TO DATE  770                       591    179      727
  SINCE DEC 1   2483                      2478      5     2805
  SINCE JUL 1   3479                      3329    150     3711

 COOLING
  YESTERDAY        0                         0      0        0
  MONTH TO DATE    0                         0      0        0
  SINCE DEC 1      0                         0      0        0
  SINCE JAN 1      0                         0      0        0
..................................................................


WIND (MPH)
  HIGHEST WIND SPEED    18   HIGHEST WIND DIRECTION     N (350)
  HIGHEST GUST SPEED    23   HIGHEST GUST DIRECTION     N (350)
  AVERAGE WIND SPEED     8.1


SKY COVER
  AVERAGE SKY COVER 0.9


WEATHER CONDITIONS
 THE FOLLOWING WEATHER WAS RECORDED YESTERDAY.
  RAIN
  LIGHT RAIN
  FREEZING RAIN
  LT FREEZING RAIN
  FOG
  FOG W/VISIBILITY <= 1/4 MILE


RELATIVE HUMIDITY (PERCENT)
 HIGHEST   100
 LOWEST     82
 AVERAGE    91

..........................................................


THE CAPE GIRARDEAU MO CLIMATE NORMALS FOR TODAY
                         NORMAL    RECORD    YEAR
 MAXIMUM TEMPERATURE (F)   50        68      1992
 MINIMUM TEMPERATURE (F)   30         0      1963


SUNRISE AND SUNSET
FEBRUARY 22 2015......SUNRISE   639 AM CST   SUNSET   545 PM CST
FEBRUARY 23 2015......SUNRISE   638 AM CST   SUNSET   546 PM CST


-  INDICATES NEGATIVE NUMBERS.
R  INDICATES RECORD WAS SET OR TIED.
MM INDICATES DATA IS MISSING.
T  INDICATES TRACE AMOUNT.




$$
