000
CDUS43 KPAH 070632
CLICGI


CLIMATE REPORT
NATIONAL WEATHER SERVICE PADUCAH KY
130 AM CDT SUN SEP 7 2014


...................................

...THE CAPE GIRARDEAU MO CLIMATE SUMMARY FOR SEPTEMBER 6 2014...

CLIMATE NORMAL PERIOD 1981 TO 2010
CLIMATE RECORD PERIOD 1960 TO 2014


WEATHER ITEM   OBSERVED TIME   RECORD YEAR NORMAL DEPARTURE LAST
                VALUE   (LST)  VALUE       VALUE  FROM      YEAR
                                                  NORMAL
..................................................................
TEMPERATURE (F)
 YESTERDAY
  MAXIMUM         78   1209 PM 100    1960  85     -7       87
  MINIMUM         65   1159 PM  46    1997  60      5       58
  AVERAGE         72                        73     -1

PRECIPITATION (IN)
  YESTERDAY        0.00          1.72 2007   0.11  -0.11     0.00
  MONTH TO DATE    0.00                      0.66  -0.66      T
  SINCE SEP 1      0.00                      0.66  -0.66      T
  SINCE JAN 1     32.30                     31.71   0.59    28.23

DEGREE DAYS
 HEATING
  YESTERDAY        0                         0      0        0
  MONTH TO DATE    0                         0      0        0
  SINCE SEP 1      0                         0      0        0
  SINCE JUL 1      0                         1     -1        1

 COOLING
  YESTERDAY        7                         8     -1        8
  MONTH TO DATE   74                        52     22       47
  SINCE SEP 1     74                        52     22       47
  SINCE JAN 1   1313                      1312      1     1228
..................................................................


WIND (MPH)
  HIGHEST WIND SPEED    18   HIGHEST WIND DIRECTION    NW (330)
  HIGHEST GUST SPEED    23   HIGHEST GUST DIRECTION    NW (330)
  AVERAGE WIND SPEED     9.0


SKY COVER
  AVERAGE SKY COVER 0.4


WEATHER CONDITIONS
 THE FOLLOWING WEATHER WAS RECORDED YESTERDAY.
  THUNDERSTORM
  FOG


RELATIVE HUMIDITY (PERCENT)
 HIGHEST    90
 LOWEST     62
 AVERAGE    76

..........................................................


THE CAPE GIRARDEAU MO CLIMATE NORMALS FOR TODAY
                         NORMAL    RECORD    YEAR
 MAXIMUM TEMPERATURE (F)   85        99      1960
 MINIMUM TEMPERATURE (F)   60        46      2011


SUNRISE AND SUNSET
SEPTEMBER  7 2014.....SUNRISE   634 AM CDT   SUNSET   718 PM CDT
SEPTEMBER  8 2014.....SUNRISE   635 AM CDT   SUNSET   717 PM CDT


-  INDICATES NEGATIVE NUMBERS.
R  INDICATES RECORD WAS SET OR TIED.
MM INDICATES DATA IS MISSING.
T  INDICATES TRACE AMOUNT.




$$
