000
CDUS43 KPAH 080629
CLICGI


CLIMATE REPORT
NATIONAL WEATHER SERVICE PADUCAH KY
128 AM CDT TUE APR 8 2014


...................................

...THE CAPE GIRARDEAU MO CLIMATE SUMMARY FOR APRIL 7 2014...

CLIMATE NORMAL PERIOD 1981 TO 2010
CLIMATE RECORD PERIOD 1960 TO 2014


WEATHER ITEM   OBSERVED TIME   RECORD YEAR NORMAL DEPARTURE LAST
                VALUE   (LST)  VALUE       VALUE  FROM      YEAR
                                                  NORMAL
..................................................................
TEMPERATURE (F)
 YESTERDAY
  MAXIMUM         54    105 AM  82    1995  66    -12       74
  MINIMUM         42    903 PM  22    2007  42      0       53
  AVERAGE         48                        54     -6

PRECIPITATION (IN)
  YESTERDAY        0.65          1.13 2010   0.13   0.52     0.00
  MONTH TO DATE    2.61                      0.95   1.66     0.00
  SINCE MAR 1      4.92                      5.35  -0.43     2.55
  SINCE JAN 1      8.06                     12.23  -4.17     9.17

DEGREE DAYS
 HEATING
  YESTERDAY       17                        11      6        1
  MONTH TO DATE   64                        86    -22      108
  SINCE MAR 1    782                       645    137      830
  SINCE JUL 1   4707                      4142    565     4069

 COOLING
  YESTERDAY        0                         1     -1        0
  MONTH TO DATE    4                         1      3        0
  SINCE MAR 1      4                         5     -1        0
  SINCE JAN 1      4                         5     -1        0
..................................................................


WIND (MPH)
  HIGHEST WIND SPEED    24   HIGHEST WIND DIRECTION    NW (330)
  HIGHEST GUST SPEED    33   HIGHEST GUST DIRECTION    NW (320)
  AVERAGE WIND SPEED    10.7


SKY COVER
  AVERAGE SKY COVER 1.0


WEATHER CONDITIONS
 THE FOLLOWING WEATHER WAS RECORDED YESTERDAY.
  HEAVY RAIN
  RAIN
  LIGHT RAIN
  FOG
  HAZE


RELATIVE HUMIDITY (PERCENT)
 HIGHEST   100
 LOWEST     59
 AVERAGE    80

..........................................................


THE CAPE GIRARDEAU MO CLIMATE NORMALS FOR TODAY
                         NORMAL    RECORD    YEAR
 MAXIMUM TEMPERATURE (F)   66        85      1995
 MINIMUM TEMPERATURE (F)   43        18      2007


SUNRISE AND SUNSET
APRIL  8 2014.........SUNRISE   634 AM CDT   SUNSET   727 PM CDT
APRIL  9 2014.........SUNRISE   632 AM CDT   SUNSET   728 PM CDT


-  INDICATES NEGATIVE NUMBERS.
R  INDICATES RECORD WAS SET OR TIED.
MM INDICATES DATA IS MISSING.
T  INDICATES TRACE AMOUNT.




$$
