847
CDUS43 KPAH 110636
CLICGI


CLIMATE REPORT
NATIONAL WEATHER SERVICE PADUCAH KY
1235 AM CST WED JAN 11 2017


...................................

...THE CAPE GIRARDEAU MO CLIMATE SUMMARY FOR JANUARY 10 2017...

CLIMATE NORMAL PERIOD 1981 TO 2010
CLIMATE RECORD PERIOD 1960 TO 2017


WEATHER ITEM   OBSERVED TIME   RECORD YEAR NORMAL DEPARTURE LAST
                VALUE   (LST)  VALUE       VALUE  FROM      YEAR
                                                  NORMAL
..................................................................
TEMPERATURE (F)
 YESTERDAY
  MAXIMUM         60    402 PM  64    2013  42     18       28
  MINIMUM         37   1159 PM -10    1982  24     13       15
  AVERAGE         49                        33     16

PRECIPITATION (IN)
  YESTERDAY        0.06          1.83 2006   0.11  -0.05     0.00
  MONTH TO DATE    0.21                      1.16  -0.95     1.40
  SINCE DEC 1      3.55                      5.41  -1.86     3.79
  SINCE JAN 1      0.21                      1.16  -0.95     1.40

DEGREE DAYS
 HEATING
  YESTERDAY       16                        32    -16       43
  MONTH TO DATE  336                       320     16      290
  SINCE DEC 1   1227                      1220      7      852
  SINCE JUL 1   1804                      2071   -267     1502

 COOLING
  YESTERDAY        0                         0      0        0
  MONTH TO DATE    0                         0      0        0
  SINCE DEC 1      0                         0      0        2
  SINCE JAN 1      0                         0      0        0
..................................................................


WIND (MPH)
  HIGHEST WIND SPEED    37   HIGHEST WIND DIRECTION     S (200)
  HIGHEST GUST SPEED    48   HIGHEST GUST DIRECTION     S (200)
  AVERAGE WIND SPEED    19.0


SKY COVER
  AVERAGE SKY COVER 0.8


WEATHER CONDITIONS
 THE FOLLOWING WEATHER WAS RECORDED YESTERDAY.
  LIGHT RAIN
  FOG
  FOG W/VISIBILITY <= 1/4 MILE
  HAZE


RELATIVE HUMIDITY (PERCENT)
 HIGHEST   100
 LOWEST     60
 AVERAGE    80

..........................................................


THE CAPE GIRARDEAU MO CLIMATE NORMALS FOR TODAY
                         NORMAL    RECORD    YEAR
 MAXIMUM TEMPERATURE (F)   42        68      2005
 MINIMUM TEMPERATURE (F)   24       -18      1977


SUNRISE AND SUNSET
JANUARY 11 2017.......SUNRISE   712 AM CST   SUNSET   501 PM CST
JANUARY 12 2017.......SUNRISE   712 AM CST   SUNSET   502 PM CST


-  INDICATES NEGATIVE NUMBERS.
R  INDICATES RECORD WAS SET OR TIED.
MM INDICATES DATA IS MISSING.
T  INDICATES TRACE AMOUNT.




$$
