778
CDUS43 KPAH 282228
CLICGI


CLIMATE REPORT
NATIONAL WEATHER SERVICE PADUCAH KY
427 PM CST THU JAN 28 2016


...................................

...THE CAPE GIRARDEAU MO CLIMATE SUMMARY FOR JANUARY 28 2016...
VALID TODAY AS OF 0400 PM LOCAL TIME.

CLIMATE NORMAL PERIOD 1981 TO 2010
CLIMATE RECORD PERIOD 1960 TO 2016


WEATHER ITEM   OBSERVED TIME   RECORD YEAR NORMAL DEPARTURE LAST
                VALUE   (LST)  VALUE       VALUE  FROM      YEAR
                                                  NORMAL
..................................................................
TEMPERATURE (F)
 TODAY
  MAXIMUM         60    350 PM  70    1970  43     17       47
  MINIMUM         30    751 AM -12    1961  24      6       25
  AVERAGE         45                        34     11

PRECIPITATION (IN)
  TODAY            0.00          0.76 2006   0.11  -0.11     0.00
  MONTH TO DATE    1.63                      3.11  -1.48     4.77
  SINCE DEC 1      4.02                      7.36  -3.34     7.58
  SINCE JAN 1      1.63                      3.11  -1.48     4.77

DEGREE DAYS
 HEATING
  TODAY           20                        31    -11       29
  MONTH TO DATE  902                       893      9      895
  SINCE DEC 1   1464                      1793   -329     1636
  SINCE JUL 1   2114                      2644   -530     2632

 COOLING
  TODAY            0                         0      0        0
  MONTH TO DATE    0                         0      0        0
  SINCE DEC 1      2                         0      2        0
  SINCE JAN 1      0                         0      0        0
..................................................................


WIND (MPH)
  HIGHEST WIND SPEED    21   HIGHEST WIND DIRECTION     W (260)
  HIGHEST GUST SPEED    24   HIGHEST GUST DIRECTION     W (260)
  AVERAGE WIND SPEED     7.4


SKY COVER
  AVERAGE SKY COVER 0.2


WEATHER CONDITIONS
 THE FOLLOWING WEATHER WAS RECORDED TODAY.
  NO SIGNIFICANT WEATHER WAS OBSERVED.


RELATIVE HUMIDITY (PERCENT)
 HIGHEST    92
 LOWEST     37
 AVERAGE    65

..........................................................


THE CAPE GIRARDEAU MO CLIMATE NORMALS FOR TOMORROW
                         NORMAL
 MAXIMUM TEMPERATURE (F)   44
 MINIMUM TEMPERATURE (F)   24


SUNRISE AND SUNSET
JANUARY 28 2016.......SUNRISE   705 AM CST   SUNSET   518 PM CST
JANUARY 29 2016.......SUNRISE   704 AM CST   SUNSET   519 PM CST


-  INDICATES NEGATIVE NUMBERS.
R  INDICATES RECORD WAS SET OR TIED.
MM INDICATES DATA IS MISSING.
T  INDICATES TRACE AMOUNT.




$$
