000
CDUS43 KPAH 172231
CLICGI


CLIMATE REPORT
NATIONAL WEATHER SERVICE PADUCAH KY
430 PM CST THU NOV 17 2016


...................................

...THE CAPE GIRARDEAU MO CLIMATE SUMMARY FOR NOVEMBER 17 2016...
VALID TODAY AS OF 0400 PM LOCAL TIME.

CLIMATE NORMAL PERIOD 1981 TO 2010
CLIMATE RECORD PERIOD 1960 TO 2016


WEATHER ITEM   OBSERVED TIME   RECORD YEAR NORMAL DEPARTURE LAST
                VALUE   (LST)  VALUE       VALUE  FROM      YEAR
                                                  NORMAL
..................................................................
TEMPERATURE (F)
 TODAY
  MAXIMUM         79R   242 PM  74    2013  57     22       70
                                      2001
  MINIMUM         51    513 AM  14    2014  36     15       55
                                      1997
  AVERAGE         65                        46     19

PRECIPITATION (IN)
  TODAY            0.00          3.05 2015   0.15  -0.15     3.05
  MONTH TO DATE    T                         2.39  -2.39     5.96
  SINCE SEP 1      5.69                      9.46  -3.77     8.83
  SINCE JAN 1     42.39                     40.51   1.88    52.38

DEGREE DAYS
 HEATING
  TODAY            0                        19    -19        2
  MONTH TO DATE  186                       264    -78      192
  SINCE SEP 1    317                       566   -249      408
  SINCE JUL 1    317                       567   -250      408

 COOLING
  TODAY            0                         0      0        0
  MONTH TO DATE   11                         0     11        4
  SINCE SEP 1    355                       191    164      202
  SINCE JAN 1   1798                      1451    347     1531
..................................................................


WIND (MPH)
  HIGHEST WIND SPEED    25   HIGHEST WIND DIRECTION     S (200)
  HIGHEST GUST SPEED    35   HIGHEST GUST DIRECTION     S (190)
  AVERAGE WIND SPEED    10.5


SKY COVER
  AVERAGE SKY COVER 0.0


WEATHER CONDITIONS
 THE FOLLOWING WEATHER WAS RECORDED TODAY.
  NO SIGNIFICANT WEATHER WAS OBSERVED.


RELATIVE HUMIDITY (PERCENT)
 HIGHEST    77
 LOWEST     27
 AVERAGE    52

..........................................................


THE CAPE GIRARDEAU MO CLIMATE NORMALS FOR TOMORROW
                         NORMAL
 MAXIMUM TEMPERATURE (F)   56
 MINIMUM TEMPERATURE (F)   35


SUNRISE AND SUNSET
NOVEMBER 17 2016......SUNRISE   640 AM CST   SUNSET   446 PM CST
NOVEMBER 18 2016......SUNRISE   641 AM CST   SUNSET   446 PM CST


-  INDICATES NEGATIVE NUMBERS.
R  INDICATES RECORD WAS SET OR TIED.
MM INDICATES DATA IS MISSING.
T  INDICATES TRACE AMOUNT.




$$
