000
CDUS43 KPAH 182241
CLICGI


CLIMATE REPORT
NATIONAL WEATHER SERVICE PADUCAH KY
439 PM CST WED FEB 18 2015


...................................

...THE CAPE GIRARDEAU MO CLIMATE SUMMARY FOR FEBRUARY 18 2015...
VALID TODAY AS OF 0400 PM LOCAL TIME.

CLIMATE NORMAL PERIOD 1981 TO 2010
CLIMATE RECORD PERIOD 1960 TO 2015


WEATHER ITEM   OBSERVED TIME   RECORD YEAR NORMAL DEPARTURE LAST
                VALUE   (LST)  VALUE       VALUE  FROM      YEAR
                                                  NORMAL
..................................................................
TEMPERATURE (F)
 TODAY
  MAXIMUM         27    223 AM  73    1961  49    -22       57
  MINIMUM          2    721 AM  -2    1993  29    -27       26
  AVERAGE                                   39

PRECIPITATION (IN)
  TODAY            0.01          0.80 2000   0.11  -0.10     0.00
  MONTH TO DATE    1.32                      2.21  -0.89     0.99
  SINCE DEC 1      8.90                      9.93  -1.03     8.55
  SINCE JAN 1      6.09                      5.68   0.41     2.99

DEGREE DAYS
 HEATING
  TODAY           50                        26     24       23
  MONTH TO DATE  625                       514    111      677
  SINCE DEC 1   2338                      2401    -63     2755
  SINCE JUL 1   3334                      3252     82     3661

 COOLING
  TODAY            0                         0      0        0
  MONTH TO DATE    0                         0      0        0
  SINCE DEC 1      0                         0      0        0
  SINCE JAN 1      0                         0      0        0
..................................................................


WIND (MPH)
  HIGHEST WIND SPEED    32   HIGHEST WIND DIRECTION    NW (330)
  HIGHEST GUST SPEED    37   HIGHEST GUST DIRECTION    NW (330)
  AVERAGE WIND SPEED


SKY COVER
  AVERAGE SKY COVER 0.5


WEATHER CONDITIONS
 THE FOLLOWING WEATHER WAS RECORDED TODAY.
  LIGHT SNOW
  FOG
  HAZE


RELATIVE HUMIDITY (PERCENT)
 HIGHEST    92
 LOWEST     39
 AVERAGE

..........................................................


THE CAPE GIRARDEAU MO CLIMATE NORMALS FOR TOMORROW
                         NORMAL
 MAXIMUM TEMPERATURE (F)   49
 MINIMUM TEMPERATURE (F)   29


SUNRISE AND SUNSET
FEBRUARY 18 2015......SUNRISE   644 AM CST   SUNSET   541 PM CST
FEBRUARY 19 2015......SUNRISE   643 AM CST   SUNSET   542 PM CST


-  INDICATES NEGATIVE NUMBERS.
R  INDICATES RECORD WAS SET OR TIED.
MM INDICATES DATA IS MISSING.
T  INDICATES TRACE AMOUNT.




$$
