000
CDUS43 KPAH 130640
CLICGI


CLIMATE REPORT
NATIONAL WEATHER SERVICE PADUCAH KY
137 AM CDT WED AUG 13 2014


...................................

...THE CAPE GIRARDEAU MO CLIMATE SUMMARY FOR AUGUST 12 2014...

CLIMATE NORMAL PERIOD 1981 TO 2010
CLIMATE RECORD PERIOD 1960 TO 2014


WEATHER ITEM   OBSERVED TIME   RECORD YEAR NORMAL DEPARTURE LAST
                VALUE   (LST)  VALUE       VALUE  FROM      YEAR
                                                  NORMAL
..................................................................
TEMPERATURE (F)
 YESTERDAY
  MAXIMUM         83    308 PM 102    2010  89     -6       89
  MINIMUM         60   1159 PM  49    1967  66     -6       72
  AVERAGE         72                        78     -6

PRECIPITATION (IN)
  YESTERDAY        0.00          1.33 1993   0.10  -0.10      T
  MONTH TO DATE    2.73                      1.13   1.60     3.53
  SINCE JUN 1     13.15                      8.06   5.09    12.06
  SINCE JAN 1     31.54                     29.16   2.38    28.23

DEGREE DAYS
 HEATING
  YESTERDAY        0                         0      0        0
  MONTH TO DATE    0                         0      0        0
  SINCE JUN 1      0                         4     -4        0
  SINCE JUL 1      0                         0      0        0

 COOLING
  YESTERDAY        7                        13     -6       16
  MONTH TO DATE  131                       156    -25      136
  SINCE JUN 1    765                       890   -125      809
  SINCE JAN 1    976                      1042    -66      980
..................................................................


WIND (MPH)
  HIGHEST WIND SPEED    16   HIGHEST WIND DIRECTION    NW (300)
  HIGHEST GUST SPEED    21   HIGHEST GUST DIRECTION    NW (300)
  AVERAGE WIND SPEED     6.8


SKY COVER
  AVERAGE SKY COVER 0.1


WEATHER CONDITIONS
 THE FOLLOWING WEATHER WAS RECORDED YESTERDAY.
  NO SIGNIFICANT WEATHER WAS OBSERVED.


RELATIVE HUMIDITY (PERCENT)
 HIGHEST    97
 LOWEST     43
 AVERAGE    70

..........................................................


THE CAPE GIRARDEAU MO CLIMATE NORMALS FOR TODAY
                         NORMAL    RECORD    YEAR
 MAXIMUM TEMPERATURE (F)   89        98      2007
 MINIMUM TEMPERATURE (F)   66        46      2004


SUNRISE AND SUNSET
AUGUST 13 2014........SUNRISE   613 AM CDT   SUNSET   753 PM CDT
AUGUST 14 2014........SUNRISE   614 AM CDT   SUNSET   751 PM CDT


-  INDICATES NEGATIVE NUMBERS.
R  INDICATES RECORD WAS SET OR TIED.
MM INDICATES DATA IS MISSING.
T  INDICATES TRACE AMOUNT.




$$
