000
CDUS43 KPAH 190653
CLICGI


CLIMATE REPORT
NATIONAL WEATHER SERVICE PADUCAH KY
151 AM CDT TUE MAY 19 2015


...................................

...THE CAPE GIRARDEAU MO CLIMATE SUMMARY FOR MAY 18 2015...

CLIMATE NORMAL PERIOD 1981 TO 2010
CLIMATE RECORD PERIOD 1960 TO 2015


WEATHER ITEM   OBSERVED TIME   RECORD YEAR NORMAL DEPARTURE LAST
                VALUE   (LST)  VALUE       VALUE  FROM      YEAR
                                                  NORMAL
..................................................................
TEMPERATURE (F)
 YESTERDAY
  MAXIMUM         81    508 PM  92    1964  78      3       70
  MINIMUM         66   1221 AM  40    2002  56     10       47
  AVERAGE         74                        67      7

PRECIPITATION (IN)
  YESTERDAY        0.07          2.82 1981   0.17  -0.10     0.00
  MONTH TO DATE    4.37                      3.44   0.93     4.29
  SINCE MAR 1     17.33                     12.20   5.13    14.61
  SINCE JAN 1     23.85                     19.08   4.77    17.75

DEGREE DAYS
 HEATING
  YESTERDAY        0                         2     -2        6
  MONTH TO DATE   25                        53    -28       77
  SINCE MAR 1    802                       874    -72     1015
  SINCE JUL 1   4580                      4371    209     4940

 COOLING
  YESTERDAY        9                         4      5        0
  MONTH TO DATE   88                        50     38       73
  SINCE MAR 1    116                        81     35       84
  SINCE JAN 1    116                        81     35       84
..................................................................


WIND (MPH)
  HIGHEST WIND SPEED    23   HIGHEST WIND DIRECTION     W (260)
  HIGHEST GUST SPEED    32   HIGHEST GUST DIRECTION     W (260)
  AVERAGE WIND SPEED     6.1


SKY COVER
  AVERAGE SKY COVER 0.6


WEATHER CONDITIONS
 THE FOLLOWING WEATHER WAS RECORDED YESTERDAY.
  NO SIGNIFICANT WEATHER WAS OBSERVED.


RELATIVE HUMIDITY (PERCENT)
 HIGHEST   100
 LOWEST     69
 AVERAGE    85

..........................................................


THE CAPE GIRARDEAU MO CLIMATE NORMALS FOR TODAY
                         NORMAL    RECORD    YEAR
 MAXIMUM TEMPERATURE (F)   79        92      1974
 MINIMUM TEMPERATURE (F)   57        40      2007


SUNRISE AND SUNSET
MAY 19 2015...........SUNRISE   547 AM CDT   SUNSET   803 PM CDT
MAY 20 2015...........SUNRISE   546 AM CDT   SUNSET   804 PM CDT


-  INDICATES NEGATIVE NUMBERS.
R  INDICATES RECORD WAS SET OR TIED.
MM INDICATES DATA IS MISSING.
T  INDICATES TRACE AMOUNT.




$$
