000
CDUS43 KPAH 080629
CLICGI


CLIMATE REPORT
NATIONAL WEATHER SERVICE PADUCAH KY
1227 AM CST WED FEB 8 2017


...................................

...THE CAPE GIRARDEAU MO CLIMATE SUMMARY FOR FEBRUARY 7 2017...

CLIMATE NORMAL PERIOD 1981 TO 2010
CLIMATE RECORD PERIOD 1960 TO 2017


WEATHER ITEM   OBSERVED TIME   RECORD YEAR NORMAL DEPARTURE LAST
                VALUE   (LST)  VALUE       VALUE  FROM      YEAR
                                                  NORMAL
..................................................................
TEMPERATURE (F)
 YESTERDAY
  MAXIMUM         73R   427 PM  64    1999  45     28       58
  MINIMUM         49   1159 PM  -5    2003  26     23       27
  AVERAGE         61                        36     25

PRECIPITATION (IN)
  YESTERDAY        0.48          0.99 1973   0.11   0.37     0.00
  MONTH TO DATE    0.53                      0.86  -0.33     0.03
  SINCE DEC 1      5.83                      8.58  -2.75     4.08
  SINCE JAN 1      2.49                      4.33  -1.84     1.69

DEGREE DAYS
 HEATING
  YESTERDAY        4                        29    -25       22
  MONTH TO DATE  167                       209    -42      149
  SINCE DEC 1   1818                      2096   -278     1664
  SINCE JUL 1   2395                      2947   -552     2314

 COOLING
  YESTERDAY        0                         0      0        0
  MONTH TO DATE    0                         0      0        0
  SINCE DEC 1      0                         0      0        2
  SINCE JAN 1      0                         0      0        0
..................................................................


WIND (MPH)
  HIGHEST WIND SPEED    30   HIGHEST WIND DIRECTION     W (270)
  HIGHEST GUST SPEED    37   HIGHEST GUST DIRECTION     S (180)
  AVERAGE WIND SPEED    13.9


SKY COVER
  AVERAGE SKY COVER 0.5


WEATHER CONDITIONS
 THE FOLLOWING WEATHER WAS RECORDED YESTERDAY.
  THUNDERSTORM
  HEAVY RAIN
  RAIN
  LIGHT RAIN
  FOG


RELATIVE HUMIDITY (PERCENT)
 HIGHEST    87
 LOWEST     40
 AVERAGE    64

..........................................................


THE CAPE GIRARDEAU MO CLIMATE NORMALS FOR TODAY
                         NORMAL    RECORD    YEAR
 MAXIMUM TEMPERATURE (F)   46        66      1990
 MINIMUM TEMPERATURE (F)   26        -4      2003


SUNRISE AND SUNSET
FEBRUARY  8 2017......SUNRISE   655 AM CST   SUNSET   531 PM CST
FEBRUARY  9 2017......SUNRISE   653 AM CST   SUNSET   532 PM CST


-  INDICATES NEGATIVE NUMBERS.
R  INDICATES RECORD WAS SET OR TIED.
MM INDICATES DATA IS MISSING.
T  INDICATES TRACE AMOUNT.




$$
