000
CDUS43 KPAH 212234
CLICGI


CLIMATE REPORT
NATIONAL WEATHER SERVICE PADUCAH KY
431 PM CST WED JAN 21 2015

...................................

...THE CAPE GIRARDEAU MO CLIMATE SUMMARY FOR JANUARY 21 2015...
VALID TODAY AS OF 0400 PM LOCAL TIME.

CLIMATE NORMAL PERIOD 1981 TO 2010
CLIMATE RECORD PERIOD 1960 TO 2015

WEATHER ITEM   OBSERVED TIME   RECORD YEAR NORMAL DEPARTURE LAST
                VALUE   (LST)  VALUE       VALUE  FROM      YEAR
                                                  NORMAL
..................................................................
TEMPERATURE (F)
 TODAY
  MAXIMUM         57    326 PM  68    1999  43     14       40
  MINIMUM         25    637 AM  -9    1984  24      1       13
  AVERAGE         41                        33      8

PRECIPITATION (IN)
  TODAY            0.00          4.87 1999   0.11  -0.11      T
  MONTH TO DATE    4.21                      2.33   1.88     1.99
  SINCE DEC 1      7.02                      6.58   0.44     7.55
  SINCE JAN 1      4.21                      2.33   1.88     1.99

DEGREE DAYS
 HEATING
  TODAY           24                        32     -8       38
  MONTH TO DATE  694                       672     22      721
  SINCE DEC 1   1435                      1572   -137     1682
  SINCE JUL 1   2431                      2423      8     2588

 COOLING
  TODAY            0                         0      0        0
  MONTH TO DATE    0                         0      0        0
  SINCE DEC 1      0                         0      0        0
  SINCE JAN 1      0                         0      0        0
..................................................................

WIND (MPH)
  HIGHEST WIND SPEED    18   HIGHEST WIND DIRECTION     W (260)
  HIGHEST GUST SPEED    23   HIGHEST GUST DIRECTION     W (270)
  AVERAGE WIND SPEED    MM

SKY COVER
  AVERAGE SKY COVER 0.0

WEATHER CONDITIONS
 THE FOLLOWING WEATHER WAS RECORDED TODAY.
  FOG

RELATIVE HUMIDITY (PERCENT)
 HIGHEST   100
 LOWEST     35
 AVERAGE    68
..........................................................

THE CAPE GIRARDEAU MO CLIMATE NORMALS FOR TOMORROW
                         NORMAL
 MAXIMUM TEMPERATURE (F)   43
 MINIMUM TEMPERATURE (F)   24

SUNRISE AND SUNSET
JANUARY 21 2015.......SUNRISE   709 AM CST   SUNSET   511 PM CST
JANUARY 22 2015.......SUNRISE   708 AM CST   SUNSET   512 PM CST

-  INDICATES NEGATIVE NUMBERS.
R  INDICATES RECORD WAS SET OR TIED.
MM INDICATES DATA IS MISSING.
T  INDICATES TRACE AMOUNT.

$$
