000
CDUS43 KPAH 062228
CLICGI


CLIMATE REPORT
NATIONAL WEATHER SERVICE PADUCAH KY
426 PM CST MON MAR 6 2017


...................................

...THE CAPE GIRARDEAU MO CLIMATE SUMMARY FOR MARCH 6 2017...
VALID TODAY AS OF 0400 PM LOCAL TIME.

CLIMATE NORMAL PERIOD 1981 TO 2010
CLIMATE RECORD PERIOD 1960 TO 2017


WEATHER ITEM   OBSERVED TIME   RECORD YEAR NORMAL DEPARTURE LAST
                VALUE   (LST)  VALUE       VALUE  FROM      YEAR
                                                  NORMAL
..................................................................
TEMPERATURE (F)
 TODAY
  MAXIMUM         63    345 PM  77    1994  55      8       61
  MINIMUM         52    244 AM  -8    2015  33     19       27
  AVERAGE         58                        44     14

PRECIPITATION (IN)
  TODAY            0.33          0.99 1967   0.14   0.19     0.00
  MONTH TO DATE    0.39                      0.74  -0.35     0.46
  SINCE MAR 1      0.39                      0.74  -0.35     0.46
  SINCE JAN 1      3.41                      7.62  -4.21     5.24

DEGREE DAYS
 HEATING
  TODAY            7                        21    -14       21
  MONTH TO DATE   99                       131    -32      137
  SINCE MAR 1     99                       131    -32      137
  SINCE JUL 1   2834                      3628   -794     3029

 COOLING
  TODAY            0                         0      0        0
  MONTH TO DATE    0                         0      0        0
  SINCE MAR 1      0                         0      0        0
  SINCE JAN 1      0                         0      0        0
..................................................................


WIND (MPH)
  HIGHEST WIND SPEED    26   HIGHEST WIND DIRECTION     S (190)
  HIGHEST GUST SPEED    38   HIGHEST GUST DIRECTION     S (200)
  AVERAGE WIND SPEED    17.6


SKY COVER
  AVERAGE SKY COVER 1.0


WEATHER CONDITIONS
 THE FOLLOWING WEATHER WAS RECORDED TODAY.
  RAIN
  LIGHT RAIN
  FOG
  HAZE


RELATIVE HUMIDITY (PERCENT)
 HIGHEST    93
 LOWEST     71
 AVERAGE    82

..........................................................


THE CAPE GIRARDEAU MO CLIMATE NORMALS FOR TOMORROW
                         NORMAL
 MAXIMUM TEMPERATURE (F)   55
 MINIMUM TEMPERATURE (F)   34


SUNRISE AND SUNSET
MARCH  6 2017.........SUNRISE   622 AM CST   SUNSET   557 PM CST
MARCH  7 2017.........SUNRISE   621 AM CST   SUNSET   558 PM CST


-  INDICATES NEGATIVE NUMBERS.
R  INDICATES RECORD WAS SET OR TIED.
MM INDICATES DATA IS MISSING.
T  INDICATES TRACE AMOUNT.




$$
