733
CDUS43 KPAH 312228
CLICGI


CLIMATE REPORT
NATIONAL WEATHER SERVICE PADUCAH KY
426 PM CST SUN JAN 31 2016

...................................

...THE CAPE GIRARDEAU MO CLIMATE SUMMARY FOR JANUARY 31 2016...
VALID TODAY AS OF 0400 PM LOCAL TIME.

CLIMATE NORMAL PERIOD 1981 TO 2010
CLIMATE RECORD PERIOD 1960 TO 2016

WEATHER ITEM   OBSERVED TIME   RECORD YEAR NORMAL DEPARTURE LAST
                VALUE   (LST)  VALUE       VALUE  FROM      YEAR
                                                  NORMAL
..................................................................
TEMPERATURE (F)
 TODAY
  MAXIMUM         65    325 PM  66    1993  44     21       44
  MINIMUM         56    741 AM  -8    1965  25     31       28
  AVERAGE         61                        34     27

PRECIPITATION (IN)
  TODAY            0.00          1.89 2002   0.13  -0.13     0.00
  MONTH TO DATE    1.63                      3.47  -1.84     4.77
  SINCE DEC 1      4.02                      7.72  -3.70     7.58
  SINCE JAN 1      1.63                      3.47  -1.84     4.77

DEGREE DAYS
 HEATING
  TODAY            4                        31    -27       29
  MONTH TO DATE  950                       986    -36      972
  SINCE DEC 1   1512                      1887   -375     1713
  SINCE JUL 1   2162                      2738   -576     2709

 COOLING
  TODAY            0                         0      0        0
  MONTH TO DATE    0                         0      0        0
  SINCE DEC 1      2                         0      2        0
  SINCE JAN 1      0                         0      0        0
..................................................................

WIND (MPH)
  HIGHEST WIND SPEED    25   HIGHEST WIND DIRECTION     S (190)
  HIGHEST GUST SPEED    36   HIGHEST GUST DIRECTION     S (180)
  AVERAGE WIND SPEED    18.0

SKY COVER
  AVERAGE SKY COVER 0.8

WEATHER CONDITIONS
 THE FOLLOWING WEATHER WAS RECORDED TODAY.
  NO SIGNIFICANT WEATHER WAS OBSERVED.

RELATIVE HUMIDITY (PERCENT)
 HIGHEST    86
 LOWEST     67
 AVERAGE    77
..........................................................

THE CAPE GIRARDEAU MO CLIMATE NORMALS FOR TOMORROW
                         NORMAL
 MAXIMUM TEMPERATURE (F)   44
 MINIMUM TEMPERATURE (F)   25

SUNRISE AND SUNSET
JANUARY 31 2016.......SUNRISE   702 AM CST   SUNSET   521 PM CST
FEBRUARY  1 2016......SUNRISE   702 AM CST   SUNSET   522 PM CST

-  INDICATES NEGATIVE NUMBERS.
R  INDICATES RECORD WAS SET OR TIED.
MM INDICATES DATA IS MISSING.
T  INDICATES TRACE AMOUNT.

$$
