000
CDUS43 KPAH 130629
CLICGI


CLIMATE REPORT
NATIONAL WEATHER SERVICE PADUCAH KY
127 AM CDT MON OCT 13 2014


...................................

...THE CAPE GIRARDEAU MO CLIMATE SUMMARY FOR OCTOBER 12 2014...

CLIMATE NORMAL PERIOD 1981 TO 2010
CLIMATE RECORD PERIOD 1960 TO 2014


WEATHER ITEM   OBSERVED TIME   RECORD YEAR NORMAL DEPARTURE LAST
                VALUE   (LST)  VALUE       VALUE  FROM      YEAR
                                                  NORMAL
..................................................................
TEMPERATURE (F)
 YESTERDAY
  MAXIMUM         69   1146 PM  90    1989  72     -3       69
  MINIMUM         56    621 AM  29    1987  46     10       58
  AVERAGE         63                        59      4

PRECIPITATION (IN)
  YESTERDAY        0.22          0.62 1986   0.12   0.10     0.52
  MONTH TO DATE    3.13                      1.39   1.74     2.32
  SINCE SEP 1      5.18                      4.67   0.51     2.76
  SINCE JAN 1     37.48                     35.72   1.76    30.99

DEGREE DAYS
 HEATING
  YESTERDAY        2                         7     -5        1
  MONTH TO DATE   53                        72    -19       29
  SINCE SEP 1     99                       120    -21       39
  SINCE JUL 1     99                       121    -22       40

 COOLING
  YESTERDAY        0                         1     -1        0
  MONTH TO DATE   23                        19      4       43
  SINCE SEP 1    168                       181    -13      255
  SINCE JAN 1   1407                      1441    -34     1436
..................................................................


WIND (MPH)
  HIGHEST WIND SPEED    12   HIGHEST WIND DIRECTION    SE (150)
  HIGHEST GUST SPEED    16   HIGHEST GUST DIRECTION    SE (140)
  AVERAGE WIND SPEED     6.1


SKY COVER
  AVERAGE SKY COVER 1.0


WEATHER CONDITIONS
 THE FOLLOWING WEATHER WAS RECORDED YESTERDAY.
  HEAVY RAIN
  RAIN
  LIGHT RAIN
  FOG


RELATIVE HUMIDITY (PERCENT)
 HIGHEST   100
 LOWEST     87
 AVERAGE    94

..........................................................


THE CAPE GIRARDEAU MO CLIMATE NORMALS FOR TODAY
                         NORMAL    RECORD    YEAR
 MAXIMUM TEMPERATURE (F)   71        92      1989
 MINIMUM TEMPERATURE (F)   46        29      2006


SUNRISE AND SUNSET
OCTOBER 13 2014.......SUNRISE   704 AM CDT   SUNSET   624 PM CDT
OCTOBER 14 2014.......SUNRISE   705 AM CDT   SUNSET   623 PM CDT


-  INDICATES NEGATIVE NUMBERS.
R  INDICATES RECORD WAS SET OR TIED.
MM INDICATES DATA IS MISSING.
T  INDICATES TRACE AMOUNT.




$$
