000
CDUS43 KPAH 192232
CLICGI


CLIMATE REPORT
NATIONAL WEATHER SERVICE PADUCAH KY
430 PM CST WED NOV 19 2014


...................................

...THE CAPE GIRARDEAU MO CLIMATE SUMMARY FOR NOVEMBER 19 2014...
VALID TODAY AS OF 0400 PM LOCAL TIME.

CLIMATE NORMAL PERIOD 1981 TO 2010
CLIMATE RECORD PERIOD 1960 TO 2014


WEATHER ITEM   OBSERVED TIME   RECORD YEAR NORMAL DEPARTURE LAST
                VALUE   (LST)  VALUE       VALUE  FROM      YEAR
                                                  NORMAL
..................................................................
TEMPERATURE (F)
 TODAY
  MAXIMUM         48    351 PM  76    1985  56     -8       51
  MINIMUM         26   1220 AM  20    2000  35     -9       33
  AVERAGE         37                        45     -8

PRECIPITATION (IN)
  TODAY            0.00          6.05 1991   0.16  -0.16     0.00
  MONTH TO DATE    1.04                      2.71  -1.67     1.31
  SINCE SEP 1      7.40                      9.78  -2.38     5.95
  SINCE JAN 1     39.70                     40.83  -1.13    34.18

DEGREE DAYS
 HEATING
  TODAY           28                        20      8       23
  MONTH TO DATE  499                       303    196      323
  SINCE SEP 1    748                       605    143      589
  SINCE JUL 1    748                       606    142      590

 COOLING
  TODAY            0                         0      0        0
  MONTH TO DATE    0                         0      0        0
  SINCE SEP 1    185                       191     -6      260
  SINCE JAN 1   1424                      1451    -27     1441
..................................................................


WIND (MPH)
  HIGHEST WIND SPEED    21   HIGHEST WIND DIRECTION    SW (220)
  HIGHEST GUST SPEED    26   HIGHEST GUST DIRECTION    SW (240)
  AVERAGE WIND SPEED    12.2


SKY COVER
  AVERAGE SKY COVER 0.1


WEATHER CONDITIONS
 THE FOLLOWING WEATHER WAS RECORDED TODAY.
  NO SIGNIFICANT WEATHER WAS OBSERVED.


RELATIVE HUMIDITY (PERCENT)
 HIGHEST    78
 LOWEST     54
 AVERAGE    66

..........................................................


THE CAPE GIRARDEAU MO CLIMATE NORMALS FOR TOMORROW
                         NORMAL
 MAXIMUM TEMPERATURE (F)   55
 MINIMUM TEMPERATURE (F)   35


SUNRISE AND SUNSET
NOVEMBER 19 2014......SUNRISE   642 AM CST   SUNSET   446 PM CST
NOVEMBER 20 2014......SUNRISE   643 AM CST   SUNSET   445 PM CST


-  INDICATES NEGATIVE NUMBERS.
R  INDICATES RECORD WAS SET OR TIED.
MM INDICATES DATA IS MISSING.
T  INDICATES TRACE AMOUNT.




$$
