000
CDUS43 KPAH 300629
CLICGI


CLIMATE REPORT
NATIONAL WEATHER SERVICE PADUCAH KY
126 AM CDT SAT SEP 30 2017


...................................

...THE CAPE GIRARDEAU MO CLIMATE SUMMARY FOR SEPTEMBER 29 2017...

CLIMATE NORMAL PERIOD 1981 TO 2010
CLIMATE RECORD PERIOD 1960 TO 2017


WEATHER ITEM   OBSERVED TIME   RECORD YEAR NORMAL DEPARTURE LAST
                VALUE   (LST)  VALUE       VALUE  FROM      YEAR
                                                  NORMAL
..................................................................
TEMPERATURE (F)
 YESTERDAY
  MAXIMUM         82    254 PM  95    1998  76      6       69
  MINIMUM         47    502 AM  35    2003  51     -4       48
  AVERAGE         65                        63      2

PRECIPITATION (IN)
  YESTERDAY        0.00          0.70 1972   0.10  -0.10     0.02
  MONTH TO DATE    0.73                      3.17  -2.44     5.03
  SINCE SEP 1      0.73                      3.17  -2.44     5.03
  SINCE JAN 1     26.48                     34.22  -7.74    41.73

DEGREE DAYS
 HEATING
  YESTERDAY        0                         4     -4        6
  MONTH TO DATE   14                        41    -27       16
  SINCE SEP 1     14                        41    -27       16
  SINCE JUL 1     14                        42    -28       16

 COOLING
  YESTERDAY        0                         3     -3        0
  MONTH TO DATE  191                       161     30      257
  SINCE SEP 1    191                       161     30      257
  SINCE JAN 1   1393                      1421    -28     1700
..................................................................


WIND (MPH)
  HIGHEST WIND SPEED    14   HIGHEST WIND DIRECTION     E (70)
  HIGHEST GUST SPEED    18   HIGHEST GUST DIRECTION     E (70)
  AVERAGE WIND SPEED     3.4


SKY COVER
  AVERAGE SKY COVER 0.0


WEATHER CONDITIONS
 THE FOLLOWING WEATHER WAS RECORDED YESTERDAY.
  NO SIGNIFICANT WEATHER WAS OBSERVED.


RELATIVE HUMIDITY (PERCENT)
 HIGHEST    93
 LOWEST     26
 AVERAGE    60

..........................................................


THE CAPE GIRARDEAU MO CLIMATE NORMALS FOR TODAY
                         NORMAL    RECORD    YEAR
 MAXIMUM TEMPERATURE (F)   76        95      1971
 MINIMUM TEMPERATURE (F)   50        33      1999


SUNRISE AND SUNSET
SEPTEMBER 30 2017.....SUNRISE   653 AM CDT   SUNSET   643 PM CDT
OCTOBER  1 2017.......SUNRISE   654 AM CDT   SUNSET   641 PM CDT


-  INDICATES NEGATIVE NUMBERS.
R  INDICATES RECORD WAS SET OR TIED.
MM INDICATES DATA IS MISSING.
T  INDICATES TRACE AMOUNT.




$$
