000
CDUS43 KPAH 082232
CLICGI


CLIMATE REPORT
NATIONAL WEATHER SERVICE PADUCAH KY
430 PM CST WED MAR 8 2017


...................................

...THE CAPE GIRARDEAU MO CLIMATE SUMMARY FOR MARCH 8 2017...
VALID TODAY AS OF 0400 PM LOCAL TIME.

CLIMATE NORMAL PERIOD 1981 TO 2010
CLIMATE RECORD PERIOD 1960 TO 2017


WEATHER ITEM   OBSERVED TIME   RECORD YEAR NORMAL DEPARTURE LAST
                VALUE   (LST)  VALUE       VALUE  FROM      YEAR
                                                  NORMAL
..................................................................
TEMPERATURE (F)
 TODAY
  MAXIMUM         65    255 PM  78    1974  55     10       70
  MINIMUM         34    516 AM  10    1996  34      0       56
  AVERAGE         50                        45      5

PRECIPITATION (IN)
  TODAY            0.00          4.29 1964   0.14  -0.14     0.03
  MONTH TO DATE    1.35                      1.01   0.34     0.49
  SINCE MAR 1      1.35                      1.01   0.34     0.49
  SINCE JAN 1      4.37                      7.89  -3.52     5.27

DEGREE DAYS
 HEATING
  TODAY           15                        21     -6        2
  MONTH TO DATE  126                       173    -47      142
  SINCE MAR 1    126                       173    -47      142
  SINCE JUL 1   2861                      3670   -809     3034

 COOLING
  TODAY            0                         0      0        0
  MONTH TO DATE    0                         0      0        0
  SINCE MAR 1      0                         0      0        0
  SINCE JAN 1      0                         0      0        0
..................................................................


WIND (MPH)
  HIGHEST WIND SPEED    17   HIGHEST WIND DIRECTION     S (180)
  HIGHEST GUST SPEED    21   HIGHEST GUST DIRECTION     S (180)
  AVERAGE WIND SPEED     5.8


SKY COVER
  AVERAGE SKY COVER 0.0


WEATHER CONDITIONS
 THE FOLLOWING WEATHER WAS RECORDED TODAY.
  NO SIGNIFICANT WEATHER WAS OBSERVED.


RELATIVE HUMIDITY (PERCENT)
 HIGHEST    82
 LOWEST     23
 AVERAGE    53

..........................................................


THE CAPE GIRARDEAU MO CLIMATE NORMALS FOR TOMORROW
                         NORMAL
 MAXIMUM TEMPERATURE (F)   56
 MINIMUM TEMPERATURE (F)   34


SUNRISE AND SUNSET
MARCH  8 2017.........SUNRISE   619 AM CST   SUNSET   559 PM CST
MARCH  9 2017.........SUNRISE   618 AM CST   SUNSET   600 PM CST


-  INDICATES NEGATIVE NUMBERS.
R  INDICATES RECORD WAS SET OR TIED.
MM INDICATES DATA IS MISSING.
T  INDICATES TRACE AMOUNT.




$$
