000
CDUS43 KPAH 302226
CLICGI


CLIMATE REPORT
NATIONAL WEATHER SERVICE PADUCAH KY
425 PM CST FRI DEC 30 2016

...................................

...THE CAPE GIRARDEAU MO CLIMATE SUMMARY FOR DECEMBER 30 2016...
VALID TODAY AS OF 0400 PM LOCAL TIME.

CLIMATE NORMAL PERIOD 1981 TO 2010
CLIMATE RECORD PERIOD 1960 TO 2016

WEATHER ITEM   OBSERVED TIME   RECORD YEAR NORMAL DEPARTURE LAST
                VALUE   (LST)  VALUE       VALUE  FROM      YEAR
                                                  NORMAL
..................................................................
TEMPERATURE (F)
 TODAY
  MAXIMUM         47    250 PM  64    1971  42      5       39
  MINIMUM         26    648 AM  -5    1983  25      1       35
  AVERAGE         37                        33      4

PRECIPITATION (IN)
  TODAY            0.00          1.08 1990   0.12  -0.12     0.00
  MONTH TO DATE    3.21                      4.13  -0.92     2.39
  SINCE DEC 1      3.21                      4.13  -0.92     2.39
  SINCE JAN 1     49.36                     46.69   2.67    57.97

DEGREE DAYS
 HEATING
  TODAY           28                        32     -4       28
  MONTH TO DATE  867                       868     -1      532
  SINCE DEC 1    867                       868     -1      532
  SINCE JUL 1   1444                      1719   -275     1182

 COOLING
  TODAY            0                         0      0        0
  MONTH TO DATE    0                         0      0        2
  SINCE DEC 1      0                         0      0        2
  SINCE JAN 1   1798                      1453    345     1533
..................................................................

WIND (MPH)
  HIGHEST WIND SPEED    18   HIGHEST WIND DIRECTION     S (190)
  HIGHEST GUST SPEED    21   HIGHEST GUST DIRECTION    SW (210)
  AVERAGE WIND SPEED     8.7

SKY COVER
  AVERAGE SKY COVER 0.0

WEATHER CONDITIONS
 THE FOLLOWING WEATHER WAS RECORDED TODAY.
  NO SIGNIFICANT WEATHER WAS OBSERVED.

RELATIVE HUMIDITY (PERCENT)
 HIGHEST    78
 LOWEST     37
 AVERAGE    58
..........................................................

THE CAPE GIRARDEAU MO CLIMATE NORMALS FOR TOMORROW
                         NORMAL
 MAXIMUM TEMPERATURE (F)   42
 MINIMUM TEMPERATURE (F)   24

SUNRISE AND SUNSET
DECEMBER 30 2016......SUNRISE   712 AM CST   SUNSET   450 PM CST
DECEMBER 31 2016......SUNRISE   712 AM CST   SUNSET   451 PM CST

-  INDICATES NEGATIVE NUMBERS.
R  INDICATES RECORD WAS SET OR TIED.
MM INDICATES DATA IS MISSING.
T  INDICATES TRACE AMOUNT.

$$
