000
CDUS43 KPAH 070630
CLICGI


CLIMATE REPORT
NATIONAL WEATHER SERVICE PADUCAH KY
128 AM CDT FRI APR 7 2017


...................................

...THE CAPE GIRARDEAU MO CLIMATE SUMMARY FOR APRIL 6 2017...

CLIMATE NORMAL PERIOD 1981 TO 2010
CLIMATE RECORD PERIOD 1960 TO 2017


WEATHER ITEM   OBSERVED TIME   RECORD YEAR NORMAL DEPARTURE LAST
                VALUE   (LST)  VALUE       VALUE  FROM      YEAR
                                                  NORMAL
..................................................................
TEMPERATURE (F)
 YESTERDAY
  MAXIMUM         62    255 PM  83    1978  66     -4       66
  MINIMUM         40   1159 PM  24    2007  42     -2       42
  AVERAGE         51                        54     -3

PRECIPITATION (IN)
  YESTERDAY        0.04          0.86 2003   0.14  -0.10     0.12
  MONTH TO DATE    1.23                      0.82   0.41     0.12
  SINCE MAR 1      4.04                      5.22  -1.18     5.58
  SINCE JAN 1      7.06                     12.10  -5.04    10.36

DEGREE DAYS
 HEATING
  YESTERDAY       14                        12      2       11
  MONTH TO DATE   50                        75    -25       74
  SINCE MAR 1    532                       634   -102      462
  SINCE JUL 1   3267                      4131   -864     3354

 COOLING
  YESTERDAY        0                         0      0        0
  MONTH TO DATE    0                         0      0        0
  SINCE MAR 1      3                         4     -1        0
  SINCE JAN 1      3                         4     -1        0
..................................................................


WIND (MPH)
  HIGHEST WIND SPEED    29   HIGHEST WIND DIRECTION    NW (300)
  HIGHEST GUST SPEED    36   HIGHEST GUST DIRECTION    NW (300)
  AVERAGE WIND SPEED    15.8


SKY COVER
  AVERAGE SKY COVER 0.3


WEATHER CONDITIONS
 THE FOLLOWING WEATHER WAS RECORDED YESTERDAY.
  LIGHT RAIN


RELATIVE HUMIDITY (PERCENT)
 HIGHEST    82
 LOWEST     27
 AVERAGE    55

..........................................................


THE CAPE GIRARDEAU MO CLIMATE NORMALS FOR TODAY
                         NORMAL    RECORD    YEAR
 MAXIMUM TEMPERATURE (F)   66        82      1995
 MINIMUM TEMPERATURE (F)   42        22      2007


SUNRISE AND SUNSET
APRIL  7 2017.........SUNRISE   635 AM CDT   SUNSET   727 PM CDT
APRIL  8 2017.........SUNRISE   633 AM CDT   SUNSET   727 PM CDT


-  INDICATES NEGATIVE NUMBERS.
R  INDICATES RECORD WAS SET OR TIED.
MM INDICATES DATA IS MISSING.
T  INDICATES TRACE AMOUNT.




$$
