000
CDUS43 KPAH 230633
CLICGI


CLIMATE REPORT
NATIONAL WEATHER SERVICE PADUCAH KY
1230 AM CST FRI JAN 23 2015


...................................

...THE CAPE GIRARDEAU MO CLIMATE SUMMARY FOR JANUARY 22 2015...

CLIMATE NORMAL PERIOD 1981 TO 2010
CLIMATE RECORD PERIOD 1960 TO 2015


WEATHER ITEM   OBSERVED TIME   RECORD YEAR NORMAL DEPARTURE LAST
                VALUE   (LST)  VALUE       VALUE  FROM      YEAR
                                                  NORMAL
..................................................................
TEMPERATURE (F)
 YESTERDAY
  MAXIMUM         42    207 PM  66    1967  43     -1       36
  MINIMUM         26    346 AM  -2    1977  24      2       16
  AVERAGE         34                        33      1

PRECIPITATION (IN)
  YESTERDAY        0.00          3.36 1982   0.11  -0.11     0.00
  MONTH TO DATE    4.21                      2.44   1.77     1.99
  SINCE DEC 1      7.02                      6.69   0.33     7.55
  SINCE JAN 1      4.21                      2.44   1.77     1.99

DEGREE DAYS
 HEATING
  YESTERDAY       31                        32     -1       39
  MONTH TO DATE  725                       704     21      760
  SINCE DEC 1   1466                      1604   -138     1721
  SINCE JUL 1   2462                      2455      7     2627

 COOLING
  YESTERDAY        0                         0      0        0
  MONTH TO DATE    0                         0      0        0
  SINCE DEC 1      0                         0      0        0
  SINCE JAN 1      0                         0      0        0
..................................................................


WIND (MPH)
  HIGHEST WIND SPEED    14   HIGHEST WIND DIRECTION     N (350)
  HIGHEST GUST SPEED    17   HIGHEST GUST DIRECTION     N (340)
  AVERAGE WIND SPEED     5.1


SKY COVER
  AVERAGE SKY COVER 0.1


WEATHER CONDITIONS
 THE FOLLOWING WEATHER WAS RECORDED YESTERDAY.
  FOG


RELATIVE HUMIDITY (PERCENT)
 HIGHEST    92
 LOWEST     60
 AVERAGE    76

..........................................................


THE CAPE GIRARDEAU MO CLIMATE NORMALS FOR TODAY
                         NORMAL    RECORD    YEAR
 MAXIMUM TEMPERATURE (F)   43        73      1967
 MINIMUM TEMPERATURE (F)   24       -14      1963


SUNRISE AND SUNSET
JANUARY 23 2015.......SUNRISE   708 AM CST   SUNSET   513 PM CST
JANUARY 24 2015.......SUNRISE   707 AM CST   SUNSET   514 PM CST


-  INDICATES NEGATIVE NUMBERS.
R  INDICATES RECORD WAS SET OR TIED.
MM INDICATES DATA IS MISSING.
T  INDICATES TRACE AMOUNT.




$$
