000
CDUS43 KPAH 162140
CLICGI


CLIMATE REPORT
NATIONAL WEATHER SERVICE PADUCAH KY
439 PM CDT WED JUL 16 2014


...................................

...THE CAPE GIRARDEAU MO CLIMATE SUMMARY FOR JULY 16 2014...
VALID TODAY AS OF 0400 PM LOCAL TIME.

CLIMATE NORMAL PERIOD 1981 TO 2010
CLIMATE RECORD PERIOD 1960 TO 2014


WEATHER ITEM   OBSERVED TIME   RECORD YEAR NORMAL DEPARTURE LAST
                VALUE   (LST)  VALUE       VALUE  FROM      YEAR
                                                  NORMAL
..................................................................
TEMPERATURE (F)
 TODAY
  MAXIMUM         79    300 PM 104    1980  90    -11       92
  MINIMUM         56R       MM  56    1967  68    -12       71
  AVERAGE         68                        79    -11

PRECIPITATION (IN)
  TODAY            0.00          1.17 1972   0.10  -0.10     0.00
  MONTH TO DATE    1.83                      1.75   0.08     0.14
  SINCE JUN 1      9.33                      5.32   4.01     7.90
  SINCE JAN 1     27.72                     26.42   1.30    24.07

DEGREE DAYS
 HEATING
  TODAY            0                         0      0        0
  MONTH TO DATE    0                         0      0        0
  SINCE JUN 1      0                         4     -4        0
  SINCE JUL 1      0                         0      0        0

 COOLING
  TODAY            3                        14    -11       17
  MONTH TO DATE  165                       221    -56      174
  SINCE JUN 1    524                       533     -9      507
  SINCE JAN 1    735                       685     50      678
..................................................................


WIND (MPH)
  HIGHEST WIND SPEED    10   HIGHEST WIND DIRECTION    NW (320)
  HIGHEST GUST SPEED    12   HIGHEST GUST DIRECTION    MM
  AVERAGE WIND SPEED     3.5


SKY COVER
  AVERAGE SKY COVER 0.3


WEATHER CONDITIONS
 THE FOLLOWING WEATHER WAS RECORDED TODAY.
  NO SIGNIFICANT WEATHER WAS OBSERVED.


RELATIVE HUMIDITY (PERCENT)
 HIGHEST    93
 LOWEST     40
 AVERAGE    67

..........................................................


THE CAPE GIRARDEAU MO CLIMATE NORMALS FOR TOMORROW
                         NORMAL
 MAXIMUM TEMPERATURE (F)   90
 MINIMUM TEMPERATURE (F)   68


SUNRISE AND SUNSET
JULY 16 2014..........SUNRISE   551 AM CDT   SUNSET   818 PM CDT
JULY 17 2014..........SUNRISE   551 AM CDT   SUNSET   817 PM CDT


-  INDICATES NEGATIVE NUMBERS.
R  INDICATES RECORD WAS SET OR TIED.
MM INDICATES DATA IS MISSING.
T  INDICATES TRACE AMOUNT.




$$
