000
CDUS43 KPAH 080631
CLICGI


CLIMATE REPORT
NATIONAL WEATHER SERVICE PADUCAH KY
1228 AM CST MON DEC 8 2014


...................................

...THE CAPE GIRARDEAU MO CLIMATE SUMMARY FOR DECEMBER 7 2014...

CLIMATE NORMAL PERIOD 1981 TO 2010
CLIMATE RECORD PERIOD 1960 TO 2014


WEATHER ITEM   OBSERVED TIME   RECORD YEAR NORMAL DEPARTURE LAST
                VALUE   (LST)  VALUE       VALUE  FROM      YEAR
                                                  NORMAL
..................................................................
TEMPERATURE (F)
 YESTERDAY
  MAXIMUM         44    236 PM  70    1966  47     -3       22
  MINIMUM         37   1159 PM   5    1984  29      8        9
  AVERAGE         41                        38      3

PRECIPITATION (IN)
  YESTERDAY        0.00          1.12 1978   0.15  -0.15      T
  MONTH TO DATE    1.21                      1.03   0.18     0.94
  SINCE DEC 1      1.21                      1.03   0.18     0.94
  SINCE JAN 1     42.13                     43.59  -1.46    35.46

DEGREE DAYS
 HEATING
  YESTERDAY       24                        27     -3       49
  MONTH TO DATE  172                       182    -10      171
  SINCE DEC 1    172                       182    -10      171
  SINCE JUL 1   1168                      1033    135     1077

 COOLING
  YESTERDAY        0                         0      0        0
  MONTH TO DATE    0                         0      0        0
  SINCE DEC 1      0                         0      0        0
  SINCE JAN 1   1424                      1453    -29     1441
..................................................................


WIND (MPH)
  HIGHEST WIND SPEED    15   HIGHEST WIND DIRECTION    NE (50)
  HIGHEST GUST SPEED    17   HIGHEST GUST DIRECTION    NE (60)
  AVERAGE WIND SPEED     4.6


SKY COVER
  AVERAGE SKY COVER 0.5


WEATHER CONDITIONS
 THE FOLLOWING WEATHER WAS RECORDED YESTERDAY.
  FOG


RELATIVE HUMIDITY (PERCENT)
 HIGHEST    92
 LOWEST     70
 AVERAGE    81

..........................................................


THE CAPE GIRARDEAU MO CLIMATE NORMALS FOR TODAY
                         NORMAL    RECORD    YEAR
 MAXIMUM TEMPERATURE (F)   47        68      1966
 MINIMUM TEMPERATURE (F)   29         6      2005


SUNRISE AND SUNSET
DECEMBER  8 2014......SUNRISE   700 AM CST   SUNSET   441 PM CST
DECEMBER  9 2014......SUNRISE   700 AM CST   SUNSET   441 PM CST


-  INDICATES NEGATIVE NUMBERS.
R  INDICATES RECORD WAS SET OR TIED.
MM INDICATES DATA IS MISSING.
T  INDICATES TRACE AMOUNT.




$$
