000
CDUS43 KPAH 140630
CLICGI


CLIMATE REPORT
NATIONAL WEATHER SERVICE PADUCAH KY
127 AM CDT MON JUL 14 2014

...................................

...THE CAPE GIRARDEAU MO CLIMATE SUMMARY FOR JULY 13 2014...

CLIMATE NORMAL PERIOD 1981 TO 2010
CLIMATE RECORD PERIOD 1960 TO 2014

WEATHER ITEM   OBSERVED TIME   RECORD YEAR NORMAL DEPARTURE LAST
                VALUE   (LST)  VALUE       VALUE  FROM      YEAR
                                                  NORMAL
..................................................................
TEMPERATURE (F)
 YESTERDAY
  MAXIMUM         93    354 PM 104    1966  90      3       87
  MINIMUM         74    523 AM  55    1964  68      6       59
  AVERAGE         84                        79      5

PRECIPITATION (IN)
  YESTERDAY        0.00          1.75 2006   0.11  -0.11     0.00
  MONTH TO DATE    1.04                      1.43  -0.39     0.05
  SINCE JUN 1      8.54                      5.00   3.54     7.81
  SINCE JAN 1     26.93                     26.10   0.83    23.98

DEGREE DAYS
 HEATING
  YESTERDAY        0                         0      0        0
  MONTH TO DATE    0                         0      0        0
  SINCE JUN 1      0                         4     -4        0
  SINCE JUL 1      0                         0      0        0

 COOLING
  YESTERDAY       19                        14      5        8
  MONTH TO DATE  144                       179    -35      129
  SINCE JUN 1    503                       491     12      462
  SINCE JAN 1    714                       643     71      633
..................................................................

WIND (MPH)
  HIGHEST WIND SPEED    16   HIGHEST WIND DIRECTION    SW (230)
  HIGHEST GUST SPEED    21   HIGHEST GUST DIRECTION    SW (230)
  AVERAGE WIND SPEED     6.9

SKY COVER
  AVERAGE SKY COVER 0.1

WEATHER CONDITIONS
 THE FOLLOWING WEATHER WAS RECORDED YESTERDAY.
  FOG

RELATIVE HUMIDITY (PERCENT)
 HIGHEST    94
 LOWEST     52
 AVERAGE    73
..........................................................

THE CAPE GIRARDEAU MO CLIMATE NORMALS FOR TODAY
                         NORMAL    RECORD    YEAR
 MAXIMUM TEMPERATURE (F)   90       105      1966
 MINIMUM TEMPERATURE (F)   68        54      1967

SUNRISE AND SUNSET
JULY 14 2014..........SUNRISE   549 AM CDT   SUNSET   819 PM CDT
JULY 15 2014..........SUNRISE   550 AM CDT   SUNSET   818 PM CDT

-  INDICATES NEGATIVE NUMBERS.
R  INDICATES RECORD WAS SET OR TIED.
MM INDICATES DATA IS MISSING.
T  INDICATES TRACE AMOUNT.

$$
