000
CDUS43 KPAH 100632
CLICGI


CLIMATE REPORT
NATIONAL WEATHER SERVICE PADUCAH KY
130 AM CDT SUN JUL 10 2016


...................................

...THE CAPE GIRARDEAU MO CLIMATE SUMMARY FOR JULY 9 2016...

CLIMATE NORMAL PERIOD 1981 TO 2010
CLIMATE RECORD PERIOD 1960 TO 2016


WEATHER ITEM   OBSERVED TIME   RECORD YEAR NORMAL DEPARTURE LAST
                VALUE   (LST)  VALUE       VALUE  FROM      YEAR
                                                  NORMAL
..................................................................
TEMPERATURE (F)
 YESTERDAY
  MAXIMUM         88    301 PM 101    1990  89     -1       86
  MINIMUM         70    451 AM  51    1963  68      2       69
  AVERAGE         79                        79      0

PRECIPITATION (IN)
  YESTERDAY        0.00          1.88 2015   0.11  -0.11     1.88
  MONTH TO DATE    2.80                      0.98   1.82     6.42
  SINCE JUN 1      4.08                      4.55  -0.47    10.74
  SINCE JAN 1     27.36                     25.65   1.71    36.18

DEGREE DAYS
 HEATING
  YESTERDAY        0                         0      0        0
  MONTH TO DATE    0                         0      0        0
  SINCE JUN 1      0                         4     -4        5
  SINCE JUL 1      0                         0      0        0

 COOLING
  YESTERDAY       14                        14      0       13
  MONTH TO DATE  113                       123    -10       95
  SINCE JUN 1    524                       435     89      476
  SINCE JAN 1    645                       587     58      653
..................................................................


WIND (MPH)
  HIGHEST WIND SPEED     9   HIGHEST WIND DIRECTION    NE (40)
  HIGHEST GUST SPEED    11   HIGHEST GUST DIRECTION    NE (30)
  AVERAGE WIND SPEED     2.3


SKY COVER
  AVERAGE SKY COVER 0.2


WEATHER CONDITIONS
 THE FOLLOWING WEATHER WAS RECORDED YESTERDAY.
  NO SIGNIFICANT WEATHER WAS OBSERVED.


RELATIVE HUMIDITY (PERCENT)
 HIGHEST   100
 LOWEST     57
 AVERAGE    79

..........................................................


THE CAPE GIRARDEAU MO CLIMATE NORMALS FOR TODAY
                         NORMAL    RECORD    YEAR
 MAXIMUM TEMPERATURE (F)   90       101      1990
 MINIMUM TEMPERATURE (F)   68        51      1963


SUNRISE AND SUNSET
JULY 10 2016..........SUNRISE   547 AM CDT   SUNSET   820 PM CDT
JULY 11 2016..........SUNRISE   548 AM CDT   SUNSET   820 PM CDT


-  INDICATES NEGATIVE NUMBERS.
R  INDICATES RECORD WAS SET OR TIED.
MM INDICATES DATA IS MISSING.
T  INDICATES TRACE AMOUNT.




$$
