000
CDUS43 KPAH 080630
CLICGI


CLIMATE REPORT
NATIONAL WEATHER SERVICE PADUCAH KY
128 AM CDT SUN MAY 8 2016

...................................

...THE CAPE GIRARDEAU MO CLIMATE SUMMARY FOR MAY 7 2016...

CLIMATE NORMAL PERIOD 1981 TO 2010
CLIMATE RECORD PERIOD 1960 TO 2016

WEATHER ITEM   OBSERVED TIME   RECORD YEAR NORMAL DEPARTURE LAST
                VALUE   (LST)  VALUE       VALUE  FROM      YEAR
                                                  NORMAL
..................................................................
TEMPERATURE (F)
 YESTERDAY
  MAXIMUM         88    345 PM  90    1986  75     13       85
  MINIMUM         49    414 AM  37    1992  53     -4       59
  AVERAGE         69                        64      5

PRECIPITATION (IN)
  YESTERDAY        0.00          2.54 1961   0.20  -0.20     0.00
  MONTH TO DATE    0.00                      1.36  -1.36      T
  SINCE MAR 1     10.16                     10.12   0.04    12.96
  SINCE JAN 1     14.94                     17.00  -2.06    19.48

DEGREE DAYS
 HEATING
  YESTERDAY        0                         3     -3        0
  MONTH TO DATE   39                        26     13       17
  SINCE MAR 1    618                       847   -229      794
  SINCE JUL 1   3510                      4344   -834     4572

 COOLING
  YESTERDAY        4                         2      2        7
  MONTH TO DATE    9                        14     -5       28
  SINCE MAR 1     27                        45    -18       56
  SINCE JAN 1     27                        45    -18       56
..................................................................

WIND (MPH)
  HIGHEST WIND SPEED    22   HIGHEST WIND DIRECTION     W (270)
  HIGHEST GUST SPEED    28   HIGHEST GUST DIRECTION    SW (240)
  AVERAGE WIND SPEED     8.7

SKY COVER
  AVERAGE SKY COVER 0.0

WEATHER CONDITIONS
 THE FOLLOWING WEATHER WAS RECORDED YESTERDAY.
  NO SIGNIFICANT WEATHER WAS OBSERVED.

RELATIVE HUMIDITY (PERCENT)
 HIGHEST    93
 LOWEST     24
 AVERAGE    59
..........................................................

THE CAPE GIRARDEAU MO CLIMATE NORMALS FOR TODAY
                         NORMAL    RECORD    YEAR
 MAXIMUM TEMPERATURE (F)   76        90      1986
 MINIMUM TEMPERATURE (F)   53        41      1980

SUNRISE AND SUNSET
MAY  8 2016...........SUNRISE   556 AM CDT   SUNSET   754 PM CDT
MAY  9 2016...........SUNRISE   555 AM CDT   SUNSET   755 PM CDT

-  INDICATES NEGATIVE NUMBERS.
R  INDICATES RECORD WAS SET OR TIED.
MM INDICATES DATA IS MISSING.
T  INDICATES TRACE AMOUNT.

$$
