000
CDUS43 KPAH 170632
CLICGI


CLIMATE REPORT
NATIONAL WEATHER SERVICE PADUCAH KY
130 AM CDT FRI MAR 17 2017


...................................

...THE CAPE GIRARDEAU MO CLIMATE SUMMARY FOR MARCH 16 2017...

CLIMATE NORMAL PERIOD 1981 TO 2010
CLIMATE RECORD PERIOD 1960 TO 2017


WEATHER ITEM   OBSERVED TIME   RECORD YEAR NORMAL DEPARTURE LAST
                VALUE   (LST)  VALUE       VALUE  FROM      YEAR
                                                  NORMAL
..................................................................
TEMPERATURE (F)
 YESTERDAY
  MAXIMUM         47    438 PM  81    1982  58    -11       67
  MINIMUM         21    107 AM  20    1969  36    -15       48
  AVERAGE         34                        47    -13

PRECIPITATION (IN)
  YESTERDAY        0.00          2.54 1963   0.14  -0.14     0.00
  MONTH TO DATE    1.75                      2.09  -0.34     2.53
  SINCE MAR 1      1.75                      2.09  -0.34     2.53
  SINCE JAN 1      4.77                      8.97  -4.20     7.31

DEGREE DAYS
 HEATING
  YESTERDAY       31                        18     13        7
  MONTH TO DATE  345                       326     19      183
  SINCE MAR 1    345                       326     19      183
  SINCE JUL 1   3080                      3823   -743     3075

 COOLING
  YESTERDAY        0                         0      0        0
  MONTH TO DATE    0                         0      0        0
  SINCE MAR 1      0                         0      0        0
  SINCE JAN 1      0                         0      0        0
..................................................................


WIND (MPH)
  HIGHEST WIND SPEED    16   HIGHEST WIND DIRECTION     S (190)
  HIGHEST GUST SPEED    21   HIGHEST GUST DIRECTION     S (200)
  AVERAGE WIND SPEED     8.6


SKY COVER
  AVERAGE SKY COVER 0.7


WEATHER CONDITIONS
 THE FOLLOWING WEATHER WAS RECORDED YESTERDAY.
  NO SIGNIFICANT WEATHER WAS OBSERVED.


RELATIVE HUMIDITY (PERCENT)
 HIGHEST    88
 LOWEST     38
 AVERAGE    63

..........................................................


THE CAPE GIRARDEAU MO CLIMATE NORMALS FOR TODAY
                         NORMAL    RECORD    YEAR
 MAXIMUM TEMPERATURE (F)   59        94      1982
 MINIMUM TEMPERATURE (F)   36        22      1967


SUNRISE AND SUNSET
MARCH 17 2017.........SUNRISE   706 AM CDT   SUNSET   708 PM CDT
MARCH 18 2017.........SUNRISE   704 AM CDT   SUNSET   709 PM CDT


-  INDICATES NEGATIVE NUMBERS.
R  INDICATES RECORD WAS SET OR TIED.
MM INDICATES DATA IS MISSING.
T  INDICATES TRACE AMOUNT.




$$
