000
CDUS43 KPAH 260633
CLICGI


CLIMATE REPORT
NATIONAL WEATHER SERVICE PADUCAH KY
132 AM CDT TUE APR 26 2016


...................................

...THE CAPE GIRARDEAU MO CLIMATE SUMMARY FOR APRIL 25 2016...

CLIMATE NORMAL PERIOD 1981 TO 2010
CLIMATE RECORD PERIOD 1960 TO 2016


WEATHER ITEM   OBSERVED TIME   RECORD YEAR NORMAL DEPARTURE LAST
                VALUE   (LST)  VALUE       VALUE  FROM      YEAR
                                                  NORMAL
..................................................................
TEMPERATURE (F)
 YESTERDAY
  MAXIMUM         82    224 PM  88    1989  72     10       79
  MINIMUM         59    542 AM  33    2013  49     10       56
  AVERAGE         71                        60     11

PRECIPITATION (IN)
  YESTERDAY        0.00          4.69 2011   0.16  -0.16     0.00
  MONTH TO DATE    3.34                      3.54  -0.20     4.17
  SINCE MAR 1      8.80                      7.94   0.86    12.96
  SINCE JAN 1     13.58                     14.82  -1.24    19.48

DEGREE DAYS
 HEATING
  YESTERDAY        0                         6     -6        0
  MONTH TO DATE  184                       238    -54      127
  SINCE MAR 1    572                       797   -225      733
  SINCE JUL 1   3464                      4294   -830     4511

 COOLING
  YESTERDAY        6                         1      5        3
  MONTH TO DATE    9                        19    -10       28
  SINCE MAR 1      9                        23    -14       28
  SINCE JAN 1      9                        23    -14       28
..................................................................


WIND (MPH)
  HIGHEST WIND SPEED    24   HIGHEST WIND DIRECTION    SW (220)
  HIGHEST GUST SPEED    33   HIGHEST GUST DIRECTION    SW (220)
  AVERAGE WIND SPEED    11.5


SKY COVER
  AVERAGE SKY COVER 0.1


WEATHER CONDITIONS
 THE FOLLOWING WEATHER WAS RECORDED YESTERDAY.
  NO SIGNIFICANT WEATHER WAS OBSERVED.


RELATIVE HUMIDITY (PERCENT)
 HIGHEST    78
 LOWEST     48
 AVERAGE    63

..........................................................


THE CAPE GIRARDEAU MO CLIMATE NORMALS FOR TODAY
                         NORMAL    RECORD    YEAR
 MAXIMUM TEMPERATURE (F)   72        90      1989
 MINIMUM TEMPERATURE (F)   49        34      2000


SUNRISE AND SUNSET
APRIL 26 2016.........SUNRISE   609 AM CDT   SUNSET   744 PM CDT
APRIL 27 2016.........SUNRISE   608 AM CDT   SUNSET   745 PM CDT


-  INDICATES NEGATIVE NUMBERS.
R  INDICATES RECORD WAS SET OR TIED.
MM INDICATES DATA IS MISSING.
T  INDICATES TRACE AMOUNT.




$$
