121
CDUS43 KPAH 090631
CLICGI


CLIMATE REPORT
NATIONAL WEATHER SERVICE PADUCAH KY
128 AM CDT MON OCT 9 2017


...................................

...THE CAPE GIRARDEAU MO CLIMATE SUMMARY FOR OCTOBER 8 2017...

CLIMATE NORMAL PERIOD 1981 TO 2010
CLIMATE RECORD PERIOD 1960 TO 2017


WEATHER ITEM   OBSERVED TIME   RECORD YEAR NORMAL DEPARTURE LAST
                VALUE   (LST)  VALUE       VALUE  FROM      YEAR
                                                  NORMAL
..................................................................
TEMPERATURE (F)
 YESTERDAY
  MAXIMUM         81    201 PM  89    2007  73      8       71
  MINIMUM         62    712 AM  29    2000  47     15       42
  AVERAGE         72                        60     12

PRECIPITATION (IN)
  YESTERDAY        0.30          1.86 1999   0.12   0.18     0.00
  MONTH TO DATE    0.67                      0.93  -0.26     0.06
  SINCE SEP 1      1.40                      4.21  -2.81     5.11
  SINCE JAN 1     27.15                     35.26  -8.11    41.81

DEGREE DAYS
 HEATING
  YESTERDAY        0                         6     -6        8
  MONTH TO DATE    2                        44    -42        9
  SINCE SEP 1     18                        92    -74       28
  SINCE JUL 1     18                        93    -75       28

 COOLING
  YESTERDAY        7                         1      6        0
  MONTH TO DATE   65                        15     50       27
  SINCE SEP 1    256                       177     79      284
  SINCE JAN 1   1458                      1437     21     1727
..................................................................


WIND (MPH)
  HIGHEST WIND SPEED    16   HIGHEST WIND DIRECTION     E (100)
  HIGHEST GUST SPEED    22   HIGHEST GUST DIRECTION     E (110)
  AVERAGE WIND SPEED     5.7


SKY COVER
  AVERAGE SKY COVER 0.8


WEATHER CONDITIONS
 THE FOLLOWING WEATHER WAS RECORDED YESTERDAY.
  HEAVY RAIN
  LIGHT RAIN
  FOG
  FOG W/VISIBILITY <= 1/4 MILE


RELATIVE HUMIDITY (PERCENT)
 HIGHEST    93
 LOWEST     67
 AVERAGE    80

..........................................................


THE CAPE GIRARDEAU MO CLIMATE NORMALS FOR TODAY
                         NORMAL    RECORD    YEAR
 MAXIMUM TEMPERATURE (F)   73        89      1980
 MINIMUM TEMPERATURE (F)   47        27      2000


SUNRISE AND SUNSET
OCTOBER  9 2017.......SUNRISE   701 AM CDT   SUNSET   629 PM CDT
OCTOBER 10 2017.......SUNRISE   702 AM CDT   SUNSET   628 PM CDT


-  INDICATES NEGATIVE NUMBERS.
R  INDICATES RECORD WAS SET OR TIED.
MM INDICATES DATA IS MISSING.
T  INDICATES TRACE AMOUNT.




$$
