000
CDUS43 KPAH 032141
CLICGI


CLIMATE REPORT
NATIONAL WEATHER SERVICE PADUCAH KY
441 PM CDT THU JUL 3 2014


...................................

...THE CAPE GIRARDEAU MO CLIMATE SUMMARY FOR JULY 3 2014...
VALID TODAY AS OF 0400 PM LOCAL TIME.

CLIMATE NORMAL PERIOD 1981 TO 2010
CLIMATE RECORD PERIOD 1960 TO 2014


WEATHER ITEM   OBSERVED TIME   RECORD YEAR NORMAL DEPARTURE LAST
                VALUE   (LST)  VALUE       VALUE  FROM      YEAR
                                                  NORMAL
..................................................................
TEMPERATURE (F)
 TODAY
  MAXIMUM         76    227 PM  99    1973  89    -13       81
  MINIMUM         61    517 AM  56    2007  68     -7       61
  AVERAGE         69                        78     -9

PRECIPITATION (IN)
  TODAY            0.00          2.07 1976   0.10  -0.10     0.00
  MONTH TO DATE    0.89                      0.31   0.58     0.05
  SINCE JUN 1      8.39                      3.88   4.51     7.81
  SINCE JAN 1     26.78                     24.98   1.80    23.98

DEGREE DAYS
 HEATING
  TODAY            0                         0      0        0
  MONTH TO DATE    0                         0      0        0
  SINCE JUN 1      0                         4     -4        0
  SINCE JUL 1      0                         0      0        0

 COOLING
  TODAY            4                        13     -9        6
  MONTH TO DATE   30                        39     -9       13
  SINCE JUN 1    389                       351     38      346
  SINCE JAN 1    600                       503     97      517
..................................................................


WIND (MPH)
  HIGHEST WIND SPEED    13   HIGHEST WIND DIRECTION     N (340)
  HIGHEST GUST SPEED    17   HIGHEST GUST DIRECTION     N (340)
  AVERAGE WIND SPEED     6.8


SKY COVER
  AVERAGE SKY COVER 0.5


WEATHER CONDITIONS
 THE FOLLOWING WEATHER WAS RECORDED TODAY.
  NO SIGNIFICANT WEATHER WAS OBSERVED.


RELATIVE HUMIDITY (PERCENT)
 HIGHEST    84
 LOWEST     57
 AVERAGE    71

..........................................................


THE CAPE GIRARDEAU MO CLIMATE NORMALS FOR TOMORROW
                         NORMAL
 MAXIMUM TEMPERATURE (F)   89
 MINIMUM TEMPERATURE (F)   68


SUNRISE AND SUNSET
JULY  3 2014..........SUNRISE   543 AM CDT   SUNSET   822 PM CDT
JULY  4 2014..........SUNRISE   543 AM CDT   SUNSET   822 PM CDT


-  INDICATES NEGATIVE NUMBERS.
R  INDICATES RECORD WAS SET OR TIED.
MM INDICATES DATA IS MISSING.
T  INDICATES TRACE AMOUNT.




$$
