000
CDUS43 KPAH 180638
CLICGI


CLIMATE REPORT
NATIONAL WEATHER SERVICE PADUCAH KY
133 AM CDT WED MAR 18 2015


...................................

...THE CAPE GIRARDEAU MO CLIMATE SUMMARY FOR MARCH 17 2015...

CLIMATE NORMAL PERIOD 1981 TO 2010
CLIMATE RECORD PERIOD 1960 TO 2015


WEATHER ITEM   OBSERVED TIME   RECORD YEAR NORMAL DEPARTURE LAST
                VALUE   (LST)  VALUE       VALUE  FROM      YEAR
                                                  NORMAL
..................................................................
TEMPERATURE (F)
 YESTERDAY
  MAXIMUM         59    207 PM  94    1982  59      0       47
  MINIMUM         44   1159 PM  22    1967  36      8       28
  AVERAGE         52                        47      5

PRECIPITATION (IN)
  YESTERDAY        0.00          1.21 1970   0.16  -0.16     0.00
  MONTH TO DATE    6.84                      2.25   4.59     1.80
  SINCE MAR 1      6.84                      2.25   4.59     1.80
  SINCE JAN 1     13.36                      9.13   4.23     4.94

DEGREE DAYS
 HEATING
  YESTERDAY       13                        18     -5       27
  MONTH TO DATE  384                       344     40      440
  SINCE MAR 1    384                       344     40      440
  SINCE JUL 1   4162                      3841    321     4365

 COOLING
  YESTERDAY        0                         0      0        0
  MONTH TO DATE    0                         0      0        0
  SINCE MAR 1      0                         0      0        0
  SINCE JAN 1      0                         0      0        0
..................................................................


WIND (MPH)
  HIGHEST WIND SPEED    26   HIGHEST WIND DIRECTION     N (10)
  HIGHEST GUST SPEED    34   HIGHEST GUST DIRECTION     N (20)
  AVERAGE WIND SPEED    13.5


SKY COVER
  AVERAGE SKY COVER 0.0


WEATHER CONDITIONS
 THE FOLLOWING WEATHER WAS RECORDED YESTERDAY.
  NO SIGNIFICANT WEATHER WAS OBSERVED.


RELATIVE HUMIDITY (PERCENT)
 HIGHEST   100
 LOWEST     47
 AVERAGE    74

..........................................................


THE CAPE GIRARDEAU MO CLIMATE NORMALS FOR TODAY
                         NORMAL    RECORD    YEAR
 MAXIMUM TEMPERATURE (F)   59        79      1982
 MINIMUM TEMPERATURE (F)   37        20      1967


SUNRISE AND SUNSET
MARCH 18 2015.........SUNRISE   705 AM CDT   SUNSET   708 PM CDT
MARCH 19 2015.........SUNRISE   704 AM CDT   SUNSET   709 PM CDT


-  INDICATES NEGATIVE NUMBERS.
R  INDICATES RECORD WAS SET OR TIED.
MM INDICATES DATA IS MISSING.
T  INDICATES TRACE AMOUNT.




$$
