000
CDUS43 KPAH 102237
CLICGI


CLIMATE REPORT
NATIONAL WEATHER SERVICE PADUCAH KY
435 PM CST MON NOV 10 2014


...................................

...THE CAPE GIRARDEAU MO CLIMATE SUMMARY FOR NOVEMBER 10 2014...
VALID TODAY AS OF 0400 PM LOCAL TIME.

CLIMATE NORMAL PERIOD 1981 TO 2010
CLIMATE RECORD PERIOD 1960 TO 2014


WEATHER ITEM   OBSERVED TIME   RECORD YEAR NORMAL DEPARTURE LAST
                VALUE   (LST)  VALUE       VALUE  FROM      YEAR
                                                  NORMAL
..................................................................
TEMPERATURE (F)
 TODAY
  MAXIMUM         68    331 PM  76    2010  60      8       61
  MINIMUM         39    215 AM  20    1991  38      1       34
  AVERAGE         54                        49      5

PRECIPITATION (IN)
  TODAY            0.00          0.89 1996   0.14  -0.14     0.00
  MONTH TO DATE    0.71                      1.34  -0.63     0.23
  SINCE SEP 1      7.07                      8.41  -1.34     4.87
  SINCE JAN 1     39.37                     39.46  -0.09    33.10

DEGREE DAYS
 HEATING
  TODAY           11                        16     -5       17
  MONTH TO DATE  194                       142     52      146
  SINCE SEP 1    443                       444     -1      412
  SINCE JUL 1    443                       445     -2      413

 COOLING
  TODAY            0                         0      0        0
  MONTH TO DATE    0                         0      0        0
  SINCE SEP 1    185                       191     -6      260
  SINCE JAN 1   1424                      1451    -27     1441
..................................................................


WIND (MPH)
  HIGHEST WIND SPEED    30   HIGHEST WIND DIRECTION     S (190)
  HIGHEST GUST SPEED    39   HIGHEST GUST DIRECTION     S (190)
  AVERAGE WIND SPEED    13.1


SKY COVER
  AVERAGE SKY COVER 0.0


WEATHER CONDITIONS
 THE FOLLOWING WEATHER WAS RECORDED TODAY.
  NO SIGNIFICANT WEATHER WAS OBSERVED.


RELATIVE HUMIDITY (PERCENT)
 HIGHEST    92
 LOWEST     39
 AVERAGE    66

..........................................................


THE CAPE GIRARDEAU MO CLIMATE NORMALS FOR TOMORROW
                         NORMAL
 MAXIMUM TEMPERATURE (F)   60
 MINIMUM TEMPERATURE (F)   38


SUNRISE AND SUNSET
NOVEMBER 10 2014......SUNRISE   632 AM CST   SUNSET   452 PM CST
NOVEMBER 11 2014......SUNRISE   633 AM CST   SUNSET   451 PM CST


-  INDICATES NEGATIVE NUMBERS.
R  INDICATES RECORD WAS SET OR TIED.
MM INDICATES DATA IS MISSING.
T  INDICATES TRACE AMOUNT.




$$
