000
CDUS43 KPAH 142128
CLICGI


CLIMATE REPORT
NATIONAL WEATHER SERVICE PADUCAH KY
425 PM CDT WED JUN 14 2017

...................................

...THE CAPE GIRARDEAU MO CLIMATE SUMMARY FOR JUNE 14 2017...
VALID TODAY AS OF 0400 PM LOCAL TIME.

CLIMATE NORMAL PERIOD 1981 TO 2010
CLIMATE RECORD PERIOD 1960 TO 2017

WEATHER ITEM   OBSERVED TIME   RECORD YEAR NORMAL DEPARTURE LAST
                VALUE   (LST)  VALUE       VALUE  FROM      YEAR
                                                  NORMAL
..................................................................
TEMPERATURE (F)
 TODAY
  MAXIMUM         94    236 PM  97    2010  86      8       92
  MINIMUM         73    446 AM  52    2014  64      9       71
                                      1962
  AVERAGE         84                        75      9

PRECIPITATION (IN)
  TODAY            0.00          0.98 1969   0.12  -0.12     0.00
  MONTH TO DATE    0.72                      1.74  -1.02     0.80
  SINCE JUN 1      0.72                      1.74  -1.02     0.80
  SINCE JAN 1     19.94                     22.84  -2.90    24.08

DEGREE DAYS
 HEATING
  TODAY            0                         0      0        0
  MONTH TO DATE    0                         1     -1        0
  SINCE JUN 1      0                         1     -1        0
  SINCE JUL 1   3430                      4387   -957     3571

 COOLING
  TODAY           19                        10      9       17
  MONTH TO DATE  150                       119     31      141
  SINCE JUN 1    150                       119     31      141
  SINCE JAN 1    325                       271     54      262
..................................................................

WIND (MPH)
  HIGHEST WIND SPEED    18   HIGHEST WIND DIRECTION    SW (210)
  HIGHEST GUST SPEED    25   HIGHEST GUST DIRECTION    SW (210)
  AVERAGE WIND SPEED     9.9

SKY COVER
  AVERAGE SKY COVER 0.0

WEATHER CONDITIONS
 THE FOLLOWING WEATHER WAS RECORDED TODAY.
  NO SIGNIFICANT WEATHER WAS OBSERVED.

RELATIVE HUMIDITY (PERCENT)
 HIGHEST    87
 LOWEST     41
 AVERAGE    64
..........................................................

THE CAPE GIRARDEAU MO CLIMATE NORMALS FOR TOMORROW
                         NORMAL
 MAXIMUM TEMPERATURE (F)   87
 MINIMUM TEMPERATURE (F)   64

SUNRISE AND SUNSET
JUNE 14 2017..........SUNRISE   537 AM CDT   SUNSET   820 PM CDT
JUNE 15 2017..........SUNRISE   538 AM CDT   SUNSET   820 PM CDT

-  INDICATES NEGATIVE NUMBERS.
R  INDICATES RECORD WAS SET OR TIED.
MM INDICATES DATA IS MISSING.
T  INDICATES TRACE AMOUNT.

$$
