000
CDUS43 KPAH 070634
CLICGI


CLIMATE REPORT
NATIONAL WEATHER SERVICE PADUCAH KY
130 AM CDT SAT MAY 7 2016

...................................

...THE CAPE GIRARDEAU MO CLIMATE SUMMARY FOR MAY 6 2016...

CLIMATE NORMAL PERIOD 1981 TO 2010
CLIMATE RECORD PERIOD 1960 TO 2016

WEATHER ITEM   OBSERVED TIME   RECORD YEAR NORMAL DEPARTURE LAST
                VALUE   (LST)  VALUE       VALUE  FROM      YEAR
                                                  NORMAL
..................................................................
TEMPERATURE (F)
 YESTERDAY
  MAXIMUM         76    445 PM  93    2012  75      1       85
  MINIMUM         41    513 AM  38    1968  53    -12       57
  AVERAGE         59                        64     -5

PRECIPITATION (IN)
  YESTERDAY        0.00          2.46 1961   0.19  -0.19     0.00
  MONTH TO DATE    0.00                      1.16  -1.16      T
  SINCE MAR 1     10.16                      9.92   0.24    12.96
  SINCE JAN 1     14.94                     16.80  -1.86    19.48

DEGREE DAYS
 HEATING
  YESTERDAY        6                         3      3        0
  MONTH TO DATE   39                        23     16       17
  SINCE MAR 1    618                       844   -226      794
  SINCE JUL 1   3510                      4341   -831     4572

 COOLING
  YESTERDAY        0                         2     -2        6
  MONTH TO DATE    5                        12     -7       21
  SINCE MAR 1     23                        43    -20       49
  SINCE JAN 1     23                        43    -20       49
..................................................................

WIND (MPH)
  HIGHEST WIND SPEED    14   HIGHEST WIND DIRECTION    NW (330)
  HIGHEST GUST SPEED    17   HIGHEST GUST DIRECTION    NW (330)
  AVERAGE WIND SPEED     3.9

SKY COVER
  AVERAGE SKY COVER 0.0

WEATHER CONDITIONS
 THE FOLLOWING WEATHER WAS RECORDED YESTERDAY.
  NO SIGNIFICANT WEATHER WAS OBSERVED.

RELATIVE HUMIDITY (PERCENT)
 HIGHEST   100
 LOWEST     29
 AVERAGE    65
..........................................................

THE CAPE GIRARDEAU MO CLIMATE NORMALS FOR TODAY
                         NORMAL    RECORD    YEAR
 MAXIMUM TEMPERATURE (F)   75        90      1986
 MINIMUM TEMPERATURE (F)   53        37      1992

SUNRISE AND SUNSET
MAY  7 2016...........SUNRISE   557 AM CDT   SUNSET   754 PM CDT
MAY  8 2016...........SUNRISE   556 AM CDT   SUNSET   754 PM CDT

-  INDICATES NEGATIVE NUMBERS.
R  INDICATES RECORD WAS SET OR TIED.
MM INDICATES DATA IS MISSING.
T  INDICATES TRACE AMOUNT.

$$
