000
CDUS43 KPAH 210645
CLICGI


CLIMATE REPORT
NATIONAL WEATHER SERVICE PADUCAH KY
1245 AM CST SAT FEB 21 2015


...................................

...THE CAPE GIRARDEAU MO CLIMATE SUMMARY FOR FEBRUARY 20 2015...

CLIMATE NORMAL PERIOD 1981 TO 2010
CLIMATE RECORD PERIOD 1960 TO 2015


WEATHER ITEM   OBSERVED TIME   RECORD YEAR NORMAL DEPARTURE LAST
                VALUE   (LST)  VALUE       VALUE  FROM      YEAR
                                                  NORMAL
..................................................................
TEMPERATURE (F)
 YESTERDAY
  MAXIMUM         31   1159 PM  73    2011  49    -18       68
  MINIMUM         11R   200 AM  13    1978  29    -18       38
  AVERAGE         21                        39    -18

PRECIPITATION (IN)
  YESTERDAY        0.43          1.32 1994   0.11   0.32     0.15
  MONTH TO DATE    1.75                      2.44  -0.69     1.14
  SINCE DEC 1      9.33                     10.16  -0.83     8.70
  SINCE JAN 1      6.52                      5.91   0.61     3.14

DEGREE DAYS
 HEATING
  YESTERDAY       44                        26     18       12
  MONTH TO DATE  737                       566    171      706
  SINCE DEC 1   2450                      2453     -3     2784
  SINCE JUL 1   3446                      3304    142     3690

 COOLING
  YESTERDAY        0                         0      0        0
  MONTH TO DATE    0                         0      0        0
  SINCE DEC 1      0                         0      0        0
  SINCE JAN 1      0                         0      0        0
..................................................................


WIND (MPH)
  HIGHEST WIND SPEED    21   HIGHEST WIND DIRECTION    SE (150)
  HIGHEST GUST SPEED    28   HIGHEST GUST DIRECTION    SE (140)
  AVERAGE WIND SPEED    11.5


SKY COVER
  AVERAGE SKY COVER 1.0


WEATHER CONDITIONS
 THE FOLLOWING WEATHER WAS RECORDED YESTERDAY.
  FREEZING RAIN
  LT FREEZING RAIN
  LIGHT SNOW
  FOG
  HAZE


RELATIVE HUMIDITY (PERCENT)
 HIGHEST    96
 LOWEST     59
 AVERAGE    78

..........................................................


THE CAPE GIRARDEAU MO CLIMATE NORMALS FOR TODAY
                         NORMAL    RECORD    YEAR
 MAXIMUM TEMPERATURE (F)   50        69      1983
 MINIMUM TEMPERATURE (F)   30         5      1963


SUNRISE AND SUNSET
FEBRUARY 21 2015......SUNRISE   640 AM CST   SUNSET   544 PM CST
FEBRUARY 22 2015......SUNRISE   639 AM CST   SUNSET   545 PM CST


-  INDICATES NEGATIVE NUMBERS.
R  INDICATES RECORD WAS SET OR TIED.
MM INDICATES DATA IS MISSING.
T  INDICATES TRACE AMOUNT.




$$
