000
CDUS43 KPAH 150635
CLICGI


CLIMATE REPORT
NATIONAL WEATHER SERVICE PADUCAH KY
1229 AM CST TUE NOV 15 2016


...................................

...THE CAPE GIRARDEAU MO CLIMATE SUMMARY FOR NOVEMBER 14 2016...

CLIMATE NORMAL PERIOD 1981 TO 2010
CLIMATE RECORD PERIOD 1960 TO 2016


WEATHER ITEM   OBSERVED TIME   RECORD YEAR NORMAL DEPARTURE LAST
                VALUE   (LST)  VALUE       VALUE  FROM      YEAR
                                                  NORMAL
..................................................................
TEMPERATURE (F)
 YESTERDAY
  MAXIMUM         66    334 PM  80    1964  58      8       65
  MINIMUM         25   1222 AM  13    1986  37    -12       31
  AVERAGE         46                        48     -2

PRECIPITATION (IN)
  YESTERDAY        0.00          1.34 2011   0.15  -0.15     0.00
  MONTH TO DATE    T                         1.93  -1.93     2.60
  SINCE SEP 1      5.69                      9.00  -3.31     5.47
  SINCE JAN 1     42.39                     40.05   2.34    49.02

DEGREE DAYS
 HEATING
  YESTERDAY       19                        17      2       17
  MONTH TO DATE  163                       209    -46      159
  SINCE SEP 1    294                       511   -217      375
  SINCE JUL 1    294                       512   -218      375

 COOLING
  YESTERDAY        0                         0      0        0
  MONTH TO DATE   11                         0     11        4
  SINCE SEP 1    355                       191    164      202
  SINCE JAN 1   1798                      1451    347     1531
..................................................................


WIND (MPH)
  HIGHEST WIND SPEED    14   HIGHEST WIND DIRECTION    SW (230)
  HIGHEST GUST SPEED    17   HIGHEST GUST DIRECTION    SW (230)
  AVERAGE WIND SPEED     3.6


SKY COVER
  AVERAGE SKY COVER 0.2


WEATHER CONDITIONS
 THE FOLLOWING WEATHER WAS RECORDED YESTERDAY.
  NO SIGNIFICANT WEATHER WAS OBSERVED.


RELATIVE HUMIDITY (PERCENT)
 HIGHEST    92
 LOWEST     34
 AVERAGE    63

..........................................................


THE CAPE GIRARDEAU MO CLIMATE NORMALS FOR TODAY
                         NORMAL    RECORD    YEAR
 MAXIMUM TEMPERATURE (F)   58        78      1971
 MINIMUM TEMPERATURE (F)   37        20      2014


SUNRISE AND SUNSET
NOVEMBER 15 2016......SUNRISE   638 AM CST   SUNSET   448 PM CST
NOVEMBER 16 2016......SUNRISE   639 AM CST   SUNSET   447 PM CST


-  INDICATES NEGATIVE NUMBERS.
R  INDICATES RECORD WAS SET OR TIED.
MM INDICATES DATA IS MISSING.
T  INDICATES TRACE AMOUNT.




$$
