000
CDUS43 KPAH 240633
CLICGI


CLIMATE REPORT
NATIONAL WEATHER SERVICE PADUCAH KY
1230 AM CST TUE FEB 24 2015


...................................

...THE CAPE GIRARDEAU MO CLIMATE SUMMARY FOR FEBRUARY 23 2015...

CLIMATE NORMAL PERIOD 1981 TO 2010
CLIMATE RECORD PERIOD 1960 TO 2015


WEATHER ITEM   OBSERVED TIME   RECORD YEAR NORMAL DEPARTURE LAST
                VALUE   (LST)  VALUE       VALUE  FROM      YEAR
                                                  NORMAL
..................................................................
TEMPERATURE (F)
 YESTERDAY
  MAXIMUM         20    435 PM  76    1982  51    -31       49
  MINIMUM         11    750 AM   9    1968  30    -19       29
  AVERAGE         16                        40    -24

PRECIPITATION (IN)
  YESTERDAY        0.00          1.31 1985   0.12  -0.12     0.00
  MONTH TO DATE    1.75                      2.80  -1.05     1.14
  SINCE DEC 1      9.33                     10.52  -1.19     8.70
  SINCE JAN 1      6.52                      6.27   0.25     3.14

DEGREE DAYS
 HEATING
  YESTERDAY       49                        25     24       26
  MONTH TO DATE  857                       641    216      771
  SINCE DEC 1   2570                      2528     42     2849
  SINCE JUL 1   3566                      3379    187     3755

 COOLING
  YESTERDAY        0                         0      0        0
  MONTH TO DATE    0                         0      0        0
  SINCE DEC 1      0                         0      0        0
  SINCE JAN 1      0                         0      0        0
..................................................................


WIND (MPH)
  HIGHEST WIND SPEED    26   HIGHEST WIND DIRECTION     N (10)
  HIGHEST GUST SPEED    32   HIGHEST GUST DIRECTION     N (360)
  AVERAGE WIND SPEED    12.7


SKY COVER
  AVERAGE SKY COVER 0.7


WEATHER CONDITIONS
 THE FOLLOWING WEATHER WAS RECORDED YESTERDAY.
  NO SIGNIFICANT WEATHER WAS OBSERVED.


RELATIVE HUMIDITY (PERCENT)
 HIGHEST    67
 LOWEST     49
 AVERAGE    58

..........................................................


THE CAPE GIRARDEAU MO CLIMATE NORMALS FOR TODAY
                         NORMAL    RECORD    YEAR
 MAXIMUM TEMPERATURE (F)   51        73      2000
 MINIMUM TEMPERATURE (F)   31        11      1967


SUNRISE AND SUNSET
FEBRUARY 24 2015......SUNRISE   636 AM CST   SUNSET   547 PM CST
FEBRUARY 25 2015......SUNRISE   635 AM CST   SUNSET   548 PM CST


-  INDICATES NEGATIVE NUMBERS.
R  INDICATES RECORD WAS SET OR TIED.
MM INDICATES DATA IS MISSING.
T  INDICATES TRACE AMOUNT.




$$
