000
CDUS43 KPAH 230628
CLICGI


CLIMATE REPORT
NATIONAL WEATHER SERVICE PADUCAH KY
127 AM CDT SUN AUG 23 2015

...................................

...THE CAPE GIRARDEAU MO CLIMATE SUMMARY FOR AUGUST 22 2015...

CLIMATE NORMAL PERIOD 1981 TO 2010
CLIMATE RECORD PERIOD 1960 TO 2015

WEATHER ITEM   OBSERVED TIME   RECORD YEAR NORMAL DEPARTURE LAST
                VALUE   (LST)  VALUE       VALUE  FROM      YEAR
                                                  NORMAL
..................................................................
TEMPERATURE (F)
 YESTERDAY
  MAXIMUM         83   1238 PM 102    1987  89     -6       93
  MINIMUM         63    137 AM  52    1997  65     -2       71
  AVERAGE         73                        77     -4

PRECIPITATION (IN)
  YESTERDAY        0.71          2.54 2008   0.10   0.61     0.00
  MONTH TO DATE    4.16                      2.11   2.05     2.86
  SINCE JUN 1     18.11                      9.04   9.07    13.28
  SINCE JAN 1     43.55                     30.14  13.41    31.67

DEGREE DAYS
 HEATING
  YESTERDAY        0                         0      0        0
  MONTH TO DATE    0                         0      0        0
  SINCE JUN 1      5                         4      1        0
  SINCE JUL 1      0                         0      0        0

 COOLING
  YESTERDAY        8                        12     -4       17
  MONTH TO DATE  245                       279    -34      247
  SINCE JUN 1   1095                      1013     82      881
  SINCE JAN 1   1272                      1165    107     1092
..................................................................

WIND (MPH)
  HIGHEST WIND SPEED    15   HIGHEST WIND DIRECTION     N (10)
  HIGHEST GUST SPEED    18   HIGHEST GUST DIRECTION     N (10)
  AVERAGE WIND SPEED     5.8

SKY COVER
  AVERAGE SKY COVER 0.6

WEATHER CONDITIONS
 THE FOLLOWING WEATHER WAS RECORDED YESTERDAY.
  THUNDERSTORM
  HEAVY RAIN
  RAIN
  LIGHT RAIN
  FOG
  HAZE

RELATIVE HUMIDITY (PERCENT)
 HIGHEST   100
 LOWEST     67
 AVERAGE    84
..........................................................

THE CAPE GIRARDEAU MO CLIMATE NORMALS FOR TODAY
                         NORMAL    RECORD    YEAR
 MAXIMUM TEMPERATURE (F)   88        99      2007
 MINIMUM TEMPERATURE (F)   65        52      2009

SUNRISE AND SUNSET
AUGUST 23 2015........SUNRISE   621 AM CDT   SUNSET   740 PM CDT
AUGUST 24 2015........SUNRISE   622 AM CDT   SUNSET   739 PM CDT

-  INDICATES NEGATIVE NUMBERS.
R  INDICATES RECORD WAS SET OR TIED.
MM INDICATES DATA IS MISSING.
T  INDICATES TRACE AMOUNT.

$$
