000
CDUS43 KPAH 100631
CLICGI


CLIMATE REPORT
NATIONAL WEATHER SERVICE PADUCAH KY
128 AM CDT SUN APR 10 2016


...................................

...THE CAPE GIRARDEAU MO CLIMATE SUMMARY FOR APRIL 9 2016...

CLIMATE NORMAL PERIOD 1981 TO 2010
CLIMATE RECORD PERIOD 1960 TO 2016


WEATHER ITEM   OBSERVED TIME   RECORD YEAR NORMAL DEPARTURE LAST
                VALUE   (LST)  VALUE       VALUE  FROM      YEAR
                                                  NORMAL
..................................................................
TEMPERATURE (F)
 YESTERDAY
  MAXIMUM         52    356 PM  86    2011  67    -15       80
  MINIMUM         33    601 AM  22    2007  43    -10       62
  AVERAGE         43                        55    -12

PRECIPITATION (IN)
  YESTERDAY        0.00          1.76 1969   0.14  -0.14     0.70
  MONTH TO DATE    0.18                      1.22  -1.04     1.98
  SINCE MAR 1      5.64                      5.62   0.02    10.77
  SINCE JAN 1     10.42                     12.50  -2.08    17.29

DEGREE DAYS
 HEATING
  YESTERDAY       22                        11     11        0
  MONTH TO DATE  125                       108     17       58
  SINCE MAR 1    513                       667   -154      664
  SINCE JUL 1   3405                      4164   -759     4442

 COOLING
  YESTERDAY        0                         1     -1        6
  MONTH TO DATE    0                         3     -3       21
  SINCE MAR 1      0                         7     -7       21
  SINCE JAN 1      0                         7     -7       21
..................................................................


WIND (MPH)
  HIGHEST WIND SPEED    15   HIGHEST WIND DIRECTION     N (10)
  HIGHEST GUST SPEED    21   HIGHEST GUST DIRECTION     N (360)
  AVERAGE WIND SPEED     7.1


SKY COVER
  AVERAGE SKY COVER 0.1


WEATHER CONDITIONS
 THE FOLLOWING WEATHER WAS RECORDED YESTERDAY.
  NO SIGNIFICANT WEATHER WAS OBSERVED.


RELATIVE HUMIDITY (PERCENT)
 HIGHEST    57
 LOWEST     26
 AVERAGE    42

..........................................................


THE CAPE GIRARDEAU MO CLIMATE NORMALS FOR TODAY
                         NORMAL    RECORD    YEAR
 MAXIMUM TEMPERATURE (F)   67        86      1995
 MINIMUM TEMPERATURE (F)   44        26      1966


SUNRISE AND SUNSET
APRIL 10 2016.........SUNRISE   630 AM CDT   SUNSET   729 PM CDT
APRIL 11 2016.........SUNRISE   629 AM CDT   SUNSET   730 PM CDT


-  INDICATES NEGATIVE NUMBERS.
R  INDICATES RECORD WAS SET OR TIED.
MM INDICATES DATA IS MISSING.
T  INDICATES TRACE AMOUNT.




$$
