025
CDUS43 KPAH 112135
CLICGI


CLIMATE REPORT
NATIONAL WEATHER SERVICE PADUCAH KY
434 PM CDT TUE JUL 11 2017


...................................

...THE CAPE GIRARDEAU MO CLIMATE SUMMARY FOR JULY 11 2017...
VALID TODAY AS OF 0400 PM LOCAL TIME.

CLIMATE NORMAL PERIOD 1981 TO 2010
CLIMATE RECORD PERIOD 1960 TO 2017


WEATHER ITEM   OBSERVED TIME   RECORD YEAR NORMAL DEPARTURE LAST
                VALUE   (LST)  VALUE       VALUE  FROM      YEAR
                                                  NORMAL
..................................................................
TEMPERATURE (F)
 TODAY
  MAXIMUM         90    232 PM 103    1980  90      0       88
  MINIMUM         71    450 AM  55    1963  68      3       71
  AVERAGE         81                        79      2

PRECIPITATION (IN)
  TODAY            0.00          2.91 2005   0.12  -0.12     0.00
  MONTH TO DATE    0.93                      1.21  -0.28     2.80
  SINCE JUN 1      3.88                      4.78  -0.90     4.08
  SINCE JAN 1     23.10                     25.88  -2.78    27.36

DEGREE DAYS
 HEATING
  TODAY            0                         0      0        0
  MONTH TO DATE    0                         0      0        0
  SINCE JUN 1      0                         4     -4        0
  SINCE JUL 1      0                         0      0        0

 COOLING
  TODAY           16                        14      2       15
  MONTH TO DATE  138                       151    -13      143
  SINCE JUN 1    446                       463    -17      554
  SINCE JAN 1    621                       615      6      675
..................................................................


WIND (MPH)
  HIGHEST WIND SPEED    16   HIGHEST WIND DIRECTION    SW (240)
  HIGHEST GUST SPEED    23   HIGHEST GUST DIRECTION    SW (240)
  AVERAGE WIND SPEED     8.1


SKY COVER
  AVERAGE SKY COVER 0.0


WEATHER CONDITIONS
 THE FOLLOWING WEATHER WAS RECORDED TODAY.
  NO SIGNIFICANT WEATHER WAS OBSERVED.


RELATIVE HUMIDITY (PERCENT)
 HIGHEST    93
 LOWEST     47
 AVERAGE    70

..........................................................


THE CAPE GIRARDEAU MO CLIMATE NORMALS FOR TOMORROW
                         NORMAL
 MAXIMUM TEMPERATURE (F)   90
 MINIMUM TEMPERATURE (F)   68


SUNRISE AND SUNSET
JULY 11 2017..........SUNRISE   547 AM CDT   SUNSET   820 PM CDT
JULY 12 2017..........SUNRISE   548 AM CDT   SUNSET   820 PM CDT


-  INDICATES NEGATIVE NUMBERS.
R  INDICATES RECORD WAS SET OR TIED.
MM INDICATES DATA IS MISSING.
T  INDICATES TRACE AMOUNT.




$$
