000
CDUS43 KPAH 022129
CLICGI


CLIMATE REPORT
NATIONAL WEATHER SERVICE PADUCAH KY
428 PM CDT SAT SEP 2 2017


...................................

...THE CAPE GIRARDEAU MO CLIMATE SUMMARY FOR SEPTEMBER 2 2017...
VALID TODAY AS OF 0400 PM LOCAL TIME.

CLIMATE NORMAL PERIOD 1981 TO 2010
CLIMATE RECORD PERIOD 1960 TO 2017


WEATHER ITEM   OBSERVED TIME   RECORD YEAR NORMAL DEPARTURE LAST
                VALUE   (LST)  VALUE       VALUE  FROM      YEAR
                                                  NORMAL
..................................................................
TEMPERATURE (F)
 TODAY
  MAXIMUM         81    259 PM  97    2011  86     -5       81
  MINIMUM         49    605 AM  47    1967  62    -13       58
  AVERAGE         65                        74     -9

PRECIPITATION (IN)
  TODAY            0.00          4.66 2003   0.11  -0.11     0.00
  MONTH TO DATE    0.00                      0.22  -0.22     0.00
  SINCE SEP 1      0.00                      0.22  -0.22     0.00
  SINCE JAN 1     25.75                     31.27  -5.52    36.70

DEGREE DAYS
 HEATING
  TODAY            0                         0      0        0
  MONTH TO DATE    0                         0      0        0
  SINCE SEP 1      0                         0      0        0
  SINCE JUL 1      0                         1     -1        0

 COOLING
  TODAY            0                         9     -9        5
  MONTH TO DATE    1                        18    -17       13
  SINCE SEP 1      1                        18    -17       13
  SINCE JAN 1   1203                      1278    -75     1456
..................................................................


WIND (MPH)
  HIGHEST WIND SPEED    12   HIGHEST WIND DIRECTION     N (350)
  HIGHEST GUST SPEED    19   HIGHEST GUST DIRECTION     N (340)
  AVERAGE WIND SPEED     4.7


SKY COVER
  AVERAGE SKY COVER 0.0


WEATHER CONDITIONS
 THE FOLLOWING WEATHER WAS RECORDED TODAY.
  FOG


RELATIVE HUMIDITY (PERCENT)
 HIGHEST   100
 LOWEST     35
 AVERAGE    68

..........................................................


THE CAPE GIRARDEAU MO CLIMATE NORMALS FOR TOMORROW
                         NORMAL
 MAXIMUM TEMPERATURE (F)   86
 MINIMUM TEMPERATURE (F)   62


SUNRISE AND SUNSET
SEPTEMBER  2 2017.....SUNRISE   630 AM CDT   SUNSET   725 PM CDT
SEPTEMBER  3 2017.....SUNRISE   631 AM CDT   SUNSET   724 PM CDT


-  INDICATES NEGATIVE NUMBERS.
R  INDICATES RECORD WAS SET OR TIED.
MM INDICATES DATA IS MISSING.
T  INDICATES TRACE AMOUNT.




$$
