000
CDUS43 KPAH 100636
CLICGI


CLIMATE REPORT
NATIONAL WEATHER SERVICE PADUCAH KY
134 AM CDT WED MAY 10 2017


...................................

...THE CAPE GIRARDEAU MO CLIMATE SUMMARY FOR MAY 9 2017...

CLIMATE NORMAL PERIOD 1981 TO 2010
CLIMATE RECORD PERIOD 1960 TO 2017


WEATHER ITEM   OBSERVED TIME   RECORD YEAR NORMAL DEPARTURE LAST
                VALUE   (LST)  VALUE       VALUE  FROM      YEAR
                                                  NORMAL
..................................................................
TEMPERATURE (F)
 YESTERDAY
  MAXIMUM         84    259 PM  89    1963  76      8       76
  MINIMUM         58    336 AM  36    1980  54      4       61
  AVERAGE         71                        65      6

PRECIPITATION (IN)
  YESTERDAY        0.00          1.38 2014   0.19  -0.19     0.41
  MONTH TO DATE    2.37                      1.75   0.62     0.41
  SINCE MAR 1     13.46                     10.51   2.95    10.57
  SINCE JAN 1     16.48                     17.39  -0.91    15.35

DEGREE DAYS
 HEATING
  YESTERDAY        0                         3     -3        0
  MONTH TO DATE   60                        32     28       39
  SINCE MAR 1    687                       853   -166      618
  SINCE JUL 1   3422                      4350   -928     3510

 COOLING
  YESTERDAY        6                         3      3        4
  MONTH TO DATE    8                        19    -11       18
  SINCE MAR 1     50                        50      0       36
  SINCE JAN 1     50                        50      0       36
..................................................................


WIND (MPH)
  HIGHEST WIND SPEED    18   HIGHEST WIND DIRECTION    SW (240)
  HIGHEST GUST SPEED    25   HIGHEST GUST DIRECTION    SW (230)
  AVERAGE WIND SPEED     8.8


SKY COVER
  AVERAGE SKY COVER 0.0


WEATHER CONDITIONS
 THE FOLLOWING WEATHER WAS RECORDED YESTERDAY.
  NO SIGNIFICANT WEATHER WAS OBSERVED.


RELATIVE HUMIDITY (PERCENT)
 HIGHEST    90
 LOWEST     43
 AVERAGE    67

..........................................................


THE CAPE GIRARDEAU MO CLIMATE NORMALS FOR TODAY
                         NORMAL    RECORD    YEAR
 MAXIMUM TEMPERATURE (F)   76        89      1987
 MINIMUM TEMPERATURE (F)   54        35      1966


SUNRISE AND SUNSET
MAY 10 2017...........SUNRISE   554 AM CDT   SUNSET   756 PM CDT
MAY 11 2017...........SUNRISE   553 AM CDT   SUNSET   757 PM CDT


-  INDICATES NEGATIVE NUMBERS.
R  INDICATES RECORD WAS SET OR TIED.
MM INDICATES DATA IS MISSING.
T  INDICATES TRACE AMOUNT.




$$
