000
CDUS43 KPAH 120628
CLICGI


CLIMATE REPORT
NATIONAL WEATHER SERVICE PADUCAH KY
1226 AM CST FRI DEC 12 2014

...................................

...THE CAPE GIRARDEAU MO CLIMATE SUMMARY FOR DECEMBER 11 2014...

CLIMATE NORMAL PERIOD 1981 TO 2010
CLIMATE RECORD PERIOD 1960 TO 2014

WEATHER ITEM   OBSERVED TIME   RECORD YEAR NORMAL DEPARTURE LAST
                VALUE   (LST)  VALUE       VALUE  FROM      YEAR
                                                  NORMAL
..................................................................
TEMPERATURE (F)
 YESTERDAY
  MAXIMUM         41    155 PM  72    1996  46     -5       35
  MINIMUM         27    955 PM   5    2013  28     -1        5
  AVERAGE         34                        37     -3

PRECIPITATION (IN)
  YESTERDAY        0.00          1.14 1965   0.15  -0.15     0.00
  MONTH TO DATE    1.21                      1.63  -0.42     0.94
  SINCE DEC 1      1.21                      1.63  -0.42     0.94
  SINCE JAN 1     42.13                     44.19  -2.06    35.46

DEGREE DAYS
 HEATING
  YESTERDAY       31                        28      3       45
  MONTH TO DATE  286                       293     -7      340
  SINCE DEC 1    286                       293     -7      340
  SINCE JUL 1   1282                      1144    138     1246

 COOLING
  YESTERDAY        0                         0      0        0
  MONTH TO DATE    0                         0      0        0
  SINCE DEC 1      0                         0      0        0
  SINCE JAN 1   1424                      1453    -29     1441
..................................................................

WIND (MPH)
  HIGHEST WIND SPEED    10   HIGHEST WIND DIRECTION     N (20)
  HIGHEST GUST SPEED    12   HIGHEST GUST DIRECTION     N (20)
  AVERAGE WIND SPEED     3.9

SKY COVER
  AVERAGE SKY COVER 0.5

WEATHER CONDITIONS
 THE FOLLOWING WEATHER WAS RECORDED YESTERDAY.
  FOG

RELATIVE HUMIDITY (PERCENT)
 HIGHEST   100
 LOWEST     59
 AVERAGE    80
..........................................................

THE CAPE GIRARDEAU MO CLIMATE NORMALS FOR TODAY
                         NORMAL    RECORD    YEAR
 MAXIMUM TEMPERATURE (F)   45        65      1991
 MINIMUM TEMPERATURE (F)   28        -5      1962

SUNRISE AND SUNSET
DECEMBER 12 2014......SUNRISE   703 AM CST   SUNSET   441 PM CST
DECEMBER 13 2014......SUNRISE   704 AM CST   SUNSET   442 PM CST

-  INDICATES NEGATIVE NUMBERS.
R  INDICATES RECORD WAS SET OR TIED.
MM INDICATES DATA IS MISSING.
T  INDICATES TRACE AMOUNT.


$$
