000
CDUS43 KPAH 112127
CLICGI


CLIMATE REPORT
NATIONAL WEATHER SERVICE PADUCAH KY
426 PM CDT SUN SEP 11 2016

...................................

...THE CAPE GIRARDEAU MO CLIMATE SUMMARY FOR SEPTEMBER 11 2016...
VALID TODAY AS OF 0400 PM LOCAL TIME.

CLIMATE NORMAL PERIOD 1981 TO 2010
CLIMATE RECORD PERIOD 1960 TO 2016

WEATHER ITEM   OBSERVED TIME   RECORD YEAR NORMAL DEPARTURE LAST
                VALUE   (LST)  VALUE       VALUE  FROM      YEAR
                                                  NORMAL
..................................................................
TEMPERATURE (F)
 TODAY
  MAXIMUM         79    253 PM  95    1991  83     -4       75
  MINIMUM         54    549 AM  46    1998  58     -4       59
  AVERAGE         67                        71     -4

PRECIPITATION (IN)
  TODAY            0.00          3.08 1965   0.12  -0.12      T
  MONTH TO DATE    2.28                      1.22   1.06     1.06
  SINCE SEP 1      2.28                      1.22   1.06     1.06
  SINCE JAN 1     38.98                     32.27   6.71    44.61

DEGREE DAYS
 HEATING
  TODAY            0                         1     -1        0
  MONTH TO DATE    0                         1     -1        0
  SINCE SEP 1      0                         1     -1        0
  SINCE JUL 1      0                         2     -2        0

 COOLING
  TODAY            2                         6     -4        2
  MONTH TO DATE  112                        87     25      129
  SINCE SEP 1    112                        87     25      129
  SINCE JAN 1   1555                      1347    208     1458
..................................................................

WIND (MPH)
  HIGHEST WIND SPEED    10   HIGHEST WIND DIRECTION    NE (50)
  HIGHEST GUST SPEED    14   HIGHEST GUST DIRECTION    NE (40)
  AVERAGE WIND SPEED     2.9

SKY COVER
  AVERAGE SKY COVER 0.0

WEATHER CONDITIONS
 THE FOLLOWING WEATHER WAS RECORDED TODAY.
  NO SIGNIFICANT WEATHER WAS OBSERVED.

RELATIVE HUMIDITY (PERCENT)
 HIGHEST   100
 LOWEST     48
 AVERAGE    74
..........................................................

THE CAPE GIRARDEAU MO CLIMATE NORMALS FOR TOMORROW
                         NORMAL
 MAXIMUM TEMPERATURE (F)   83
 MINIMUM TEMPERATURE (F)   58

SUNRISE AND SUNSET
SEPTEMBER 11 2016.....SUNRISE   637 AM CDT   SUNSET   711 PM CDT
SEPTEMBER 12 2016.....SUNRISE   638 AM CDT   SUNSET   710 PM CDT

-  INDICATES NEGATIVE NUMBERS.
R  INDICATES RECORD WAS SET OR TIED.
MM INDICATES DATA IS MISSING.
T  INDICATES TRACE AMOUNT.

$$
