000
CDUS43 KPAH 170631
CLICGI


CLIMATE REPORT
NATIONAL WEATHER SERVICE PADUCAH KY
1229 AM CST MON NOV 17 2014

...................................

...THE CAPE GIRARDEAU MO CLIMATE SUMMARY FOR NOVEMBER 16 2014...

CLIMATE NORMAL PERIOD 1981 TO 2010
CLIMATE RECORD PERIOD 1960 TO 2014

WEATHER ITEM   OBSERVED TIME   RECORD YEAR NORMAL DEPARTURE LAST
                VALUE   (LST)  VALUE       VALUE  FROM      YEAR
                                                  NORMAL
..................................................................
TEMPERATURE (F)
 YESTERDAY
  MAXIMUM         39   1243 PM  77    1965  57    -18       67
  MINIMUM         32   1159 PM  18    1997  36     -4       49
  AVERAGE         36                        47    -11

PRECIPITATION (IN)
  YESTERDAY        0.26          2.03 1987   0.16   0.10     0.11
  MONTH TO DATE    1.01                      2.24  -1.23     0.34
  SINCE SEP 1      7.37                      9.31  -1.94     4.98
  SINCE JAN 1     39.67                     40.36  -0.69    33.21

DEGREE DAYS
 HEATING
  YESTERDAY       29                        18     11        7
  MONTH TO DATE  383                       245    138      280
  SINCE SEP 1    632                       547     85      546
  SINCE JUL 1    632                       548     84      547

 COOLING
  YESTERDAY        0                         0      0        0
  MONTH TO DATE    0                         0      0        0
  SINCE SEP 1    185                       191     -6      260
  SINCE JAN 1   1424                      1451    -27     1441
..................................................................

WIND (MPH)
  HIGHEST WIND SPEED    12   HIGHEST WIND DIRECTION     N (350)
  HIGHEST GUST SPEED    13   HIGHEST GUST DIRECTION     N (340)
  AVERAGE WIND SPEED     3.2

SKY COVER
  AVERAGE SKY COVER 1.0

WEATHER CONDITIONS
 THE FOLLOWING WEATHER WAS RECORDED YESTERDAY.
  LIGHT SNOW
  FOG
  HAZE

RELATIVE HUMIDITY (PERCENT)
 HIGHEST   100
 LOWEST     76
 AVERAGE    88
..........................................................

THE CAPE GIRARDEAU MO CLIMATE NORMALS FOR TODAY
                         NORMAL    RECORD    YEAR
 MAXIMUM TEMPERATURE (F)   57        74      2013
                                             2001
 MINIMUM TEMPERATURE (F)   36        14      1997

SUNRISE AND SUNSET
NOVEMBER 17 2014......SUNRISE   639 AM CST   SUNSET   447 PM CST
NOVEMBER 18 2014......SUNRISE   640 AM CST   SUNSET   446 PM CST

-  INDICATES NEGATIVE NUMBERS.
R  INDICATES RECORD WAS SET OR TIED.
MM INDICATES DATA IS MISSING.
T  INDICATES TRACE AMOUNT.

$$
