000
CDUS43 KPAH 060634
CLICGI


CLIMATE REPORT
NATIONAL WEATHER SERVICE PADUCAH KY
130 AM CDT SAT SEP 6 2014


...................................

...THE CAPE GIRARDEAU MO CLIMATE SUMMARY FOR SEPTEMBER 5 2014...

CLIMATE NORMAL PERIOD 1981 TO 2010
CLIMATE RECORD PERIOD 1960 TO 2014


WEATHER ITEM   OBSERVED TIME   RECORD YEAR NORMAL DEPARTURE LAST
                VALUE   (LST)  VALUE       VALUE  FROM      YEAR
                                                  NORMAL
..................................................................
TEMPERATURE (F)
 YESTERDAY
  MAXIMUM         93    333 PM  99    1990  85      8       85
  MINIMUM         72    555 AM  42    1997  61     11       54
  AVERAGE         83                        73     10

PRECIPITATION (IN)
  YESTERDAY        0.00          2.27 1975   0.11  -0.11     0.00
  MONTH TO DATE    0.00                      0.55  -0.55      T
  SINCE SEP 1      0.00                      0.55  -0.55      T
  SINCE JAN 1     32.30                     31.60   0.70    28.23

DEGREE DAYS
 HEATING
  YESTERDAY        0                         0      0        0
  MONTH TO DATE    0                         0      0        0
  SINCE SEP 1      0                         0      0        0
  SINCE JUL 1      0                         1     -1        1

 COOLING
  YESTERDAY       18                         8     10        5
  MONTH TO DATE   67                        44     23       39
  SINCE SEP 1     67                        44     23       39
  SINCE JAN 1   1306                      1304      2     1220
..................................................................


WIND (MPH)
  HIGHEST WIND SPEED    14   HIGHEST WIND DIRECTION    SE (150)
  HIGHEST GUST SPEED    19   HIGHEST GUST DIRECTION    SE (150)
  AVERAGE WIND SPEED     4.5


SKY COVER
  AVERAGE SKY COVER 0.1


WEATHER CONDITIONS
 THE FOLLOWING WEATHER WAS RECORDED YESTERDAY.
  THUNDERSTORM


RELATIVE HUMIDITY (PERCENT)
 HIGHEST    93
 LOWEST     52
 AVERAGE    73

..........................................................


THE CAPE GIRARDEAU MO CLIMATE NORMALS FOR TODAY
                         NORMAL    RECORD    YEAR
 MAXIMUM TEMPERATURE (F)   85       100      1960
 MINIMUM TEMPERATURE (F)   60        46      1997


SUNRISE AND SUNSET
SEPTEMBER  6 2014.....SUNRISE   633 AM CDT   SUNSET   720 PM CDT
SEPTEMBER  7 2014.....SUNRISE   634 AM CDT   SUNSET   718 PM CDT


-  INDICATES NEGATIVE NUMBERS.
R  INDICATES RECORD WAS SET OR TIED.
MM INDICATES DATA IS MISSING.
T  INDICATES TRACE AMOUNT.




$$
