000
CDUS43 KPAH 042130
CLICGI


CLIMATE REPORT
NATIONAL WEATHER SERVICE PADUCAH KY
426 PM CDT THU AUG 4 2016

...................................

...THE CAPE GIRARDEAU MO CLIMATE SUMMARY FOR AUGUST 4 2016...
VALID TODAY AS OF 0400 PM LOCAL TIME.

CLIMATE NORMAL PERIOD 1981 TO 2010
CLIMATE RECORD PERIOD 1960 TO 2016

WEATHER ITEM   OBSERVED TIME   RECORD YEAR NORMAL DEPARTURE LAST
                VALUE   (LST)  VALUE       VALUE  FROM      YEAR
                                                  NORMAL
..................................................................
TEMPERATURE (F)
 TODAY
  MAXIMUM         93    259 PM 105    1964  89      4       92
  MINIMUM         72    524 AM  52    1974  67      5       72
  AVERAGE         83                        78      5

PRECIPITATION (IN)
  TODAY            0.00          3.50 2009   0.09  -0.09     0.00
  MONTH TO DATE    0.38                      0.39  -0.01     0.00
  SINCE JUN 1      7.54                      7.32   0.22    13.95
  SINCE JAN 1     30.82                     28.42   2.40    39.39

DEGREE DAYS
 HEATING
  TODAY            0                         0      0        0
  MONTH TO DATE    0                         0      0        0
  SINCE JUN 1      0                         4     -4        5
  SINCE JUL 1      0                         0      0        0

 COOLING
  TODAY           18                        13      5       17
  MONTH TO DATE   68                        52     16       62
  SINCE JUN 1    955                       786    169      912
  SINCE JAN 1   1076                       938    138     1089
..................................................................

WIND (MPH)
  HIGHEST WIND SPEED     8   HIGHEST WIND DIRECTION     W (290)
  HIGHEST GUST SPEED    11   HIGHEST GUST DIRECTION     W (280)
  AVERAGE WIND SPEED     1.3

SKY COVER
  AVERAGE SKY COVER 0.2

WEATHER CONDITIONS
 THE FOLLOWING WEATHER WAS RECORDED TODAY.
  NO SIGNIFICANT WEATHER WAS OBSERVED.

RELATIVE HUMIDITY (PERCENT)
 HIGHEST   100
 LOWEST     52
 AVERAGE    76
..........................................................

THE CAPE GIRARDEAU MO CLIMATE NORMALS FOR TOMORROW
                         NORMAL
 MAXIMUM TEMPERATURE (F)   89
 MINIMUM TEMPERATURE (F)   67

SUNRISE AND SUNSET
AUGUST  4 2016........SUNRISE   606 AM CDT   SUNSET   802 PM CDT
AUGUST  5 2016........SUNRISE   607 AM CDT   SUNSET   801 PM CDT

-  INDICATES NEGATIVE NUMBERS.
R  INDICATES RECORD WAS SET OR TIED.
MM INDICATES DATA IS MISSING.
T  INDICATES TRACE AMOUNT.

$$
