000
CDUS43 KPAH 282138
CLICGI


CLIMATE REPORT
NATIONAL WEATHER SERVICE PADUCAH KY
435 PM CDT TUE OCT 28 2014


...................................

...THE CAPE GIRARDEAU MO CLIMATE SUMMARY FOR OCTOBER 28 2014...
VALID TODAY AS OF 0400 PM LOCAL TIME.

CLIMATE NORMAL PERIOD 1981 TO 2010
CLIMATE RECORD PERIOD 1960 TO 2014


WEATHER ITEM   OBSERVED TIME   RECORD YEAR NORMAL DEPARTURE LAST
                VALUE   (LST)  VALUE       VALUE  FROM      YEAR
                                                  NORMAL
..................................................................
TEMPERATURE (F)
 TODAY
  MAXIMUM         69        MM  84    1971  66      3       69
  MINIMUM         60        MM  24    1976  42     18       36
  AVERAGE                                   54

PRECIPITATION (IN)
  TODAY            0.37          0.97 1984   0.12   0.25     0.00
  MONTH TO DATE    4.30                      3.40   0.90     2.58
  SINCE SEP 1      6.35                      6.68  -0.33     3.02
  SINCE JAN 1     38.65                     37.73   0.92    31.25

DEGREE DAYS
 HEATING
  TODAY            0                        11    -11       12
  MONTH TO DATE  147                       220    -73      239
  SINCE SEP 1    193                       268    -75      249
  SINCE JUL 1    193                       269    -76      250

 COOLING
  TODAY            0                         0      0        0
  MONTH TO DATE   40                        29     11       44
  SINCE SEP 1    185                       191     -6      256
  SINCE JAN 1   1424                      1451    -27     1437
..................................................................


WIND (MPH)
  HIGHEST WIND SPEED    20   HIGHEST WIND DIRECTION     N (350)
  HIGHEST GUST SPEED    28   HIGHEST GUST DIRECTION     N (350)
  AVERAGE WIND SPEED


SKY COVER
  AVERAGE SKY COVER 0.8


WEATHER CONDITIONS
 THE FOLLOWING WEATHER WAS RECORDED TODAY.
  HEAVY RAIN
  RAIN
  LIGHT RAIN
  FOG


RELATIVE HUMIDITY (PERCENT)
 HIGHEST    90
 LOWEST     42
 AVERAGE

..........................................................


THE CAPE GIRARDEAU MO CLIMATE NORMALS FOR TOMORROW
                         NORMAL
 MAXIMUM TEMPERATURE (F)   66
 MINIMUM TEMPERATURE (F)   42


SUNRISE AND SUNSET
OCTOBER 28 2014.......SUNRISE   719 AM CDT   SUNSET   605 PM CDT
OCTOBER 29 2014.......SUNRISE   720 AM CDT   SUNSET   604 PM CDT


-  INDICATES NEGATIVE NUMBERS.
R  INDICATES RECORD WAS SET OR TIED.
MM INDICATES DATA IS MISSING.
T  INDICATES TRACE AMOUNT.




$$
