000
CDUS43 KPAH 280630
CLICGI


CLIMATE REPORT
NATIONAL WEATHER SERVICE PADUCAH KY
1227 AM CST SAT FEB 28 2015


...................................

...THE CAPE GIRARDEAU MO CLIMATE SUMMARY FOR FEBRUARY 27 2015...

CLIMATE NORMAL PERIOD 1981 TO 2010
CLIMATE RECORD PERIOD 1960 TO 2015


WEATHER ITEM   OBSERVED TIME   RECORD YEAR NORMAL DEPARTURE LAST
                VALUE   (LST)  VALUE       VALUE  FROM      YEAR
                                                  NORMAL
..................................................................
TEMPERATURE (F)
 YESTERDAY
  MAXIMUM         24    424 PM  75    1996  52    -28       37
  MINIMUM          8R   715 AM  10    1993  31    -23       18
  AVERAGE         16                        42    -26

PRECIPITATION (IN)
  YESTERDAY        0.00          1.07 1984   0.12  -0.12     0.00
  MONTH TO DATE    1.75                      3.29  -1.54     1.14
  SINCE DEC 1      9.33                     11.01  -1.68     8.70
  SINCE JAN 1      6.52                      6.76  -0.24     3.14

DEGREE DAYS
 HEATING
  YESTERDAY       49                        23     26       37
  MONTH TO DATE 1031                       736    295      911
  SINCE DEC 1   2744                      2623    121     2989
  SINCE JUL 1   3740                      3474    266     3895

 COOLING
  YESTERDAY        0                         0      0        0
  MONTH TO DATE    0                         0      0        0
  SINCE DEC 1      0                         0      0        0
  SINCE JAN 1      0                         0      0        0
..................................................................


WIND (MPH)
  HIGHEST WIND SPEED    20   HIGHEST WIND DIRECTION     N (350)
  HIGHEST GUST SPEED    23   HIGHEST GUST DIRECTION     N (350)
  AVERAGE WIND SPEED     9.5


SKY COVER
  AVERAGE SKY COVER 0.3


WEATHER CONDITIONS
 THE FOLLOWING WEATHER WAS RECORDED YESTERDAY.
  NO SIGNIFICANT WEATHER WAS OBSERVED.


RELATIVE HUMIDITY (PERCENT)
 HIGHEST    73
 LOWEST     50
 AVERAGE    62

..........................................................


THE CAPE GIRARDEAU MO CLIMATE NORMALS FOR TODAY
                         NORMAL    RECORD    YEAR
 MAXIMUM TEMPERATURE (F)   52        74      1992
 MINIMUM TEMPERATURE (F)   32        15      1993


SUNRISE AND SUNSET
FEBRUARY 28 2015......SUNRISE   631 AM CST   SUNSET   551 PM CST
MARCH  1 2015.........SUNRISE   630 AM CST   SUNSET   552 PM CST


-  INDICATES NEGATIVE NUMBERS.
R  INDICATES RECORD WAS SET OR TIED.
MM INDICATES DATA IS MISSING.
T  INDICATES TRACE AMOUNT.




$$
