000
CDUS43 KPAH 020632
CLICGI


CLIMATE REPORT
NATIONAL WEATHER SERVICE PADUCAH KY
129 AM CDT TUE JUN 2 2015


...................................

...THE CAPE GIRARDEAU MO CLIMATE SUMMARY FOR JUNE 1 2015...

CLIMATE NORMAL PERIOD 1981 TO 2010
CLIMATE RECORD PERIOD 1960 TO 2015


WEATHER ITEM   OBSERVED TIME   RECORD YEAR NORMAL DEPARTURE LAST
                VALUE   (LST)  VALUE       VALUE  FROM      YEAR
                                                  NORMAL
..................................................................
TEMPERATURE (F)
 YESTERDAY
  MAXIMUM         66    318 PM  93    1991  83    -17       86
  MINIMUM         58    548 AM  43    1972  60     -2       70
  AVERAGE         62                        71     -9

PRECIPITATION (IN)
  YESTERDAY        0.00          3.39 2013   0.13  -0.13     1.21
  MONTH TO DATE    0.00                      0.13  -0.13     1.21
  SINCE JUN 1      0.00                      0.13  -0.13     1.21
  SINCE JAN 1     25.44                     21.23   4.21    19.60

DEGREE DAYS
 HEATING
  YESTERDAY        3                         1      2        0
  MONTH TO DATE    3                         1      2        0
  SINCE JUN 1      3                         1      2        0
  SINCE JUL 1   4615                      4387    228     4941

 COOLING
  YESTERDAY        0                         7     -7       13
  MONTH TO DATE    0                         7     -7       13
  SINCE JUN 1      0                         7     -7       13
  SINCE JAN 1    177                       159     18      224
..................................................................


WIND (MPH)
  HIGHEST WIND SPEED    13   HIGHEST WIND DIRECTION     N (10)
  HIGHEST GUST SPEED    16   HIGHEST GUST DIRECTION     N (10)
  AVERAGE WIND SPEED     7.0


SKY COVER
  AVERAGE SKY COVER 1.0


WEATHER CONDITIONS
 THE FOLLOWING WEATHER WAS RECORDED YESTERDAY.
  NO SIGNIFICANT WEATHER WAS OBSERVED.


RELATIVE HUMIDITY (PERCENT)
 HIGHEST    97
 LOWEST     78
 AVERAGE    88

..........................................................


THE CAPE GIRARDEAU MO CLIMATE NORMALS FOR TODAY
                         NORMAL    RECORD    YEAR
 MAXIMUM TEMPERATURE (F)   83        94      1998
 MINIMUM TEMPERATURE (F)   61        46      2012


SUNRISE AND SUNSET
JUNE  2 2015..........SUNRISE   539 AM CDT   SUNSET   814 PM CDT
JUNE  3 2015..........SUNRISE   539 AM CDT   SUNSET   814 PM CDT


-  INDICATES NEGATIVE NUMBERS.
R  INDICATES RECORD WAS SET OR TIED.
MM INDICATES DATA IS MISSING.
T  INDICATES TRACE AMOUNT.




$$
