000
CDUS43 KPAH 232135
CLICGI


CLIMATE REPORT
NATIONAL WEATHER SERVICE PADUCAH KY
433 PM CDT THU JUL 23 2015


...................................

...THE CAPE GIRARDEAU MO CLIMATE SUMMARY FOR JULY 23 2015...
VALID TODAY AS OF 0400 PM LOCAL TIME.

CLIMATE NORMAL PERIOD 1981 TO 2010
CLIMATE RECORD PERIOD 1960 TO 2015


WEATHER ITEM   OBSERVED TIME   RECORD YEAR NORMAL DEPARTURE LAST
                VALUE   (LST)  VALUE       VALUE  FROM      YEAR
                                                  NORMAL
..................................................................
TEMPERATURE (F)
 TODAY
  MAXIMUM         87    223 PM 103    1983  89     -2       82
  MINIMUM         73    643 AM  54    2007  68      5       67
  AVERAGE         80                        79      1

PRECIPITATION (IN)
  TODAY            0.02          2.24 1971   0.11  -0.09     1.09
  MONTH TO DATE    8.83                      2.50   6.33     2.92
  SINCE JUN 1     13.15                      6.07   7.08    10.42
  SINCE JAN 1     38.59                     27.17  11.42    28.81

DEGREE DAYS
 HEATING
  TODAY            0                         0      0        0
  MONTH TO DATE    0                         0      0        0
  SINCE JUN 1      5                         4      1        0
  SINCE JUL 1      0                         0      0        0

 COOLING
  TODAY           15                        14      1       10
  MONTH TO DATE  335                       319     16      216
  SINCE JUN 1    716                       631     85      575
  SINCE JAN 1    893                       783    110      786
..................................................................


WIND (MPH)
  HIGHEST WIND SPEED     9   HIGHEST WIND DIRECTION    NE (30)
  HIGHEST GUST SPEED    11   HIGHEST GUST DIRECTION    NE (40)
  AVERAGE WIND SPEED     3.9


SKY COVER
  AVERAGE SKY COVER 0.9


WEATHER CONDITIONS
 THE FOLLOWING WEATHER WAS RECORDED TODAY.
  NO SIGNIFICANT WEATHER WAS OBSERVED.


RELATIVE HUMIDITY (PERCENT)
 HIGHEST    93
 LOWEST     61
 AVERAGE    77

..........................................................


THE CAPE GIRARDEAU MO CLIMATE NORMALS FOR TOMORROW
                         NORMAL
 MAXIMUM TEMPERATURE (F)   89
 MINIMUM TEMPERATURE (F)   68


SUNRISE AND SUNSET
JULY 23 2015..........SUNRISE   556 AM CDT   SUNSET   814 PM CDT
JULY 24 2015..........SUNRISE   556 AM CDT   SUNSET   813 PM CDT


-  INDICATES NEGATIVE NUMBERS.
R  INDICATES RECORD WAS SET OR TIED.
MM INDICATES DATA IS MISSING.
T  INDICATES TRACE AMOUNT.




$$
