000
CDUS43 KPAH 010639
CLICGI


CLIMATE REPORT
NATIONAL WEATHER SERVICE PADUCAH KY
135 AM CDT TUE AUG 1 2017


...................................

...THE CAPE GIRARDEAU MO CLIMATE SUMMARY FOR JULY 31 2017...

CLIMATE NORMAL PERIOD 1981 TO 2010
CLIMATE RECORD PERIOD 1960 TO 2017


WEATHER ITEM   OBSERVED TIME   RECORD YEAR NORMAL DEPARTURE LAST
                VALUE   (LST)  VALUE       VALUE  FROM      YEAR
                                                  NORMAL
..................................................................
TEMPERATURE (F)
 YESTERDAY
  MAXIMUM         88    303 PM 101    1980  89     -1       89
  MINIMUM         57    531 AM  52    1971  67    -10       71
  AVERAGE         73                        78     -5

PRECIPITATION (IN)
  YESTERDAY        0.00          1.55 1976   0.11  -0.11     0.04
  MONTH TO DATE    1.37                      3.36  -1.99     5.88
  SINCE JUN 1      4.32                      6.93  -2.61     7.16
  SINCE JAN 1     23.54                     28.03  -4.49    30.44

DEGREE DAYS
 HEATING
  YESTERDAY        0                         0      0        0
  MONTH TO DATE    0                         0      0        0
  SINCE JUN 1      0                         4     -4        0
  SINCE JUL 1      0                         0      0        0

 COOLING
  YESTERDAY        8                        13     -5       15
  MONTH TO DATE  441                       422     19      476
  SINCE JUN 1    749                       734     15      887
  SINCE JAN 1    924                       886     38     1008
..................................................................


WIND (MPH)
  HIGHEST WIND SPEED    12   HIGHEST WIND DIRECTION     E (70)
  HIGHEST GUST SPEED    15   HIGHEST GUST DIRECTION    SE (130)
  AVERAGE WIND SPEED     2.8


SKY COVER
  AVERAGE SKY COVER 0.0


WEATHER CONDITIONS
 THE FOLLOWING WEATHER WAS RECORDED YESTERDAY.
  FOG
  FOG W/VISIBILITY <= 1/4 MILE


RELATIVE HUMIDITY (PERCENT)
 HIGHEST    97
 LOWEST     39
 AVERAGE    68

..........................................................


THE CAPE GIRARDEAU MO CLIMATE NORMALS FOR TODAY
                         NORMAL    RECORD    YEAR
 MAXIMUM TEMPERATURE (F)   89        98      1970
 MINIMUM TEMPERATURE (F)   67        54      1971


SUNRISE AND SUNSET
AUGUST  1 2017........SUNRISE   603 AM CDT   SUNSET   805 PM CDT
AUGUST  2 2017........SUNRISE   604 AM CDT   SUNSET   805 PM CDT


-  INDICATES NEGATIVE NUMBERS.
R  INDICATES RECORD WAS SET OR TIED.
MM INDICATES DATA IS MISSING.
T  INDICATES TRACE AMOUNT.




$$
