000
CDUS43 KPAH 100657
CLICGI


CLIMATE REPORT
NATIONAL WEATHER SERVICE PADUCAH KY
1251 AM CST FRI MAR 10 2017


...................................

...THE CAPE GIRARDEAU MO CLIMATE SUMMARY FOR MARCH 9 2017...

CLIMATE NORMAL PERIOD 1981 TO 2010
CLIMATE RECORD PERIOD 1960 TO 2017


WEATHER ITEM   OBSERVED TIME   RECORD YEAR NORMAL DEPARTURE LAST
                VALUE   (LST)  VALUE       VALUE  FROM      YEAR
                                                  NORMAL
..................................................................
TEMPERATURE (F)
 YESTERDAY
  MAXIMUM         71   1243 PM  78    1974  56     15       62
  MINIMUM         37    628 AM  16    1996  34      3       58
  AVERAGE         54                        45      9

PRECIPITATION (IN)
  YESTERDAY        0.21          3.57 2006   0.12   0.09     0.61
  MONTH TO DATE    1.56                      1.13   0.43     1.10
  SINCE MAR 1      1.56                      1.13   0.43     1.10
  SINCE JAN 1      4.58                      8.01  -3.43     5.88

DEGREE DAYS
 HEATING
  YESTERDAY       11                        20     -9        5
  MONTH TO DATE  137                       193    -56      147
  SINCE MAR 1    137                       193    -56      147
  SINCE JUL 1   2872                      3690   -818     3039

 COOLING
  YESTERDAY        0                         0      0        0
  MONTH TO DATE    0                         0      0        0
  SINCE MAR 1      0                         0      0        0
  SINCE JAN 1      0                         0      0        0
..................................................................


WIND (MPH)
  HIGHEST WIND SPEED    25   HIGHEST WIND DIRECTION     N (10)
  HIGHEST GUST SPEED    30   HIGHEST GUST DIRECTION     N (10)
  AVERAGE WIND SPEED     5.9


SKY COVER
  AVERAGE SKY COVER 0.1


WEATHER CONDITIONS
 THE FOLLOWING WEATHER WAS RECORDED YESTERDAY.
  RAIN
  FOG


RELATIVE HUMIDITY (PERCENT)
 HIGHEST    86
 LOWEST     39
 AVERAGE    63

..........................................................


THE CAPE GIRARDEAU MO CLIMATE NORMALS FOR TODAY
                         NORMAL    RECORD    YEAR
 MAXIMUM TEMPERATURE (F)   56        76      2009
 MINIMUM TEMPERATURE (F)   34        11      1994


SUNRISE AND SUNSET
MARCH 10 2017.........SUNRISE   616 AM CST   SUNSET   601 PM CST
MARCH 11 2017.........SUNRISE   615 AM CST   SUNSET   602 PM CST


-  INDICATES NEGATIVE NUMBERS.
R  INDICATES RECORD WAS SET OR TIED.
MM INDICATES DATA IS MISSING.
T  INDICATES TRACE AMOUNT.




$$
