265
CDUS43 KPAH 300655
CLICGI


CLIMATE REPORT
NATIONAL WEATHER SERVICE PADUCAH KY
1243 AM CST WED NOV 30 2016


...................................

...THE CAPE GIRARDEAU MO CLIMATE SUMMARY FOR NOVEMBER 29 2016...

CLIMATE NORMAL PERIOD 1981 TO 2010
CLIMATE RECORD PERIOD 1960 TO 2016


WEATHER ITEM   OBSERVED TIME   RECORD YEAR NORMAL DEPARTURE LAST
                VALUE   (LST)  VALUE       VALUE  FROM      YEAR
                                                  NORMAL
..................................................................
TEMPERATURE (F)
 YESTERDAY
  MAXIMUM         60    222 PM  70    1975  51      9       44
  MINIMUM         47   1142 PM   8    1976  32     15       42
  AVERAGE         54                        41     13

PRECIPITATION (IN)
  YESTERDAY        0.00          1.36 2010   0.16  -0.16     0.05
  MONTH TO DATE    3.76                      4.28  -0.52     9.13
  SINCE SEP 1      9.45                     11.35  -1.90    12.00
  SINCE JAN 1     46.15                     42.40   3.75    55.55

DEGREE DAYS
 HEATING
  YESTERDAY       11                        24    -13       22
  MONTH TO DATE  425                       524    -99      415
  SINCE SEP 1    556                       826   -270      631
  SINCE JUL 1    556                       827   -271      631

 COOLING
  YESTERDAY        0                         0      0        0
  MONTH TO DATE   11                         0     11        4
  SINCE SEP 1    355                       191    164      202
  SINCE JAN 1   1798                      1451    347     1531
..................................................................


WIND (MPH)
  HIGHEST WIND SPEED    20   HIGHEST WIND DIRECTION     S (200)
  HIGHEST GUST SPEED    26   HIGHEST GUST DIRECTION     S (200)
  AVERAGE WIND SPEED     8.7


SKY COVER
  AVERAGE SKY COVER 0.8


WEATHER CONDITIONS
 THE FOLLOWING WEATHER WAS RECORDED YESTERDAY.
  FOG
  FOG W/VISIBILITY <= 1/4 MILE


RELATIVE HUMIDITY (PERCENT)
 HIGHEST    93
 LOWEST     72
 AVERAGE    83

..........................................................


THE CAPE GIRARDEAU MO CLIMATE NORMALS FOR TODAY
                         NORMAL    RECORD    YEAR
 MAXIMUM TEMPERATURE (F)   50        72      1970
 MINIMUM TEMPERATURE (F)   31        10      1964


SUNRISE AND SUNSET
NOVEMBER 30 2016......SUNRISE   653 AM CST   SUNSET   441 PM CST
DECEMBER  1 2016......SUNRISE   654 AM CST   SUNSET   441 PM CST


-  INDICATES NEGATIVE NUMBERS.
R  INDICATES RECORD WAS SET OR TIED.
MM INDICATES DATA IS MISSING.
T  INDICATES TRACE AMOUNT.




$$
