000
CDUS43 KPAH 100630
CLICGI


CLIMATE REPORT
NATIONAL WEATHER SERVICE PADUCAH KY
128 AM CDT WED SEP 10 2014


...................................

...THE CAPE GIRARDEAU MO CLIMATE SUMMARY FOR SEPTEMBER 9 2014...

CLIMATE NORMAL PERIOD 1981 TO 2010
CLIMATE RECORD PERIOD 1960 TO 2014


WEATHER ITEM   OBSERVED TIME   RECORD YEAR NORMAL DEPARTURE LAST
                VALUE   (LST)  VALUE       VALUE  FROM      YEAR
                                                  NORMAL
..................................................................
TEMPERATURE (F)
 YESTERDAY
  MAXIMUM         88    206 PM  99    1980  84      4       94
  MINIMUM         58    546 AM  47    2004  59     -1       71
  AVERAGE         73                        72      1

PRECIPITATION (IN)
  YESTERDAY        0.00          1.67 2010   0.11  -0.11     0.00
  MONTH TO DATE    0.00                      0.99  -0.99      T
  SINCE SEP 1      0.00                      0.99  -0.99      T
  SINCE JAN 1     32.30                     32.04   0.26    28.23

DEGREE DAYS
 HEATING
  YESTERDAY        0                         0      0        0
  MONTH TO DATE    0                         0      0        0
  SINCE SEP 1      0                         0      0        0
  SINCE JUL 1      0                         1     -1        1

 COOLING
  YESTERDAY        8                         7      1       18
  MONTH TO DATE   91                        74     17       86
  SINCE SEP 1     91                        74     17       86
  SINCE JAN 1   1330                      1334     -4     1267
..................................................................


WIND (MPH)
  HIGHEST WIND SPEED    14   HIGHEST WIND DIRECTION     S (170)
  HIGHEST GUST SPEED    19   HIGHEST GUST DIRECTION     S (200)
  AVERAGE WIND SPEED     6.1


SKY COVER
  AVERAGE SKY COVER 0.3


WEATHER CONDITIONS
 THE FOLLOWING WEATHER WAS RECORDED YESTERDAY.
  HAZE


RELATIVE HUMIDITY (PERCENT)
 HIGHEST    93
 LOWEST     53
 AVERAGE    73

..........................................................


THE CAPE GIRARDEAU MO CLIMATE NORMALS FOR TODAY
                         NORMAL    RECORD    YEAR
 MAXIMUM TEMPERATURE (F)   84        96      1983
 MINIMUM TEMPERATURE (F)   59        46      1969


SUNRISE AND SUNSET
SEPTEMBER 10 2014.....SUNRISE   636 AM CDT   SUNSET   714 PM CDT
SEPTEMBER 11 2014.....SUNRISE   637 AM CDT   SUNSET   712 PM CDT


-  INDICATES NEGATIVE NUMBERS.
R  INDICATES RECORD WAS SET OR TIED.
MM INDICATES DATA IS MISSING.
T  INDICATES TRACE AMOUNT.




$$
