000
CDUS43 KPAH 152242
CLICGI


CLIMATE REPORT
NATIONAL WEATHER SERVICE PADUCAH KY
441 PM CST THU JAN 15 2015


...................................

...THE CAPE GIRARDEAU MO CLIMATE SUMMARY FOR JANUARY 15 2015...
VALID TODAY AS OF 0400 PM LOCAL TIME.

CLIMATE NORMAL PERIOD 1981 TO 2010
CLIMATE RECORD PERIOD 1960 TO 2015


WEATHER ITEM   OBSERVED TIME   RECORD YEAR NORMAL DEPARTURE LAST
                VALUE   (LST)  VALUE       VALUE  FROM      YEAR
                                                  NORMAL
..................................................................
TEMPERATURE (F)
 TODAY
  MAXIMUM         38    240 PM  66    1990  42     -4       33
  MINIMUM         29    921 AM  -2    1979  24      5       23
  AVERAGE         34                        33      1

PRECIPITATION (IN)
  TODAY            0.01          0.74 1997   0.10  -0.09     0.00
  MONTH TO DATE    4.21                      1.68   2.53     1.99
  SINCE DEC 1      7.02                      5.93   1.09     7.55
  SINCE JAN 1      4.21                      1.68   2.53     1.99

DEGREE DAYS
 HEATING
  TODAY           31                        32     -1       37
  MONTH TO DATE  556                       480     76      524
  SINCE DEC 1   1297                      1380    -83     1485
  SINCE JUL 1   2293                      2231     62     2391

 COOLING
  TODAY            0                         0      0        0
  MONTH TO DATE    0                         0      0        0
  SINCE DEC 1      0                         0      0        0
  SINCE JAN 1      0                         0      0        0
..................................................................


WIND (MPH)
  HIGHEST WIND SPEED    10   HIGHEST WIND DIRECTION     S (190)
  HIGHEST GUST SPEED    11   HIGHEST GUST DIRECTION     S (200)
  AVERAGE WIND SPEED     3.6


SKY COVER
  AVERAGE SKY COVER 0.8


WEATHER CONDITIONS
 THE FOLLOWING WEATHER WAS RECORDED TODAY.
  LIGHT SNOW
  FOG


RELATIVE HUMIDITY (PERCENT)
 HIGHEST    92
 LOWEST     69
 AVERAGE    81

..........................................................


THE CAPE GIRARDEAU MO CLIMATE NORMALS FOR TOMORROW
                         NORMAL
 MAXIMUM TEMPERATURE (F)   42
 MINIMUM TEMPERATURE (F)   24


SUNRISE AND SUNSET
JANUARY 15 2015.......SUNRISE   711 AM CST   SUNSET   504 PM CST
JANUARY 16 2015.......SUNRISE   711 AM CST   SUNSET   505 PM CST


-  INDICATES NEGATIVE NUMBERS.
R  INDICATES RECORD WAS SET OR TIED.
MM INDICATES DATA IS MISSING.
T  INDICATES TRACE AMOUNT.




$$
