000
CDUS43 KPAH 212132
CLICGI


CLIMATE REPORT
NATIONAL WEATHER SERVICE PADUCAH KY
430 PM CDT SUN JUN 21 2015

...................................

...THE CAPE GIRARDEAU MO CLIMATE SUMMARY FOR JUNE 21 2015...
VALID TODAY AS OF 0400 PM LOCAL TIME.

CLIMATE NORMAL PERIOD 1981 TO 2010
CLIMATE RECORD PERIOD 1960 TO 2015

WEATHER ITEM   OBSERVED TIME   RECORD YEAR NORMAL DEPARTURE LAST
                VALUE   (LST)  VALUE       VALUE  FROM      YEAR
                                                  NORMAL
..................................................................
TEMPERATURE (F)
 TODAY
  MAXIMUM         91    240 PM  98    1988  88      3       93
  MINIMUM         75    506 AM  51    2003  66      9       70
  AVERAGE         83                        77      6

PRECIPITATION (IN)
  TODAY            0.00          1.57 1962   0.11  -0.11     0.00
  MONTH TO DATE    4.19                      2.55   1.64     4.79
  SINCE JUN 1      4.19                      2.55   1.64     4.79
  SINCE JAN 1     29.63                     23.65   5.98    23.18

DEGREE DAYS
 HEATING
  TODAY            0                         0      0        0
  MONTH TO DATE    5                         1      4        0
  SINCE JUN 1      5                         1      4        0
  SINCE JUL 1   4617                      4387    230     4941

 COOLING
  TODAY           18                        12      6       17
  MONTH TO DATE  254                       197     57      237
  SINCE JUN 1    254                       197     57      237
  SINCE JAN 1    431                       349     82      448
..................................................................

WIND (MPH)
  HIGHEST WIND SPEED    20   HIGHEST WIND DIRECTION    SW (230)
  HIGHEST GUST SPEED    25   HIGHEST GUST DIRECTION    SW (220)
  AVERAGE WIND SPEED     7.5

SKY COVER
  AVERAGE SKY COVER 0.1

WEATHER CONDITIONS
 THE FOLLOWING WEATHER WAS RECORDED TODAY.
  NO SIGNIFICANT WEATHER WAS OBSERVED.

RELATIVE HUMIDITY (PERCENT)
 HIGHEST    94
 LOWEST     64
 AVERAGE    79
..........................................................

THE CAPE GIRARDEAU MO CLIMATE NORMALS FOR TOMORROW
                         NORMAL
 MAXIMUM TEMPERATURE (F)   88
 MINIMUM TEMPERATURE (F)   66

SUNRISE AND SUNSET
JUNE 21 2015..........SUNRISE   538 AM CDT   SUNSET   822 PM CDT
JUNE 22 2015..........SUNRISE   538 AM CDT   SUNSET   822 PM CDT

-  INDICATES NEGATIVE NUMBERS.
R  INDICATES RECORD WAS SET OR TIED.
MM INDICATES DATA IS MISSING.
T  INDICATES TRACE AMOUNT.

$$
