000
CDUS43 KPAH 272128
CLICGI


CLIMATE REPORT
NATIONAL WEATHER SERVICE PADUCAH KY
426 PM CDT WED SEP 27 2017


...................................

...THE CAPE GIRARDEAU MO CLIMATE SUMMARY FOR SEPTEMBER 27 2017...
VALID TODAY AS OF 0400 PM LOCAL TIME.

CLIMATE NORMAL PERIOD 1981 TO 2010
CLIMATE RECORD PERIOD 1960 TO 2017


WEATHER ITEM   OBSERVED TIME   RECORD YEAR NORMAL DEPARTURE LAST
                VALUE   (LST)  VALUE       VALUE  FROM      YEAR
                                                  NORMAL
..................................................................
TEMPERATURE (F)
 TODAY
  MAXIMUM         85    133 PM  93    1998  77      8       80
  MINIMUM         63    256 AM  36    2001  51     12       44
  AVERAGE         74                        64     10

PRECIPITATION (IN)
  TODAY            0.00          1.72 1964   0.11  -0.11     0.00
  MONTH TO DATE    0.73                      2.96  -2.23     5.01
  SINCE SEP 1      0.73                      2.96  -2.23     5.01
  SINCE JAN 1     26.48                     34.01  -7.53    41.71

DEGREE DAYS
 HEATING
  TODAY            0                         4     -4        3
  MONTH TO DATE   14                        33    -19        6
  SINCE SEP 1     14                        33    -19        6
  SINCE JUL 1     14                        34    -20        6

 COOLING
  TODAY            9                         3      6        0
  MONTH TO DATE  191                       155     36      257
  SINCE SEP 1    191                       155     36      257
  SINCE JAN 1   1393                      1415    -22     1700
..................................................................


WIND (MPH)
  HIGHEST WIND SPEED    17   HIGHEST WIND DIRECTION     N (350)
  HIGHEST GUST SPEED    23   HIGHEST GUST DIRECTION     N (340)
  AVERAGE WIND SPEED     7.3


SKY COVER
  AVERAGE SKY COVER 0.0


WEATHER CONDITIONS
 THE FOLLOWING WEATHER WAS RECORDED TODAY.
  FOG


RELATIVE HUMIDITY (PERCENT)
 HIGHEST   100
 LOWEST     51
 AVERAGE    76

..........................................................


THE CAPE GIRARDEAU MO CLIMATE NORMALS FOR TOMORROW
                         NORMAL
 MAXIMUM TEMPERATURE (F)   77
 MINIMUM TEMPERATURE (F)   51


SUNRISE AND SUNSET
SEPTEMBER 27 2017.....SUNRISE   651 AM CDT   SUNSET   647 PM CDT
SEPTEMBER 28 2017.....SUNRISE   651 AM CDT   SUNSET   646 PM CDT


-  INDICATES NEGATIVE NUMBERS.
R  INDICATES RECORD WAS SET OR TIED.
MM INDICATES DATA IS MISSING.
T  INDICATES TRACE AMOUNT.




$$
