000
CDUS43 KPAH 290632
CLICGI


CLIMATE REPORT
NATIONAL WEATHER SERVICE PADUCAH KY
131 AM CDT SAT MAR 29 2014


...................................

...THE CAPE GIRARDEAU MO CLIMATE SUMMARY FOR MARCH 28 2014...

CLIMATE NORMAL PERIOD 1981 TO 2010
CLIMATE RECORD PERIOD 1960 TO 2014


WEATHER ITEM   OBSERVED TIME   RECORD YEAR NORMAL DEPARTURE LAST
                VALUE   (LST)  VALUE       VALUE  FROM      YEAR
                                                  NORMAL
..................................................................
TEMPERATURE (F)
 YESTERDAY
  MAXIMUM         65    245 PM  83    1985  63      2       59
  MINIMUM         46   1159 PM  25    2001  39      7       39
  AVERAGE         56                        51      5

PRECIPITATION (IN)
  YESTERDAY        0.41          2.43 1975   0.15   0.26      T
  MONTH TO DATE    2.25                      3.92  -1.67     1.81
  SINCE MAR 1      2.25                      3.92  -1.67     1.81
  SINCE JAN 1      5.39                     10.80  -5.41     8.43

DEGREE DAYS
 HEATING
  YESTERDAY        9                        14     -5       16
  MONTH TO DATE  662                       518    144      676
  SINCE MAR 1    662                       518    144      676
  SINCE JUL 1   4587                      4015    572     3915

 COOLING
  YESTERDAY        0                         0      0        0
  MONTH TO DATE    0                         0      0        0
  SINCE MAR 1      0                         0      0        0
  SINCE JAN 1      0                         0      0        0
..................................................................


WIND (MPH)
  HIGHEST WIND SPEED    29   HIGHEST WIND DIRECTION     S (190)
  HIGHEST GUST SPEED    35   HIGHEST GUST DIRECTION     S (190)
  AVERAGE WIND SPEED    12.2


SKY COVER
  AVERAGE SKY COVER 0.5


WEATHER CONDITIONS
 THE FOLLOWING WEATHER WAS RECORDED YESTERDAY.
  THUNDERSTORM
  HEAVY RAIN
  RAIN
  LIGHT RAIN
  FOG


RELATIVE HUMIDITY (PERCENT)
 HIGHEST    93
 LOWEST     44
 AVERAGE    69

..........................................................


THE CAPE GIRARDEAU MO CLIMATE NORMALS FOR TODAY
                         NORMAL    RECORD    YEAR
 MAXIMUM TEMPERATURE (F)   63        82      1963
 MINIMUM TEMPERATURE (F)   40        24      1964


SUNRISE AND SUNSET
MARCH 29 2014.........SUNRISE   648 AM CDT   SUNSET   718 PM CDT
MARCH 30 2014.........SUNRISE   647 AM CDT   SUNSET   719 PM CDT


-  INDICATES NEGATIVE NUMBERS.
R  INDICATES RECORD WAS SET OR TIED.
MM INDICATES DATA IS MISSING.
T  INDICATES TRACE AMOUNT.




$$
