000
CDUS43 KPAH 090636
CLICGI


CLIMATE REPORT
NATIONAL WEATHER SERVICE PADUCAH KY
129 AM CDT FRI JUN 9 2017


...................................

...THE CAPE GIRARDEAU MO CLIMATE SUMMARY FOR JUNE 8 2017...

CLIMATE NORMAL PERIOD 1981 TO 2010
CLIMATE RECORD PERIOD 1960 TO 2017


WEATHER ITEM   OBSERVED TIME   RECORD YEAR NORMAL DEPARTURE LAST
                VALUE   (LST)  VALUE       VALUE  FROM      YEAR
                                                  NORMAL
..................................................................
TEMPERATURE (F)
 YESTERDAY
  MAXIMUM         80    431 PM  97    2011  85     -5       82
  MINIMUM         55    510 AM  51    2000  62     -7       55
  AVERAGE         68                        74     -6

PRECIPITATION (IN)
  YESTERDAY        0.00          2.45 1971   0.13  -0.13     0.00
  MONTH TO DATE    0.72                      1.04  -0.32     0.61
  SINCE JUN 1      0.72                      1.04  -0.32     0.61
  SINCE JAN 1     19.94                     22.14  -2.20    23.89

DEGREE DAYS
 HEATING
  YESTERDAY        0                         0      0        0
  MONTH TO DATE    0                         1     -1        0
  SINCE JUN 1      0                         1     -1        0
  SINCE JUL 1   3430                      4387   -957     3571

 COOLING
  YESTERDAY        3                         9     -6        4
  MONTH TO DATE   74                        62     12       57
  SINCE JUN 1     74                        62     12       57
  SINCE JAN 1    249                       214     35      178
..................................................................


WIND (MPH)
  HIGHEST WIND SPEED    17   HIGHEST WIND DIRECTION    NE (50)
  HIGHEST GUST SPEED    21   HIGHEST GUST DIRECTION    NE (50)
  AVERAGE WIND SPEED     6.4


SKY COVER
  AVERAGE SKY COVER 0.0


WEATHER CONDITIONS
 THE FOLLOWING WEATHER WAS RECORDED YESTERDAY.
  NO SIGNIFICANT WEATHER WAS OBSERVED.


RELATIVE HUMIDITY (PERCENT)
 HIGHEST    86
 LOWEST     35
 AVERAGE    61

..........................................................


THE CAPE GIRARDEAU MO CLIMATE NORMALS FOR TODAY
                         NORMAL    RECORD    YEAR
 MAXIMUM TEMPERATURE (F)   85        99      1963
 MINIMUM TEMPERATURE (F)   63        49      1978


SUNRISE AND SUNSET
JUNE  9 2017..........SUNRISE   538 AM CDT   SUNSET   818 PM CDT
JUNE 10 2017..........SUNRISE   538 AM CDT   SUNSET   818 PM CDT


-  INDICATES NEGATIVE NUMBERS.
R  INDICATES RECORD WAS SET OR TIED.
MM INDICATES DATA IS MISSING.
T  INDICATES TRACE AMOUNT.




$$
