205
CDUS43 KPAH 130929
CLICGI

CLIMATE REPORT
NATIONAL WEATHER SERVICE PADUCAH KY
ISSUED BY NATIONAL WEATHER SERVICE LOUISVILLE KY
328 AM CST MON FEB 13 2017


...................................

...THE CAPE GIRARDEAU MO CLIMATE SUMMARY FOR FEBRUARY 12 2017...

CLIMATE NORMAL PERIOD 1981 TO 2010
CLIMATE RECORD PERIOD 1960 TO 2017


WEATHER ITEM   OBSERVED TIME   RECORD YEAR NORMAL DEPARTURE LAST
                VALUE   (LST)  VALUE       VALUE  FROM      YEAR
                                                  NORMAL
..................................................................
TEMPERATURE (F)
 YESTERDAY
  MAXIMUM         63   1225 AM  69    1961  47     16       41
  MINIMUM         37   1159 PM   5    1988  27     10       24
  AVERAGE         50                        37     13

PRECIPITATION (IN)
  YESTERDAY        0.00          1.49 1984   0.12  -0.12     0.00
  MONTH TO DATE    0.53                      1.49  -0.96     0.05
  SINCE DEC 1      5.83                      9.21  -3.38     4.10
  SINCE JAN 1      2.49                      4.96  -2.47     1.71

DEGREE DAYS
 HEATING
  YESTERDAY       15                        28    -13       32
  MONTH TO DATE  271                       352    -81      336
  SINCE DEC 1   1922                      2239   -317     1851
  SINCE JUL 1   2499                      3090   -591     2501

 COOLING
  YESTERDAY        0                         0      0        0
  MONTH TO DATE    0                         0      0        0
  SINCE DEC 1      0                         0      0        2
  SINCE JAN 1      0                         0      0        0
..................................................................


WIND (MPH)
  HIGHEST WIND SPEED    29   HIGHEST WIND DIRECTION     N (350)
  HIGHEST GUST SPEED    36   HIGHEST GUST DIRECTION     N (360)
  AVERAGE WIND SPEED    13.8


SKY COVER
  AVERAGE SKY COVER 0.3


WEATHER CONDITIONS
 THE FOLLOWING WEATHER WAS RECORDED YESTERDAY.
  FOG
  HAZE


RELATIVE HUMIDITY (PERCENT)
 HIGHEST   100
 LOWEST     27
 AVERAGE    64

..........................................................


THE CAPE GIRARDEAU MO CLIMATE NORMALS FOR TODAY
                         NORMAL    RECORD    YEAR
 MAXIMUM TEMPERATURE (F)   47        79      1962
 MINIMUM TEMPERATURE (F)   28         5      1980


SUNRISE AND SUNSET
FEBRUARY 13 2017......SUNRISE   649 AM CST   SUNSET   536 PM CST
FEBRUARY 14 2017......SUNRISE   648 AM CST   SUNSET   537 PM CST


-  INDICATES NEGATIVE NUMBERS.
R  INDICATES RECORD WAS SET OR TIED.
MM INDICATES DATA IS MISSING.
T  INDICATES TRACE AMOUNT.




$$
