000
CDUS43 KPAH 130630
CLICGI


CLIMATE REPORT
NATIONAL WEATHER SERVICE PADUCAH KY
129 AM CDT WED JUL 13 2016


...................................

...THE CAPE GIRARDEAU MO CLIMATE SUMMARY FOR JULY 12 2016...

CLIMATE NORMAL PERIOD 1981 TO 2010
CLIMATE RECORD PERIOD 1960 TO 2016


WEATHER ITEM   OBSERVED TIME   RECORD YEAR NORMAL DEPARTURE LAST
                VALUE   (LST)  VALUE       VALUE  FROM      YEAR
                                                  NORMAL
..................................................................
TEMPERATURE (F)
 YESTERDAY
  MAXIMUM         90    430 PM 105    1980  90      0       92
  MINIMUM         75    600 AM  56    1999  68      7       76
  AVERAGE         83                        79      4

PRECIPITATION (IN)
  YESTERDAY        T             1.05 2011   0.11  -0.11     0.00
  MONTH TO DATE    2.80                      1.32   1.48     7.49
  SINCE JUN 1      4.08                      4.89  -0.81    11.81
  SINCE JAN 1     27.36                     25.99   1.37    37.25

DEGREE DAYS
 HEATING
  YESTERDAY        0                         0      0        0
  MONTH TO DATE    0                         0      0        0
  SINCE JUN 1      0                         4     -4        5
  SINCE JUL 1      0                         0      0        0

 COOLING
  YESTERDAY       18                        14      4       19
  MONTH TO DATE  161                       165     -4      143
  SINCE JUN 1    572                       477     95      524
  SINCE JAN 1    693                       629     64      701
..................................................................


WIND (MPH)
  HIGHEST WIND SPEED    20   HIGHEST WIND DIRECTION     S (180)
  HIGHEST GUST SPEED    28   HIGHEST GUST DIRECTION     S (180)
  AVERAGE WIND SPEED     8.9


SKY COVER
  AVERAGE SKY COVER 0.2


WEATHER CONDITIONS
 THE FOLLOWING WEATHER WAS RECORDED YESTERDAY.
  THUNDERSTORM
  LIGHT RAIN


RELATIVE HUMIDITY (PERCENT)
 HIGHEST    87
 LOWEST     59
 AVERAGE    73

..........................................................


THE CAPE GIRARDEAU MO CLIMATE NORMALS FOR TODAY
                         NORMAL    RECORD    YEAR
 MAXIMUM TEMPERATURE (F)   90       104      1966
 MINIMUM TEMPERATURE (F)   68        55      1964


SUNRISE AND SUNSET
JULY 13 2016..........SUNRISE   549 AM CDT   SUNSET   819 PM CDT
JULY 14 2016..........SUNRISE   550 AM CDT   SUNSET   819 PM CDT


-  INDICATES NEGATIVE NUMBERS.
R  INDICATES RECORD WAS SET OR TIED.
MM INDICATES DATA IS MISSING.
T  INDICATES TRACE AMOUNT.




$$
