000
CDUS43 KPAH 200636
CLICGI


CLIMATE REPORT
NATIONAL WEATHER SERVICE PADUCAH KY
1229 AM CST FRI FEB 20 2015


...................................

...THE CAPE GIRARDEAU MO CLIMATE SUMMARY FOR FEBRUARY 19 2015...

CLIMATE NORMAL PERIOD 1981 TO 2010
CLIMATE RECORD PERIOD 1960 TO 2015


WEATHER ITEM   OBSERVED TIME   RECORD YEAR NORMAL DEPARTURE LAST
                VALUE   (LST)  VALUE       VALUE  FROM      YEAR
                                                  NORMAL
..................................................................
TEMPERATURE (F)
 YESTERDAY
  MAXIMUM         18    224 PM  71    1994  49    -31       58
  MINIMUM        -14R   549 AM   4    1978  29    -43       37
  AVERAGE          2                        39    -37

PRECIPITATION (IN)
  YESTERDAY        0.00          1.29 2002   0.12  -0.12     0.00
  MONTH TO DATE    1.32                      2.33  -1.01     0.99
  SINCE DEC 1      8.90                     10.05  -1.15     8.55
  SINCE JAN 1      6.09                      5.80   0.29     2.99

DEGREE DAYS
 HEATING
  YESTERDAY       63                        26     37       17
  MONTH TO DATE  693                       540    153      694
  SINCE DEC 1   2406                      2427    -21     2772
  SINCE JUL 1   3402                      3278    124     3678

 COOLING
  YESTERDAY        0                         0      0        0
  MONTH TO DATE    0                         0      0        0
  SINCE DEC 1      0                         0      0        0
  SINCE JAN 1      0                         0      0        0
..................................................................


WIND (MPH)
  HIGHEST WIND SPEED    15   HIGHEST WIND DIRECTION    NW (330)
  HIGHEST GUST SPEED    17   HIGHEST GUST DIRECTION    NW (330)
  AVERAGE WIND SPEED     4.4


SKY COVER
  AVERAGE SKY COVER 0.2


WEATHER CONDITIONS
 THE FOLLOWING WEATHER WAS RECORDED YESTERDAY.
  FOG


RELATIVE HUMIDITY (PERCENT)
 HIGHEST    91
 LOWEST     39
 AVERAGE    65

..........................................................


THE CAPE GIRARDEAU MO CLIMATE NORMALS FOR TODAY
                         NORMAL    RECORD    YEAR
 MAXIMUM TEMPERATURE (F)   49        73      2011
 MINIMUM TEMPERATURE (F)   29        13      1978


SUNRISE AND SUNSET
FEBRUARY 20 2015......SUNRISE   642 AM CST   SUNSET   543 PM CST
FEBRUARY 21 2015......SUNRISE   640 AM CST   SUNSET   544 PM CST


-  INDICATES NEGATIVE NUMBERS.
R  INDICATES RECORD WAS SET OR TIED.
MM INDICATES DATA IS MISSING.
T  INDICATES TRACE AMOUNT.




$$
