000
CDUS43 KPAH 090631
CLICGI


CLIMATE REPORT
NATIONAL WEATHER SERVICE PADUCAH KY
129 AM CDT TUE MAY 9 2017


...................................

...THE CAPE GIRARDEAU MO CLIMATE SUMMARY FOR MAY 8 2017...

CLIMATE NORMAL PERIOD 1981 TO 2010
CLIMATE RECORD PERIOD 1960 TO 2017


WEATHER ITEM   OBSERVED TIME   RECORD YEAR NORMAL DEPARTURE LAST
                VALUE   (LST)  VALUE       VALUE  FROM      YEAR
                                                  NORMAL
..................................................................
TEMPERATURE (F)
 YESTERDAY
  MAXIMUM         82    332 PM  90    1986  76      6       86
  MINIMUM         51    510 AM  41    1980  53     -2       54
  AVERAGE         67                        64      3

PRECIPITATION (IN)
  YESTERDAY        0.00          2.67 2002   0.20  -0.20     0.00
  MONTH TO DATE    2.37                      1.56   0.81     0.00
  SINCE MAR 1     13.46                     10.32   3.14    10.16
  SINCE JAN 1     16.48                     17.20  -0.72    14.94

DEGREE DAYS
 HEATING
  YESTERDAY        0                         3     -3        0
  MONTH TO DATE   60                        29     31       39
  SINCE MAR 1    687                       850   -163      618
  SINCE JUL 1   3422                      4347   -925     3510

 COOLING
  YESTERDAY        2                         2      0        5
  MONTH TO DATE    2                        16    -14       14
  SINCE MAR 1     44                        47     -3       32
  SINCE JAN 1     44                        47     -3       32
..................................................................


WIND (MPH)
  HIGHEST WIND SPEED    16   HIGHEST WIND DIRECTION    SW (220)
  HIGHEST GUST SPEED    22   HIGHEST GUST DIRECTION    SW (220)
  AVERAGE WIND SPEED     7.4


SKY COVER
  AVERAGE SKY COVER 0.1


WEATHER CONDITIONS
 THE FOLLOWING WEATHER WAS RECORDED YESTERDAY.
  NO SIGNIFICANT WEATHER WAS OBSERVED.


RELATIVE HUMIDITY (PERCENT)
 HIGHEST    93
 LOWEST     48
 AVERAGE    71

..........................................................


THE CAPE GIRARDEAU MO CLIMATE NORMALS FOR TODAY
                         NORMAL    RECORD    YEAR
 MAXIMUM TEMPERATURE (F)   76        89      1963
 MINIMUM TEMPERATURE (F)   54        36      1980


SUNRISE AND SUNSET
MAY  9 2017...........SUNRISE   555 AM CDT   SUNSET   755 PM CDT
MAY 10 2017...........SUNRISE   554 AM CDT   SUNSET   756 PM CDT


-  INDICATES NEGATIVE NUMBERS.
R  INDICATES RECORD WAS SET OR TIED.
MM INDICATES DATA IS MISSING.
T  INDICATES TRACE AMOUNT.




$$
