000
CDUS43 KPAH 290631
CLICGI


CLIMATE REPORT
NATIONAL WEATHER SERVICE PADUCAH KY
1230 AM CST TUE NOV 29 2016


...................................

...THE CAPE GIRARDEAU MO CLIMATE SUMMARY FOR NOVEMBER 28 2016...

CLIMATE NORMAL PERIOD 1981 TO 2010
CLIMATE RECORD PERIOD 1960 TO 2016


WEATHER ITEM   OBSERVED TIME   RECORD YEAR NORMAL DEPARTURE LAST
                VALUE   (LST)  VALUE       VALUE  FROM      YEAR
                                                  NORMAL
..................................................................
TEMPERATURE (F)
 YESTERDAY
  MAXIMUM         54    229 PM  69    1998  51      3       47
  MINIMUM         45    531 AM  18    1976  32     13       42
  AVERAGE         50                        41      9

PRECIPITATION (IN)
  YESTERDAY        2.42R         1.32 2001   0.16   2.26     0.77
  MONTH TO DATE    3.76                      4.12  -0.36     9.08
  SINCE SEP 1      9.45                     11.19  -1.74    11.95
  SINCE JAN 1     46.15                     42.24   3.91    55.50

DEGREE DAYS
 HEATING
  YESTERDAY       15                        24     -9       20
  MONTH TO DATE  414                       500    -86      393
  SINCE SEP 1    545                       802   -257      609
  SINCE JUL 1    545                       803   -258      609

 COOLING
  YESTERDAY        0                         0      0        0
  MONTH TO DATE   11                         0     11        4
  SINCE SEP 1    355                       191    164      202
  SINCE JAN 1   1798                      1451    347     1531
..................................................................


WIND (MPH)
  HIGHEST WIND SPEED    26   HIGHEST WIND DIRECTION    SE (120)
  HIGHEST GUST SPEED    33   HIGHEST GUST DIRECTION    SE (120)
  AVERAGE WIND SPEED    13.3


SKY COVER
  AVERAGE SKY COVER 1.0


WEATHER CONDITIONS
 THE FOLLOWING WEATHER WAS RECORDED YESTERDAY.
  THUNDERSTORM
  HEAVY RAIN
  RAIN
  LIGHT RAIN
  FOG


RELATIVE HUMIDITY (PERCENT)
 HIGHEST    96
 LOWEST     61
 AVERAGE    79

..........................................................


THE CAPE GIRARDEAU MO CLIMATE NORMALS FOR TODAY
                         NORMAL    RECORD    YEAR
 MAXIMUM TEMPERATURE (F)   51        70      1975
 MINIMUM TEMPERATURE (F)   32         8      1976


SUNRISE AND SUNSET
NOVEMBER 29 2016......SUNRISE   652 AM CST   SUNSET   441 PM CST
NOVEMBER 30 2016......SUNRISE   653 AM CST   SUNSET   441 PM CST


-  INDICATES NEGATIVE NUMBERS.
R  INDICATES RECORD WAS SET OR TIED.
MM INDICATES DATA IS MISSING.
T  INDICATES TRACE AMOUNT.




$$
