000
CDUS43 KPAH 140632
CLICGI


CLIMATE REPORT
NATIONAL WEATHER SERVICE PADUCAH KY
1229 AM CST SUN DEC 14 2014


...................................

...THE CAPE GIRARDEAU MO CLIMATE SUMMARY FOR DECEMBER 13 2014...

CLIMATE NORMAL PERIOD 1981 TO 2010
CLIMATE RECORD PERIOD 1960 TO 2014


WEATHER ITEM   OBSERVED TIME   RECORD YEAR NORMAL DEPARTURE LAST
                VALUE   (LST)  VALUE       VALUE  FROM      YEAR
                                                  NORMAL
..................................................................
TEMPERATURE (F)
 YESTERDAY
  MAXIMUM         50    318 PM  64    1984  45      5       37
  MINIMUM         43    312 AM  -3    1962  27     16        8
  AVERAGE         47                        36     11

PRECIPITATION (IN)
  YESTERDAY        0.00          1.45 1977   0.15  -0.15      T
  MONTH TO DATE    1.21                      1.91  -0.70     0.94
  SINCE DEC 1      1.21                      1.91  -0.70     0.94
  SINCE JAN 1     42.13                     44.47  -2.34    35.46

DEGREE DAYS
 HEATING
  YESTERDAY       18                        29    -11       42
  MONTH TO DATE  330                       350    -20      434
  SINCE DEC 1    330                       350    -20      434
  SINCE JUL 1   1326                      1201    125     1340

 COOLING
  YESTERDAY        0                         0      0        0
  MONTH TO DATE    0                         0      0        0
  SINCE DEC 1      0                         0      0        0
  SINCE JAN 1   1424                      1453    -29     1441
..................................................................


WIND (MPH)
  HIGHEST WIND SPEED     9   HIGHEST WIND DIRECTION    SW (220)
  HIGHEST GUST SPEED    12   HIGHEST GUST DIRECTION    SW (210)
  AVERAGE WIND SPEED     4.2


SKY COVER
  AVERAGE SKY COVER 1.0


WEATHER CONDITIONS
 THE FOLLOWING WEATHER WAS RECORDED YESTERDAY.
  FOG
  HAZE


RELATIVE HUMIDITY (PERCENT)
 HIGHEST    83
 LOWEST     66
 AVERAGE    75

..........................................................


THE CAPE GIRARDEAU MO CLIMATE NORMALS FOR TODAY
                         NORMAL    RECORD    YEAR
 MAXIMUM TEMPERATURE (F)   45        68      1971
 MINIMUM TEMPERATURE (F)   27         7      2010


SUNRISE AND SUNSET
DECEMBER 14 2014......SUNRISE   704 AM CST   SUNSET   442 PM CST
DECEMBER 15 2014......SUNRISE   705 AM CST   SUNSET   442 PM CST


-  INDICATES NEGATIVE NUMBERS.
R  INDICATES RECORD WAS SET OR TIED.
MM INDICATES DATA IS MISSING.
T  INDICATES TRACE AMOUNT.




$$
