466
CDUS43 KPAH 140634
CLICGI


CLIMATE REPORT
NATIONAL WEATHER SERVICE PADUCAH KY
133 AM CDT FRI JUL 14 2017


...................................

...THE CAPE GIRARDEAU MO CLIMATE SUMMARY FOR JULY 13 2017...

CLIMATE NORMAL PERIOD 1981 TO 2010
CLIMATE RECORD PERIOD 1960 TO 2017


WEATHER ITEM   OBSERVED TIME   RECORD YEAR NORMAL DEPARTURE LAST
                VALUE   (LST)  VALUE       VALUE  FROM      YEAR
                                                  NORMAL
..................................................................
TEMPERATURE (F)
 YESTERDAY
  MAXIMUM         93   1259 PM 104    1966  90      3       93
  MINIMUM         71    928 PM  55    1964  68      3       73
  AVERAGE         82                        79      3

PRECIPITATION (IN)
  YESTERDAY        0.24          1.75 2006   0.11   0.13     0.25
  MONTH TO DATE    1.17                      1.43  -0.26     3.05
  SINCE JUN 1      4.12                      5.00  -0.88     4.33
  SINCE JAN 1     23.34                     26.10  -2.76    27.61

DEGREE DAYS
 HEATING
  YESTERDAY        0                         0      0        0
  MONTH TO DATE    0                         0      0        0
  SINCE JUN 1      0                         4     -4        0
  SINCE JUL 1      0                         0      0        0

 COOLING
  YESTERDAY       17                        14      3       18
  MONTH TO DATE  170                       179     -9      179
  SINCE JUN 1    478                       491    -13      590
  SINCE JAN 1    653                       643     10      711
..................................................................


WIND (MPH)
  HIGHEST WIND SPEED    25   HIGHEST WIND DIRECTION    NW (330)
  HIGHEST GUST SPEED    30   HIGHEST GUST DIRECTION    NW (320)
  AVERAGE WIND SPEED     7.4


SKY COVER
  AVERAGE SKY COVER 0.2


WEATHER CONDITIONS
 THE FOLLOWING WEATHER WAS RECORDED YESTERDAY.
  THUNDERSTORM
  HEAVY RAIN
  RAIN
  LIGHT RAIN
  FOG


RELATIVE HUMIDITY (PERCENT)
 HIGHEST    93
 LOWEST     56
 AVERAGE    75

..........................................................


THE CAPE GIRARDEAU MO CLIMATE NORMALS FOR TODAY
                         NORMAL    RECORD    YEAR
 MAXIMUM TEMPERATURE (F)   90       105      1966
 MINIMUM TEMPERATURE (F)   68        54      1967


SUNRISE AND SUNSET
JULY 14 2017..........SUNRISE   549 AM CDT   SUNSET   819 PM CDT
JULY 15 2017..........SUNRISE   550 AM CDT   SUNSET   818 PM CDT


-  INDICATES NEGATIVE NUMBERS.
R  INDICATES RECORD WAS SET OR TIED.
MM INDICATES DATA IS MISSING.
T  INDICATES TRACE AMOUNT.




$$
