758
CDUS43 KPAH 200656
CLICGI


CLIMATE REPORT
NATIONAL WEATHER SERVICE PADUCAH KY
150 AM CDT FRI MAY 20 2016


...................................

...THE CAPE GIRARDEAU MO CLIMATE SUMMARY FOR MAY 19 2016...

CLIMATE NORMAL PERIOD 1981 TO 2010
CLIMATE RECORD PERIOD 1960 TO 2016


WEATHER ITEM   OBSERVED TIME   RECORD YEAR NORMAL DEPARTURE LAST
                VALUE   (LST)  VALUE       VALUE  FROM      YEAR
                                                  NORMAL
..................................................................
TEMPERATURE (F)
 YESTERDAY
  MAXIMUM         73    234 PM  92    1974  79     -6       72
  MINIMUM         45    512 AM  40    2007  57    -12       57
  AVERAGE         59                        68     -9

PRECIPITATION (IN)
  YESTERDAY        0.00          0.35 1991   0.17  -0.17     0.00
  MONTH TO DATE    3.24                      3.61  -0.37     4.37
  SINCE MAR 1     13.40                     12.37   1.03    17.33
  SINCE JAN 1     18.18                     19.25  -1.07    23.85

DEGREE DAYS
 HEATING
  YESTERDAY        6                         2      4        0
  MONTH TO DATE   99                        55     44       25
  SINCE MAR 1    678                       876   -198      802
  SINCE JUL 1   3570                      4373   -803     4580

 COOLING
  YESTERDAY        0                         4     -4        0
  MONTH TO DATE   32                        54    -22       88
  SINCE MAR 1     50                        85    -35      116
  SINCE JAN 1     50                        85    -35      116
..................................................................


WIND (MPH)
  HIGHEST WIND SPEED    16   HIGHEST WIND DIRECTION     E (100)
  HIGHEST GUST SPEED    19   HIGHEST GUST DIRECTION    NE (30)
  AVERAGE WIND SPEED     5.5


SKY COVER
  AVERAGE SKY COVER 0.0


WEATHER CONDITIONS
 THE FOLLOWING WEATHER WAS RECORDED YESTERDAY.
  FOG


RELATIVE HUMIDITY (PERCENT)
 HIGHEST   100
 LOWEST     35
 AVERAGE    68

..........................................................


THE CAPE GIRARDEAU MO CLIMATE NORMALS FOR TODAY
                         NORMAL    RECORD    YEAR
 MAXIMUM TEMPERATURE (F)   79        93      1975
 MINIMUM TEMPERATURE (F)   57        42      2007


SUNRISE AND SUNSET
MAY 20 2016...........SUNRISE   546 AM CDT   SUNSET   805 PM CDT
MAY 21 2016...........SUNRISE   545 AM CDT   SUNSET   805 PM CDT


-  INDICATES NEGATIVE NUMBERS.
R  INDICATES RECORD WAS SET OR TIED.
MM INDICATES DATA IS MISSING.
T  INDICATES TRACE AMOUNT.




$$
