000
CDUS43 KPAH 270635
CLICGI


CLIMATE REPORT
NATIONAL WEATHER SERVICE PADUCAH KY
1234 AM CST WED JAN 27 2016


...................................

...THE CAPE GIRARDEAU MO CLIMATE SUMMARY FOR JANUARY 26 2016...

CLIMATE NORMAL PERIOD 1981 TO 2010
CLIMATE RECORD PERIOD 1960 TO 2016


WEATHER ITEM   OBSERVED TIME   RECORD YEAR NORMAL DEPARTURE LAST
                VALUE   (LST)  VALUE       VALUE  FROM      YEAR
                                                  NORMAL
..................................................................
TEMPERATURE (F)
 YESTERDAY
  MAXIMUM         40    331 PM  61    1974  43     -3       40
  MINIMUM         25   1159 PM  -2    1978  24      1       29
  AVERAGE         33                        34     -1

PRECIPITATION (IN)
  YESTERDAY        0.00          0.98 1994   0.11  -0.11     0.00
  MONTH TO DATE    1.63                      2.89  -1.26     4.77
  SINCE DEC 1      4.02                      7.14  -3.12     7.58
  SINCE JAN 1      1.63                      2.89  -1.26     4.77

DEGREE DAYS
 HEATING
  YESTERDAY       32                        31      1       30
  MONTH TO DATE  847                       831     16      839
  SINCE DEC 1   1409                      1731   -322     1580
  SINCE JUL 1   2059                      2582   -523     2576

 COOLING
  YESTERDAY        0                         0      0        0
  MONTH TO DATE    0                         0      0        0
  SINCE DEC 1      2                         0      2        0
  SINCE JAN 1      0                         0      0        0
..................................................................


WIND (MPH)
  HIGHEST WIND SPEED    20   HIGHEST WIND DIRECTION    NW (330)
  HIGHEST GUST SPEED    24   HIGHEST GUST DIRECTION     N (340)
  AVERAGE WIND SPEED     8.5


SKY COVER
  AVERAGE SKY COVER 0.6


WEATHER CONDITIONS
 THE FOLLOWING WEATHER WAS RECORDED YESTERDAY.
  NO SIGNIFICANT WEATHER WAS OBSERVED.


RELATIVE HUMIDITY (PERCENT)
 HIGHEST    92
 LOWEST     59
 AVERAGE    76

..........................................................


THE CAPE GIRARDEAU MO CLIMATE NORMALS FOR TODAY
                         NORMAL    RECORD    YEAR
 MAXIMUM TEMPERATURE (F)   43        65      1999
 MINIMUM TEMPERATURE (F)   24        -7      1961


SUNRISE AND SUNSET
JANUARY 27 2016.......SUNRISE   705 AM CST   SUNSET   517 PM CST
JANUARY 28 2016.......SUNRISE   705 AM CST   SUNSET   518 PM CST


-  INDICATES NEGATIVE NUMBERS.
R  INDICATES RECORD WAS SET OR TIED.
MM INDICATES DATA IS MISSING.
T  INDICATES TRACE AMOUNT.




$$
