000
CDUS43 KPAH 252133
CLICGI


CLIMATE REPORT
NATIONAL WEATHER SERVICE PADUCAH KY
432 PM CDT THU JUN 25 2015


...................................

...THE CAPE GIRARDEAU MO CLIMATE SUMMARY FOR JUNE 25 2015...
VALID TODAY AS OF 0400 PM LOCAL TIME.

CLIMATE NORMAL PERIOD 1981 TO 2010
CLIMATE RECORD PERIOD 1960 TO 2015


WEATHER ITEM   OBSERVED TIME   RECORD YEAR NORMAL DEPARTURE LAST
                VALUE   (LST)  VALUE       VALUE  FROM      YEAR
                                                  NORMAL
..................................................................
TEMPERATURE (F)
 TODAY
  MAXIMUM         94    247 PM 100    1988  88      6       89
  MINIMUM         73    523 AM  51    1961  67      6       67
  AVERAGE         84                        78      6

PRECIPITATION (IN)
  TODAY            0.00          0.98 1993   0.12  -0.12     0.00
  MONTH TO DATE    4.19                      3.02   1.17     5.97
  SINCE JUN 1      4.19                      3.02   1.17     5.97
  SINCE JAN 1     29.63                     24.12   5.51    24.36

DEGREE DAYS
 HEATING
  TODAY            0                         0      0        0
  MONTH TO DATE    5                         1      4        0
  SINCE JUN 1      5                         1      4        0
  SINCE JUL 1   4617                      4387    230     4941

 COOLING
  TODAY           19                        12      7       13
  MONTH TO DATE  324                       245     79      294
  SINCE JUN 1    324                       245     79      294
  SINCE JAN 1    501                       397    104      505
..................................................................


WIND (MPH)
  HIGHEST WIND SPEED    14   HIGHEST WIND DIRECTION    SW (220)
  HIGHEST GUST SPEED    20   HIGHEST GUST DIRECTION    SW (220)
  AVERAGE WIND SPEED     4.5


SKY COVER
  AVERAGE SKY COVER 0.1


WEATHER CONDITIONS
 THE FOLLOWING WEATHER WAS RECORDED TODAY.
  NO SIGNIFICANT WEATHER WAS OBSERVED.


RELATIVE HUMIDITY (PERCENT)
 HIGHEST    94
 LOWEST     49
 AVERAGE    72

..........................................................


THE CAPE GIRARDEAU MO CLIMATE NORMALS FOR TOMORROW
                         NORMAL
 MAXIMUM TEMPERATURE (F)   89
 MINIMUM TEMPERATURE (F)   67


SUNRISE AND SUNSET
JUNE 25 2015..........SUNRISE   539 AM CDT   SUNSET   823 PM CDT
JUNE 26 2015..........SUNRISE   540 AM CDT   SUNSET   823 PM CDT


-  INDICATES NEGATIVE NUMBERS.
R  INDICATES RECORD WAS SET OR TIED.
MM INDICATES DATA IS MISSING.
T  INDICATES TRACE AMOUNT.




$$
