000
CDUS43 KPAH 160630
CLICGI


CLIMATE REPORT
NATIONAL WEATHER SERVICE PADUCAH KY
1228 AM CST SUN NOV 16 2014

...................................

...THE CAPE GIRARDEAU MO CLIMATE SUMMARY FOR NOVEMBER 15 2014...

CLIMATE NORMAL PERIOD 1981 TO 2010
CLIMATE RECORD PERIOD 1960 TO 2014

WEATHER ITEM   OBSERVED TIME   RECORD YEAR NORMAL DEPARTURE LAST
                VALUE   (LST)  VALUE       VALUE  FROM      YEAR
                                                  NORMAL
..................................................................
TEMPERATURE (F)
 YESTERDAY
  MAXIMUM         39    147 PM  78    1971  58    -19       51
  MINIMUM         20R   502 AM  22    1969  37    -17       40
  AVERAGE         30                        47    -17

PRECIPITATION (IN)
  YESTERDAY        T             1.82 1961   0.15  -0.15      T
  MONTH TO DATE    0.75                      2.08  -1.33     0.23
  SINCE SEP 1      7.11                      9.15  -2.04     4.87
  SINCE JAN 1     39.41                     40.20  -0.79    33.10

DEGREE DAYS
 HEATING
  YESTERDAY       35                        18     17       19
  MONTH TO DATE  354                       227    127      273
  SINCE SEP 1    603                       529     74      539
  SINCE JUL 1    603                       530     73      540

 COOLING
  YESTERDAY        0                         0      0        0
  MONTH TO DATE    0                         0      0        0
  SINCE SEP 1    185                       191     -6      260
  SINCE JAN 1   1424                      1451    -27     1441
..................................................................

WIND (MPH)
  HIGHEST WIND SPEED    12   HIGHEST WIND DIRECTION    SE (150)
  HIGHEST GUST SPEED    15   HIGHEST GUST DIRECTION    SE (150)
  AVERAGE WIND SPEED     2.3

SKY COVER
  AVERAGE SKY COVER 0.4

WEATHER CONDITIONS
 THE FOLLOWING WEATHER WAS RECORDED YESTERDAY.
  LIGHT SNOW

RELATIVE HUMIDITY (PERCENT)
 HIGHEST    92
 LOWEST     44
 AVERAGE    68
..........................................................

THE CAPE GIRARDEAU MO CLIMATE NORMALS FOR TODAY
                         NORMAL    RECORD    YEAR
 MAXIMUM TEMPERATURE (F)   57        77      1965
 MINIMUM TEMPERATURE (F)   36        18      1997

SUNRISE AND SUNSET
NOVEMBER 16 2014......SUNRISE   638 AM CST   SUNSET   447 PM CST
NOVEMBER 17 2014......SUNRISE   639 AM CST   SUNSET   447 PM CST

-  INDICATES NEGATIVE NUMBERS.
R  INDICATES RECORD WAS SET OR TIED.
MM INDICATES DATA IS MISSING.
T  INDICATES TRACE AMOUNT.

$$
