000
CDUS43 KPAH 160633
CLICGI


CLIMATE REPORT
NATIONAL WEATHER SERVICE PADUCAH KY
132 AM CDT SAT APR 16 2016


...................................

...THE CAPE GIRARDEAU MO CLIMATE SUMMARY FOR APRIL 15 2016...

CLIMATE NORMAL PERIOD 1981 TO 2010
CLIMATE RECORD PERIOD 1960 TO 2016


WEATHER ITEM   OBSERVED TIME   RECORD YEAR NORMAL DEPARTURE LAST
                VALUE   (LST)  VALUE       VALUE  FROM      YEAR
                                                  NORMAL
..................................................................
TEMPERATURE (F)
 YESTERDAY
  MAXIMUM         75    321 PM  87    1992  69      6       71
  MINIMUM         53   1016 PM  29    2008  45      8       56
  AVERAGE         64                        57      7

PRECIPITATION (IN)
  YESTERDAY        0.00          4.48 1972   0.13  -0.13     0.00
  MONTH TO DATE    0.49                      2.02  -1.53     2.53
  SINCE MAR 1      5.95                      6.42  -0.47    11.32
  SINCE JAN 1     10.73                     13.30  -2.57    17.84

DEGREE DAYS
 HEATING
  YESTERDAY        1                         9     -8        1
  MONTH TO DATE  173                       165      8       77
  SINCE MAR 1    561                       724   -163      683
  SINCE JUL 1   3453                      4221   -768     4461

 COOLING
  YESTERDAY        0                         1     -1        0
  MONTH TO DATE    0                         9     -9       21
  SINCE MAR 1      0                        13    -13       21
  SINCE JAN 1      0                        13    -13       21
..................................................................


WIND (MPH)
  HIGHEST WIND SPEED    17   HIGHEST WIND DIRECTION    SE (130)
  HIGHEST GUST SPEED    24   HIGHEST GUST DIRECTION    SE (140)
  AVERAGE WIND SPEED     7.2


SKY COVER
  AVERAGE SKY COVER 0.3


WEATHER CONDITIONS
 THE FOLLOWING WEATHER WAS RECORDED YESTERDAY.
  NO SIGNIFICANT WEATHER WAS OBSERVED.


RELATIVE HUMIDITY (PERCENT)
 HIGHEST    93
 LOWEST     41
 AVERAGE    67

..........................................................


THE CAPE GIRARDEAU MO CLIMATE NORMALS FOR TODAY
                         NORMAL    RECORD    YEAR
 MAXIMUM TEMPERATURE (F)   69        87      1977
 MINIMUM TEMPERATURE (F)   46        28      1962


SUNRISE AND SUNSET
APRIL 16 2016.........SUNRISE   622 AM CDT   SUNSET   735 PM CDT
APRIL 17 2016.........SUNRISE   620 AM CDT   SUNSET   736 PM CDT


-  INDICATES NEGATIVE NUMBERS.
R  INDICATES RECORD WAS SET OR TIED.
MM INDICATES DATA IS MISSING.
T  INDICATES TRACE AMOUNT.




$$
