000
CDUS43 KPAH 130634
CLICGI


CLIMATE REPORT
NATIONAL WEATHER SERVICE PADUCAH KY
132 AM CDT SAT SEP 13 2014


...................................

...THE CAPE GIRARDEAU MO CLIMATE SUMMARY FOR SEPTEMBER 12 2014...

CLIMATE NORMAL PERIOD 1981 TO 2010
CLIMATE RECORD PERIOD 1960 TO 2014


WEATHER ITEM   OBSERVED TIME   RECORD YEAR NORMAL DEPARTURE LAST
                VALUE   (LST)  VALUE       VALUE  FROM      YEAR
                                                  NORMAL
..................................................................
TEMPERATURE (F)
 YESTERDAY
  MAXIMUM         62    249 PM  95    1980  83    -21       89
  MINIMUM         57   1159 PM  45    1968  58     -1       65
  AVERAGE         60                        70    -10

PRECIPITATION (IN)
  YESTERDAY        0.00          3.03 1963   0.12  -0.12     0.00
  MONTH TO DATE    2.01                      1.34   0.67      T
  SINCE SEP 1      2.01                      1.34   0.67      T
  SINCE JAN 1     34.31                     32.39   1.92    28.23

DEGREE DAYS
 HEATING
  YESTERDAY        5                         1      4        0
  MONTH TO DATE    5                         2      3        0
  SINCE SEP 1      5                         2      3        0
  SINCE JUL 1      5                         3      2        1

 COOLING
  YESTERDAY        0                         6     -6       12
  MONTH TO DATE  108                        93     15      132
  SINCE SEP 1    108                        93     15      132
  SINCE JAN 1   1347                      1353     -6     1313
..................................................................


WIND (MPH)
  HIGHEST WIND SPEED    16   HIGHEST WIND DIRECTION     N (350)
  HIGHEST GUST SPEED    21   HIGHEST GUST DIRECTION     N (350)
  AVERAGE WIND SPEED    11.0


SKY COVER
  AVERAGE SKY COVER 1.0


WEATHER CONDITIONS
 THE FOLLOWING WEATHER WAS RECORDED YESTERDAY.
  FOG


RELATIVE HUMIDITY (PERCENT)
 HIGHEST    93
 LOWEST     78
 AVERAGE    86

..........................................................


THE CAPE GIRARDEAU MO CLIMATE NORMALS FOR TODAY
                         NORMAL    RECORD    YEAR
 MAXIMUM TEMPERATURE (F)   82        98      1980
 MINIMUM TEMPERATURE (F)   58        45      1999


SUNRISE AND SUNSET
SEPTEMBER 13 2014.....SUNRISE   639 AM CDT   SUNSET   709 PM CDT
SEPTEMBER 14 2014.....SUNRISE   640 AM CDT   SUNSET   708 PM CDT


-  INDICATES NEGATIVE NUMBERS.
R  INDICATES RECORD WAS SET OR TIED.
MM INDICATES DATA IS MISSING.
T  INDICATES TRACE AMOUNT.




$$
