277
CDUS43 KPAH 180645
CLICGI


CLIMATE REPORT
NATIONAL WEATHER SERVICE PADUCAH KY
145 AM CDT SAT MAR 18 2017


...................................

...THE CAPE GIRARDEAU MO CLIMATE SUMMARY FOR MARCH 17 2017...

CLIMATE NORMAL PERIOD 1981 TO 2010
CLIMATE RECORD PERIOD 1960 TO 2017


WEATHER ITEM   OBSERVED TIME   RECORD YEAR NORMAL DEPARTURE LAST
                VALUE   (LST)  VALUE       VALUE  FROM      YEAR
                                                  NORMAL
..................................................................
TEMPERATURE (F)
 YESTERDAY
  MAXIMUM         60    508 PM  94    1982  59      1       67
  MINIMUM         43   1158 PM  22    1967  36      7       41
  AVERAGE         52                        47      5

PRECIPITATION (IN)
  YESTERDAY        0.02          1.21 1970   0.16  -0.14     0.00
  MONTH TO DATE    1.77                      2.25  -0.48     2.53
  SINCE MAR 1      1.77                      2.25  -0.48     2.53
  SINCE JAN 1      4.79                      9.13  -4.34     7.31

DEGREE DAYS
 HEATING
  YESTERDAY       13                        18     -5       11
  MONTH TO DATE  358                       344     14      194
  SINCE MAR 1    358                       344     14      194
  SINCE JUL 1   3093                      3841   -748     3086

 COOLING
  YESTERDAY        0                         0      0        0
  MONTH TO DATE    0                         0      0        0
  SINCE MAR 1      0                         0      0        0
  SINCE JAN 1      0                         0      0        0
..................................................................


WIND (MPH)
  HIGHEST WIND SPEED    17   HIGHEST WIND DIRECTION    SW (230)
  HIGHEST GUST SPEED    22   HIGHEST GUST DIRECTION    SW (240)
  AVERAGE WIND SPEED     6.8


SKY COVER
  AVERAGE SKY COVER 0.8


WEATHER CONDITIONS
 THE FOLLOWING WEATHER WAS RECORDED YESTERDAY.
  LIGHT RAIN
  FOG
  FOG W/VISIBILITY <= 1/4 MILE


RELATIVE HUMIDITY (PERCENT)
 HIGHEST    96
 LOWEST     53
 AVERAGE    75

..........................................................


THE CAPE GIRARDEAU MO CLIMATE NORMALS FOR TODAY
                         NORMAL    RECORD    YEAR
 MAXIMUM TEMPERATURE (F)   59        79      1982
 MINIMUM TEMPERATURE (F)   37        20      1967


SUNRISE AND SUNSET
MARCH 18 2017.........SUNRISE   704 AM CDT   SUNSET   709 PM CDT
MARCH 19 2017.........SUNRISE   703 AM CDT   SUNSET   710 PM CDT


-  INDICATES NEGATIVE NUMBERS.
R  INDICATES RECORD WAS SET OR TIED.
MM INDICATES DATA IS MISSING.
T  INDICATES TRACE AMOUNT.




$$
