152
CDUS43 KPAH 140636
CLICGI


CLIMATE REPORT
NATIONAL WEATHER SERVICE PADUCAH KY
135 AM CDT SAT MAY 14 2016


...................................

...THE CAPE GIRARDEAU MO CLIMATE SUMMARY FOR MAY 13 2016...

CLIMATE NORMAL PERIOD 1981 TO 2010
CLIMATE RECORD PERIOD 1960 TO 2016


WEATHER ITEM   OBSERVED TIME   RECORD YEAR NORMAL DEPARTURE LAST
                VALUE   (LST)  VALUE       VALUE  FROM      YEAR
                                                  NORMAL
..................................................................
TEMPERATURE (F)
 YESTERDAY
  MAXIMUM         76    334 PM  91    1962  77     -1       76
  MINIMUM         47    527 AM  38    2013  55     -8       47
  AVERAGE         62                        66     -4

PRECIPITATION (IN)
  YESTERDAY        0.00          1.90 1981   0.20  -0.20     0.00
  MONTH TO DATE    2.13                      2.54  -0.41     3.09
  SINCE MAR 1     12.29                     11.30   0.99    16.05
  SINCE JAN 1     17.07                     18.18  -1.11    22.57

DEGREE DAYS
 HEATING
  YESTERDAY        3                         2      1        3
  MONTH TO DATE   43                        43      0       25
  SINCE MAR 1    622                       864   -242      802
  SINCE JUL 1   3514                      4361   -847     4580

 COOLING
  YESTERDAY        0                         3     -3        0
  MONTH TO DATE   32                        31      1       54
  SINCE MAR 1     50                        62    -12       82
  SINCE JAN 1     50                        62    -12       82
..................................................................


WIND (MPH)
  HIGHEST WIND SPEED    16   HIGHEST WIND DIRECTION     S (200)
  HIGHEST GUST SPEED    22   HIGHEST GUST DIRECTION     S (200)
  AVERAGE WIND SPEED     5.3


SKY COVER
  AVERAGE SKY COVER 0.0


WEATHER CONDITIONS
 THE FOLLOWING WEATHER WAS RECORDED YESTERDAY.
  NO SIGNIFICANT WEATHER WAS OBSERVED.


RELATIVE HUMIDITY (PERCENT)
 HIGHEST    93
 LOWEST     33
 AVERAGE    63

..........................................................


THE CAPE GIRARDEAU MO CLIMATE NORMALS FOR TODAY
                         NORMAL    RECORD    YEAR
 MAXIMUM TEMPERATURE (F)   77        93      1962
 MINIMUM TEMPERATURE (F)   55        40      2000


SUNRISE AND SUNSET
MAY 14 2016...........SUNRISE   550 AM CDT   SUNSET   800 PM CDT
MAY 15 2016...........SUNRISE   549 AM CDT   SUNSET   800 PM CDT


-  INDICATES NEGATIVE NUMBERS.
R  INDICATES RECORD WAS SET OR TIED.
MM INDICATES DATA IS MISSING.
T  INDICATES TRACE AMOUNT.




$$
