000
CDUS43 KPAH 140628
CLICGI


CLIMATE REPORT
NATIONAL WEATHER SERVICE PADUCAH KY
1227 AM CST WED JAN 14 2015

...................................

...THE CAPE GIRARDEAU MO CLIMATE SUMMARY FOR JANUARY 13 2015...

CLIMATE NORMAL PERIOD 1981 TO 2010
CLIMATE RECORD PERIOD 1960 TO 2015

WEATHER ITEM   OBSERVED TIME   RECORD YEAR NORMAL DEPARTURE LAST
                VALUE   (LST)  VALUE       VALUE  FROM      YEAR
                                                  NORMAL
..................................................................
TEMPERATURE (F)
 YESTERDAY
  MAXIMUM         26    357 PM  67    1995  42    -16       60
  MINIMUM         18   1143 PM  -3    1977  24     -6       35
  AVERAGE         22                        33    -11

PRECIPITATION (IN)
  YESTERDAY        0.00          2.27 1971   0.10  -0.10     0.00
  MONTH TO DATE    4.20                      1.47   2.73     1.99
  SINCE DEC 1      7.01                      5.72   1.29     7.55
  SINCE JAN 1      4.20                      1.47   2.73     1.99

DEGREE DAYS
 HEATING
  YESTERDAY       43                        32     11       17
  MONTH TO DATE  484                       416     68      461
  SINCE DEC 1   1225                      1316    -91     1422
  SINCE JUL 1   2221                      2167     54     2328

 COOLING
  YESTERDAY        0                         0      0        0
  MONTH TO DATE    0                         0      0        0
  SINCE DEC 1      0                         0      0        0
  SINCE JAN 1      0                         0      0        0
..................................................................

WIND (MPH)
  HIGHEST WIND SPEED    22   HIGHEST WIND DIRECTION     N (10)
  HIGHEST GUST SPEED    27   HIGHEST GUST DIRECTION     N (10)
  AVERAGE WIND SPEED    10.9

SKY COVER
  AVERAGE SKY COVER 0.9

WEATHER CONDITIONS
 THE FOLLOWING WEATHER WAS RECORDED YESTERDAY.
  NO SIGNIFICANT WEATHER WAS OBSERVED.

RELATIVE HUMIDITY (PERCENT)
 HIGHEST    84
 LOWEST     68
 AVERAGE    76
..........................................................

THE CAPE GIRARDEAU MO CLIMATE NORMALS FOR TODAY
                         NORMAL    RECORD    YEAR
 MAXIMUM TEMPERATURE (F)   42        60      1996
 MINIMUM TEMPERATURE (F)   24        -3      1982

SUNRISE AND SUNSET
JANUARY 14 2015.......SUNRISE   712 AM CST   SUNSET   503 PM CST
JANUARY 15 2015.......SUNRISE   711 AM CST   SUNSET   504 PM CST

-  INDICATES NEGATIVE NUMBERS.
R  INDICATES RECORD WAS SET OR TIED.
MM INDICATES DATA IS MISSING.
T  INDICATES TRACE AMOUNT.

$$
