000
CDUS43 KPAH 040630
CLICGI


CLIMATE REPORT
NATIONAL WEATHER SERVICE PADUCAH KY
126 AM CDT THU MAY 4 2017

...................................

...THE CAPE GIRARDEAU MO CLIMATE SUMMARY FOR MAY 3 2017...

CLIMATE NORMAL PERIOD 1981 TO 2010
CLIMATE RECORD PERIOD 1960 TO 2017

WEATHER ITEM   OBSERVED TIME   RECORD YEAR NORMAL DEPARTURE LAST
                VALUE   (LST)  VALUE       VALUE  FROM      YEAR
                                                  NORMAL
..................................................................
TEMPERATURE (F)
 YESTERDAY
  MAXIMUM         62   1153 AM  85    1965  74    -12       65
  MINIMUM         51   1159 PM  34    1976  52     -1       47
  AVERAGE         57                        63     -6

PRECIPITATION (IN)
  YESTERDAY        0.42          1.93 1979   0.20   0.22     0.00
  MONTH TO DATE    0.42                      0.58  -0.16     0.00
  SINCE MAR 1     11.51                      9.34   2.17    10.16
  SINCE JAN 1     14.53                     16.22  -1.69    14.94

DEGREE DAYS
 HEATING
  YESTERDAY        8                         4      4        9
  MONTH TO DATE   25                        12     13       15
  SINCE MAR 1    652                       833   -181      594
  SINCE JUL 1   3387                      4330   -943     3486

 COOLING
  YESTERDAY        0                         2     -2        0
  MONTH TO DATE    0                         6     -6        5
  SINCE MAR 1     42                        37      5       23
  SINCE JAN 1     42                        37      5       23
..................................................................

WIND (MPH)
  HIGHEST WIND SPEED    21   HIGHEST WIND DIRECTION    NE (60)
  HIGHEST GUST SPEED    28   HIGHEST GUST DIRECTION    NE (40)
  AVERAGE WIND SPEED    12.6

SKY COVER
  AVERAGE SKY COVER 0.8

WEATHER CONDITIONS
 THE FOLLOWING WEATHER WAS RECORDED YESTERDAY.
  RAIN
  LIGHT RAIN
  FOG

RELATIVE HUMIDITY (PERCENT)
 HIGHEST    89
 LOWEST     57
 AVERAGE    73
..........................................................

THE CAPE GIRARDEAU MO CLIMATE NORMALS FOR TODAY
                         NORMAL    RECORD    YEAR
 MAXIMUM TEMPERATURE (F)   74        89      2012
 MINIMUM TEMPERATURE (F)   52        34      1976

SUNRISE AND SUNSET
MAY  4 2017...........SUNRISE   600 AM CDT   SUNSET   751 PM CDT
MAY  5 2017...........SUNRISE   559 AM CDT   SUNSET   752 PM CDT

-  INDICATES NEGATIVE NUMBERS.
R  INDICATES RECORD WAS SET OR TIED.
MM INDICATES DATA IS MISSING.
T  INDICATES TRACE AMOUNT.

$$
