000
CDUS43 KPAH 122131
CLICGI


CLIMATE REPORT
NATIONAL WEATHER SERVICE PADUCAH KY
431 PM CDT SAT JUL 12 2014


...................................

...THE CAPE GIRARDEAU MO CLIMATE SUMMARY FOR JULY 12 2014...
VALID TODAY AS OF 0400 PM LOCAL TIME.

CLIMATE NORMAL PERIOD 1981 TO 2010
CLIMATE RECORD PERIOD 1960 TO 2014


WEATHER ITEM   OBSERVED TIME   RECORD YEAR NORMAL DEPARTURE LAST
                VALUE   (LST)  VALUE       VALUE  FROM      YEAR
                                                  NORMAL
..................................................................
TEMPERATURE (F)
 TODAY
  MAXIMUM         93    300 PM 105    1980  90      3       86
  MINIMUM         71        MM  56    1999  68      3       59
  AVERAGE         82                        79      3

PRECIPITATION (IN)
  TODAY            0.00          1.05 2011   0.11  -0.11     0.00
  MONTH TO DATE    1.04                      1.32  -0.28     0.05
  SINCE JUN 1      8.54                      4.89   3.65     7.81
  SINCE JAN 1     26.93                     25.99   0.94    23.98

DEGREE DAYS
 HEATING
  TODAY            0                         0      0        0
  MONTH TO DATE    0                         0      0        0
  SINCE JUN 1      0                         4     -4        0
  SINCE JUL 1      0                         0      0        0

 COOLING
  TODAY           17                        14      3        8
  MONTH TO DATE  125                       165    -40      121
  SINCE JUN 1    484                       477      7      454
  SINCE JAN 1    695                       629     66      625
..................................................................


WIND (MPH)
  HIGHEST WIND SPEED    14   HIGHEST WIND DIRECTION    SW (220)
  HIGHEST GUST SPEED    18   HIGHEST GUST DIRECTION    MM
  AVERAGE WIND SPEED     5.0


SKY COVER
  AVERAGE SKY COVER 0.2


WEATHER CONDITIONS
 THE FOLLOWING WEATHER WAS RECORDED TODAY.
  FOG


RELATIVE HUMIDITY (PERCENT)
 HIGHEST    93
 LOWEST     49
 AVERAGE    71

..........................................................


THE CAPE GIRARDEAU MO CLIMATE NORMALS FOR TOMORROW
                         NORMAL
 MAXIMUM TEMPERATURE (F)   90
 MINIMUM TEMPERATURE (F)   68


SUNRISE AND SUNSET
JULY 12 2014..........SUNRISE   548 AM CDT   SUNSET   820 PM CDT
JULY 13 2014..........SUNRISE   549 AM CDT   SUNSET   819 PM CDT


-  INDICATES NEGATIVE NUMBERS.
R  INDICATES RECORD WAS SET OR TIED.
MM INDICATES DATA IS MISSING.
T  INDICATES TRACE AMOUNT.




$$
