000
CDUS43 KPAH 200649
CLICGI


CLIMATE REPORT
NATIONAL WEATHER SERVICE PADUCAH KY
146 AM CDT SAT JUN 20 2015


...................................

...THE CAPE GIRARDEAU MO CLIMATE SUMMARY FOR JUNE 19 2015...

CLIMATE NORMAL PERIOD 1981 TO 2010
CLIMATE RECORD PERIOD 1960 TO 2015


WEATHER ITEM   OBSERVED TIME   RECORD YEAR NORMAL DEPARTURE LAST
                VALUE   (LST)  VALUE       VALUE  FROM      YEAR
                                                  NORMAL
..................................................................
TEMPERATURE (F)
 YESTERDAY
  MAXIMUM         79   1010 AM  97    1990  87     -8       94
  MINIMUM         72    407 AM  54    2005  65      7       72
  AVERAGE         76                        76      0

PRECIPITATION (IN)
  YESTERDAY        2.38R         1.90 1981   0.12   2.26     0.00
  MONTH TO DATE    4.18                      2.32   1.86     4.79
  SINCE JUN 1      4.18                      2.32   1.86     4.79
  SINCE JAN 1     29.62                     23.42   6.20    23.18

DEGREE DAYS
 HEATING
  YESTERDAY        0                         0      0        0
  MONTH TO DATE    5                         1      4        0
  SINCE JUN 1      5                         1      4        0
  SINCE JUL 1   4617                      4387    230     4941

 COOLING
  YESTERDAY       11                        11      0       18
  MONTH TO DATE  221                       173     48      203
  SINCE JUN 1    221                       173     48      203
  SINCE JAN 1    398                       325     73      414
..................................................................


WIND (MPH)
  HIGHEST WIND SPEED    23   HIGHEST WIND DIRECTION     S (180)
  HIGHEST GUST SPEED    35   HIGHEST GUST DIRECTION     S (170)
  AVERAGE WIND SPEED    10.6


SKY COVER
  AVERAGE SKY COVER 1.0


WEATHER CONDITIONS
 THE FOLLOWING WEATHER WAS RECORDED YESTERDAY.
  HEAVY RAIN
  RAIN
  LIGHT RAIN
  FOG


RELATIVE HUMIDITY (PERCENT)
 HIGHEST   100
 LOWEST     85
 AVERAGE    93

..........................................................


THE CAPE GIRARDEAU MO CLIMATE NORMALS FOR TODAY
                         NORMAL    RECORD    YEAR
 MAXIMUM TEMPERATURE (F)   88        96      2010
 MINIMUM TEMPERATURE (F)   66        53      1980


SUNRISE AND SUNSET
JUNE 20 2015..........SUNRISE   538 AM CDT   SUNSET   822 PM CDT
JUNE 21 2015..........SUNRISE   538 AM CDT   SUNSET   822 PM CDT


-  INDICATES NEGATIVE NUMBERS.
R  INDICATES RECORD WAS SET OR TIED.
MM INDICATES DATA IS MISSING.
T  INDICATES TRACE AMOUNT.




$$
