000
CDUS43 KPAH 082134
CLICGI


CLIMATE REPORT
NATIONAL WEATHER SERVICE PADUCAH KY
432 PM CDT MON SEP 8 2014

...................................

...THE CAPE GIRARDEAU MO CLIMATE SUMMARY FOR SEPTEMBER 8 2014...
VALID TODAY AS OF 0400 PM LOCAL TIME.

CLIMATE NORMAL PERIOD 1981 TO 2010
CLIMATE RECORD PERIOD 1960 TO 2014

WEATHER ITEM   OBSERVED TIME   RECORD YEAR NORMAL DEPARTURE LAST
                VALUE   (LST)  VALUE       VALUE  FROM      YEAR
                                                  NORMAL
..................................................................
TEMPERATURE (F)
 TODAY
  MAXIMUM         84    300 PM  98    1960  84      0       88
  MINIMUM         53    554 AM  46    2011  60     -7       65
  AVERAGE         69                        72     -3

PRECIPITATION (IN)
  TODAY            0.00          0.77 1972   0.11  -0.11     0.00
  MONTH TO DATE    0.00                      0.88  -0.88      T
  SINCE SEP 1      0.00                      0.88  -0.88      T
  SINCE JAN 1     32.30                     31.93   0.37    28.23

DEGREE DAYS
 HEATING
  TODAY            0                         0      0        0
  MONTH TO DATE    0                         0      0        0
  SINCE SEP 1      0                         0      0        0
  SINCE JUL 1      0                         1     -1        1

 COOLING
  TODAY            4                         7     -3       12
  MONTH TO DATE   83                        67     16       68
  SINCE SEP 1     83                        67     16       68
  SINCE JAN 1   1322                      1327     -5     1249
..................................................................

WIND (MPH)
  HIGHEST WIND SPEED     9   HIGHEST WIND DIRECTION    NE (50)
  HIGHEST GUST SPEED    17   HIGHEST GUST DIRECTION    NE (60)
  AVERAGE WIND SPEED    MM

SKY COVER
  AVERAGE SKY COVER 0.1

WEATHER CONDITIONS
 THE FOLLOWING WEATHER WAS RECORDED TODAY.
  FOG
  FOG W/VISIBILITY <= 1/4 MILE

RELATIVE HUMIDITY (PERCENT)
 HIGHEST   100
 LOWEST     37
 AVERAGE    69
..........................................................

THE CAPE GIRARDEAU MO CLIMATE NORMALS FOR TOMORROW
                         NORMAL
 MAXIMUM TEMPERATURE (F)   84
 MINIMUM TEMPERATURE (F)   59

SUNRISE AND SUNSET
SEPTEMBER  8 2014.....SUNRISE   635 AM CDT   SUNSET   717 PM CDT
SEPTEMBER  9 2014.....SUNRISE   635 AM CDT   SUNSET   715 PM CDT

-  INDICATES NEGATIVE NUMBERS.
R  INDICATES RECORD WAS SET OR TIED.
MM INDICATES DATA IS MISSING.
T  INDICATES TRACE AMOUNT.

$$
