000
CDUS43 KPAH 262136
CLICGI


CLIMATE REPORT
NATIONAL WEATHER SERVICE PADUCAH KY
436 PM CDT WED MAR 26 2014


...................................

...THE CAPE GIRARDEAU MO CLIMATE SUMMARY FOR MARCH 26 2014...
VALID TODAY AS OF 0400 PM LOCAL TIME.

CLIMATE NORMAL PERIOD 1981 TO 2010
CLIMATE RECORD PERIOD 1960 TO 2014


WEATHER ITEM   OBSERVED TIME   RECORD YEAR NORMAL DEPARTURE LAST
                VALUE   (LST)  VALUE       VALUE  FROM      YEAR
                                                  NORMAL
..................................................................
TEMPERATURE (F)
 TODAY
  MAXIMUM         47    100 PM  82    2007  62    -15       47
  MINIMUM         20R       MM  21    2001  39    -19       26
  AVERAGE         34                        50    -16

PRECIPITATION (IN)
  TODAY            0.00          1.35 1994   0.16  -0.16      T
  MONTH TO DATE    1.80                      3.62  -1.82     1.81
  SINCE MAR 1      1.80                      3.62  -1.82     1.81
  SINCE JAN 1      4.94                     10.50  -5.56     8.43

DEGREE DAYS
 HEATING
  TODAY           31                        15     16       28
  MONTH TO DATE  641                       489    152      632
  SINCE MAR 1    641                       489    152      632
  SINCE JUL 1   4566                      3986    580     3871

 COOLING
  TODAY            0                         0      0        0
  MONTH TO DATE    0                         0      0        0
  SINCE MAR 1      0                         0      0        0
  SINCE JAN 1      0                         0      0        0
..................................................................


WIND (MPH)
  HIGHEST WIND SPEED    12   HIGHEST WIND DIRECTION     S (190)
  HIGHEST GUST SPEED    21   HIGHEST GUST DIRECTION     S (190)
  AVERAGE WIND SPEED     4.9


SKY COVER
  AVERAGE SKY COVER 0.0


WEATHER CONDITIONS
 THE FOLLOWING WEATHER WAS RECORDED TODAY.
  NO SIGNIFICANT WEATHER WAS OBSERVED.


RELATIVE HUMIDITY (PERCENT)
 HIGHEST    77
 LOWEST     31
 AVERAGE    54

..........................................................


THE CAPE GIRARDEAU MO CLIMATE NORMALS FOR TOMORROW
                         NORMAL
 MAXIMUM TEMPERATURE (F)   62
 MINIMUM TEMPERATURE (F)   39


SUNRISE AND SUNSET
MARCH 26 2014.........SUNRISE   653 AM CDT   SUNSET   716 PM CDT
MARCH 27 2014.........SUNRISE   651 AM CDT   SUNSET   716 PM CDT


-  INDICATES NEGATIVE NUMBERS.
R  INDICATES RECORD WAS SET OR TIED.
MM INDICATES DATA IS MISSING.
T  INDICATES TRACE AMOUNT.




$$
