000
CDUS43 KPAH 140628
CLICGI


CLIMATE REPORT
NATIONAL WEATHER SERVICE PADUCAH KY
1226 AM CST MON NOV 14 2016


...................................

...THE CAPE GIRARDEAU MO CLIMATE SUMMARY FOR NOVEMBER 13 2016...

CLIMATE NORMAL PERIOD 1981 TO 2010
CLIMATE RECORD PERIOD 1960 TO 2016


WEATHER ITEM   OBSERVED TIME   RECORD YEAR NORMAL DEPARTURE LAST
                VALUE   (LST)  VALUE       VALUE  FROM      YEAR
                                                  NORMAL
..................................................................
TEMPERATURE (F)
 YESTERDAY
  MAXIMUM         59    330 PM  80    1999  59      0       61
  MINIMUM         23    259 AM  14    1986  37    -14       30
  AVERAGE         41                        48     -7

PRECIPITATION (IN)
  YESTERDAY        0.00          0.96 1961   0.16  -0.16     0.00
  MONTH TO DATE    T                         1.78  -1.78     2.60
  SINCE SEP 1      5.69                      8.85  -3.16     5.47
  SINCE JAN 1     42.39                     39.90   2.49    49.02

DEGREE DAYS
 HEATING
  YESTERDAY       24                        17      7       19
  MONTH TO DATE  144                       192    -48      142
  SINCE SEP 1    275                       494   -219      358
  SINCE JUL 1    275                       495   -220      358

 COOLING
  YESTERDAY        0                         0      0        0
  MONTH TO DATE   11                         0     11        4
  SINCE SEP 1    355                       191    164      202
  SINCE JAN 1   1798                      1451    347     1531
..................................................................


WIND (MPH)
  HIGHEST WIND SPEED    10   HIGHEST WIND DIRECTION     W (250)
  HIGHEST GUST SPEED    15   HIGHEST GUST DIRECTION     W (260)
  AVERAGE WIND SPEED     2.0


SKY COVER
  AVERAGE SKY COVER 0.2


WEATHER CONDITIONS
 THE FOLLOWING WEATHER WAS RECORDED YESTERDAY.
  FOG
  FOG W/VISIBILITY <= 1/4 MILE


RELATIVE HUMIDITY (PERCENT)
 HIGHEST    92
 LOWEST     26
 AVERAGE    59

..........................................................


THE CAPE GIRARDEAU MO CLIMATE NORMALS FOR TODAY
                         NORMAL    RECORD    YEAR
 MAXIMUM TEMPERATURE (F)   58        80      1964
 MINIMUM TEMPERATURE (F)   37        13      1986


SUNRISE AND SUNSET
NOVEMBER 14 2016......SUNRISE   637 AM CST   SUNSET   448 PM CST
NOVEMBER 15 2016......SUNRISE   638 AM CST   SUNSET   448 PM CST


-  INDICATES NEGATIVE NUMBERS.
R  INDICATES RECORD WAS SET OR TIED.
MM INDICATES DATA IS MISSING.
T  INDICATES TRACE AMOUNT.




$$
