000
CDUS43 KPAH 050630
CLICGI


CLIMATE REPORT
NATIONAL WEATHER SERVICE PADUCAH KY
1227 AM CST THU JAN 5 2017

...................................

...THE CAPE GIRARDEAU MO CLIMATE SUMMARY FOR JANUARY 4 2017...

CLIMATE NORMAL PERIOD 1981 TO 2010
CLIMATE RECORD PERIOD 1960 TO 2017

WEATHER ITEM   OBSERVED TIME   RECORD YEAR NORMAL DEPARTURE LAST
                VALUE   (LST)  VALUE       VALUE  FROM      YEAR
                                                  NORMAL
..................................................................
TEMPERATURE (F)
 YESTERDAY
  MAXIMUM         32    329 PM  69    1997  42    -10       38
  MINIMUM         21    742 AM   7    1969  24     -3       26
  AVERAGE         27                        33     -6

PRECIPITATION (IN)
  YESTERDAY        0.00          2.54 1993   0.12  -0.12     0.00
  MONTH TO DATE    0.15                      0.48  -0.33     0.00
  SINCE DEC 1      3.49                      4.73  -1.24     2.39
  SINCE JAN 1      0.15                      0.48  -0.33     0.00

DEGREE DAYS
 HEATING
  YESTERDAY       38                        32      6       33
  MONTH TO DATE   97                       128    -31      117
  SINCE DEC 1    988                      1028    -40      679
  SINCE JUL 1   1565                      1879   -314     1329

 COOLING
  YESTERDAY        0                         0      0        0
  MONTH TO DATE    0                         0      0        0
  SINCE DEC 1      0                         0      0        2
  SINCE JAN 1      0                         0      0        0
..................................................................

WIND (MPH)
  HIGHEST WIND SPEED    23   HIGHEST WIND DIRECTION     N (340)
  HIGHEST GUST SPEED    29   HIGHEST GUST DIRECTION    NW (330)
  AVERAGE WIND SPEED    10.9

SKY COVER
  AVERAGE SKY COVER 0.1

WEATHER CONDITIONS
 THE FOLLOWING WEATHER WAS RECORDED YESTERDAY.
  NO SIGNIFICANT WEATHER WAS OBSERVED.

RELATIVE HUMIDITY (PERCENT)
 HIGHEST    69
 LOWEST     45
 AVERAGE    57
..........................................................

THE CAPE GIRARDEAU MO CLIMATE NORMALS FOR TODAY
                         NORMAL    RECORD    YEAR
 MAXIMUM TEMPERATURE (F)   42        65      1998
 MINIMUM TEMPERATURE (F)   24         4      1972

SUNRISE AND SUNSET
JANUARY  5 2017.......SUNRISE   713 AM CST   SUNSET   455 PM CST
JANUARY  6 2017.......SUNRISE   713 AM CST   SUNSET   456 PM CST

-  INDICATES NEGATIVE NUMBERS.
R  INDICATES RECORD WAS SET OR TIED.
MM INDICATES DATA IS MISSING.
T  INDICATES TRACE AMOUNT.

$$
