258
CDUS43 KPAH 242145
CLICGI


CLIMATE REPORT
NATIONAL WEATHER SERVICE PADUCAH KY
442 PM CDT SUN APR 24 2016


...................................

...THE CAPE GIRARDEAU MO CLIMATE SUMMARY FOR APRIL 24 2016...
VALID TODAY AS OF 0400 PM LOCAL TIME.

CLIMATE NORMAL PERIOD 1981 TO 2010
CLIMATE RECORD PERIOD 1960 TO 2016


WEATHER ITEM   OBSERVED TIME   RECORD YEAR NORMAL DEPARTURE LAST
                VALUE   (LST)  VALUE       VALUE  FROM      YEAR
                                                  NORMAL
..................................................................
TEMPERATURE (F)
 TODAY
  MAXIMUM         79    238 PM  85    1965  72      7       61
  MINIMUM         49    511 AM  32    2005  49      0       44
  AVERAGE                                   60

PRECIPITATION (IN)
  TODAY            0.00          3.60 2011   0.16  -0.16     0.02
  MONTH TO DATE    3.34                      3.38  -0.04     4.17
  SINCE MAR 1      8.80                      7.78   1.02    12.96
  SINCE JAN 1     13.58                     14.66  -1.08    19.48

DEGREE DAYS
 HEATING
  TODAY            1                         6     -5       12
  MONTH TO DATE  184                       232    -48      127
  SINCE MAR 1    572                       791   -219      733
  SINCE JUL 1   3464                      4288   -824     4511

 COOLING
  TODAY            0                         1     -1        0
  MONTH TO DATE    3                        18    -15       25
  SINCE MAR 1      3                        22    -19       25
  SINCE JAN 1      3                        22    -19       25
..................................................................


WIND (MPH)
  HIGHEST WIND SPEED    15   HIGHEST WIND DIRECTION     S (200)
  HIGHEST GUST SPEED    20   HIGHEST GUST DIRECTION     S (200)
  AVERAGE WIND SPEED


SKY COVER
  AVERAGE SKY COVER 0.1


WEATHER CONDITIONS
 THE FOLLOWING WEATHER WAS RECORDED TODAY.
  FOG
  HAZE


RELATIVE HUMIDITY (PERCENT)
 HIGHEST   100
 LOWEST     42
 AVERAGE

..........................................................


THE CAPE GIRARDEAU MO CLIMATE NORMALS FOR TOMORROW
                         NORMAL
 MAXIMUM TEMPERATURE (F)   72
 MINIMUM TEMPERATURE (F)   49


SUNRISE AND SUNSET
APRIL 24 2016.........SUNRISE   611 AM CDT   SUNSET   742 PM CDT
APRIL 25 2016.........SUNRISE   610 AM CDT   SUNSET   743 PM CDT


-  INDICATES NEGATIVE NUMBERS.
R  INDICATES RECORD WAS SET OR TIED.
MM INDICATES DATA IS MISSING.
T  INDICATES TRACE AMOUNT.




$$
