000
CDUS43 KPAH 112144
CLICGI


CLIMATE REPORT
NATIONAL WEATHER SERVICE PADUCAH KY
440 PM CDT MON AUG 11 2014


...................................

...THE CAPE GIRARDEAU MO CLIMATE SUMMARY FOR AUGUST 11 2014...
VALID TODAY AS OF 0400 PM LOCAL TIME.

CLIMATE NORMAL PERIOD 1981 TO 2010
CLIMATE RECORD PERIOD 1960 TO 2014


WEATHER ITEM   OBSERVED TIME   RECORD YEAR NORMAL DEPARTURE LAST
                VALUE   (LST)  VALUE       VALUE  FROM      YEAR
                                                  NORMAL
..................................................................
TEMPERATURE (F)
 TODAY
  MAXIMUM         87    311 PM  98    2010  89     -2       89
  MINIMUM         71    500 AM  53    2012  66      5       67
  AVERAGE         79                        78      1

PRECIPITATION (IN)
  TODAY            0.05          0.50 2006   0.10  -0.05     0.00
  MONTH TO DATE    2.73                      1.03   1.70     3.53
  SINCE JUN 1     13.15                      7.96   5.19    12.06
  SINCE JAN 1     31.54                     29.06   2.48    28.23

DEGREE DAYS
 HEATING
  TODAY            0                         0      0        0
  MONTH TO DATE    0                         0      0        0
  SINCE JUN 1      0                         4     -4        0
  SINCE JUL 1      0                         0      0        0

 COOLING
  TODAY           14                        13      1       13
  MONTH TO DATE  124                       143    -19      120
  SINCE JUN 1    758                       877   -119      793
  SINCE JAN 1    969                      1029    -60      964
..................................................................


WIND (MPH)
  HIGHEST WIND SPEED    15   HIGHEST WIND DIRECTION     N (340)
  HIGHEST GUST SPEED    19   HIGHEST GUST DIRECTION     N (340)
  AVERAGE WIND SPEED     6.7


SKY COVER
  AVERAGE SKY COVER 0.5


WEATHER CONDITIONS
 THE FOLLOWING WEATHER WAS RECORDED TODAY.
  THUNDERSTORM
  LIGHT RAIN
  FOG
  HAZE


RELATIVE HUMIDITY (PERCENT)
 HIGHEST   100
 LOWEST     57
 AVERAGE    79

..........................................................


THE CAPE GIRARDEAU MO CLIMATE NORMALS FOR TOMORROW
                         NORMAL
 MAXIMUM TEMPERATURE (F)   89
 MINIMUM TEMPERATURE (F)   66


SUNRISE AND SUNSET
AUGUST 11 2014........SUNRISE   611 AM CDT   SUNSET   755 PM CDT
AUGUST 12 2014........SUNRISE   612 AM CDT   SUNSET   754 PM CDT


-  INDICATES NEGATIVE NUMBERS.
R  INDICATES RECORD WAS SET OR TIED.
MM INDICATES DATA IS MISSING.
T  INDICATES TRACE AMOUNT.




$$
