000
CDUS43 KPAH 020630
CLICGI


CLIMATE REPORT
NATIONAL WEATHER SERVICE PADUCAH KY
1227 AM CST THU FEB 2 2017


...................................

...THE CAPE GIRARDEAU MO CLIMATE SUMMARY FOR FEBRUARY 1 2017...

CLIMATE NORMAL PERIOD 1981 TO 2010
CLIMATE RECORD PERIOD 1960 TO 2017


WEATHER ITEM   OBSERVED TIME   RECORD YEAR NORMAL DEPARTURE LAST
                VALUE   (LST)  VALUE       VALUE  FROM      YEAR
                                                  NORMAL
..................................................................
TEMPERATURE (F)
 YESTERDAY
  MAXIMUM         54    131 PM  66    1974  44     10       59
  MINIMUM         38   1159 PM  -1    1979  25     13       44
  AVERAGE         46                        34     12

PRECIPITATION (IN)
  YESTERDAY        0.00          1.43 1990   0.13  -0.13     0.00
  MONTH TO DATE    0.00                      0.13  -0.13     0.00
  SINCE DEC 1      5.30                      7.85  -2.55     4.05
  SINCE JAN 1      1.96                      3.60  -1.64     1.66

DEGREE DAYS
 HEATING
  YESTERDAY       19                        31    -12       13
  MONTH TO DATE   19                        31    -12       13
  SINCE DEC 1   1670                      1918   -248     1528
  SINCE JUL 1   2247                      2769   -522     2178

 COOLING
  YESTERDAY        0                         0      0        0
  MONTH TO DATE    0                         0      0        0
  SINCE DEC 1      0                         0      0        2
  SINCE JAN 1      0                         0      0        0
..................................................................


WIND (MPH)
  HIGHEST WIND SPEED    16   HIGHEST WIND DIRECTION     N (20)
  HIGHEST GUST SPEED    20   HIGHEST GUST DIRECTION    NE (50)
  AVERAGE WIND SPEED    10.5


SKY COVER
  AVERAGE SKY COVER 0.0


WEATHER CONDITIONS
 THE FOLLOWING WEATHER WAS RECORDED YESTERDAY.
  NO SIGNIFICANT WEATHER WAS OBSERVED.


RELATIVE HUMIDITY (PERCENT)
 HIGHEST    65
 LOWEST     41
 AVERAGE    53

..........................................................


THE CAPE GIRARDEAU MO CLIMATE NORMALS FOR TODAY
                         NORMAL    RECORD    YEAR
 MAXIMUM TEMPERATURE (F)   44        71      2016
 MINIMUM TEMPERATURE (F)   25        -8      1965


SUNRISE AND SUNSET
FEBRUARY  2 2017......SUNRISE   700 AM CST   SUNSET   524 PM CST
FEBRUARY  3 2017......SUNRISE   659 AM CST   SUNSET   525 PM CST


-  INDICATES NEGATIVE NUMBERS.
R  INDICATES RECORD WAS SET OR TIED.
MM INDICATES DATA IS MISSING.
T  INDICATES TRACE AMOUNT.




$$
