000
CDUS43 KPAH 300630
CLICGI


CLIMATE REPORT
NATIONAL WEATHER SERVICE PADUCAH KY
129 AM CDT SUN MAR 30 2014

...................................

...THE CAPE GIRARDEAU MO CLIMATE SUMMARY FOR MARCH 29 2014...

CLIMATE NORMAL PERIOD 1981 TO 2010
CLIMATE RECORD PERIOD 1960 TO 2014

WEATHER ITEM   OBSERVED TIME   RECORD YEAR NORMAL DEPARTURE LAST
                VALUE   (LST)  VALUE       VALUE  FROM      YEAR
                                                  NORMAL
..................................................................
TEMPERATURE (F)
 YESTERDAY
  MAXIMUM         47    525 PM  82    1963  63    -16       58
  MINIMUM         32   1159 PM  24    1964  40     -8       38
  AVERAGE         40                        51    -11

PRECIPITATION (IN)
  YESTERDAY        0.05          1.47 1988   0.16  -0.11     0.52
  MONTH TO DATE    2.30                      4.08  -1.78     2.33
  SINCE MAR 1      2.30                      4.08  -1.78     2.33
  SINCE JAN 1      5.44                     10.96  -5.52     8.95

DEGREE DAYS
 HEATING
  YESTERDAY       25                        14     11       17
  MONTH TO DATE  687                       532    155      693
  SINCE MAR 1    687                       532    155      693
  SINCE JUL 1   4612                      4029    583     3932

 COOLING
  YESTERDAY        0                         0      0        0
  MONTH TO DATE    0                         0      0        0
  SINCE MAR 1      0                         0      0        0
  SINCE JAN 1      0                         0      0        0
..................................................................

WIND (MPH)
  HIGHEST WIND SPEED    24   HIGHEST WIND DIRECTION     N (350)
  HIGHEST GUST SPEED    28   HIGHEST GUST DIRECTION     N (360)
  AVERAGE WIND SPEED    12.7

SKY COVER
  AVERAGE SKY COVER 0.8

WEATHER CONDITIONS
 THE FOLLOWING WEATHER WAS RECORDED YESTERDAY.
  RAIN
  LIGHT RAIN
  FOG
  HAZE

RELATIVE HUMIDITY (PERCENT)
 HIGHEST    92
 LOWEST     65
 AVERAGE    79
..........................................................

THE CAPE GIRARDEAU MO CLIMATE NORMALS FOR TODAY
                         NORMAL    RECORD    YEAR
 MAXIMUM TEMPERATURE (F)   63        84      1986
 MINIMUM TEMPERATURE (F)   40        16      1964

SUNRISE AND SUNSET
MARCH 30 2014.........SUNRISE   647 AM CDT   SUNSET   719 PM CDT
MARCH 31 2014.........SUNRISE   645 AM CDT   SUNSET   720 PM CDT

-  INDICATES NEGATIVE NUMBERS.
R  INDICATES RECORD WAS SET OR TIED.
MM INDICATES DATA IS MISSING.
T  INDICATES TRACE AMOUNT.

$$
