000
CDUS43 KPAH 230632
CLICGI


CLIMATE REPORT
NATIONAL WEATHER SERVICE PADUCAH KY
128 AM CDT THU JUL 23 2015

...................................

...THE CAPE GIRARDEAU MO CLIMATE SUMMARY FOR JULY 22 2015...

CLIMATE NORMAL PERIOD 1981 TO 2010
CLIMATE RECORD PERIOD 1960 TO 2015

WEATHER ITEM   OBSERVED TIME   RECORD YEAR NORMAL DEPARTURE LAST
                VALUE   (LST)  VALUE       VALUE  FROM      YEAR
                                                  NORMAL
..................................................................
TEMPERATURE (F)
 YESTERDAY
  MAXIMUM         86    240 PM 102    1983  89     -3       89
  MINIMUM         73    527 AM  53    1970  68      5       62
  AVERAGE         80                        79      1

PRECIPITATION (IN)
  YESTERDAY        0.40          2.25 1969   0.11   0.29     0.00
  MONTH TO DATE    8.81                      2.39   6.42     1.83
  SINCE JUN 1     13.13                      5.96   7.17     9.33
  SINCE JAN 1     38.57                     27.06  11.51    27.72

DEGREE DAYS
 HEATING
  YESTERDAY        0                         0      0        0
  MONTH TO DATE    0                         0      0        0
  SINCE JUN 1      5                         4      1        0
  SINCE JUL 1      0                         0      0        0

 COOLING
  YESTERDAY       15                        14      1       11
  MONTH TO DATE  320                       305     15      206
  SINCE JUN 1    701                       617     84      565
  SINCE JAN 1    878                       769    109      776
..................................................................

WIND (MPH)
  HIGHEST WIND SPEED    13   HIGHEST WIND DIRECTION    NE (40)
  HIGHEST GUST SPEED    16   HIGHEST GUST DIRECTION    NE (50)
  AVERAGE WIND SPEED     5.6

SKY COVER
  AVERAGE SKY COVER 0.7

WEATHER CONDITIONS
 THE FOLLOWING WEATHER WAS RECORDED YESTERDAY.
  LIGHT RAIN
  FOG

RELATIVE HUMIDITY (PERCENT)
 HIGHEST    94
 LOWEST     59
 AVERAGE    77
..........................................................

THE CAPE GIRARDEAU MO CLIMATE NORMALS FOR TODAY
                         NORMAL    RECORD    YEAR
 MAXIMUM TEMPERATURE (F)   89       103      1983
 MINIMUM TEMPERATURE (F)   68        54      2007

SUNRISE AND SUNSET
JULY 23 2015..........SUNRISE   556 AM CDT   SUNSET   814 PM CDT
JULY 24 2015..........SUNRISE   556 AM CDT   SUNSET   813 PM CDT

-  INDICATES NEGATIVE NUMBERS.
R  INDICATES RECORD WAS SET OR TIED.
MM INDICATES DATA IS MISSING.
T  INDICATES TRACE AMOUNT.

$$
