000
CDUS43 KPAH 120634
CLICGI


CLIMATE REPORT
NATIONAL WEATHER SERVICE PADUCAH KY
131 AM CDT TUE MAY 12 2015


...................................

...THE CAPE GIRARDEAU MO CLIMATE SUMMARY FOR MAY 11 2015...

CLIMATE NORMAL PERIOD 1981 TO 2010
CLIMATE RECORD PERIOD 1960 TO 2015


WEATHER ITEM   OBSERVED TIME   RECORD YEAR NORMAL DEPARTURE LAST
                VALUE   (LST)  VALUE       VALUE  FROM      YEAR
                                                  NORMAL
..................................................................
TEMPERATURE (F)
 YESTERDAY
  MAXIMUM         73    504 PM  89    2005  76     -3       84
  MINIMUM         59   1159 PM  38    1969  54      5       65
  AVERAGE         66                        65      1

PRECIPITATION (IN)
  YESTERDAY        0.52          0.85 1986   0.20   0.32     0.06
  MONTH TO DATE    3.09                      2.14   0.95     1.78
  SINCE MAR 1     16.05                     10.90   5.15    12.10
  SINCE JAN 1     22.57                     17.78   4.79    15.24

DEGREE DAYS
 HEATING
  YESTERDAY        0                         3     -3        0
  MONTH TO DATE   17                        38    -21       28
  SINCE MAR 1    794                       859    -65      966
  SINCE JUL 1   4572                      4356    216     4891

 COOLING
  YESTERDAY        1                         3     -2       10
  MONTH TO DATE   54                        25     29       62
  SINCE MAR 1     82                        56     26       73
  SINCE JAN 1     82                        56     26       73
..................................................................


WIND (MPH)
  HIGHEST WIND SPEED    17   HIGHEST WIND DIRECTION    SW (230)
  HIGHEST GUST SPEED    21   HIGHEST GUST DIRECTION    SW (220)
  AVERAGE WIND SPEED     8.1


SKY COVER
  AVERAGE SKY COVER 0.6


WEATHER CONDITIONS
 THE FOLLOWING WEATHER WAS RECORDED YESTERDAY.
  RAIN
  LIGHT RAIN
  FOG


RELATIVE HUMIDITY (PERCENT)
 HIGHEST   100
 LOWEST     73
 AVERAGE    87

..........................................................


THE CAPE GIRARDEAU MO CLIMATE NORMALS FOR TODAY
                         NORMAL    RECORD    YEAR
 MAXIMUM TEMPERATURE (F)   77        89      2005
 MINIMUM TEMPERATURE (F)   55        38      2008


SUNRISE AND SUNSET
MAY 12 2015...........SUNRISE   553 AM CDT   SUNSET   757 PM CDT
MAY 13 2015...........SUNRISE   552 AM CDT   SUNSET   758 PM CDT


-  INDICATES NEGATIVE NUMBERS.
R  INDICATES RECORD WAS SET OR TIED.
MM INDICATES DATA IS MISSING.
T  INDICATES TRACE AMOUNT.




$$
