000
CDUS43 KPAH 222144
CLICGI


CLIMATE REPORT
NATIONAL WEATHER SERVICE PADUCAH KY
441 PM CDT FRI APR 22 2016


...................................

...THE CAPE GIRARDEAU MO CLIMATE SUMMARY FOR APRIL 22 2016...
VALID TODAY AS OF 0400 PM LOCAL TIME.

CLIMATE NORMAL PERIOD 1981 TO 2010
CLIMATE RECORD PERIOD 1960 TO 2016


WEATHER ITEM   OBSERVED TIME   RECORD YEAR NORMAL DEPARTURE LAST
                VALUE   (LST)  VALUE       VALUE  FROM      YEAR
                                                  NORMAL
..................................................................
TEMPERATURE (F)
 TODAY
  MAXIMUM         74    259 PM  90    1963  71      3       65
  MINIMUM         52    557 AM  31    2000  48      4       47
  AVERAGE                                   59

PRECIPITATION (IN)
  TODAY            0.00          2.20 1973   0.16  -0.16     0.00
  MONTH TO DATE    3.34                      3.07   0.27     4.15
  SINCE MAR 1      8.80                      7.47   1.33    12.94
  SINCE JAN 1     13.58                     14.35  -0.77    19.46

DEGREE DAYS
 HEATING
  TODAY            2                         7     -5        9
  MONTH TO DATE  180                       219    -39      104
  SINCE MAR 1    568                       778   -210      710
  SINCE JUL 1   3460                      4275   -815     4488

 COOLING
  TODAY            0                         1     -1        0
  MONTH TO DATE    3                        16    -13       25
  SINCE MAR 1      3                        20    -17       25
  SINCE JAN 1      3                        20    -17       25
..................................................................


WIND (MPH)
  HIGHEST WIND SPEED    18   HIGHEST WIND DIRECTION     N (350)
  HIGHEST GUST SPEED    25   HIGHEST GUST DIRECTION    NW (330)
  AVERAGE WIND SPEED


SKY COVER
  AVERAGE SKY COVER 0.3


WEATHER CONDITIONS
 THE FOLLOWING WEATHER WAS RECORDED TODAY.
  NO SIGNIFICANT WEATHER WAS OBSERVED.


RELATIVE HUMIDITY (PERCENT)
 HIGHEST   100
 LOWEST     46
 AVERAGE

..........................................................


THE CAPE GIRARDEAU MO CLIMATE NORMALS FOR TOMORROW
                         NORMAL
 MAXIMUM TEMPERATURE (F)   71
 MINIMUM TEMPERATURE (F)   48


SUNRISE AND SUNSET
APRIL 22 2016.........SUNRISE   614 AM CDT   SUNSET   740 PM CDT
APRIL 23 2016.........SUNRISE   613 AM CDT   SUNSET   741 PM CDT


-  INDICATES NEGATIVE NUMBERS.
R  INDICATES RECORD WAS SET OR TIED.
MM INDICATES DATA IS MISSING.
T  INDICATES TRACE AMOUNT.




$$
