000
CDUS43 KPAH 120630
CLICGI


CLIMATE REPORT
NATIONAL WEATHER SERVICE PADUCAH KY
128 AM CDT TUE SEP 12 2017


...................................

...THE CAPE GIRARDEAU MO CLIMATE SUMMARY FOR SEPTEMBER 11 2017...

CLIMATE NORMAL PERIOD 1981 TO 2010
CLIMATE RECORD PERIOD 1960 TO 2017


WEATHER ITEM   OBSERVED TIME   RECORD YEAR NORMAL DEPARTURE LAST
                VALUE   (LST)  VALUE       VALUE  FROM      YEAR
                                                  NORMAL
..................................................................
TEMPERATURE (F)
 YESTERDAY
  MAXIMUM         80    250 PM  95    1991  83     -3       79
  MINIMUM         46R   604 AM  46    1998  58    -12       54
  AVERAGE         63                        71     -8

PRECIPITATION (IN)
  YESTERDAY        0.00          3.08 1965   0.12  -0.12     0.00
  MONTH TO DATE    0.07                      1.22  -1.15     2.28
  SINCE SEP 1      0.07                      1.22  -1.15     2.28
  SINCE JAN 1     25.82                     32.27  -6.45    38.98

DEGREE DAYS
 HEATING
  YESTERDAY        2                         1      1        0
  MONTH TO DATE   13                         1     12        0
  SINCE SEP 1     13                         1     12        0
  SINCE JUL 1     13                         2     11        0

 COOLING
  YESTERDAY        0                         6     -6        2
  MONTH TO DATE   26                        87    -61      112
  SINCE SEP 1     26                        87    -61      112
  SINCE JAN 1   1228                      1347   -119     1555
..................................................................


WIND (MPH)
  HIGHEST WIND SPEED    20   HIGHEST WIND DIRECTION    NE (50)
  HIGHEST GUST SPEED    24   HIGHEST GUST DIRECTION    NE (40)
  AVERAGE WIND SPEED     7.8


SKY COVER
  AVERAGE SKY COVER 0.0


WEATHER CONDITIONS
 THE FOLLOWING WEATHER WAS RECORDED YESTERDAY.
  NO SIGNIFICANT WEATHER WAS OBSERVED.


RELATIVE HUMIDITY (PERCENT)
 HIGHEST    93
 LOWEST     32
 AVERAGE    63

..........................................................


THE CAPE GIRARDEAU MO CLIMATE NORMALS FOR TODAY
                         NORMAL    RECORD    YEAR
 MAXIMUM TEMPERATURE (F)   83        95      1980
 MINIMUM TEMPERATURE (F)   58        45      1968


SUNRISE AND SUNSET
SEPTEMBER 12 2017.....SUNRISE   638 AM CDT   SUNSET   710 PM CDT
SEPTEMBER 13 2017.....SUNRISE   639 AM CDT   SUNSET   709 PM CDT


-  INDICATES NEGATIVE NUMBERS.
R  INDICATES RECORD WAS SET OR TIED.
MM INDICATES DATA IS MISSING.
T  INDICATES TRACE AMOUNT.




$$
