000
CDUS43 KPAH 292227
CLICGI


CLIMATE REPORT
NATIONAL WEATHER SERVICE PADUCAH KY
426 PM CST FRI JAN 29 2016


...................................

...THE CAPE GIRARDEAU MO CLIMATE SUMMARY FOR JANUARY 29 2016...
VALID TODAY AS OF 0400 PM LOCAL TIME.

CLIMATE NORMAL PERIOD 1981 TO 2010
CLIMATE RECORD PERIOD 1960 TO 2016


WEATHER ITEM   OBSERVED TIME   RECORD YEAR NORMAL DEPARTURE LAST
                VALUE   (LST)  VALUE       VALUE  FROM      YEAR
                                                  NORMAL
..................................................................
TEMPERATURE (F)
 TODAY
  MAXIMUM         50    337 PM  72    1987  44      6       51
  MINIMUM         23    612 AM  -3    1985  24     -1       38
  AVERAGE         37                        34      3

PRECIPITATION (IN)
  TODAY            0.00          2.81 1969   0.11  -0.11     0.00
  MONTH TO DATE    1.63                      3.22  -1.59     4.77
  SINCE DEC 1      4.02                      7.47  -3.45     7.58
  SINCE JAN 1      1.63                      3.22  -1.59     4.77

DEGREE DAYS
 HEATING
  TODAY           28                        31     -3       20
  MONTH TO DATE  930                       924      6      915
  SINCE DEC 1   1492                      1824   -332     1656
  SINCE JUL 1   2142                      2675   -533     2652

 COOLING
  TODAY            0                         0      0        0
  MONTH TO DATE    0                         0      0        0
  SINCE DEC 1      2                         0      2        0
  SINCE JAN 1      0                         0      0        0
..................................................................


WIND (MPH)
  HIGHEST WIND SPEED    13   HIGHEST WIND DIRECTION     S (170)
  HIGHEST GUST SPEED    16   HIGHEST GUST DIRECTION     S (180)
  AVERAGE WIND SPEED     4.7


SKY COVER
  AVERAGE SKY COVER 0.0


WEATHER CONDITIONS
 THE FOLLOWING WEATHER WAS RECORDED TODAY.
  NO SIGNIFICANT WEATHER WAS OBSERVED.


RELATIVE HUMIDITY (PERCENT)
 HIGHEST   100
 LOWEST     50
 AVERAGE    75

..........................................................


THE CAPE GIRARDEAU MO CLIMATE NORMALS FOR TOMORROW
                         NORMAL
 MAXIMUM TEMPERATURE (F)   44
 MINIMUM TEMPERATURE (F)   25


SUNRISE AND SUNSET
JANUARY 29 2016.......SUNRISE   704 AM CST   SUNSET   519 PM CST
JANUARY 30 2016.......SUNRISE   703 AM CST   SUNSET   520 PM CST


-  INDICATES NEGATIVE NUMBERS.
R  INDICATES RECORD WAS SET OR TIED.
MM INDICATES DATA IS MISSING.
T  INDICATES TRACE AMOUNT.




$$
