000
CDUS43 KPAH 142233
CLICGI


CLIMATE REPORT
NATIONAL WEATHER SERVICE PADUCAH KY
433 PM CST WED JAN 14 2015


...................................

...THE CAPE GIRARDEAU MO CLIMATE SUMMARY FOR JANUARY 14 2015...
VALID TODAY AS OF 0400 PM LOCAL TIME.

CLIMATE NORMAL PERIOD 1981 TO 2010
CLIMATE RECORD PERIOD 1960 TO 2015


WEATHER ITEM   OBSERVED TIME   RECORD YEAR NORMAL DEPARTURE LAST
                VALUE   (LST)  VALUE       VALUE  FROM      YEAR
                                                  NORMAL
..................................................................
TEMPERATURE (F)
 TODAY
  MAXIMUM         31    359 PM  60    1996  42    -11       51
  MINIMUM         16    648 AM  -3    1982  24     -8       26
  AVERAGE         24                        33     -9

PRECIPITATION (IN)
  TODAY            0.00          1.95 1962   0.11  -0.11      T
  MONTH TO DATE    4.20                      1.58   2.62     1.99
  SINCE DEC 1      7.01                      5.83   1.18     7.55
  SINCE JAN 1      4.20                      1.58   2.62     1.99

DEGREE DAYS
 HEATING
  TODAY           41                        32      9       26
  MONTH TO DATE  525                       448     77      487
  SINCE DEC 1   1266                      1348    -82     1448
  SINCE JUL 1   2262                      2199     63     2354

 COOLING
  TODAY            0                         0      0        0
  MONTH TO DATE    0                         0      0        0
  SINCE DEC 1      0                         0      0        0
  SINCE JAN 1      0                         0      0        0
..................................................................


WIND (MPH)
  HIGHEST WIND SPEED     6   HIGHEST WIND DIRECTION    NW (300)
  HIGHEST GUST SPEED     8   HIGHEST GUST DIRECTION    SW (240)
  AVERAGE WIND SPEED     2.7


SKY COVER
  AVERAGE SKY COVER 0.3


WEATHER CONDITIONS
 THE FOLLOWING WEATHER WAS RECORDED TODAY.
  FOG


RELATIVE HUMIDITY (PERCENT)
 HIGHEST    92
 LOWEST     58
 AVERAGE    75

..........................................................


THE CAPE GIRARDEAU MO CLIMATE NORMALS FOR TOMORROW
                         NORMAL
 MAXIMUM TEMPERATURE (F)   42
 MINIMUM TEMPERATURE (F)   24


SUNRISE AND SUNSET
JANUARY 14 2015.......SUNRISE   712 AM CST   SUNSET   503 PM CST
JANUARY 15 2015.......SUNRISE   711 AM CST   SUNSET   504 PM CST


-  INDICATES NEGATIVE NUMBERS.
R  INDICATES RECORD WAS SET OR TIED.
MM INDICATES DATA IS MISSING.
T  INDICATES TRACE AMOUNT.




$$
