000
CDUS43 KPAH 102227
CLICGI


CLIMATE REPORT
NATIONAL WEATHER SERVICE PADUCAH KY
425 PM CST FRI MAR 10 2017

...................................

...THE CAPE GIRARDEAU MO CLIMATE SUMMARY FOR MARCH 10 2017...
VALID TODAY AS OF 0400 PM LOCAL TIME.

CLIMATE NORMAL PERIOD 1981 TO 2010
CLIMATE RECORD PERIOD 1960 TO 2017

WEATHER ITEM   OBSERVED TIME   RECORD YEAR NORMAL DEPARTURE LAST
                VALUE   (LST)  VALUE       VALUE  FROM      YEAR
                                                  NORMAL
..................................................................
TEMPERATURE (F)
 TODAY
  MAXIMUM         55   1213 AM  76    2009  56     -1       61
  MINIMUM         37    651 AM  11    1994  34      3       48
  AVERAGE         46                        45      1

PRECIPITATION (IN)
  TODAY            0.00          3.23 1973   0.14  -0.14     0.77
  MONTH TO DATE    1.56                      1.27   0.29     1.87
  SINCE MAR 1      1.56                      1.27   0.29     1.87
  SINCE JAN 1      4.58                      8.15  -3.57     6.65

DEGREE DAYS
 HEATING
  TODAY           19                        20     -1       10
  MONTH TO DATE  156                       213    -57      157
  SINCE MAR 1    156                       213    -57      157
  SINCE JUL 1   2891                      3710   -819     3049

 COOLING
  TODAY            0                         0      0        0
  MONTH TO DATE    0                         0      0        0
  SINCE MAR 1      0                         0      0        0
  SINCE JAN 1      0                         0      0        0
..................................................................

WIND (MPH)
  HIGHEST WIND SPEED    28   HIGHEST WIND DIRECTION     N (350)
  HIGHEST GUST SPEED    33   HIGHEST GUST DIRECTION     N (350)
  AVERAGE WIND SPEED    15.3

SKY COVER
  AVERAGE SKY COVER 0.0

WEATHER CONDITIONS
 THE FOLLOWING WEATHER WAS RECORDED TODAY.
  NO SIGNIFICANT WEATHER WAS OBSERVED.

RELATIVE HUMIDITY (PERCENT)
 HIGHEST    86
 LOWEST     34
 AVERAGE    60
..........................................................

THE CAPE GIRARDEAU MO CLIMATE NORMALS FOR TOMORROW
                         NORMAL
 MAXIMUM TEMPERATURE (F)   56
 MINIMUM TEMPERATURE (F)   35

SUNRISE AND SUNSET
MARCH 10 2017.........SUNRISE   616 AM CST   SUNSET   601 PM CST
MARCH 11 2017.........SUNRISE   615 AM CST   SUNSET   602 PM CST

-  INDICATES NEGATIVE NUMBERS.
R  INDICATES RECORD WAS SET OR TIED.
MM INDICATES DATA IS MISSING.
T  INDICATES TRACE AMOUNT.

$$
