000
CDUS43 KPAH 280632
CLICGI


CLIMATE REPORT
NATIONAL WEATHER SERVICE PADUCAH KY
1231 AM CST WED DEC 28 2016


...................................

...THE CAPE GIRARDEAU MO CLIMATE SUMMARY FOR DECEMBER 27 2016...

CLIMATE NORMAL PERIOD 1981 TO 2010
CLIMATE RECORD PERIOD 1960 TO 2016


WEATHER ITEM   OBSERVED TIME   RECORD YEAR NORMAL DEPARTURE LAST
                VALUE   (LST)  VALUE       VALUE  FROM      YEAR
                                                  NORMAL
..................................................................
TEMPERATURE (F)
 YESTERDAY
  MAXIMUM         50    404 PM  71    2008  43      7       70
  MINIMUM         29   1028 PM   6    2004  25      4       44
  AVERAGE         40                        34      6

PRECIPITATION (IN)
  YESTERDAY        0.00          2.73 1968   0.13  -0.13    MM
  MONTH TO DATE    3.19                      3.77  -0.58     2.39
  SINCE DEC 1      3.19                      3.77  -0.58     2.39
  SINCE JAN 1     49.34                     46.33   3.01    57.97

DEGREE DAYS
 HEATING
  YESTERDAY       25                        31     -6        8
  MONTH TO DATE  789                       773     16      465
  SINCE DEC 1    789                       773     16      465
  SINCE JUL 1   1366                      1624   -258     1115

 COOLING
  YESTERDAY        0                         0      0        0
  MONTH TO DATE    0                         0      0        2
  SINCE DEC 1      0                         0      0        2
  SINCE JAN 1   1798                      1453    345     1533
..................................................................


WIND (MPH)
  HIGHEST WIND SPEED    18   HIGHEST WIND DIRECTION     N (340)
  HIGHEST GUST SPEED    24   HIGHEST GUST DIRECTION    NW (330)
  AVERAGE WIND SPEED     5.2


SKY COVER
  AVERAGE SKY COVER 0.1


WEATHER CONDITIONS
 THE FOLLOWING WEATHER WAS RECORDED YESTERDAY.
  NO SIGNIFICANT WEATHER WAS OBSERVED.


RELATIVE HUMIDITY (PERCENT)
 HIGHEST    92
 LOWEST     36
 AVERAGE    64

..........................................................


THE CAPE GIRARDEAU MO CLIMATE NORMALS FOR TODAY
                         NORMAL    RECORD    YEAR
 MAXIMUM TEMPERATURE (F)   42        69      1984
 MINIMUM TEMPERATURE (F)   25         7      2004


SUNRISE AND SUNSET
DECEMBER 28 2016......SUNRISE   711 AM CST   SUNSET   449 PM CST
DECEMBER 29 2016......SUNRISE   712 AM CST   SUNSET   450 PM CST


-  INDICATES NEGATIVE NUMBERS.
R  INDICATES RECORD WAS SET OR TIED.
MM INDICATES DATA IS MISSING.
T  INDICATES TRACE AMOUNT.




$$
