000
CDUS43 KPAH 050806
CLICGI


CLIMATE REPORT
NATIONAL WEATHER SERVICE PADUCAH KY
257 AM CDT WED JUL 5 2017


...................................

...THE CAPE GIRARDEAU MO CLIMATE SUMMARY FOR JULY 4 2017...

CLIMATE NORMAL PERIOD 1981 TO 2010
CLIMATE RECORD PERIOD 1960 TO 2017


WEATHER ITEM   OBSERVED TIME   RECORD YEAR NORMAL DEPARTURE LAST
                VALUE   (LST)  VALUE       VALUE  FROM      YEAR
                                                  NORMAL
..................................................................
TEMPERATURE (F)
 YESTERDAY
  MAXIMUM         88    201 PM 103    2012  89     -1       83
  MINIMUM         65    445 AM  53    1968  68     -3       71
  AVERAGE         77                        78     -1

PRECIPITATION (IN)
  YESTERDAY        T             1.19 2016   0.11  -0.11     1.19
  MONTH TO DATE    0.15                      0.42  -0.27     2.36
  SINCE JUN 1      3.10                      3.99  -0.89     3.64
  SINCE JAN 1     22.32                     25.09  -2.77    26.92

DEGREE DAYS
 HEATING
  YESTERDAY        0                         0      0        0
  MONTH TO DATE    0                         0      0        0
  SINCE JUN 1      0                         4     -4        0
  SINCE JUL 1      0                         0      0        0

 COOLING
  YESTERDAY       12                        14     -2       12
  MONTH TO DATE   45                        53     -8       39
  SINCE JUN 1    353                       365    -12      450
  SINCE JAN 1    528                       517     11      571
..................................................................


WIND (MPH)
  HIGHEST WIND SPEED    14   HIGHEST WIND DIRECTION    NE (40)
  HIGHEST GUST SPEED    16   HIGHEST GUST DIRECTION    NE (40)
  AVERAGE WIND SPEED     3.4


SKY COVER
  AVERAGE SKY COVER 0.3


WEATHER CONDITIONS
 THE FOLLOWING WEATHER WAS RECORDED YESTERDAY.
  FOG
  FOG W/VISIBILITY <= 1/4 MILE
  HAZE


RELATIVE HUMIDITY (PERCENT)
 HIGHEST   100
 LOWEST     51
 AVERAGE    76

..........................................................


THE CAPE GIRARDEAU MO CLIMATE NORMALS FOR TODAY
                         NORMAL    RECORD    YEAR
 MAXIMUM TEMPERATURE (F)   89       106      2012
 MINIMUM TEMPERATURE (F)   68        53      1997


SUNRISE AND SUNSET
JULY  5 2017..........SUNRISE   544 AM CDT   SUNSET   822 PM CDT
JULY  6 2017..........SUNRISE   544 AM CDT   SUNSET   822 PM CDT


-  INDICATES NEGATIVE NUMBERS.
R  INDICATES RECORD WAS SET OR TIED.
MM INDICATES DATA IS MISSING.
T  INDICATES TRACE AMOUNT.




$$
