000
CDUS43 KPAH 282238
CLICGI


CLIMATE REPORT
NATIONAL WEATHER SERVICE PADUCAH KY
436 PM CST SAT JAN 28 2017


...................................

...THE CAPE GIRARDEAU MO CLIMATE SUMMARY FOR JANUARY 28 2017...
VALID TODAY AS OF 0400 PM LOCAL TIME.

CLIMATE NORMAL PERIOD 1981 TO 2010
CLIMATE RECORD PERIOD 1960 TO 2017


WEATHER ITEM   OBSERVED TIME   RECORD YEAR NORMAL DEPARTURE LAST
                VALUE   (LST)  VALUE       VALUE  FROM      YEAR
                                                  NORMAL
..................................................................
TEMPERATURE (F)
 TODAY
  MAXIMUM         50    323 PM  70    1970  43      7       60
  MINIMUM         29    747 AM -12    1961  24      5       30
  AVERAGE         40                        34      6

PRECIPITATION (IN)
  TODAY            0.00          0.76 2006   0.11  -0.11     0.00
  MONTH TO DATE    1.96                      3.11  -1.15     1.63
  SINCE DEC 1      5.30                      7.36  -2.06     4.02
  SINCE JAN 1      1.96                      3.11  -1.15     1.63

DEGREE DAYS
 HEATING
  TODAY           25                        31     -6       20
  MONTH TO DATE  681                       893   -212      902
  SINCE DEC 1   1572                      1793   -221     1464
  SINCE JUL 1   2149                      2644   -495     2114

 COOLING
  TODAY            0                         0      0        0
  MONTH TO DATE    0                         0      0        0
  SINCE DEC 1      0                         0      0        2
  SINCE JAN 1      0                         0      0        0
..................................................................


WIND (MPH)
  HIGHEST WIND SPEED    18   HIGHEST WIND DIRECTION     W (280)
  HIGHEST GUST SPEED    22   HIGHEST GUST DIRECTION     W (290)
  AVERAGE WIND SPEED    10.5


SKY COVER
  AVERAGE SKY COVER 0.1


WEATHER CONDITIONS
 THE FOLLOWING WEATHER WAS RECORDED TODAY.
  NO SIGNIFICANT WEATHER WAS OBSERVED.


RELATIVE HUMIDITY (PERCENT)
 HIGHEST    75
 LOWEST     39
 AVERAGE    57

..........................................................


THE CAPE GIRARDEAU MO CLIMATE NORMALS FOR TOMORROW
                         NORMAL
 MAXIMUM TEMPERATURE (F)   44
 MINIMUM TEMPERATURE (F)   24


SUNRISE AND SUNSET
JANUARY 28 2017.......SUNRISE   704 AM CST   SUNSET   519 PM CST
JANUARY 29 2017.......SUNRISE   703 AM CST   SUNSET   520 PM CST


-  INDICATES NEGATIVE NUMBERS.
R  INDICATES RECORD WAS SET OR TIED.
MM INDICATES DATA IS MISSING.
T  INDICATES TRACE AMOUNT.




$$
