000
CDUS43 KPAH 180630
CLICGI


CLIMATE REPORT
NATIONAL WEATHER SERVICE PADUCAH KY
128 AM CDT MON MAY 18 2015


...................................

...THE CAPE GIRARDEAU MO CLIMATE SUMMARY FOR MAY 17 2015...

CLIMATE NORMAL PERIOD 1981 TO 2010
CLIMATE RECORD PERIOD 1960 TO 2015


WEATHER ITEM   OBSERVED TIME   RECORD YEAR NORMAL DEPARTURE LAST
                VALUE   (LST)  VALUE       VALUE  FROM      YEAR
                                                  NORMAL
..................................................................
TEMPERATURE (F)
 YESTERDAY
  MAXIMUM         79    439 PM  95    1962  78      1       66
  MINIMUM         66    935 AM  30    1968  56     10       46
  AVERAGE         73                        67      6

PRECIPITATION (IN)
  YESTERDAY        0.97          1.71 1995   0.18   0.79     0.00
  MONTH TO DATE    4.30                      3.27   1.03     4.29
  SINCE MAR 1     17.26                     12.03   5.23    14.61
  SINCE JAN 1     23.78                     18.91   4.87    17.75

DEGREE DAYS
 HEATING
  YESTERDAY        0                         2     -2        9
  MONTH TO DATE   25                        51    -26       71
  SINCE MAR 1    802                       872    -70     1009
  SINCE JUL 1   4580                      4369    211     4934

 COOLING
  YESTERDAY        8                         4      4        0
  MONTH TO DATE   79                        46     33       73
  SINCE MAR 1    107                        77     30       84
  SINCE JAN 1    107                        77     30       84
..................................................................


WIND (MPH)
  HIGHEST WIND SPEED    23   HIGHEST WIND DIRECTION     W (290)
  HIGHEST GUST SPEED    30   HIGHEST GUST DIRECTION     W (280)
  AVERAGE WIND SPEED    10.4


SKY COVER
  AVERAGE SKY COVER 0.8


WEATHER CONDITIONS
 THE FOLLOWING WEATHER WAS RECORDED YESTERDAY.
  HEAVY RAIN
  RAIN
  LIGHT RAIN
  FOG


RELATIVE HUMIDITY (PERCENT)
 HIGHEST    97
 LOWEST     67
 AVERAGE    82

..........................................................


THE CAPE GIRARDEAU MO CLIMATE NORMALS FOR TODAY
                         NORMAL    RECORD    YEAR
 MAXIMUM TEMPERATURE (F)   78        92      1964
 MINIMUM TEMPERATURE (F)   56        40      2002


SUNRISE AND SUNSET
MAY 18 2015...........SUNRISE   548 AM CDT   SUNSET   802 PM CDT
MAY 19 2015...........SUNRISE   547 AM CDT   SUNSET   803 PM CDT


-  INDICATES NEGATIVE NUMBERS.
R  INDICATES RECORD WAS SET OR TIED.
MM INDICATES DATA IS MISSING.
T  INDICATES TRACE AMOUNT.




$$
