233
CDUS43 KPAH 150633
CLICGI


CLIMATE REPORT
NATIONAL WEATHER SERVICE PADUCAH KY
132 AM CDT FRI JUL 15 2016


...................................

...THE CAPE GIRARDEAU MO CLIMATE SUMMARY FOR JULY 14 2016...

CLIMATE NORMAL PERIOD 1981 TO 2010
CLIMATE RECORD PERIOD 1960 TO 2016


WEATHER ITEM   OBSERVED TIME   RECORD YEAR NORMAL DEPARTURE LAST
                VALUE   (LST)  VALUE       VALUE  FROM      YEAR
                                                  NORMAL
..................................................................
TEMPERATURE (F)
 YESTERDAY
  MAXIMUM         92    312 PM 105    1966  90      2       95
  MINIMUM         74   1159 PM  54    1967  68      6       75
  AVERAGE         83                        79      4

PRECIPITATION (IN)
  YESTERDAY        0.00          1.34 1996   0.11  -0.11     0.32
  MONTH TO DATE    3.05                      1.54   1.51     7.81
  SINCE JUN 1      4.33                      5.11  -0.78    12.13
  SINCE JAN 1     27.61                     26.21   1.40    37.57

DEGREE DAYS
 HEATING
  YESTERDAY        0                         0      0        0
  MONTH TO DATE    0                         0      0        0
  SINCE JUN 1      0                         4     -4        5
  SINCE JUL 1      0                         0      0        0

 COOLING
  YESTERDAY       18                        14      4       20
  MONTH TO DATE  197                       193      4      182
  SINCE JUN 1    608                       505    103      563
  SINCE JAN 1    729                       657     72      740
..................................................................


WIND (MPH)
  HIGHEST WIND SPEED    12   HIGHEST WIND DIRECTION     W (270)
  HIGHEST GUST SPEED    16   HIGHEST GUST DIRECTION    NW (300)
  AVERAGE WIND SPEED     4.0


SKY COVER
  AVERAGE SKY COVER 0.1


WEATHER CONDITIONS
 THE FOLLOWING WEATHER WAS RECORDED YESTERDAY.
  NO SIGNIFICANT WEATHER WAS OBSERVED.


RELATIVE HUMIDITY (PERCENT)
 HIGHEST    94
 LOWEST     52
 AVERAGE    73

..........................................................


THE CAPE GIRARDEAU MO CLIMATE NORMALS FOR TODAY
                         NORMAL    RECORD    YEAR
 MAXIMUM TEMPERATURE (F)   90       105      1980
 MINIMUM TEMPERATURE (F)   68        55      2001


SUNRISE AND SUNSET
JULY 15 2016..........SUNRISE   550 AM CDT   SUNSET   818 PM CDT
JULY 16 2016..........SUNRISE   551 AM CDT   SUNSET   818 PM CDT


-  INDICATES NEGATIVE NUMBERS.
R  INDICATES RECORD WAS SET OR TIED.
MM INDICATES DATA IS MISSING.
T  INDICATES TRACE AMOUNT.




$$
