000
CDUS43 KPAH 050706
CLICGI


CLIMATE REPORT
NATIONAL WEATHER SERVICE PADUCAH KY
103 AM CST SUN MAR 5 2017


...................................

...THE CAPE GIRARDEAU MO CLIMATE SUMMARY FOR MARCH 4 2017...

CLIMATE NORMAL PERIOD 1981 TO 2010
CLIMATE RECORD PERIOD 1960 TO 2017


WEATHER ITEM   OBSERVED TIME   RECORD YEAR NORMAL DEPARTURE LAST
                VALUE   (LST)  VALUE       VALUE  FROM      YEAR
                                                  NORMAL
..................................................................
TEMPERATURE (F)
 YESTERDAY
  MAXIMUM         66    318 PM  77    1983  54     12       44
  MINIMUM         31    644 AM   6    1978  33     -2       30
  AVERAGE         49                        43      6

PRECIPITATION (IN)
  YESTERDAY        0.00          2.98 1963   0.13  -0.13     0.00
  MONTH TO DATE    0.06                      0.47  -0.41     0.46
  SINCE MAR 1      0.06                      0.47  -0.41     0.46
  SINCE JAN 1      3.08                      7.35  -4.27     5.24

DEGREE DAYS
 HEATING
  YESTERDAY       16                        22     -6       28
  MONTH TO DATE   76                        89    -13       99
  SINCE MAR 1     76                        89    -13       99
  SINCE JUL 1   2811                      3586   -775     2991

 COOLING
  YESTERDAY        0                         0      0        0
  MONTH TO DATE    0                         0      0        0
  SINCE MAR 1      0                         0      0        0
  SINCE JAN 1      0                         0      0        0
..................................................................


WIND (MPH)
  HIGHEST WIND SPEED    24   HIGHEST WIND DIRECTION    SW (230)
  HIGHEST GUST SPEED    33   HIGHEST GUST DIRECTION    SW (220)
  AVERAGE WIND SPEED    10.2


SKY COVER
  AVERAGE SKY COVER 0.0


WEATHER CONDITIONS
 THE FOLLOWING WEATHER WAS RECORDED YESTERDAY.
  NO SIGNIFICANT WEATHER WAS OBSERVED.


RELATIVE HUMIDITY (PERCENT)
 HIGHEST    70
 LOWEST     26
 AVERAGE    48

..........................................................


THE CAPE GIRARDEAU MO CLIMATE NORMALS FOR TODAY
                         NORMAL    RECORD    YEAR
 MAXIMUM TEMPERATURE (F)   54        71      1968
 MINIMUM TEMPERATURE (F)   33         1      2015


SUNRISE AND SUNSET
MARCH  5 2017.........SUNRISE   623 AM CST   SUNSET   556 PM CST
MARCH  6 2017.........SUNRISE   622 AM CST   SUNSET   557 PM CST


-  INDICATES NEGATIVE NUMBERS.
R  INDICATES RECORD WAS SET OR TIED.
MM INDICATES DATA IS MISSING.
T  INDICATES TRACE AMOUNT.




$$
