000
CDUS43 KPAH 090642
CLICGI


CLIMATE REPORT
NATIONAL WEATHER SERVICE PADUCAH KY
136 AM CDT SAT AUG 9 2014


...................................

...THE CAPE GIRARDEAU MO CLIMATE SUMMARY FOR AUGUST 8 2014...

CLIMATE NORMAL PERIOD 1981 TO 2010
CLIMATE RECORD PERIOD 1960 TO 2014


WEATHER ITEM   OBSERVED TIME   RECORD YEAR NORMAL DEPARTURE LAST
                VALUE   (LST)  VALUE       VALUE  FROM      YEAR
                                                  NORMAL
..................................................................
TEMPERATURE (F)
 YESTERDAY
  MAXIMUM         87    421 PM  99    1980  89     -2       84
  MINIMUM         70    546 AM  52    2004  67      3       69
  AVERAGE         79                        78      1

PRECIPITATION (IN)
  YESTERDAY        0.95          1.14 2013   0.10   0.85     1.14
  MONTH TO DATE    2.51                      0.75   1.76     1.57
  SINCE JUN 1     12.93                      7.68   5.25    10.10
  SINCE JAN 1     31.32                     28.78   2.54    26.27

DEGREE DAYS
 HEATING
  YESTERDAY        0                         0      0        0
  MONTH TO DATE    0                         0      0        0
  SINCE JUN 1      0                         4     -4        0
  SINCE JUL 1      0                         0      0        0

 COOLING
  YESTERDAY       14                        13      1       12
  MONTH TO DATE   82                       104    -22       83
  SINCE JUN 1    716                       838   -122      756
  SINCE JAN 1    927                       990    -63      927
..................................................................


WIND (MPH)
  HIGHEST WIND SPEED    29   HIGHEST WIND DIRECTION    NE (40)
  HIGHEST GUST SPEED    33   HIGHEST GUST DIRECTION    NE (40)
  AVERAGE WIND SPEED     4.7


SKY COVER
  AVERAGE SKY COVER 0.7


WEATHER CONDITIONS
 THE FOLLOWING WEATHER WAS RECORDED YESTERDAY.
  THUNDERSTORM
  HEAVY RAIN
  RAIN
  LIGHT RAIN
  FOG


RELATIVE HUMIDITY (PERCENT)
 HIGHEST    97
 LOWEST     65
 AVERAGE    81

..........................................................


THE CAPE GIRARDEAU MO CLIMATE NORMALS FOR TODAY
                         NORMAL    RECORD    YEAR
 MAXIMUM TEMPERATURE (F)   89       101      2007
 MINIMUM TEMPERATURE (F)   67        53      1976


SUNRISE AND SUNSET
AUGUST  9 2014........SUNRISE   610 AM CDT   SUNSET   757 PM CDT
AUGUST 10 2014........SUNRISE   611 AM CDT   SUNSET   756 PM CDT


-  INDICATES NEGATIVE NUMBERS.
R  INDICATES RECORD WAS SET OR TIED.
MM INDICATES DATA IS MISSING.
T  INDICATES TRACE AMOUNT.




$$
