000
CDUS43 KPAH 080627
CLICGI


CLIMATE REPORT
NATIONAL WEATHER SERVICE PADUCAH KY
1226 AM CST SUN JAN 8 2017


...................................

...THE CAPE GIRARDEAU MO CLIMATE SUMMARY FOR JANUARY 7 2017...

CLIMATE NORMAL PERIOD 1981 TO 2010
CLIMATE RECORD PERIOD 1960 TO 2017


WEATHER ITEM   OBSERVED TIME   RECORD YEAR NORMAL DEPARTURE LAST
                VALUE   (LST)  VALUE       VALUE  FROM      YEAR
                                                  NORMAL
..................................................................
TEMPERATURE (F)
 YESTERDAY
  MAXIMUM         24    333 PM  67    2008  42    -18       48
  MINIMUM          6    729 AM  -1    1968  24    -18       30
  AVERAGE         15                        33    -18

PRECIPITATION (IN)
  YESTERDAY        0.00          0.90 1989   0.12  -0.12     0.15
  MONTH TO DATE    0.15                      0.83  -0.68     0.15
  SINCE DEC 1      3.49                      5.08  -1.59     2.54
  SINCE JAN 1      0.15                      0.83  -0.68     0.15

DEGREE DAYS
 HEATING
  YESTERDAY       50                        32     18       26
  MONTH TO DATE  239                       224     15      207
  SINCE DEC 1   1130                      1124      6      769
  SINCE JUL 1   1707                      1975   -268     1419

 COOLING
  YESTERDAY        0                         0      0        0
  MONTH TO DATE    0                         0      0        0
  SINCE DEC 1      0                         0      0        2
  SINCE JAN 1      0                         0      0        0
..................................................................


WIND (MPH)
  HIGHEST WIND SPEED    16   HIGHEST WIND DIRECTION     N (350)
  HIGHEST GUST SPEED    19   HIGHEST GUST DIRECTION     N (340)
  AVERAGE WIND SPEED     5.6


SKY COVER
  AVERAGE SKY COVER 0.0


WEATHER CONDITIONS
 THE FOLLOWING WEATHER WAS RECORDED YESTERDAY.
  NO SIGNIFICANT WEATHER WAS OBSERVED.


RELATIVE HUMIDITY (PERCENT)
 HIGHEST    80
 LOWEST     45
 AVERAGE    63

..........................................................


THE CAPE GIRARDEAU MO CLIMATE NORMALS FOR TODAY
                         NORMAL    RECORD    YEAR
 MAXIMUM TEMPERATURE (F)   42        69      1965
 MINIMUM TEMPERATURE (F)   24        -4      1970


SUNRISE AND SUNSET
JANUARY  8 2017.......SUNRISE   713 AM CST   SUNSET   458 PM CST
JANUARY  9 2017.......SUNRISE   712 AM CST   SUNSET   459 PM CST


-  INDICATES NEGATIVE NUMBERS.
R  INDICATES RECORD WAS SET OR TIED.
MM INDICATES DATA IS MISSING.
T  INDICATES TRACE AMOUNT.




$$
