000
CDUS43 KPAH 262128
CLICGI


CLIMATE REPORT
NATIONAL WEATHER SERVICE PADUCAH KY
425 PM CDT TUE SEP 26 2017

...................................

...THE CAPE GIRARDEAU MO CLIMATE SUMMARY FOR SEPTEMBER 26 2017...
VALID TODAY AS OF 0400 PM LOCAL TIME.

CLIMATE NORMAL PERIOD 1981 TO 2010
CLIMATE RECORD PERIOD 1960 TO 2017

WEATHER ITEM   OBSERVED TIME   RECORD YEAR NORMAL DEPARTURE LAST
                VALUE   (LST)  VALUE       VALUE  FROM      YEAR
                                                  NORMAL
..................................................................
TEMPERATURE (F)
 TODAY
  MAXIMUM         91R   256 PM  90    1998  77     14       75
  MINIMUM         60    603 AM  34    2001  52      8       48
  AVERAGE         76                        64     12

PRECIPITATION (IN)
  TODAY            0.00          2.23 2007   0.11  -0.11      T
  MONTH TO DATE    0.73                      2.85  -2.12     5.01
  SINCE SEP 1      0.73                      2.85  -2.12     5.01
  SINCE JAN 1     26.48                     33.90  -7.42    41.71

DEGREE DAYS
 HEATING
  TODAY            0                         3     -3        3
  MONTH TO DATE   14                        29    -15        3
  SINCE SEP 1     14                        29    -15        3
  SINCE JUL 1     14                        30    -16        3

 COOLING
  TODAY           11                         3      8        0
  MONTH TO DATE  182                       152     30      257
  SINCE SEP 1    182                       152     30      257
  SINCE JAN 1   1384                      1412    -28     1700
..................................................................

WIND (MPH)
  HIGHEST WIND SPEED     8   HIGHEST WIND DIRECTION     W (260)
  HIGHEST GUST SPEED    10   HIGHEST GUST DIRECTION     W (260)
  AVERAGE WIND SPEED     1.4

SKY COVER
  AVERAGE SKY COVER 0.2

WEATHER CONDITIONS
 THE FOLLOWING WEATHER WAS RECORDED TODAY.
  FOG
  FOG W/VISIBILITY <= 1/4 MILE

RELATIVE HUMIDITY (PERCENT)
 HIGHEST    97
 LOWEST     38
 AVERAGE    68
..........................................................

THE CAPE GIRARDEAU MO CLIMATE NORMALS FOR TOMORROW
                         NORMAL
 MAXIMUM TEMPERATURE (F)   77
 MINIMUM TEMPERATURE (F)   51

SUNRISE AND SUNSET
SEPTEMBER 26 2017.....SUNRISE   650 AM CDT   SUNSET   649 PM CDT
SEPTEMBER 27 2017.....SUNRISE   651 AM CDT   SUNSET   647 PM CDT

-  INDICATES NEGATIVE NUMBERS.
R  INDICATES RECORD WAS SET OR TIED.
MM INDICATES DATA IS MISSING.
T  INDICATES TRACE AMOUNT.

$$
