000
CDUS43 KPAH 070632
CLICGI


CLIMATE REPORT
NATIONAL WEATHER SERVICE PADUCAH KY
1230 AM CST SUN DEC 7 2014


...................................

...THE CAPE GIRARDEAU MO CLIMATE SUMMARY FOR DECEMBER 6 2014...

CLIMATE NORMAL PERIOD 1981 TO 2010
CLIMATE RECORD PERIOD 1960 TO 2014


WEATHER ITEM   OBSERVED TIME   RECORD YEAR NORMAL DEPARTURE LAST
                VALUE   (LST)  VALUE       VALUE  FROM      YEAR
                                                  NORMAL
..................................................................
TEMPERATURE (F)
 YESTERDAY
  MAXIMUM         48   1224 AM  71    1998  48      0       26
  MINIMUM         40   1159 PM  -1    2002  29     11       20
  AVERAGE         44                        38      6

PRECIPITATION (IN)
  YESTERDAY        T             1.11 1971   0.14  -0.14     0.22
  MONTH TO DATE    1.21                      0.88   0.33     0.94
  SINCE DEC 1      1.21                      0.88   0.33     0.94
  SINCE JAN 1     42.13                     43.44  -1.31    35.46

DEGREE DAYS
 HEATING
  YESTERDAY       21                        27     -6       42
  MONTH TO DATE  148                       155     -7      122
  SINCE DEC 1    148                       155     -7      122
  SINCE JUL 1   1144                      1006    138     1028

 COOLING
  YESTERDAY        0                         0      0        0
  MONTH TO DATE    0                         0      0        0
  SINCE DEC 1      0                         0      0        0
  SINCE JAN 1   1424                      1453    -29     1441
..................................................................


WIND (MPH)
  HIGHEST WIND SPEED    24   HIGHEST WIND DIRECTION     N (350)
  HIGHEST GUST SPEED    31   HIGHEST GUST DIRECTION     N (350)
  AVERAGE WIND SPEED    14.3


SKY COVER
  AVERAGE SKY COVER 1.0


WEATHER CONDITIONS
 THE FOLLOWING WEATHER WAS RECORDED YESTERDAY.
  LIGHT RAIN
  FOG
  HAZE


RELATIVE HUMIDITY (PERCENT)
 HIGHEST    93
 LOWEST     79
 AVERAGE    86

..........................................................


THE CAPE GIRARDEAU MO CLIMATE NORMALS FOR TODAY
                         NORMAL    RECORD    YEAR
 MAXIMUM TEMPERATURE (F)   47        70      1966
 MINIMUM TEMPERATURE (F)   29         5      1984


SUNRISE AND SUNSET
DECEMBER  7 2014......SUNRISE   659 AM CST   SUNSET   441 PM CST
DECEMBER  8 2014......SUNRISE   700 AM CST   SUNSET   441 PM CST


-  INDICATES NEGATIVE NUMBERS.
R  INDICATES RECORD WAS SET OR TIED.
MM INDICATES DATA IS MISSING.
T  INDICATES TRACE AMOUNT.




$$
