000
CDUS43 KPAH 260000
CLICGI


CLIMATE REPORT
NATIONAL WEATHER SERVICE PADUCAH KY
659 PM CDT TUE MAR 25 2014


...................................

...THE CAPE GIRARDEAU MO CLIMATE SUMMARY FOR MARCH 25 2014...
VALID TODAY AS OF 0500 PM LOCAL TIME.

CLIMATE NORMAL PERIOD 1981 TO 2010
CLIMATE RECORD PERIOD 1960 TO 2014


WEATHER ITEM   OBSERVED TIME   RECORD YEAR NORMAL DEPARTURE LAST
                VALUE   (LST)  VALUE       VALUE  FROM      YEAR
                                                  NORMAL
..................................................................
TEMPERATURE (F)
 TODAY
  MAXIMUM         45    349 PM  83    2007  62    -17       40
  MINIMUM         32    335 AM  20    1966  38     -6       31
  AVERAGE         39                        50    -11

PRECIPITATION (IN)
  TODAY            T             1.94 2002   0.15  -0.15     0.01
  MONTH TO DATE    1.80                      3.46  -1.66     1.81
  SINCE MAR 1      1.80                      3.46  -1.66     1.81
  SINCE JAN 1      4.94                     10.34  -5.40     8.43

DEGREE DAYS
 HEATING
  TODAY           26                        15     11       29
  MONTH TO DATE  607                       474    133      604
  SINCE MAR 1    607                       474    133      604
  SINCE JUL 1   4532                      3971    561     3843

 COOLING
  TODAY            0                         0      0        0
  MONTH TO DATE    0                         0      0        0
  SINCE MAR 1      0                         0      0        0
  SINCE JAN 1      0                         0      0        0
..................................................................


WIND (MPH)
  HIGHEST WIND SPEED    25   HIGHEST WIND DIRECTION    NW (330)
  HIGHEST GUST SPEED    32   HIGHEST GUST DIRECTION    NW (330)
  AVERAGE WIND SPEED    14.5


SKY COVER
  AVERAGE SKY COVER 0.8


WEATHER CONDITIONS
 THE FOLLOWING WEATHER WAS RECORDED TODAY.
  LIGHT SNOW
  FOG


RELATIVE HUMIDITY (PERCENT)
 HIGHEST    89
 LOWEST     27
 AVERAGE    58

..........................................................


THE CAPE GIRARDEAU MO CLIMATE NORMALS FOR TOMORROW
                         NORMAL
 MAXIMUM TEMPERATURE (F)   62
 MINIMUM TEMPERATURE (F)   39


SUNRISE AND SUNSET
MARCH 25 2014.........SUNRISE   654 AM CDT   SUNSET   715 PM CDT
MARCH 26 2014.........SUNRISE   653 AM CDT   SUNSET   716 PM CDT


-  INDICATES NEGATIVE NUMBERS.
R  INDICATES RECORD WAS SET OR TIED.
MM INDICATES DATA IS MISSING.
T  INDICATES TRACE AMOUNT.




$$
