000
CDUS43 KPAH 200632
CLICGI


CLIMATE REPORT
NATIONAL WEATHER SERVICE PADUCAH KY
131 AM CDT WED APR 20 2016


...................................

...THE CAPE GIRARDEAU MO CLIMATE SUMMARY FOR APRIL 19 2016...

CLIMATE NORMAL PERIOD 1981 TO 2010
CLIMATE RECORD PERIOD 1960 TO 2016


WEATHER ITEM   OBSERVED TIME   RECORD YEAR NORMAL DEPARTURE LAST
                VALUE   (LST)  VALUE       VALUE  FROM      YEAR
                                                  NORMAL
..................................................................
TEMPERATURE (F)
 YESTERDAY
  MAXIMUM         77    121 PM  89    1971  70      7       72
  MINIMUM         54    139 AM  32    1983  47      7       58
  AVERAGE         66                        58      8

PRECIPITATION (IN)
  YESTERDAY        0.00          2.03 1970   0.15  -0.15     1.46
  MONTH TO DATE    0.49                      2.61  -2.12     3.99
  SINCE MAR 1      5.95                      7.01  -1.06    12.78
  SINCE JAN 1     10.73                     13.89  -3.16    19.30

DEGREE DAYS
 HEATING
  YESTERDAY        0                         8     -8        0
  MONTH TO DATE  178                       198    -20       77
  SINCE MAR 1    566                       757   -191      683
  SINCE JUL 1   3458                      4254   -796     4461

 COOLING
  YESTERDAY        1                         1      0        0
  MONTH TO DATE    1                        13    -12       25
  SINCE MAR 1      1                        17    -16       25
  SINCE JAN 1      1                        17    -16       25
..................................................................


WIND (MPH)
  HIGHEST WIND SPEED    15   HIGHEST WIND DIRECTION     S (190)
  HIGHEST GUST SPEED    19   HIGHEST GUST DIRECTION     S (180)
  AVERAGE WIND SPEED     3.8


SKY COVER
  AVERAGE SKY COVER 0.3


WEATHER CONDITIONS
 THE FOLLOWING WEATHER WAS RECORDED YESTERDAY.
  NO SIGNIFICANT WEATHER WAS OBSERVED.


RELATIVE HUMIDITY (PERCENT)
 HIGHEST    86
 LOWEST     41
 AVERAGE    64

..........................................................


THE CAPE GIRARDEAU MO CLIMATE NORMALS FOR TODAY
                         NORMAL    RECORD    YEAR
 MAXIMUM TEMPERATURE (F)   70        90      1987
 MINIMUM TEMPERATURE (F)   47        29      1983


SUNRISE AND SUNSET
APRIL 20 2016.........SUNRISE   616 AM CDT   SUNSET   738 PM CDT
APRIL 21 2016.........SUNRISE   615 AM CDT   SUNSET   739 PM CDT


-  INDICATES NEGATIVE NUMBERS.
R  INDICATES RECORD WAS SET OR TIED.
MM INDICATES DATA IS MISSING.
T  INDICATES TRACE AMOUNT.




$$
