000
CDUS43 KPAH 190632
CLICGI


CLIMATE REPORT
NATIONAL WEATHER SERVICE PADUCAH KY
131 AM CDT WED AUG 19 2015


...................................

...THE CAPE GIRARDEAU MO CLIMATE SUMMARY FOR AUGUST 18 2015...

CLIMATE NORMAL PERIOD 1981 TO 2010
CLIMATE RECORD PERIOD 1960 TO 2015


WEATHER ITEM   OBSERVED TIME   RECORD YEAR NORMAL DEPARTURE LAST
                VALUE   (LST)  VALUE       VALUE  FROM      YEAR
                                                  NORMAL
..................................................................
TEMPERATURE (F)
 YESTERDAY
  MAXIMUM         88    306 PM 101    2000  89     -1       85
  MINIMUM         69    553 AM  49    2012  65      4       67
  AVERAGE         79                        77      2

PRECIPITATION (IN)
  YESTERDAY        0.04          0.83 1960   0.10  -0.06     0.00
  MONTH TO DATE    3.29                      1.71   1.58     2.82
  SINCE JUN 1     17.24                      8.64   8.60    13.24
  SINCE JAN 1     42.68                     29.74  12.94    31.63

DEGREE DAYS
 HEATING
  YESTERDAY        0                         0      0        0
  MONTH TO DATE    0                         0      0        0
  SINCE JUN 1      5                         4      1        0
  SINCE JUL 1      0                         0      0        0

 COOLING
  YESTERDAY       14                        12      2       11
  MONTH TO DATE  224                       231     -7      183
  SINCE JUN 1   1074                       965    109      817
  SINCE JAN 1   1251                      1117    134     1028
..................................................................


WIND (MPH)
  HIGHEST WIND SPEED    18   HIGHEST WIND DIRECTION    NW (300)
  HIGHEST GUST SPEED    24   HIGHEST GUST DIRECTION    NW (300)
  AVERAGE WIND SPEED     6.1


SKY COVER
  AVERAGE SKY COVER 0.2


WEATHER CONDITIONS
 THE FOLLOWING WEATHER WAS RECORDED YESTERDAY.
  THUNDERSTORM
  FOG


RELATIVE HUMIDITY (PERCENT)
 HIGHEST   100
 LOWEST     57
 AVERAGE    79

..........................................................


THE CAPE GIRARDEAU MO CLIMATE NORMALS FOR TODAY
                         NORMAL    RECORD    YEAR
 MAXIMUM TEMPERATURE (F)   89        98      1980
 MINIMUM TEMPERATURE (F)   65        52      2012
                                             2008


SUNRISE AND SUNSET
AUGUST 19 2015........SUNRISE   618 AM CDT   SUNSET   745 PM CDT
AUGUST 20 2015........SUNRISE   619 AM CDT   SUNSET   744 PM CDT


-  INDICATES NEGATIVE NUMBERS.
R  INDICATES RECORD WAS SET OR TIED.
MM INDICATES DATA IS MISSING.
T  INDICATES TRACE AMOUNT.




$$
