183
CDUS43 KPAH 122245
CLICGI


CLIMATE REPORT
NATIONAL WEATHER SERVICE PADUCAH KY
545 PM CDT SUN MAR 12 2017


...................................

...THE CAPE GIRARDEAU MO CLIMATE SUMMARY FOR MARCH 12 2017...
VALID TODAY AS OF 0500 PM LOCAL TIME.

CLIMATE NORMAL PERIOD 1981 TO 2010
CLIMATE RECORD PERIOD 1960 TO 2017


WEATHER ITEM   OBSERVED TIME   RECORD YEAR NORMAL DEPARTURE LAST
                VALUE   (LST)  VALUE       VALUE  FROM      YEAR
                                                  NORMAL
..................................................................
TEMPERATURE (F)
 TODAY
  MAXIMUM         47    345 PM  82    1967  57    -10       63
  MINIMUM         26    601 AM  10    1998  35     -9       54
  AVERAGE         37                        46     -9

PRECIPITATION (IN)
  TODAY            0.00          1.49 1961   0.13  -0.13     0.13
  MONTH TO DATE    1.57                      1.53   0.04     2.01
  SINCE MAR 1      1.57                      1.53   0.04     2.01
  SINCE JAN 1      4.59                      8.41  -3.82     6.79

DEGREE DAYS
 HEATING
  TODAY           28                        19      9        6
  MONTH TO DATE  214                       252    -38      174
  SINCE MAR 1    214                       252    -38      174
  SINCE JUL 1   2949                      3749   -800     3066

 COOLING
  TODAY            0                         0      0        0
  MONTH TO DATE    0                         0      0        0
  SINCE MAR 1      0                         0      0        0
  SINCE JAN 1      0                         0      0        0
..................................................................


WIND (MPH)
  HIGHEST WIND SPEED    14   HIGHEST WIND DIRECTION     E (70)
  HIGHEST GUST SPEED    18   HIGHEST GUST DIRECTION    NE (30)
  AVERAGE WIND SPEED     5.2


SKY COVER
  AVERAGE SKY COVER 0.0


WEATHER CONDITIONS
 THE FOLLOWING WEATHER WAS RECORDED TODAY.
  NO SIGNIFICANT WEATHER WAS OBSERVED.


RELATIVE HUMIDITY (PERCENT)
 HIGHEST    78
 LOWEST     25
 AVERAGE    52

..........................................................


THE CAPE GIRARDEAU MO CLIMATE NORMALS FOR TOMORROW
                         NORMAL
 MAXIMUM TEMPERATURE (F)   57
 MINIMUM TEMPERATURE (F)   35


SUNRISE AND SUNSET
MARCH 12 2017.........SUNRISE   713 AM CDT   SUNSET   703 PM CDT
MARCH 13 2017.........SUNRISE   712 AM CDT   SUNSET   704 PM CDT


-  INDICATES NEGATIVE NUMBERS.
R  INDICATES RECORD WAS SET OR TIED.
MM INDICATES DATA IS MISSING.
T  INDICATES TRACE AMOUNT.




$$
