487
CDUS43 KPAH 120631
CLICGI


CLIMATE REPORT
NATIONAL WEATHER SERVICE PADUCAH KY
129 AM CDT SAT AUG 12 2017


...................................

...THE CAPE GIRARDEAU MO CLIMATE SUMMARY FOR AUGUST 11 2017...

CLIMATE NORMAL PERIOD 1981 TO 2010
CLIMATE RECORD PERIOD 1960 TO 2017


WEATHER ITEM   OBSERVED TIME   RECORD YEAR NORMAL DEPARTURE LAST
                VALUE   (LST)  VALUE       VALUE  FROM      YEAR
                                                  NORMAL
..................................................................
TEMPERATURE (F)
 YESTERDAY
  MAXIMUM         80    351 PM  98    2010  89     -9       91
  MINIMUM         65    416 AM  53    2012  66     -1       75
  AVERAGE         73                        78     -5

PRECIPITATION (IN)
  YESTERDAY        0.16          0.50 2006   0.10   0.06     0.00
  MONTH TO DATE    1.43                      1.03   0.40     1.46
  SINCE JUN 1      5.75                      7.96  -2.21     8.62
  SINCE JAN 1     24.97                     29.06  -4.09    31.90

DEGREE DAYS
 HEATING
  YESTERDAY        0                         0      0        0
  MONTH TO DATE    0                         0      0        0
  SINCE JUN 1      0                         4     -4        0
  SINCE JUL 1      0                         0      0        0

 COOLING
  YESTERDAY        8                        13     -5       18
  MONTH TO DATE   87                       143    -56      174
  SINCE JUN 1    836                       877    -41     1061
  SINCE JAN 1   1011                      1029    -18     1182
..................................................................


WIND (MPH)
  HIGHEST WIND SPEED    12   HIGHEST WIND DIRECTION     W (280)
  HIGHEST GUST SPEED    15   HIGHEST GUST DIRECTION     W (280)
  AVERAGE WIND SPEED     1.4


SKY COVER
  AVERAGE SKY COVER 0.4


WEATHER CONDITIONS
 THE FOLLOWING WEATHER WAS RECORDED YESTERDAY.
  THUNDERSTORM
  HEAVY RAIN
  RAIN
  LIGHT RAIN
  FOG


RELATIVE HUMIDITY (PERCENT)
 HIGHEST   100
 LOWEST     79
 AVERAGE    90

..........................................................


THE CAPE GIRARDEAU MO CLIMATE NORMALS FOR TODAY
                         NORMAL    RECORD    YEAR
 MAXIMUM TEMPERATURE (F)   89       102      2010
 MINIMUM TEMPERATURE (F)   66        49      1967


SUNRISE AND SUNSET
AUGUST 12 2017........SUNRISE   612 AM CDT   SUNSET   754 PM CDT
AUGUST 13 2017........SUNRISE   613 AM CDT   SUNSET   752 PM CDT


-  INDICATES NEGATIVE NUMBERS.
R  INDICATES RECORD WAS SET OR TIED.
MM INDICATES DATA IS MISSING.
T  INDICATES TRACE AMOUNT.




$$
