000
CDUS43 KPAH 030632
CLICGI


CLIMATE REPORT
NATIONAL WEATHER SERVICE PADUCAH KY
130 AM CDT SAT JUN 3 2017


...................................

...THE CAPE GIRARDEAU MO CLIMATE SUMMARY FOR JUNE 2 2017...

CLIMATE NORMAL PERIOD 1981 TO 2010
CLIMATE RECORD PERIOD 1960 TO 2017


WEATHER ITEM   OBSERVED TIME   RECORD YEAR NORMAL DEPARTURE LAST
                VALUE   (LST)  VALUE       VALUE  FROM      YEAR
                                                  NORMAL
..................................................................
TEMPERATURE (F)
 YESTERDAY
  MAXIMUM         88    423 PM  94    1998  83      5       84
  MINIMUM         64    525 AM  46    2012  61      3       67
  AVERAGE         76                        72      4

PRECIPITATION (IN)
  YESTERDAY        0.00          0.83 2003   0.13  -0.13     0.07
  MONTH TO DATE    0.00                      0.26  -0.26     0.55
  SINCE JUN 1      0.00                      0.26  -0.26     0.55
  SINCE JAN 1     19.22                     21.36  -2.14    23.83

DEGREE DAYS
 HEATING
  YESTERDAY        0                         0      0        0
  MONTH TO DATE    0                         1     -1        0
  SINCE JUN 1      0                         1     -1        0
  SINCE JUL 1   3430                      4387   -957     3571

 COOLING
  YESTERDAY       11                         7      4       11
  MONTH TO DATE   20                        14      6       22
  SINCE JUN 1     20                        14      6       22
  SINCE JAN 1    195                       166     29      143
..................................................................


WIND (MPH)
  HIGHEST WIND SPEED    12   HIGHEST WIND DIRECTION     E (70)
  HIGHEST GUST SPEED    16   HIGHEST GUST DIRECTION     E (70)
  AVERAGE WIND SPEED     3.5


SKY COVER
  AVERAGE SKY COVER 0.1


WEATHER CONDITIONS
 THE FOLLOWING WEATHER WAS RECORDED YESTERDAY.
  FOG


RELATIVE HUMIDITY (PERCENT)
 HIGHEST    93
 LOWEST     39
 AVERAGE    66

..........................................................


THE CAPE GIRARDEAU MO CLIMATE NORMALS FOR TODAY
                         NORMAL    RECORD    YEAR
 MAXIMUM TEMPERATURE (F)   83        95      2011
 MINIMUM TEMPERATURE (F)   61        47      1969


SUNRISE AND SUNSET
JUNE  3 2017..........SUNRISE   539 AM CDT   SUNSET   814 PM CDT
JUNE  4 2017..........SUNRISE   539 AM CDT   SUNSET   815 PM CDT


-  INDICATES NEGATIVE NUMBERS.
R  INDICATES RECORD WAS SET OR TIED.
MM INDICATES DATA IS MISSING.
T  INDICATES TRACE AMOUNT.




$$
