000
CDUS43 KPAH 110633
CLICGI


CLIMATE REPORT
NATIONAL WEATHER SERVICE PADUCAH KY
130 AM CDT SAT OCT 11 2014


...................................

...THE CAPE GIRARDEAU MO CLIMATE SUMMARY FOR OCTOBER 10 2014...

CLIMATE NORMAL PERIOD 1981 TO 2010
CLIMATE RECORD PERIOD 1960 TO 2014


WEATHER ITEM   OBSERVED TIME   RECORD YEAR NORMAL DEPARTURE LAST
                VALUE   (LST)  VALUE       VALUE  FROM      YEAR
                                                  NORMAL
..................................................................
TEMPERATURE (F)
 YESTERDAY
  MAXIMUM         63    155 AM  88    2010  72     -9       79
  MINIMUM         52   1159 PM  26    2000  47      5       54
  AVERAGE         58                        60     -2

PRECIPITATION (IN)
  YESTERDAY        0.82R         0.79 1969   0.11   0.71     0.00
  MONTH TO DATE    2.86                      1.16   1.70     1.80
  SINCE SEP 1      4.91                      4.44   0.47     2.24
  SINCE JAN 1     37.21                     35.49   1.72    30.47

DEGREE DAYS
 HEATING
  YESTERDAY        7                         7      0        0
  MONTH TO DATE   40                        58    -18       28
  SINCE SEP 1     86                       106    -20       38
  SINCE JUL 1     86                       107    -21       39

 COOLING
  YESTERDAY        0                         1     -1        2
  MONTH TO DATE   23                        17      6       41
  SINCE SEP 1    168                       179    -11      253
  SINCE JAN 1   1407                      1439    -32     1434
..................................................................


WIND (MPH)
  HIGHEST WIND SPEED    17   HIGHEST WIND DIRECTION     N (20)
  HIGHEST GUST SPEED    23   HIGHEST GUST DIRECTION     N (20)
  AVERAGE WIND SPEED     9.2


SKY COVER
  AVERAGE SKY COVER 1.0


WEATHER CONDITIONS
 THE FOLLOWING WEATHER WAS RECORDED YESTERDAY.
  HEAVY RAIN
  RAIN
  LIGHT RAIN
  FOG


RELATIVE HUMIDITY (PERCENT)
 HIGHEST   100
 LOWEST     86
 AVERAGE    93

..........................................................


THE CAPE GIRARDEAU MO CLIMATE NORMALS FOR TODAY
                         NORMAL    RECORD    YEAR
 MAXIMUM TEMPERATURE (F)   72        92      1963
 MINIMUM TEMPERATURE (F)   46        29      1964


SUNRISE AND SUNSET
OCTOBER 11 2014.......SUNRISE   703 AM CDT   SUNSET   627 PM CDT
OCTOBER 12 2014.......SUNRISE   703 AM CDT   SUNSET   626 PM CDT


-  INDICATES NEGATIVE NUMBERS.
R  INDICATES RECORD WAS SET OR TIED.
MM INDICATES DATA IS MISSING.
T  INDICATES TRACE AMOUNT.




$$
