000
CDUS43 KPAH 130630
CLICGI


CLIMATE REPORT
NATIONAL WEATHER SERVICE PADUCAH KY
1228 AM CST SAT DEC 13 2014


...................................

...THE CAPE GIRARDEAU MO CLIMATE SUMMARY FOR DECEMBER 12 2014...

CLIMATE NORMAL PERIOD 1981 TO 2010
CLIMATE RECORD PERIOD 1960 TO 2014


WEATHER ITEM   OBSERVED TIME   RECORD YEAR NORMAL DEPARTURE LAST
                VALUE   (LST)  VALUE       VALUE  FROM      YEAR
                                                  NORMAL
..................................................................
TEMPERATURE (F)
 YESTERDAY
  MAXIMUM         50    209 PM  65    1991  45      5       26
  MINIMUM         28    730 AM  -5    1962  28      0        0
  AVERAGE         39                        36      3

PRECIPITATION (IN)
  YESTERDAY        0.00          1.30 1979   0.13  -0.13     0.00
  MONTH TO DATE    1.21                      1.76  -0.55     0.94
  SINCE DEC 1      1.21                      1.76  -0.55     0.94
  SINCE JAN 1     42.13                     44.32  -2.19    35.46

DEGREE DAYS
 HEATING
  YESTERDAY       26                        28     -2       52
  MONTH TO DATE  312                       321     -9      392
  SINCE DEC 1    312                       321     -9      392
  SINCE JUL 1   1308                      1172    136     1298

 COOLING
  YESTERDAY        0                         0      0        0
  MONTH TO DATE    0                         0      0        0
  SINCE DEC 1      0                         0      0        0
  SINCE JAN 1   1424                      1453    -29     1441
..................................................................


WIND (MPH)
  HIGHEST WIND SPEED    12   HIGHEST WIND DIRECTION    SW (210)
  HIGHEST GUST SPEED    14   HIGHEST GUST DIRECTION    SW (210)
  AVERAGE WIND SPEED     3.3


SKY COVER
  AVERAGE SKY COVER 0.6


WEATHER CONDITIONS
 THE FOLLOWING WEATHER WAS RECORDED YESTERDAY.
  FOG


RELATIVE HUMIDITY (PERCENT)
 HIGHEST   100
 LOWEST     61
 AVERAGE    81

..........................................................


THE CAPE GIRARDEAU MO CLIMATE NORMALS FOR TODAY
                         NORMAL    RECORD    YEAR
 MAXIMUM TEMPERATURE (F)   45        64      1984
 MINIMUM TEMPERATURE (F)   27        -3      1962


SUNRISE AND SUNSET
DECEMBER 13 2014......SUNRISE   704 AM CST   SUNSET   442 PM CST
DECEMBER 14 2014......SUNRISE   704 AM CST   SUNSET   442 PM CST


-  INDICATES NEGATIVE NUMBERS.
R  INDICATES RECORD WAS SET OR TIED.
MM INDICATES DATA IS MISSING.
T  INDICATES TRACE AMOUNT.




$$
