000
CDUS43 KPAH 170658
CLICGI


CLIMATE REPORT
NATIONAL WEATHER SERVICE PADUCAH KY
150 AM CDT MON APR 17 2017


...................................

...THE CAPE GIRARDEAU MO CLIMATE SUMMARY FOR APRIL 16 2017...

CLIMATE NORMAL PERIOD 1981 TO 2010
CLIMATE RECORD PERIOD 1960 TO 2017


WEATHER ITEM   OBSERVED TIME   RECORD YEAR NORMAL DEPARTURE LAST
                VALUE   (LST)  VALUE       VALUE  FROM      YEAR
                                                  NORMAL
..................................................................
TEMPERATURE (F)
 YESTERDAY
  MAXIMUM         78    121 PM  87    1977  69      9       76
  MINIMUM         60   1145 PM  28    1962  46     14       47
  AVERAGE         69                        57     12

PRECIPITATION (IN)
  YESTERDAY        0.15          1.58 1982   0.15   0.00     0.00
  MONTH TO DATE    1.38                      2.17  -0.79     0.49
  SINCE MAR 1      4.19                      6.57  -2.38     5.95
  SINCE JAN 1      7.21                     13.45  -6.24    10.73

DEGREE DAYS
 HEATING
  YESTERDAY        0                         9     -9        3
  MONTH TO DATE   93                       174    -81      176
  SINCE MAR 1    575                       733   -158      564
  SINCE JUL 1   3310                      4230   -920     3456

 COOLING
  YESTERDAY        4                         1      3        0
  MONTH TO DATE   19                        10      9        0
  SINCE MAR 1     22                        14      8        0
  SINCE JAN 1     22                        14      8        0
..................................................................


WIND (MPH)
  HIGHEST WIND SPEED    28   HIGHEST WIND DIRECTION     W (270)
  HIGHEST GUST SPEED    36   HIGHEST GUST DIRECTION     W (290)
  AVERAGE WIND SPEED     8.5


SKY COVER
  AVERAGE SKY COVER 0.6


WEATHER CONDITIONS
 THE FOLLOWING WEATHER WAS RECORDED YESTERDAY.
  THUNDERSTORM
  RAIN
  LIGHT RAIN
  FOG


RELATIVE HUMIDITY (PERCENT)
 HIGHEST    93
 LOWEST     53
 AVERAGE    73

..........................................................


THE CAPE GIRARDEAU MO CLIMATE NORMALS FOR TODAY
                         NORMAL    RECORD    YEAR
 MAXIMUM TEMPERATURE (F)   69        86      1977
 MINIMUM TEMPERATURE (F)   46        33      1993


SUNRISE AND SUNSET
APRIL 17 2017.........SUNRISE   621 AM CDT   SUNSET   735 PM CDT
APRIL 18 2017.........SUNRISE   619 AM CDT   SUNSET   736 PM CDT


-  INDICATES NEGATIVE NUMBERS.
R  INDICATES RECORD WAS SET OR TIED.
MM INDICATES DATA IS MISSING.
T  INDICATES TRACE AMOUNT.




$$
