000
CDUS43 KPAH 240636
CLICGI


CLIMATE REPORT
NATIONAL WEATHER SERVICE PADUCAH KY
133 AM CDT MON AUG 24 2015

...................................

...THE CAPE GIRARDEAU MO CLIMATE SUMMARY FOR AUGUST 23 2015...

CLIMATE NORMAL PERIOD 1981 TO 2010
CLIMATE RECORD PERIOD 1960 TO 2015

WEATHER ITEM   OBSERVED TIME   RECORD YEAR NORMAL DEPARTURE LAST
                VALUE   (LST)  VALUE       VALUE  FROM      YEAR
                                                  NORMAL
..................................................................
TEMPERATURE (F)
 YESTERDAY
  MAXIMUM         85    212 PM  99    2007  88     -3       96
  MINIMUM         64   1159 PM  52    2009  65     -1       74
  AVERAGE         75                        76     -1

PRECIPITATION (IN)
  YESTERDAY        0.00          2.37 2004   0.10  -0.10     0.00
  MONTH TO DATE    4.16                      2.21   1.95     2.86
  SINCE JUN 1     18.11                      9.14   8.97    13.28
  SINCE JAN 1     43.55                     30.24  13.31    31.67

DEGREE DAYS
 HEATING
  YESTERDAY        0                         0      0        0
  MONTH TO DATE    0                         0      0        0
  SINCE JUN 1      5                         4      1        0
  SINCE JUL 1      0                         0      0        0

 COOLING
  YESTERDAY       10                        11     -1       20
  MONTH TO DATE  255                       290    -35      267
  SINCE JUN 1   1105                      1024     81      901
  SINCE JAN 1   1282                      1176    106     1112
..................................................................

WIND (MPH)
  HIGHEST WIND SPEED    13   HIGHEST WIND DIRECTION    NW (330)
  HIGHEST GUST SPEED    16   HIGHEST GUST DIRECTION    NW (320)
  AVERAGE WIND SPEED     4.9

SKY COVER
  AVERAGE SKY COVER 0.5

WEATHER CONDITIONS
 THE FOLLOWING WEATHER WAS RECORDED YESTERDAY.
  FOG

RELATIVE HUMIDITY (PERCENT)
 HIGHEST   100
 LOWEST     65
 AVERAGE    83
..........................................................

THE CAPE GIRARDEAU MO CLIMATE NORMALS FOR TODAY
                         NORMAL    RECORD    YEAR
 MAXIMUM TEMPERATURE (F)   88       100      2007
 MINIMUM TEMPERATURE (F)   64        52      1997

SUNRISE AND SUNSET
AUGUST 24 2015........SUNRISE   622 AM CDT   SUNSET   739 PM CDT
AUGUST 25 2015........SUNRISE   623 AM CDT   SUNSET   737 PM CDT

-  INDICATES NEGATIVE NUMBERS.
R  INDICATES RECORD WAS SET OR TIED.
MM INDICATES DATA IS MISSING.
T  INDICATES TRACE AMOUNT.

$$
