000
CDUS43 KPAH 250634
CLICGI


CLIMATE REPORT
NATIONAL WEATHER SERVICE PADUCAH KY
130 AM CDT TUE MAR 25 2014


...................................

...THE CAPE GIRARDEAU MO CLIMATE SUMMARY FOR MARCH 24 2014...

CLIMATE NORMAL PERIOD 1981 TO 2010
CLIMATE RECORD PERIOD 1960 TO 2014


WEATHER ITEM   OBSERVED TIME   RECORD YEAR NORMAL DEPARTURE LAST
                VALUE   (LST)  VALUE       VALUE  FROM      YEAR
                                                  NORMAL
..................................................................
TEMPERATURE (F)
 YESTERDAY
  MAXIMUM         47    403 PM  82    1967  61    -14       44
  MINIMUM         25    603 AM  11    1974  38    -13       33
  AVERAGE         36                        50    -14

PRECIPITATION (IN)
  YESTERDAY        T             1.96 2009   0.15  -0.15     0.07
  MONTH TO DATE    1.80                      3.31  -1.51     1.80
  SINCE MAR 1      1.80                      3.31  -1.51     1.80
  SINCE JAN 1      4.94                     10.19  -5.25     8.42

DEGREE DAYS
 HEATING
  YESTERDAY       29                        16     13       26
  MONTH TO DATE  581                       459    122      575
  SINCE MAR 1    581                       459    122      575
  SINCE JUL 1   4506                      3956    550     3814

 COOLING
  YESTERDAY        0                         0      0        0
  MONTH TO DATE    0                         0      0        0
  SINCE MAR 1      0                         0      0        0
  SINCE JAN 1      0                         0      0        0
..................................................................


WIND (MPH)
  HIGHEST WIND SPEED    16   HIGHEST WIND DIRECTION    NE (30)
  HIGHEST GUST SPEED    21   HIGHEST GUST DIRECTION     N (360)
  AVERAGE WIND SPEED     7.8


SKY COVER
  AVERAGE SKY COVER 0.3


WEATHER CONDITIONS
 THE FOLLOWING WEATHER WAS RECORDED YESTERDAY.
  HAZE


RELATIVE HUMIDITY (PERCENT)
 HIGHEST    75
 LOWEST     28
 AVERAGE    52

..........................................................


THE CAPE GIRARDEAU MO CLIMATE NORMALS FOR TODAY
                         NORMAL    RECORD    YEAR
 MAXIMUM TEMPERATURE (F)   62        83      2007
 MINIMUM TEMPERATURE (F)   38        20      1966


SUNRISE AND SUNSET
MARCH 25 2014.........SUNRISE   654 AM CDT   SUNSET   715 PM CDT
MARCH 26 2014.........SUNRISE   653 AM CDT   SUNSET   716 PM CDT


-  INDICATES NEGATIVE NUMBERS.
R  INDICATES RECORD WAS SET OR TIED.
MM INDICATES DATA IS MISSING.
T  INDICATES TRACE AMOUNT.




$$
