315
CDUS43 KPAH 102131
CLICGI


CLIMATE REPORT
NATIONAL WEATHER SERVICE PADUCAH KY
431 PM CDT THU AUG 10 2017


...................................

...THE CAPE GIRARDEAU MO CLIMATE SUMMARY FOR AUGUST 10 2017...
VALID TODAY AS OF 0400 PM LOCAL TIME.

CLIMATE NORMAL PERIOD 1981 TO 2010
CLIMATE RECORD PERIOD 1960 TO 2017


WEATHER ITEM   OBSERVED TIME   RECORD YEAR NORMAL DEPARTURE LAST
                VALUE   (LST)  VALUE       VALUE  FROM      YEAR
                                                  NORMAL
..................................................................
TEMPERATURE (F)
 TODAY
  MAXIMUM         88    130 PM  99    1980  89     -1       92
  MINIMUM         60    525 AM  54    1972  66     -6       69
  AVERAGE         74                        78     -4

PRECIPITATION (IN)
  TODAY            0.00          1.60 2015   0.09  -0.09     0.00
  MONTH TO DATE    1.27                      0.93   0.34     1.46
  SINCE JUN 1      5.59                      7.86  -2.27     8.62
  SINCE JAN 1     24.81                     28.96  -4.15    31.90

DEGREE DAYS
 HEATING
  TODAY            0                         0      0        0
  MONTH TO DATE    0                         0      0        0
  SINCE JUN 1      0                         4     -4        0
  SINCE JUL 1      0                         0      0        0

 COOLING
  TODAY            9                        13     -4       16
  MONTH TO DATE   79                       130    -51      156
  SINCE JUN 1    828                       864    -36     1043
  SINCE JAN 1   1003                      1016    -13     1164
..................................................................


WIND (MPH)
  HIGHEST WIND SPEED     8   HIGHEST WIND DIRECTION     W (260)
  HIGHEST GUST SPEED    10   HIGHEST GUST DIRECTION     W (270)
  AVERAGE WIND SPEED     1.2


SKY COVER
  AVERAGE SKY COVER 0.0


WEATHER CONDITIONS
 THE FOLLOWING WEATHER WAS RECORDED TODAY.
  FOG


RELATIVE HUMIDITY (PERCENT)
 HIGHEST    93
 LOWEST     42
 AVERAGE    68

..........................................................


THE CAPE GIRARDEAU MO CLIMATE NORMALS FOR TOMORROW
                         NORMAL
 MAXIMUM TEMPERATURE (F)   89
 MINIMUM TEMPERATURE (F)   66


SUNRISE AND SUNSET
AUGUST 10 2017........SUNRISE   611 AM CDT   SUNSET   756 PM CDT
AUGUST 11 2017........SUNRISE   612 AM CDT   SUNSET   755 PM CDT


-  INDICATES NEGATIVE NUMBERS.
R  INDICATES RECORD WAS SET OR TIED.
MM INDICATES DATA IS MISSING.
T  INDICATES TRACE AMOUNT.




$$
