000
CDUS43 KPAH 300636
CLICGI


CLIMATE REPORT
NATIONAL WEATHER SERVICE PADUCAH KY
132 AM CDT SUN APR 30 2017


...................................

...THE CAPE GIRARDEAU MO CLIMATE SUMMARY FOR APRIL 29 2017...

CLIMATE NORMAL PERIOD 1981 TO 2010
CLIMATE RECORD PERIOD 1960 TO 2017


WEATHER ITEM   OBSERVED TIME   RECORD YEAR NORMAL DEPARTURE LAST
                VALUE   (LST)  VALUE       VALUE  FROM      YEAR
                                                  NORMAL
..................................................................
TEMPERATURE (F)
 YESTERDAY
  MAXIMUM         83    405 PM  90    1987  73     10       62
  MINIMUM         63    536 AM  31    2008  50     13       54
  AVERAGE         73                        62     11

PRECIPITATION (IN)
  YESTERDAY       MM             5.54 1983   0.16  MM        0.12
  MONTH TO DATE    8.28                      4.19   4.09     3.86
  SINCE MAR 1     11.09                      8.59   2.50     9.32
  SINCE JAN 1     14.11                     15.47  -1.36    14.10

DEGREE DAYS
 HEATING
  YESTERDAY        0                         5     -5        7
  MONTH TO DATE  144                       259   -115      191
  SINCE MAR 1    626                       818   -192      579
  SINCE JUL 1   3361                      4315   -954     3471

 COOLING
  YESTERDAY        8                         2      6        0
  MONTH TO DATE   39                        24     15       16
  SINCE MAR 1     42                        28     14       16
  SINCE JAN 1     42                        28     14       16
..................................................................


WIND (MPH)
  HIGHEST WIND SPEED    31   HIGHEST WIND DIRECTION    NW (300)
  HIGHEST GUST SPEED    39   HIGHEST GUST DIRECTION     W (290)
  AVERAGE WIND SPEED     9.9


SKY COVER
  AVERAGE SKY COVER 0.7


WEATHER CONDITIONS
 THE FOLLOWING WEATHER WAS RECORDED YESTERDAY.
  THUNDERSTORM
  HEAVY RAIN
  RAIN
  LIGHT RAIN
  FOG


RELATIVE HUMIDITY (PERCENT)
 HIGHEST    93
 LOWEST     62
 AVERAGE    78

..........................................................


THE CAPE GIRARDEAU MO CLIMATE NORMALS FOR TODAY
                         NORMAL    RECORD    YEAR
 MAXIMUM TEMPERATURE (F)   73        88      2007
 MINIMUM TEMPERATURE (F)   51        36      1964


SUNRISE AND SUNSET
APRIL 30 2017.........SUNRISE   604 AM CDT   SUNSET   747 PM CDT
MAY  1 2017...........SUNRISE   603 AM CDT   SUNSET   748 PM CDT


-  INDICATES NEGATIVE NUMBERS.
R  INDICATES RECORD WAS SET OR TIED.
MM INDICATES DATA IS MISSING.
T  INDICATES TRACE AMOUNT.




$$
