000
CDUS43 KPAH 040652
CLICGI


CLIMATE REPORT
NATIONAL WEATHER SERVICE PADUCAH KY
1244 AM CST SAT MAR 4 2017


...................................

...THE CAPE GIRARDEAU MO CLIMATE SUMMARY FOR MARCH 3 2017...

CLIMATE NORMAL PERIOD 1981 TO 2010
CLIMATE RECORD PERIOD 1960 TO 2017


WEATHER ITEM   OBSERVED TIME   RECORD YEAR NORMAL DEPARTURE LAST
                VALUE   (LST)  VALUE       VALUE  FROM      YEAR
                                                  NORMAL
..................................................................
TEMPERATURE (F)
 YESTERDAY
  MAXIMUM         48    345 PM  78    1976  53     -5       46
  MINIMUM         29    421 AM   9    2014  33     -4       42
  AVERAGE         39                        43     -4

PRECIPITATION (IN)
  YESTERDAY        0.00          1.66 2008   0.11  -0.11     0.15
  MONTH TO DATE    0.06                      0.34  -0.28     0.46
  SINCE MAR 1      0.06                      0.34  -0.28     0.46
  SINCE JAN 1      3.08                      7.22  -4.14     5.24

DEGREE DAYS
 HEATING
  YESTERDAY       26                        22      4       21
  MONTH TO DATE   60                        67     -7       71
  SINCE MAR 1     60                        67     -7       71
  SINCE JUL 1   2795                      3564   -769     2963

 COOLING
  YESTERDAY        0                         0      0        0
  MONTH TO DATE    0                         0      0        0
  SINCE MAR 1      0                         0      0        0
  SINCE JAN 1      0                         0      0        0
..................................................................


WIND (MPH)
  HIGHEST WIND SPEED    13   HIGHEST WIND DIRECTION     N (360)
  HIGHEST GUST SPEED    17   HIGHEST GUST DIRECTION    NE (30)
  AVERAGE WIND SPEED     5.9


SKY COVER
  AVERAGE SKY COVER 0.0


WEATHER CONDITIONS
 THE FOLLOWING WEATHER WAS RECORDED YESTERDAY.
  NO SIGNIFICANT WEATHER WAS OBSERVED.


RELATIVE HUMIDITY (PERCENT)
 HIGHEST    78
 LOWEST     23
 AVERAGE    51

..........................................................


THE CAPE GIRARDEAU MO CLIMATE NORMALS FOR TODAY
                         NORMAL    RECORD    YEAR
 MAXIMUM TEMPERATURE (F)   54        77      1983
 MINIMUM TEMPERATURE (F)   33         6      1978


SUNRISE AND SUNSET
MARCH  4 2017.........SUNRISE   625 AM CST   SUNSET   556 PM CST
MARCH  5 2017.........SUNRISE   623 AM CST   SUNSET   556 PM CST


-  INDICATES NEGATIVE NUMBERS.
R  INDICATES RECORD WAS SET OR TIED.
MM INDICATES DATA IS MISSING.
T  INDICATES TRACE AMOUNT.




$$
