192
CDUS43 KPAH 090637
CLICGI


CLIMATE REPORT
NATIONAL WEATHER SERVICE PADUCAH KY
1234 AM CST THU FEB 9 2017


...................................

...THE CAPE GIRARDEAU MO CLIMATE SUMMARY FOR FEBRUARY 8 2017...

CLIMATE NORMAL PERIOD 1981 TO 2010
CLIMATE RECORD PERIOD 1960 TO 2017


WEATHER ITEM   OBSERVED TIME   RECORD YEAR NORMAL DEPARTURE LAST
                VALUE   (LST)  VALUE       VALUE  FROM      YEAR
                                                  NORMAL
..................................................................
TEMPERATURE (F)
 YESTERDAY
  MAXIMUM         49   1200 AM  66    1990  46      3       40
  MINIMUM         29   1159 PM  -4    2003  26      3       28
  AVERAGE         39                        36      3

PRECIPITATION (IN)
  YESTERDAY        0.00          0.40 1982   0.13  -0.13      T
  MONTH TO DATE    0.53                      0.99  -0.46     0.03
  SINCE DEC 1      5.83                      8.71  -2.88     4.08
  SINCE JAN 1      2.49                      4.46  -1.97     1.69

DEGREE DAYS
 HEATING
  YESTERDAY       26                        29     -3       31
  MONTH TO DATE  193                       238    -45      180
  SINCE DEC 1   1844                      2125   -281     1695
  SINCE JUL 1   2421                      2976   -555     2345

 COOLING
  YESTERDAY        0                         0      0        0
  MONTH TO DATE    0                         0      0        0
  SINCE DEC 1      0                         0      0        2
  SINCE JAN 1      0                         0      0        0
..................................................................


WIND (MPH)
  HIGHEST WIND SPEED    28   HIGHEST WIND DIRECTION     N (350)
  HIGHEST GUST SPEED    36   HIGHEST GUST DIRECTION     N (340)
  AVERAGE WIND SPEED    15.4


SKY COVER
  AVERAGE SKY COVER 0.8


WEATHER CONDITIONS
 THE FOLLOWING WEATHER WAS RECORDED YESTERDAY.
  HAZE


RELATIVE HUMIDITY (PERCENT)
 HIGHEST    86
 LOWEST     69
 AVERAGE    78

..........................................................


THE CAPE GIRARDEAU MO CLIMATE NORMALS FOR TODAY
                         NORMAL    RECORD    YEAR
 MAXIMUM TEMPERATURE (F)   46        69      2009
 MINIMUM TEMPERATURE (F)   27        -2      1979


SUNRISE AND SUNSET
FEBRUARY  9 2017......SUNRISE   653 AM CST   SUNSET   532 PM CST
FEBRUARY 10 2017......SUNRISE   652 AM CST   SUNSET   533 PM CST


-  INDICATES NEGATIVE NUMBERS.
R  INDICATES RECORD WAS SET OR TIED.
MM INDICATES DATA IS MISSING.
T  INDICATES TRACE AMOUNT.




$$
