000
CDUS43 KPAH 120631
CLICGI


CLIMATE REPORT
NATIONAL WEATHER SERVICE PADUCAH KY
129 AM CDT SUN OCT 12 2014


...................................

...THE CAPE GIRARDEAU MO CLIMATE SUMMARY FOR OCTOBER 11 2014...

CLIMATE NORMAL PERIOD 1981 TO 2010
CLIMATE RECORD PERIOD 1960 TO 2014


WEATHER ITEM   OBSERVED TIME   RECORD YEAR NORMAL DEPARTURE LAST
                VALUE   (LST)  VALUE       VALUE  FROM      YEAR
                                                  NORMAL
..................................................................
TEMPERATURE (F)
 YESTERDAY
  MAXIMUM         57    424 PM  92    1963  72    -15       80
  MINIMUM         51    225 AM  29    1964  46      5       53
  AVERAGE         54                        59     -5

PRECIPITATION (IN)
  YESTERDAY        0.05          1.95 1969   0.11  -0.06     0.00
  MONTH TO DATE    2.91                      1.27   1.64     1.80
  SINCE SEP 1      4.96                      4.55   0.41     2.24
  SINCE JAN 1     37.26                     35.60   1.66    30.47

DEGREE DAYS
 HEATING
  YESTERDAY       11                         7      4        0
  MONTH TO DATE   51                        65    -14       28
  SINCE SEP 1     97                       113    -16       38
  SINCE JUL 1     97                       114    -17       39

 COOLING
  YESTERDAY        0                         1     -1        2
  MONTH TO DATE   23                        18      5       43
  SINCE SEP 1    168                       180    -12      255
  SINCE JAN 1   1407                      1440    -33     1436
..................................................................


WIND (MPH)
  HIGHEST WIND SPEED    16   HIGHEST WIND DIRECTION    NE (30)
  HIGHEST GUST SPEED    20   HIGHEST GUST DIRECTION     N (20)
  AVERAGE WIND SPEED     7.8


SKY COVER
  AVERAGE SKY COVER 1.0


WEATHER CONDITIONS
 THE FOLLOWING WEATHER WAS RECORDED YESTERDAY.
  LIGHT RAIN
  FOG


RELATIVE HUMIDITY (PERCENT)
 HIGHEST    93
 LOWEST     77
 AVERAGE    85

..........................................................


THE CAPE GIRARDEAU MO CLIMATE NORMALS FOR TODAY
                         NORMAL    RECORD    YEAR
 MAXIMUM TEMPERATURE (F)   72        90      1989
 MINIMUM TEMPERATURE (F)   46        29      1987


SUNRISE AND SUNSET
OCTOBER 12 2014.......SUNRISE   703 AM CDT   SUNSET   626 PM CDT
OCTOBER 13 2014.......SUNRISE   704 AM CDT   SUNSET   624 PM CDT


-  INDICATES NEGATIVE NUMBERS.
R  INDICATES RECORD WAS SET OR TIED.
MM INDICATES DATA IS MISSING.
T  INDICATES TRACE AMOUNT.




$$
