000
CDUS43 KPAH 162137
CLICGI


CLIMATE REPORT
NATIONAL WEATHER SERVICE PADUCAH KY
437 PM CDT THU JUL 16 2015


...................................

...THE CAPE GIRARDEAU MO CLIMATE SUMMARY FOR JULY 16 2015...
VALID TODAY AS OF 0400 PM LOCAL TIME.

CLIMATE NORMAL PERIOD 1981 TO 2010
CLIMATE RECORD PERIOD 1960 TO 2015


WEATHER ITEM   OBSERVED TIME   RECORD YEAR NORMAL DEPARTURE LAST
                VALUE   (LST)  VALUE       VALUE  FROM      YEAR
                                                  NORMAL
..................................................................
TEMPERATURE (F)
 TODAY
  MAXIMUM         88    256 PM 104    1980  90     -2       79
  MINIMUM         69    443 AM  56    2014  68      1       56
                                      1967
  AVERAGE         79                        79      0

PRECIPITATION (IN)
  TODAY            0.00          1.17 1972   0.10  -0.10     0.00
  MONTH TO DATE    7.81                      1.75   6.06     1.83
  SINCE JUN 1     12.13                      5.32   6.81     9.33
  SINCE JAN 1     37.57                     26.42  11.15    27.72

DEGREE DAYS
 HEATING
  TODAY            0                         0      0        0
  MONTH TO DATE    0                         0      0        0
  SINCE JUN 1      5                         4      1        0
  SINCE JUL 1      0                         0      0        0

 COOLING
  TODAY           14                        14      0        3
  MONTH TO DATE  212                       221     -9      165
  SINCE JUN 1    593                       533     60      524
  SINCE JAN 1    770                       685     85      735
..................................................................


WIND (MPH)
  HIGHEST WIND SPEED    10   HIGHEST WIND DIRECTION    SE (130)
  HIGHEST GUST SPEED    15   HIGHEST GUST DIRECTION    SE (130)
  AVERAGE WIND SPEED     6.1


SKY COVER
  AVERAGE SKY COVER 0.3


WEATHER CONDITIONS
 THE FOLLOWING WEATHER WAS RECORDED TODAY.
  NO SIGNIFICANT WEATHER WAS OBSERVED.


RELATIVE HUMIDITY (PERCENT)
 HIGHEST   100
 LOWEST     61
 AVERAGE    81

..........................................................


THE CAPE GIRARDEAU MO CLIMATE NORMALS FOR TOMORROW
                         NORMAL
 MAXIMUM TEMPERATURE (F)   90
 MINIMUM TEMPERATURE (F)   68


SUNRISE AND SUNSET
JULY 16 2015..........SUNRISE   550 AM CDT   SUNSET   818 PM CDT
JULY 17 2015..........SUNRISE   551 AM CDT   SUNSET   817 PM CDT


-  INDICATES NEGATIVE NUMBERS.
R  INDICATES RECORD WAS SET OR TIED.
MM INDICATES DATA IS MISSING.
T  INDICATES TRACE AMOUNT.




$$
