000
CDUS43 KPAH 112145
CLICGI


CLIMATE REPORT
NATIONAL WEATHER SERVICE PADUCAH KY
345 PM CST FRI NOV 11 2016


...................................

...THE CAPE GIRARDEAU MO CLIMATE SUMMARY FOR NOVEMBER 11 2016...
VALID TODAY AS OF 0300 PM LOCAL TIME.

CLIMATE NORMAL PERIOD 1981 TO 2010
CLIMATE RECORD PERIOD 1960 TO 2016


WEATHER ITEM   OBSERVED TIME   RECORD YEAR NORMAL DEPARTURE LAST
                VALUE   (LST)  VALUE       VALUE  FROM      YEAR
                                                  NORMAL
..................................................................
TEMPERATURE (F)
 TODAY
  MAXIMUM         68    200 PM  77    2010  60      8       69
  MINIMUM         33    700 AM  18    1960  38     -5       44
  AVERAGE         51                        49      2

PRECIPITATION (IN)
  TODAY            0.00          1.28 2004   0.14  -0.14     0.57
  MONTH TO DATE    T                         1.48  -1.48     2.60
  SINCE SEP 1      5.69                      8.55  -2.86     5.47
  SINCE JAN 1     42.39                     39.60   2.79    49.02

DEGREE DAYS
 HEATING
  TODAY           14                        16     -2        8
  MONTH TO DATE   97                       158    -61      110
  SINCE SEP 1    228                       460   -232      326
  SINCE JUL 1    228                       461   -233      326

 COOLING
  TODAY            0                         0      0        0
  MONTH TO DATE   11                         0     11        4
  SINCE SEP 1    355                       191    164      202
  SINCE JAN 1   1798                      1451    347     1531
..................................................................


WIND (MPH)
  HIGHEST WIND SPEED    20   HIGHEST WIND DIRECTION    NE (30)
  HIGHEST GUST SPEED    MM   HIGHEST GUST DIRECTION    MM
  AVERAGE WIND SPEED     5.7


SKY COVER
  AVERAGE SKY COVER 0.0


WEATHER CONDITIONS
 THE FOLLOWING WEATHER WAS RECORDED TODAY.
  HAZE


RELATIVE HUMIDITY (PERCENT)
 HIGHEST    92
 LOWEST     37
 AVERAGE    65

..........................................................


THE CAPE GIRARDEAU MO CLIMATE NORMALS FOR TOMORROW
                         NORMAL
 MAXIMUM TEMPERATURE (F)   59
 MINIMUM TEMPERATURE (F)   38


SUNRISE AND SUNSET
NOVEMBER 11 2016......SUNRISE   634 AM CST   SUNSET   451 PM CST
NOVEMBER 12 2016......SUNRISE   635 AM CST   SUNSET   450 PM CST


-  INDICATES NEGATIVE NUMBERS.
R  INDICATES RECORD WAS SET OR TIED.
MM INDICATES DATA IS MISSING.
T  INDICATES TRACE AMOUNT.




$$
