000
CDUS43 KPAH 032130
CLICGI


CLIMATE REPORT
NATIONAL WEATHER SERVICE PADUCAH KY
428 PM CDT MON APR 3 2017

...................................

...THE CAPE GIRARDEAU MO CLIMATE SUMMARY FOR APRIL 3 2017...
VALID TODAY AS OF 0400 PM LOCAL TIME.

CLIMATE NORMAL PERIOD 1981 TO 2010
CLIMATE RECORD PERIOD 1960 TO 2017

WEATHER ITEM   OBSERVED TIME   RECORD YEAR NORMAL DEPARTURE LAST
                VALUE   (LST)  VALUE       VALUE  FROM      YEAR
                                                  NORMAL
..................................................................
TEMPERATURE (F)
 TODAY
  MAXIMUM         70    120 PM  84    1986  65      5       66
  MINIMUM         56    622 AM  25    1987  41     15       33
  AVERAGE         63                        53     10

PRECIPITATION (IN)
  TODAY            0.57          3.65 2008   0.13   0.44     0.00
  MONTH TO DATE    0.60                      0.42   0.18     0.00
  SINCE MAR 1      3.41                      4.82  -1.41     5.46
  SINCE JAN 1      6.43                     11.70  -5.27    10.24

DEGREE DAYS
 HEATING
  TODAY            2                        13    -11       15
  MONTH TO DATE   21                        39    -18       40
  SINCE MAR 1    503                       598    -95      428
  SINCE JUL 1   3238                      4095   -857     3320

 COOLING
  TODAY            0                         0      0        0
  MONTH TO DATE    0                         0      0        0
  SINCE MAR 1      3                         4     -1        0
  SINCE JAN 1      3                         4     -1        0
..................................................................

WIND (MPH)
  HIGHEST WIND SPEED    22   HIGHEST WIND DIRECTION     W (260)
  HIGHEST GUST SPEED    29   HIGHEST GUST DIRECTION    SW (210)
  AVERAGE WIND SPEED     6.9

SKY COVER
  AVERAGE SKY COVER 0.7

WEATHER CONDITIONS
 THE FOLLOWING WEATHER WAS RECORDED TODAY.
  THUNDERSTORM
  HEAVY RAIN
  LIGHT RAIN
  FOG

RELATIVE HUMIDITY (PERCENT)
 HIGHEST    93
 LOWEST     70
 AVERAGE    82
..........................................................

THE CAPE GIRARDEAU MO CLIMATE NORMALS FOR TOMORROW
                         NORMAL
 MAXIMUM TEMPERATURE (F)   65
 MINIMUM TEMPERATURE (F)   41

SUNRISE AND SUNSET
APRIL  3 2017.........SUNRISE   641 AM CDT   SUNSET   723 PM CDT
APRIL  4 2017.........SUNRISE   639 AM CDT   SUNSET   724 PM CDT

-  INDICATES NEGATIVE NUMBERS.
R  INDICATES RECORD WAS SET OR TIED.
MM INDICATES DATA IS MISSING.
T  INDICATES TRACE AMOUNT.

$$
