781
CDUS43 KPAH 180637
CLICGI


CLIMATE REPORT
NATIONAL WEATHER SERVICE PADUCAH KY
134 AM CDT MON APR 18 2016


...................................

...THE CAPE GIRARDEAU MO CLIMATE SUMMARY FOR APRIL 17 2016...

CLIMATE NORMAL PERIOD 1981 TO 2010
CLIMATE RECORD PERIOD 1960 TO 2016


WEATHER ITEM   OBSERVED TIME   RECORD YEAR NORMAL DEPARTURE LAST
                VALUE   (LST)  VALUE       VALUE  FROM      YEAR
                                                  NORMAL
..................................................................
TEMPERATURE (F)
 YESTERDAY
  MAXIMUM         80    329 PM  86    1977  69     11       75
  MINIMUM         50    447 AM  33    1993  46      4       54
  AVERAGE         65                        58      7

PRECIPITATION (IN)
  YESTERDAY        0.00          0.88 1968   0.14  -0.14     0.00
  MONTH TO DATE    0.49                      2.31  -1.82     2.53
  SINCE MAR 1      5.95                      6.71  -0.76    11.32
  SINCE JAN 1     10.73                     13.59  -2.86    17.84

DEGREE DAYS
 HEATING
  YESTERDAY        0                         8     -8        0
  MONTH TO DATE  176                       182     -6       77
  SINCE MAR 1    564                       741   -177      683
  SINCE JUL 1   3456                      4238   -782     4461

 COOLING
  YESTERDAY        0                         1     -1        0
  MONTH TO DATE    0                        11    -11       23
  SINCE MAR 1      0                        15    -15       23
  SINCE JAN 1      0                        15    -15       23
..................................................................


WIND (MPH)
  HIGHEST WIND SPEED    14   HIGHEST WIND DIRECTION    SE (120)
  HIGHEST GUST SPEED    19   HIGHEST GUST DIRECTION    SE (140)
  AVERAGE WIND SPEED     4.4


SKY COVER
  AVERAGE SKY COVER 0.0


WEATHER CONDITIONS
 THE FOLLOWING WEATHER WAS RECORDED YESTERDAY.
  NO SIGNIFICANT WEATHER WAS OBSERVED.


RELATIVE HUMIDITY (PERCENT)
 HIGHEST    96
 LOWEST     32
 AVERAGE    64

..........................................................


THE CAPE GIRARDEAU MO CLIMATE NORMALS FOR TODAY
                         NORMAL    RECORD    YEAR
 MAXIMUM TEMPERATURE (F)   70        86      2006
 MINIMUM TEMPERATURE (F)   46        27      2001


SUNRISE AND SUNSET
APRIL 18 2016.........SUNRISE   619 AM CDT   SUNSET   737 PM CDT
APRIL 19 2016.........SUNRISE   618 AM CDT   SUNSET   737 PM CDT


-  INDICATES NEGATIVE NUMBERS.
R  INDICATES RECORD WAS SET OR TIED.
MM INDICATES DATA IS MISSING.
T  INDICATES TRACE AMOUNT.




$$
