000
CDUS43 KPAH 290627
CLICGI


CLIMATE REPORT
NATIONAL WEATHER SERVICE PADUCAH KY
127 AM CDT FRI SEP 29 2017


...................................

...THE CAPE GIRARDEAU MO CLIMATE SUMMARY FOR SEPTEMBER 28 2017...

CLIMATE NORMAL PERIOD 1981 TO 2010
CLIMATE RECORD PERIOD 1960 TO 2017


WEATHER ITEM   OBSERVED TIME   RECORD YEAR NORMAL DEPARTURE LAST
                VALUE   (LST)  VALUE       VALUE  FROM      YEAR
                                                  NORMAL
..................................................................
TEMPERATURE (F)
 YESTERDAY
  MAXIMUM         79    317 PM  92    1999  77      2       74
  MINIMUM         51   1159 PM  40    2003  51      0       48
  AVERAGE         65                        64      1

PRECIPITATION (IN)
  YESTERDAY        0.00          2.81 1974   0.11  -0.11     0.00
  MONTH TO DATE    0.73                      3.07  -2.34     5.01
  SINCE SEP 1      0.73                      3.07  -2.34     5.01
  SINCE JAN 1     26.48                     34.12  -7.64    41.71

DEGREE DAYS
 HEATING
  YESTERDAY        0                         4     -4        4
  MONTH TO DATE   14                        37    -23       10
  SINCE SEP 1     14                        37    -23       10
  SINCE JUL 1     14                        38    -24       10

 COOLING
  YESTERDAY        0                         3     -3        0
  MONTH TO DATE  191                       158     33      257
  SINCE SEP 1    191                       158     33      257
  SINCE JAN 1   1393                      1418    -25     1700
..................................................................


WIND (MPH)
  HIGHEST WIND SPEED    17   HIGHEST WIND DIRECTION    NE (30)
  HIGHEST GUST SPEED    24   HIGHEST GUST DIRECTION     N (350)
  AVERAGE WIND SPEED     7.7


SKY COVER
  AVERAGE SKY COVER 0.0


WEATHER CONDITIONS
 THE FOLLOWING WEATHER WAS RECORDED YESTERDAY.
  NO SIGNIFICANT WEATHER WAS OBSERVED.


RELATIVE HUMIDITY (PERCENT)
 HIGHEST    83
 LOWEST     36
 AVERAGE    60

..........................................................


THE CAPE GIRARDEAU MO CLIMATE NORMALS FOR TODAY
                         NORMAL    RECORD    YEAR
 MAXIMUM TEMPERATURE (F)   76        95      1998
 MINIMUM TEMPERATURE (F)   51        35      2003


SUNRISE AND SUNSET
SEPTEMBER 29 2017.....SUNRISE   652 AM CDT   SUNSET   644 PM CDT
SEPTEMBER 30 2017.....SUNRISE   653 AM CDT   SUNSET   643 PM CDT


-  INDICATES NEGATIVE NUMBERS.
R  INDICATES RECORD WAS SET OR TIED.
MM INDICATES DATA IS MISSING.
T  INDICATES TRACE AMOUNT.




$$
