000
CDUS43 KPAH 160629
CLICGI


CLIMATE REPORT
NATIONAL WEATHER SERVICE PADUCAH KY
128 AM CDT SAT MAY 16 2015


...................................

...THE CAPE GIRARDEAU MO CLIMATE SUMMARY FOR MAY 15 2015...

CLIMATE NORMAL PERIOD 1981 TO 2010
CLIMATE RECORD PERIOD 1960 TO 2015


WEATHER ITEM   OBSERVED TIME   RECORD YEAR NORMAL DEPARTURE LAST
                VALUE   (LST)  VALUE       VALUE  FROM      YEAR
                                                  NORMAL
..................................................................
TEMPERATURE (F)
 YESTERDAY
  MAXIMUM         84   1253 PM  90    1962  78      6       65
  MINIMUM         61    531 AM  43    1973  55      6       47
  AVERAGE         73                        66      7

PRECIPITATION (IN)
  YESTERDAY        0.07          6.64 1986   0.18  -0.11     0.15
  MONTH TO DATE    3.17                      2.91   0.26     4.29
  SINCE MAR 1     16.13                     11.67   4.46    14.61
  SINCE JAN 1     22.65                     18.55   4.10    17.75

DEGREE DAYS
 HEATING
  YESTERDAY        0                         2     -2        9
  MONTH TO DATE   25                        47    -22       50
  SINCE MAR 1    802                       868    -66      988
  SINCE JUL 1   4580                      4365    215     4913

 COOLING
  YESTERDAY        8                         4      4        0
  MONTH TO DATE   64                        38     26       73
  SINCE MAR 1     92                        69     23       84
  SINCE JAN 1     92                        69     23       84
..................................................................


WIND (MPH)
  HIGHEST WIND SPEED    23   HIGHEST WIND DIRECTION    NW (310)
  HIGHEST GUST SPEED    29   HIGHEST GUST DIRECTION    NW (300)
  AVERAGE WIND SPEED     5.8


SKY COVER
  AVERAGE SKY COVER 0.1


WEATHER CONDITIONS
 THE FOLLOWING WEATHER WAS RECORDED YESTERDAY.
  LIGHT RAIN
  FOG


RELATIVE HUMIDITY (PERCENT)
 HIGHEST    93
 LOWEST     61
 AVERAGE    77

..........................................................


THE CAPE GIRARDEAU MO CLIMATE NORMALS FOR TODAY
                         NORMAL    RECORD    YEAR
 MAXIMUM TEMPERATURE (F)   78        95      1962
 MINIMUM TEMPERATURE (F)   56        42      2014


SUNRISE AND SUNSET
MAY 16 2015...........SUNRISE   549 AM CDT   SUNSET   801 PM CDT
MAY 17 2015...........SUNRISE   548 AM CDT   SUNSET   802 PM CDT


-  INDICATES NEGATIVE NUMBERS.
R  INDICATES RECORD WAS SET OR TIED.
MM INDICATES DATA IS MISSING.
T  INDICATES TRACE AMOUNT.




$$
