000
CDUS43 KPAH 040632
CLICGI


CLIMATE REPORT
NATIONAL WEATHER SERVICE PADUCAH KY
130 AM CDT SUN JUN 4 2017


...................................

...THE CAPE GIRARDEAU MO CLIMATE SUMMARY FOR JUNE 3 2017...

CLIMATE NORMAL PERIOD 1981 TO 2010
CLIMATE RECORD PERIOD 1960 TO 2017


WEATHER ITEM   OBSERVED TIME   RECORD YEAR NORMAL DEPARTURE LAST
                VALUE   (LST)  VALUE       VALUE  FROM      YEAR
                                                  NORMAL
..................................................................
TEMPERATURE (F)
 YESTERDAY
  MAXIMUM         88    224 PM  95    2011  83      5       78
  MINIMUM         65    455 AM  47    1969  61      4       67
  AVERAGE         77                        72      5

PRECIPITATION (IN)
  YESTERDAY        0.00          0.74 1992   0.13  -0.13     0.01
  MONTH TO DATE    0.00                      0.39  -0.39     0.56
  SINCE JUN 1      0.00                      0.39  -0.39     0.56
  SINCE JAN 1     19.22                     21.49  -2.27    23.84

DEGREE DAYS
 HEATING
  YESTERDAY        0                         0      0        0
  MONTH TO DATE    0                         1     -1        0
  SINCE JUN 1      0                         1     -1        0
  SINCE JUL 1   3430                      4387   -957     3571

 COOLING
  YESTERDAY       12                         7      5        8
  MONTH TO DATE   32                        21     11       30
  SINCE JUN 1     32                        21     11       30
  SINCE JAN 1    207                       173     34      151
..................................................................


WIND (MPH)
  HIGHEST WIND SPEED    21   HIGHEST WIND DIRECTION    SE (130)
  HIGHEST GUST SPEED    27   HIGHEST GUST DIRECTION    SE (130)
  AVERAGE WIND SPEED     5.1


SKY COVER
  AVERAGE SKY COVER 0.3


WEATHER CONDITIONS
 THE FOLLOWING WEATHER WAS RECORDED YESTERDAY.
  FOG


RELATIVE HUMIDITY (PERCENT)
 HIGHEST   100
 LOWEST     45
 AVERAGE    73

..........................................................


THE CAPE GIRARDEAU MO CLIMATE NORMALS FOR TODAY
                         NORMAL    RECORD    YEAR
 MAXIMUM TEMPERATURE (F)   84        97      2011
 MINIMUM TEMPERATURE (F)   61        47      1964


SUNRISE AND SUNSET
JUNE  4 2017..........SUNRISE   539 AM CDT   SUNSET   815 PM CDT
JUNE  5 2017..........SUNRISE   538 AM CDT   SUNSET   816 PM CDT


-  INDICATES NEGATIVE NUMBERS.
R  INDICATES RECORD WAS SET OR TIED.
MM INDICATES DATA IS MISSING.
T  INDICATES TRACE AMOUNT.




$$
