000
CDUS43 KPAH 130629
CLICGI


CLIMATE REPORT
NATIONAL WEATHER SERVICE PADUCAH KY
1227 AM CST TUE JAN 13 2015

...................................

...THE CAPE GIRARDEAU MO CLIMATE SUMMARY FOR JANUARY 12 2015...

CLIMATE NORMAL PERIOD 1981 TO 2010
CLIMATE RECORD PERIOD 1960 TO 2015

WEATHER ITEM   OBSERVED TIME   RECORD YEAR NORMAL DEPARTURE LAST
                VALUE   (LST)  VALUE       VALUE  FROM      YEAR
                                                  NORMAL
..................................................................
TEMPERATURE (F)
 YESTERDAY
  MAXIMUM         37   1210 PM  68    2005  42     -5       53
  MINIMUM         25   1159 PM  -7    1977  24      1       25
  AVERAGE         31                        33     -2

PRECIPITATION (IN)
  YESTERDAY        0.28          1.98 2013   0.11   0.17     0.00
  MONTH TO DATE    4.20                      1.37   2.83     1.99
  SINCE DEC 1      7.01                      5.62   1.39     7.55
  SINCE JAN 1      4.20                      1.37   2.83     1.99

DEGREE DAYS
 HEATING
  YESTERDAY       34                        32      2       26
  MONTH TO DATE  441                       384     57      444
  SINCE DEC 1   1182                      1284   -102     1405
  SINCE JUL 1   2178                      2135     43     2311

 COOLING
  YESTERDAY        0                         0      0        0
  MONTH TO DATE    0                         0      0        0
  SINCE DEC 1      0                         0      0        0
  SINCE JAN 1      0                         0      0        0
..................................................................

WIND (MPH)
  HIGHEST WIND SPEED    26   HIGHEST WIND DIRECTION     N (10)
  HIGHEST GUST SPEED    31   HIGHEST GUST DIRECTION     N (10)
  AVERAGE WIND SPEED    13.2

SKY COVER
  AVERAGE SKY COVER 0.8

WEATHER CONDITIONS
 THE FOLLOWING WEATHER WAS RECORDED YESTERDAY.
  RAIN
  LIGHT RAIN
  FOG

RELATIVE HUMIDITY (PERCENT)
 HIGHEST   100
 LOWEST     69
 AVERAGE    85
..........................................................

THE CAPE GIRARDEAU MO CLIMATE NORMALS FOR TODAY
                         NORMAL    RECORD    YEAR
 MAXIMUM TEMPERATURE (F)   42        67      1995
 MINIMUM TEMPERATURE (F)   24        -3      1977

SUNRISE AND SUNSET
JANUARY 13 2015.......SUNRISE   712 AM CST   SUNSET   502 PM CST
JANUARY 14 2015.......SUNRISE   712 AM CST   SUNSET   503 PM CST

-  INDICATES NEGATIVE NUMBERS.
R  INDICATES RECORD WAS SET OR TIED.
MM INDICATES DATA IS MISSING.
T  INDICATES TRACE AMOUNT.

$$
