000
CDUS43 KPAH 180646
CLICGI


CLIMATE REPORT
NATIONAL WEATHER SERVICE PADUCAH KY
130 AM CDT FRI JUL 18 2014


...................................

...THE CAPE GIRARDEAU MO CLIMATE SUMMARY FOR JULY 17 2014...

CLIMATE NORMAL PERIOD 1981 TO 2010
CLIMATE RECORD PERIOD 1960 TO 2014


WEATHER ITEM   OBSERVED TIME   RECORD YEAR NORMAL DEPARTURE LAST
                VALUE   (LST)  VALUE       VALUE  FROM      YEAR
                                                  NORMAL
..................................................................
TEMPERATURE (F)
 YESTERDAY
  MAXIMUM         79    319 PM  99    1988  90    -11       95
  MINIMUM         56R   401 AM  56    1960  68    -12       70
  AVERAGE         68                        79    -11

PRECIPITATION (IN)
  YESTERDAY        0.00          1.39 1963   0.11  -0.11     0.00
  MONTH TO DATE    1.83                      1.86  -0.03     0.14
  SINCE JUN 1      9.33                      5.43   3.90     7.90
  SINCE JAN 1     27.72                     26.53   1.19    24.07

DEGREE DAYS
 HEATING
  YESTERDAY        0                         0      0        0
  MONTH TO DATE    0                         0      0        0
  SINCE JUN 1      0                         4     -4        0
  SINCE JUL 1      0                         0      0        0

 COOLING
  YESTERDAY        3                        14    -11       18
  MONTH TO DATE  168                       235    -67      192
  SINCE JUN 1    527                       547    -20      525
  SINCE JAN 1    738                       699     39      696
..................................................................


WIND (MPH)
  HIGHEST WIND SPEED     8   HIGHEST WIND DIRECTION     E (90)
  HIGHEST GUST SPEED    11   HIGHEST GUST DIRECTION     E (90)
  AVERAGE WIND SPEED     2.4


SKY COVER
  AVERAGE SKY COVER 0.1


WEATHER CONDITIONS
 THE FOLLOWING WEATHER WAS RECORDED YESTERDAY.
  FOG
  FOG W/VISIBILITY <= 1/4 MILE
  HAZE


RELATIVE HUMIDITY (PERCENT)
 HIGHEST   100
 LOWEST     45
 AVERAGE    73

..........................................................


THE CAPE GIRARDEAU MO CLIMATE NORMALS FOR TODAY
                         NORMAL    RECORD    YEAR
 MAXIMUM TEMPERATURE (F)   90        99      1986
 MINIMUM TEMPERATURE (F)   68        56      2009


SUNRISE AND SUNSET
JULY 18 2014..........SUNRISE   552 AM CDT   SUNSET   817 PM CDT
JULY 19 2014..........SUNRISE   553 AM CDT   SUNSET   816 PM CDT


-  INDICATES NEGATIVE NUMBERS.
R  INDICATES RECORD WAS SET OR TIED.
MM INDICATES DATA IS MISSING.
T  INDICATES TRACE AMOUNT.




$$
