000
CDUS43 KPAH 190635
CLICGI


CLIMATE REPORT
NATIONAL WEATHER SERVICE PADUCAH KY
1232 AM CST MON JAN 19 2015


...................................

...THE CAPE GIRARDEAU MO CLIMATE SUMMARY FOR JANUARY 18 2015...

CLIMATE NORMAL PERIOD 1981 TO 2010
CLIMATE RECORD PERIOD 1960 TO 2015


WEATHER ITEM   OBSERVED TIME   RECORD YEAR NORMAL DEPARTURE LAST
                VALUE   (LST)  VALUE       VALUE  FROM      YEAR
                                                  NORMAL
..................................................................
TEMPERATURE (F)
 YESTERDAY
  MAXIMUM         57    227 PM  66    1996  42     15       44
  MINIMUM         32   1258 AM -10    1994  24      8       14
  AVERAGE         45                        33     12

PRECIPITATION (IN)
  YESTERDAY        0.00          1.67 1973   0.11  -0.11      T
  MONTH TO DATE    4.21                      2.00   2.21     1.99
  SINCE DEC 1      7.02                      6.25   0.77     7.55
  SINCE JAN 1      4.21                      2.00   2.21     1.99

DEGREE DAYS
 HEATING
  YESTERDAY       20                        32    -12       36
  MONTH TO DATE  626                       576     50      627
  SINCE DEC 1   1367                      1476   -109     1588
  SINCE JUL 1   2363                      2327     36     2494

 COOLING
  YESTERDAY        0                         0      0        0
  MONTH TO DATE    0                         0      0        0
  SINCE DEC 1      0                         0      0        0
  SINCE JAN 1      0                         0      0        0
..................................................................


WIND (MPH)
  HIGHEST WIND SPEED    18   HIGHEST WIND DIRECTION    SW (240)
  HIGHEST GUST SPEED    25   HIGHEST GUST DIRECTION    SW (240)
  AVERAGE WIND SPEED     9.0


SKY COVER
  AVERAGE SKY COVER 0.0


WEATHER CONDITIONS
 THE FOLLOWING WEATHER WAS RECORDED YESTERDAY.
  NO SIGNIFICANT WEATHER WAS OBSERVED.


RELATIVE HUMIDITY (PERCENT)
 HIGHEST    92
 LOWEST     46
 AVERAGE    69

..........................................................


THE CAPE GIRARDEAU MO CLIMATE NORMALS FOR TODAY
                         NORMAL    RECORD    YEAR
 MAXIMUM TEMPERATURE (F)   42        62      1964
 MINIMUM TEMPERATURE (F)   24       -11      1994


SUNRISE AND SUNSET
JANUARY 19 2015.......SUNRISE   710 AM CST   SUNSET   509 PM CST
JANUARY 20 2015.......SUNRISE   709 AM CST   SUNSET   510 PM CST


-  INDICATES NEGATIVE NUMBERS.
R  INDICATES RECORD WAS SET OR TIED.
MM INDICATES DATA IS MISSING.
T  INDICATES TRACE AMOUNT.




$$
