000
CDUS43 KPAH 140629
CLICGI


CLIMATE REPORT
NATIONAL WEATHER SERVICE PADUCAH KY
128 AM CDT THU MAY 14 2015


...................................

...THE CAPE GIRARDEAU MO CLIMATE SUMMARY FOR MAY 13 2015...

CLIMATE NORMAL PERIOD 1981 TO 2010
CLIMATE RECORD PERIOD 1960 TO 2015


WEATHER ITEM   OBSERVED TIME   RECORD YEAR NORMAL DEPARTURE LAST
                VALUE   (LST)  VALUE       VALUE  FROM      YEAR
                                                  NORMAL
..................................................................
TEMPERATURE (F)
 YESTERDAY
  MAXIMUM         76    212 PM  91    1962  77     -1       74
  MINIMUM         47    522 AM  38    2013  55     -8       55
  AVERAGE         62                        66     -4

PRECIPITATION (IN)
  YESTERDAY        0.00          1.90 1981   0.20  -0.20     1.08
  MONTH TO DATE    3.09                      2.54   0.55     2.86
  SINCE MAR 1     16.05                     11.30   4.75    13.18
  SINCE JAN 1     22.57                     18.18   4.39    16.32

DEGREE DAYS
 HEATING
  YESTERDAY        3                         2      1        0
  MONTH TO DATE   25                        43    -18       28
  SINCE MAR 1    802                       864    -62      966
  SINCE JUL 1   4580                      4361    219     4891

 COOLING
  YESTERDAY        0                         3     -3        0
  MONTH TO DATE   54                        31     23       73
  SINCE MAR 1     82                        62     20       84
  SINCE JAN 1     82                        62     20       84
..................................................................


WIND (MPH)
  HIGHEST WIND SPEED    13   HIGHEST WIND DIRECTION    NE (40)
  HIGHEST GUST SPEED    20   HIGHEST GUST DIRECTION    NE (60)
  AVERAGE WIND SPEED     6.3


SKY COVER
  AVERAGE SKY COVER 0.0


WEATHER CONDITIONS
 THE FOLLOWING WEATHER WAS RECORDED YESTERDAY.
  FOG


RELATIVE HUMIDITY (PERCENT)
 HIGHEST   100
 LOWEST     38
 AVERAGE    69

..........................................................


THE CAPE GIRARDEAU MO CLIMATE NORMALS FOR TODAY
                         NORMAL    RECORD    YEAR
 MAXIMUM TEMPERATURE (F)   77        93      1962
 MINIMUM TEMPERATURE (F)   55        40      2000


SUNRISE AND SUNSET
MAY 14 2015...........SUNRISE   551 AM CDT   SUNSET   759 PM CDT
MAY 15 2015...........SUNRISE   550 AM CDT   SUNSET   800 PM CDT


-  INDICATES NEGATIVE NUMBERS.
R  INDICATES RECORD WAS SET OR TIED.
MM INDICATES DATA IS MISSING.
T  INDICATES TRACE AMOUNT.




$$
