218
CDUS43 KPAH 130703
CLICGI


CLIMATE REPORT
NATIONAL WEATHER SERVICE PADUCAH KY
149 AM CDT THU APR 13 2017


...................................

...THE CAPE GIRARDEAU MO CLIMATE SUMMARY FOR APRIL 12 2017...

CLIMATE NORMAL PERIOD 1981 TO 2010
CLIMATE RECORD PERIOD 1960 TO 2017


WEATHER ITEM   OBSERVED TIME   RECORD YEAR NORMAL DEPARTURE LAST
                VALUE   (LST)  VALUE       VALUE  FROM      YEAR
                                                  NORMAL
..................................................................
TEMPERATURE (F)
 YESTERDAY
  MAXIMUM         74    419 PM  85    1977  68      6       61
  MINIMUM         38    553 AM  29    2012  44     -6       35
  AVERAGE         56                        56      0

PRECIPITATION (IN)
  YESTERDAY        0.00          1.56 1966   0.14  -0.14     0.00
  MONTH TO DATE    1.23                      1.63  -0.40     0.49
  SINCE MAR 1      4.04                      6.03  -1.99     5.95
  SINCE JAN 1      7.06                     12.91  -5.85    10.73

DEGREE DAYS
 HEATING
  YESTERDAY        9                        10     -1       17
  MONTH TO DATE   92                       138    -46      157
  SINCE MAR 1    574                       697   -123      545
  SINCE JUL 1   3309                      4194   -885     3437

 COOLING
  YESTERDAY        0                         1     -1        0
  MONTH TO DATE    6                         6      0        0
  SINCE MAR 1      9                        10     -1        0
  SINCE JAN 1      9                        10     -1        0
..................................................................


WIND (MPH)
  HIGHEST WIND SPEED    10   HIGHEST WIND DIRECTION    SE (130)
  HIGHEST GUST SPEED    13   HIGHEST GUST DIRECTION    SE (140)
  AVERAGE WIND SPEED     2.6


SKY COVER
  AVERAGE SKY COVER 0.0


WEATHER CONDITIONS
 THE FOLLOWING WEATHER WAS RECORDED YESTERDAY.
  FOG
  FOG W/VISIBILITY <= 1/4 MILE


RELATIVE HUMIDITY (PERCENT)
 HIGHEST   100
 LOWEST     27
 AVERAGE    64

..........................................................


THE CAPE GIRARDEAU MO CLIMATE NORMALS FOR TODAY
                         NORMAL    RECORD    YEAR
 MAXIMUM TEMPERATURE (F)   68        86      1977
 MINIMUM TEMPERATURE (F)   45        33      2013
                                             1973


SUNRISE AND SUNSET
APRIL 13 2017.........SUNRISE   626 AM CDT   SUNSET   732 PM CDT
APRIL 14 2017.........SUNRISE   625 AM CDT   SUNSET   733 PM CDT


-  INDICATES NEGATIVE NUMBERS.
R  INDICATES RECORD WAS SET OR TIED.
MM INDICATES DATA IS MISSING.
T  INDICATES TRACE AMOUNT.




$$
