000
CDUS43 KPAH 150629
CLICGI


CLIMATE REPORT
NATIONAL WEATHER SERVICE PADUCAH KY
128 AM CDT FRI AUG 15 2014

...................................

...THE CAPE GIRARDEAU MO CLIMATE SUMMARY FOR AUGUST 14 2014...

CLIMATE NORMAL PERIOD 1981 TO 2010
CLIMATE RECORD PERIOD 1960 TO 2014

WEATHER ITEM   OBSERVED TIME   RECORD YEAR NORMAL DEPARTURE LAST
                VALUE   (LST)  VALUE       VALUE  FROM      YEAR
                                                  NORMAL
..................................................................
TEMPERATURE (F)
 YESTERDAY
  MAXIMUM         83    417 PM  98    1988  89     -6       76
  MINIMUM         56    545 AM  46    2004  66    -10       55
  AVERAGE         70                        78     -8

PRECIPITATION (IN)
  YESTERDAY        0.00          1.00 1976   0.09  -0.09     0.00
  MONTH TO DATE    2.73                      1.32   1.41     3.53
  SINCE JUN 1     13.15                      8.25   4.90    12.06
  SINCE JAN 1     31.54                     29.35   2.19    28.23

DEGREE DAYS
 HEATING
  YESTERDAY        0                         0      0        0
  MONTH TO DATE    0                         0      0        0
  SINCE JUN 1      0                         4     -4        0
  SINCE JUL 1      0                         0      0        0

 COOLING
  YESTERDAY        5                        13     -8        1
  MONTH TO DATE  141                       182    -41      147
  SINCE JUN 1    775                       916   -141      820
  SINCE JAN 1    986                      1068    -82      991
..................................................................

WIND (MPH)
  HIGHEST WIND SPEED     8   HIGHEST WIND DIRECTION     W (270)
  HIGHEST GUST SPEED    10   HIGHEST GUST DIRECTION     W (260)
  AVERAGE WIND SPEED     1.8

SKY COVER
  AVERAGE SKY COVER 0.1

WEATHER CONDITIONS
 THE FOLLOWING WEATHER WAS RECORDED YESTERDAY.
  FOG
  FOG W/VISIBILITY <= 1/4 MILE
  HAZE

RELATIVE HUMIDITY (PERCENT)
 HIGHEST   100
 LOWEST     51
 AVERAGE    76
..........................................................

THE CAPE GIRARDEAU MO CLIMATE NORMALS FOR TODAY
                         NORMAL    RECORD    YEAR
 MAXIMUM TEMPERATURE (F)   89       104      1988
 MINIMUM TEMPERATURE (F)   66        49      1988

SUNRISE AND SUNSET
AUGUST 15 2014........SUNRISE   615 AM CDT   SUNSET   750 PM CDT
AUGUST 16 2014........SUNRISE   616 AM CDT   SUNSET   749 PM CDT

-  INDICATES NEGATIVE NUMBERS.
R  INDICATES RECORD WAS SET OR TIED.
MM INDICATES DATA IS MISSING.
T  INDICATES TRACE AMOUNT.

$$
