000
CDUS43 KPAH 150629
CLICGI


CLIMATE REPORT
NATIONAL WEATHER SERVICE PADUCAH KY
127 AM CDT WED OCT 15 2014


...................................

...THE CAPE GIRARDEAU MO CLIMATE SUMMARY FOR OCTOBER 14 2014...

CLIMATE NORMAL PERIOD 1981 TO 2010
CLIMATE RECORD PERIOD 1960 TO 2014


WEATHER ITEM   OBSERVED TIME   RECORD YEAR NORMAL DEPARTURE LAST
                VALUE   (LST)  VALUE       VALUE  FROM      YEAR
                                                  NORMAL
..................................................................
TEMPERATURE (F)
 YESTERDAY
  MAXIMUM         62    111 PM  87    1963  71     -9       71
  MINIMUM         54   1159 PM  25    2006  45      9       45
  AVERAGE         58                        58      0

PRECIPITATION (IN)
  YESTERDAY        0.16          1.01 1974   0.12   0.04     0.00
  MONTH TO DATE    3.93                      1.63   2.30     2.32
  SINCE SEP 1      5.98                      4.91   1.07     2.76
  SINCE JAN 1     38.28                     35.96   2.32    30.99

DEGREE DAYS
 HEATING
  YESTERDAY        7                         8     -1        7
  MONTH TO DATE   60                        87    -27       40
  SINCE SEP 1    106                       135    -29       50
  SINCE JUL 1    106                       136    -30       51

 COOLING
  YESTERDAY        0                         1     -1        0
  MONTH TO DATE   27                        21      6       43
  SINCE SEP 1    172                       183    -11      255
  SINCE JAN 1   1411                      1443    -32     1436
..................................................................


WIND (MPH)
  HIGHEST WIND SPEED    24   HIGHEST WIND DIRECTION     W (260)
  HIGHEST GUST SPEED    33   HIGHEST GUST DIRECTION     W (260)
  AVERAGE WIND SPEED    12.7


SKY COVER
  AVERAGE SKY COVER 1.0


WEATHER CONDITIONS
 THE FOLLOWING WEATHER WAS RECORDED YESTERDAY.
  RAIN
  LIGHT RAIN
  FOG
  HAZE


RELATIVE HUMIDITY (PERCENT)
 HIGHEST    93
 LOWEST     72
 AVERAGE    83

..........................................................


THE CAPE GIRARDEAU MO CLIMATE NORMALS FOR TODAY
                         NORMAL    RECORD    YEAR
 MAXIMUM TEMPERATURE (F)   71        89      1963
 MINIMUM TEMPERATURE (F)   45        30      1978


SUNRISE AND SUNSET
OCTOBER 15 2014.......SUNRISE   706 AM CDT   SUNSET   621 PM CDT
OCTOBER 16 2014.......SUNRISE   707 AM CDT   SUNSET   620 PM CDT


-  INDICATES NEGATIVE NUMBERS.
R  INDICATES RECORD WAS SET OR TIED.
MM INDICATES DATA IS MISSING.
T  INDICATES TRACE AMOUNT.




$$
