000
CDUS43 KPAH 110629
CLICGI


CLIMATE REPORT
NATIONAL WEATHER SERVICE PADUCAH KY
127 AM CDT FRI JUL 11 2014

...................................

...THE CAPE GIRARDEAU MO CLIMATE SUMMARY FOR JULY 10 2014...

CLIMATE NORMAL PERIOD 1981 TO 2010
CLIMATE RECORD PERIOD 1960 TO 2014

WEATHER ITEM   OBSERVED TIME   RECORD YEAR NORMAL DEPARTURE LAST
                VALUE   (LST)  VALUE       VALUE  FROM      YEAR
                                                  NORMAL
..................................................................
TEMPERATURE (F)
 YESTERDAY
  MAXIMUM         84    459 PM 101    1990  90     -6       89
  MINIMUM         64    421 AM  51    1963  68     -4       76
  AVERAGE         74                        79     -5

PRECIPITATION (IN)
  YESTERDAY        0.00          0.43 1982   0.11  -0.11      T
  MONTH TO DATE    1.04                      1.09  -0.05     0.05
  SINCE JUN 1      8.54                      4.66   3.88     7.81
  SINCE JAN 1     26.93                     25.76   1.17    23.98

DEGREE DAYS
 HEATING
  YESTERDAY        0                         0      0        0
  MONTH TO DATE    0                         0      0        0
  SINCE JUN 1      0                         4     -4        0
  SINCE JUL 1      0                         0      0        0

 COOLING
  YESTERDAY        9                        14     -5       18
  MONTH TO DATE   96                       137    -41      103
  SINCE JUN 1    455                       449      6      436
  SINCE JAN 1    666                       601     65      607
..................................................................

WIND (MPH)
  HIGHEST WIND SPEED    10   HIGHEST WIND DIRECTION    NE (40)
  HIGHEST GUST SPEED    14   HIGHEST GUST DIRECTION    NE (50)
  AVERAGE WIND SPEED     4.4

SKY COVER
  AVERAGE SKY COVER 0.1

WEATHER CONDITIONS
 THE FOLLOWING WEATHER WAS RECORDED YESTERDAY.
  NO SIGNIFICANT WEATHER WAS OBSERVED.

RELATIVE HUMIDITY (PERCENT)
 HIGHEST    93
 LOWEST     51
 AVERAGE    72
..........................................................

THE CAPE GIRARDEAU MO CLIMATE NORMALS FOR TODAY
                         NORMAL    RECORD    YEAR
 MAXIMUM TEMPERATURE (F)   90       103      1980
 MINIMUM TEMPERATURE (F)   68        55      1963

SUNRISE AND SUNSET
JULY 11 2014..........SUNRISE   547 AM CDT   SUNSET   820 PM CDT
JULY 12 2014..........SUNRISE   548 AM CDT   SUNSET   820 PM CDT

-  INDICATES NEGATIVE NUMBERS.
R  INDICATES RECORD WAS SET OR TIED.
MM INDICATES DATA IS MISSING.
T  INDICATES TRACE AMOUNT.

$$
