000
CDUS43 KPAH 122128
CLICGI


CLIMATE REPORT
NATIONAL WEATHER SERVICE PADUCAH KY
427 PM CDT TUE APR 12 2016


...................................

...THE CAPE GIRARDEAU MO CLIMATE SUMMARY FOR APRIL 12 2016...
VALID TODAY AS OF 0400 PM LOCAL TIME.

CLIMATE NORMAL PERIOD 1981 TO 2010
CLIMATE RECORD PERIOD 1960 TO 2016


WEATHER ITEM   OBSERVED TIME   RECORD YEAR NORMAL DEPARTURE LAST
                VALUE   (LST)  VALUE       VALUE  FROM      YEAR
                                                  NORMAL
..................................................................
TEMPERATURE (F)
 TODAY
  MAXIMUM         60    259 PM  85    1977  68     -8       76
  MINIMUM         35    320 AM  29    2012  44     -9       54
  AVERAGE         48                        56     -8

PRECIPITATION (IN)
  TODAY            0.00          1.56 1966   0.14  -0.14     0.00
  MONTH TO DATE    0.49                      1.63  -1.14     1.98
  SINCE MAR 1      5.95                      6.03  -0.08    10.77
  SINCE JAN 1     10.73                     12.91  -2.18    17.29

DEGREE DAYS
 HEATING
  TODAY           17                        10      7        0
  MONTH TO DATE  157                       138     19       72
  SINCE MAR 1    545                       697   -152      678
  SINCE JUL 1   3437                      4194   -757     4456

 COOLING
  TODAY            0                         1     -1        0
  MONTH TO DATE    0                         6     -6       21
  SINCE MAR 1      0                        10    -10       21
  SINCE JAN 1      0                        10    -10       21
..................................................................


WIND (MPH)
  HIGHEST WIND SPEED    16   HIGHEST WIND DIRECTION    NE (60)
  HIGHEST GUST SPEED    22   HIGHEST GUST DIRECTION    NE (50)
  AVERAGE WIND SPEED     7.9


SKY COVER
  AVERAGE SKY COVER 0.0


WEATHER CONDITIONS
 THE FOLLOWING WEATHER WAS RECORDED TODAY.
  NO SIGNIFICANT WEATHER WAS OBSERVED.


RELATIVE HUMIDITY (PERCENT)
 HIGHEST    92
 LOWEST     29
 AVERAGE    61

..........................................................


THE CAPE GIRARDEAU MO CLIMATE NORMALS FOR TOMORROW
                         NORMAL
 MAXIMUM TEMPERATURE (F)   68
 MINIMUM TEMPERATURE (F)   45


SUNRISE AND SUNSET
APRIL 12 2016.........SUNRISE   627 AM CDT   SUNSET   731 PM CDT
APRIL 13 2016.........SUNRISE   626 AM CDT   SUNSET   732 PM CDT


-  INDICATES NEGATIVE NUMBERS.
R  INDICATES RECORD WAS SET OR TIED.
MM INDICATES DATA IS MISSING.
T  INDICATES TRACE AMOUNT.




$$
