000
CDUS43 KPAH 032227
CLICGI


CLIMATE REPORT
NATIONAL WEATHER SERVICE PADUCAH KY
425 PM CST FRI FEB 3 2017

...................................

...THE CAPE GIRARDEAU MO CLIMATE SUMMARY FOR FEBRUARY 3 2017...
VALID TODAY AS OF 0400 PM LOCAL TIME.

CLIMATE NORMAL PERIOD 1981 TO 2010
CLIMATE RECORD PERIOD 1960 TO 2017

WEATHER ITEM   OBSERVED TIME   RECORD YEAR NORMAL DEPARTURE LAST
                VALUE   (LST)  VALUE       VALUE  FROM      YEAR
                                                  NORMAL
..................................................................
TEMPERATURE (F)
 TODAY
  MAXIMUM         37    332 PM  70    1962  45     -8       54
  MINIMUM         24    733 AM  -8    1985  25     -1       33
  AVERAGE         31                        35     -4

PRECIPITATION (IN)
  TODAY            0.00          1.15 1997   0.12  -0.12     0.00
  MONTH TO DATE    0.00                      0.38  -0.38     0.03
  SINCE DEC 1      5.30                      8.10  -2.80     4.08
  SINCE JAN 1      1.96                      3.85  -1.89     1.69

DEGREE DAYS
 HEATING
  TODAY           34                        30      4       21
  MONTH TO DATE   84                        91     -7       39
  SINCE DEC 1   1735                      1978   -243     1554
  SINCE JUL 1   2312                      2829   -517     2204

 COOLING
  TODAY            0                         0      0        0
  MONTH TO DATE    0                         0      0        0
  SINCE DEC 1      0                         0      0        2
  SINCE JAN 1      0                         0      0        0
..................................................................

WIND (MPH)
  HIGHEST WIND SPEED    20   HIGHEST WIND DIRECTION     N (360)
  HIGHEST GUST SPEED    23   HIGHEST GUST DIRECTION     N (360)
  AVERAGE WIND SPEED    10.4

SKY COVER
  AVERAGE SKY COVER 0.4

WEATHER CONDITIONS
 THE FOLLOWING WEATHER WAS RECORDED TODAY.
  NO SIGNIFICANT WEATHER WAS OBSERVED.

RELATIVE HUMIDITY (PERCENT)
 HIGHEST    68
 LOWEST     35
 AVERAGE    52
..........................................................

THE CAPE GIRARDEAU MO CLIMATE NORMALS FOR TOMORROW
                         NORMAL
 MAXIMUM TEMPERATURE (F)   45
 MINIMUM TEMPERATURE (F)   25

SUNRISE AND SUNSET
FEBRUARY  3 2017......SUNRISE   659 AM CST   SUNSET   525 PM CST
FEBRUARY  4 2017......SUNRISE   658 AM CST   SUNSET   527 PM CST

-  INDICATES NEGATIVE NUMBERS.
R  INDICATES RECORD WAS SET OR TIED.
MM INDICATES DATA IS MISSING.
T  INDICATES TRACE AMOUNT.

$$
