000
CDUS43 KPAH 110632
CLICGI


CLIMATE REPORT
NATIONAL WEATHER SERVICE PADUCAH KY
1229 AM CST FRI NOV 11 2016


...................................

...THE CAPE GIRARDEAU MO CLIMATE SUMMARY FOR NOVEMBER 10 2016...

CLIMATE NORMAL PERIOD 1981 TO 2010
CLIMATE RECORD PERIOD 1960 TO 2016


WEATHER ITEM   OBSERVED TIME   RECORD YEAR NORMAL DEPARTURE LAST
                VALUE   (LST)  VALUE       VALUE  FROM      YEAR
                                                  NORMAL
..................................................................
TEMPERATURE (F)
 YESTERDAY
  MAXIMUM         64    307 PM  76    2010  60      4       64
  MINIMUM         28    632 AM  20    1991  38    -10       30
  AVERAGE         46                        49     -3

PRECIPITATION (IN)
  YESTERDAY        0.00          0.89 1996   0.14  -0.14     0.00
  MONTH TO DATE    T                         1.34  -1.34     2.03
  SINCE SEP 1      5.69                      8.41  -2.72     4.90
  SINCE JAN 1     42.39                     39.46   2.93    48.45

DEGREE DAYS
 HEATING
  YESTERDAY       19                        16      3       18
  MONTH TO DATE   83                       142    -59      102
  SINCE SEP 1    214                       444   -230      318
  SINCE JUL 1    214                       445   -231      318

 COOLING
  YESTERDAY        0                         0      0        0
  MONTH TO DATE   11                         0     11        4
  SINCE SEP 1    355                       191    164      202
  SINCE JAN 1   1798                      1451    347     1531
..................................................................


WIND (MPH)
  HIGHEST WIND SPEED    14   HIGHEST WIND DIRECTION    SW (240)
  HIGHEST GUST SPEED    17   HIGHEST GUST DIRECTION    SW (240)
  AVERAGE WIND SPEED     4.2


SKY COVER
  AVERAGE SKY COVER 0.3


WEATHER CONDITIONS
 THE FOLLOWING WEATHER WAS RECORDED YESTERDAY.
  FOG
  FOG W/VISIBILITY <= 1/4 MILE
  HAZE


RELATIVE HUMIDITY (PERCENT)
 HIGHEST   100
 LOWEST     36
 AVERAGE    68

..........................................................


THE CAPE GIRARDEAU MO CLIMATE NORMALS FOR TODAY
                         NORMAL    RECORD    YEAR
 MAXIMUM TEMPERATURE (F)   60        77      2010
 MINIMUM TEMPERATURE (F)   38        18      1960


SUNRISE AND SUNSET
NOVEMBER 11 2016......SUNRISE   634 AM CST   SUNSET   451 PM CST
NOVEMBER 12 2016......SUNRISE   635 AM CST   SUNSET   450 PM CST


-  INDICATES NEGATIVE NUMBERS.
R  INDICATES RECORD WAS SET OR TIED.
MM INDICATES DATA IS MISSING.
T  INDICATES TRACE AMOUNT.




$$
