000
CDUS43 KPAH 012140
CLICGI


CLIMATE REPORT
NATIONAL WEATHER SERVICE PADUCAH KY
439 PM CDT FRI JUL 1 2016


...................................

...THE CAPE GIRARDEAU MO CLIMATE SUMMARY FOR JULY 1 2016...
VALID TODAY AS OF 0400 PM LOCAL TIME.

CLIMATE NORMAL PERIOD 1981 TO 2010
CLIMATE RECORD PERIOD 1960 TO 2016


WEATHER ITEM   OBSERVED TIME   RECORD YEAR NORMAL DEPARTURE LAST
                VALUE   (LST)  VALUE       VALUE  FROM      YEAR
                                                  NORMAL
..................................................................
TEMPERATURE (F)
 TODAY
  MAXIMUM         87    257 PM 103    2012  89     -2       84
  MINIMUM         69    509 AM  57    1976  68      1       71
  AVERAGE         78                        78      0

PRECIPITATION (IN)
  TODAY            0.00          1.10 1987   0.11  -0.11     0.76
  MONTH TO DATE    0.00                      0.11  -0.11     0.76
  SINCE JUN 1      1.28                      3.68  -2.40     5.08
  SINCE JAN 1     24.56                     24.78  -0.22    30.52

DEGREE DAYS
 HEATING
  TODAY            0                         0      0        0
  MONTH TO DATE    0                         0      0        0
  SINCE JUN 1      0                         4     -4        5
  SINCE JUL 1      0                         0      0        0

 COOLING
  TODAY           13                        13      0       13
  MONTH TO DATE   13                        13      0       13
  SINCE JUN 1    424                       325     99      394
  SINCE JAN 1    545                       477     68      571
..................................................................


WIND (MPH)
  HIGHEST WIND SPEED    18   HIGHEST WIND DIRECTION     N (350)
  HIGHEST GUST SPEED    22   HIGHEST GUST DIRECTION     N (360)
  AVERAGE WIND SPEED     7.5


SKY COVER
  AVERAGE SKY COVER 0.5


WEATHER CONDITIONS
 THE FOLLOWING WEATHER WAS RECORDED TODAY.
  FOG


RELATIVE HUMIDITY (PERCENT)
 HIGHEST    97
 LOWEST     36
 AVERAGE    67

..........................................................


THE CAPE GIRARDEAU MO CLIMATE NORMALS FOR TOMORROW
                         NORMAL
 MAXIMUM TEMPERATURE (F)   89
 MINIMUM TEMPERATURE (F)   68


SUNRISE AND SUNSET
JULY  1 2016..........SUNRISE   542 AM CDT   SUNSET   823 PM CDT
JULY  2 2016..........SUNRISE   542 AM CDT   SUNSET   822 PM CDT


-  INDICATES NEGATIVE NUMBERS.
R  INDICATES RECORD WAS SET OR TIED.
MM INDICATES DATA IS MISSING.
T  INDICATES TRACE AMOUNT.




$$
