000
CDUS43 KPAH 120632
CLICGI


CLIMATE REPORT
NATIONAL WEATHER SERVICE PADUCAH KY
129 AM CDT FRI SEP 12 2014


...................................

...THE CAPE GIRARDEAU MO CLIMATE SUMMARY FOR SEPTEMBER 11 2014...

CLIMATE NORMAL PERIOD 1981 TO 2010
CLIMATE RECORD PERIOD 1960 TO 2014


WEATHER ITEM   OBSERVED TIME   RECORD YEAR NORMAL DEPARTURE LAST
                VALUE   (LST)  VALUE       VALUE  FROM      YEAR
                                                  NORMAL
..................................................................
TEMPERATURE (F)
 YESTERDAY
  MAXIMUM         73    312 AM  95    1991  83    -10       94
  MINIMUM         58   1159 PM  46    1998  58      0       68
  AVERAGE         66                        71     -5

PRECIPITATION (IN)
  YESTERDAY        0.60          3.08 1965   0.12   0.48     0.00
  MONTH TO DATE    2.01                      1.22   0.79      T
  SINCE SEP 1      2.01                      1.22   0.79      T
  SINCE JAN 1     34.31                     32.27   2.04    28.23

DEGREE DAYS
 HEATING
  YESTERDAY        0                         1     -1        0
  MONTH TO DATE    0                         1     -1        0
  SINCE SEP 1      0                         1     -1        0
  SINCE JUL 1      0                         2     -2        1

 COOLING
  YESTERDAY        1                         6     -5       16
  MONTH TO DATE  108                        87     21      120
  SINCE SEP 1    108                        87     21      120
  SINCE JAN 1   1347                      1347      0     1301
..................................................................


WIND (MPH)
  HIGHEST WIND SPEED    18   HIGHEST WIND DIRECTION     N (10)
  HIGHEST GUST SPEED    24   HIGHEST GUST DIRECTION    NE (30)
  AVERAGE WIND SPEED    10.3


SKY COVER
  AVERAGE SKY COVER 1.0


WEATHER CONDITIONS
 THE FOLLOWING WEATHER WAS RECORDED YESTERDAY.
  THUNDERSTORM
  HEAVY RAIN
  RAIN
  LIGHT RAIN
  FOG


RELATIVE HUMIDITY (PERCENT)
 HIGHEST   100
 LOWEST     78
 AVERAGE    89

..........................................................


THE CAPE GIRARDEAU MO CLIMATE NORMALS FOR TODAY
                         NORMAL    RECORD    YEAR
 MAXIMUM TEMPERATURE (F)   83        95      1980
 MINIMUM TEMPERATURE (F)   58        45      1968


SUNRISE AND SUNSET
SEPTEMBER 12 2014.....SUNRISE   638 AM CDT   SUNSET   711 PM CDT
SEPTEMBER 13 2014.....SUNRISE   639 AM CDT   SUNSET   709 PM CDT


-  INDICATES NEGATIVE NUMBERS.
R  INDICATES RECORD WAS SET OR TIED.
MM INDICATES DATA IS MISSING.
T  INDICATES TRACE AMOUNT.




$$
