547
CDUS43 KPAH 162149
CLICGI


CLIMATE REPORT
NATIONAL WEATHER SERVICE PADUCAH KY
446 PM CDT MON MAY 16 2016


...................................

...THE CAPE GIRARDEAU MO CLIMATE SUMMARY FOR MAY 16 2016...
VALID TODAY AS OF 0400 PM LOCAL TIME.

CLIMATE NORMAL PERIOD 1981 TO 2010
CLIMATE RECORD PERIOD 1960 TO 2016


WEATHER ITEM   OBSERVED TIME   RECORD YEAR NORMAL DEPARTURE LAST
                VALUE   (LST)  VALUE       VALUE  FROM      YEAR
                                                  NORMAL
..................................................................
TEMPERATURE (F)
 TODAY
  MAXIMUM         59    117 PM  95    1962  78    -19       75
  MINIMUM         54    539 AM  42    2014  56     -2       68
  AVERAGE                                   67

PRECIPITATION (IN)
  TODAY            T             2.06 2002   0.18  -0.18     0.16
  MONTH TO DATE    2.13                      3.09  -0.96     3.33
  SINCE MAR 1     12.29                     11.85   0.44    16.29
  SINCE JAN 1     17.07                     18.73  -1.66    22.81

DEGREE DAYS
 HEATING
  TODAY            8                         2      6        0
  MONTH TO DATE   72                        49     23       25
  SINCE MAR 1    651                       870   -219      802
  SINCE JUL 1   3543                      4367   -824     4580

 COOLING
  TODAY            0                         4     -4        7
  MONTH TO DATE   32                        42    -10       71
  SINCE MAR 1     50                        73    -23       99
  SINCE JAN 1     50                        73    -23       99
..................................................................


WIND (MPH)
  HIGHEST WIND SPEED    16   HIGHEST WIND DIRECTION    NE (60)
  HIGHEST GUST SPEED    21   HIGHEST GUST DIRECTION    NE (40)
  AVERAGE WIND SPEED


SKY COVER
  AVERAGE SKY COVER 1.0


WEATHER CONDITIONS
 THE FOLLOWING WEATHER WAS RECORDED TODAY.
  NO SIGNIFICANT WEATHER WAS OBSERVED.


RELATIVE HUMIDITY (PERCENT)
 HIGHEST    67
 LOWEST     51
 AVERAGE

..........................................................


THE CAPE GIRARDEAU MO CLIMATE NORMALS FOR TOMORROW
                         NORMAL
 MAXIMUM TEMPERATURE (F)   78
 MINIMUM TEMPERATURE (F)   56


SUNRISE AND SUNSET
MAY 16 2016...........SUNRISE   549 AM CDT   SUNSET   801 PM CDT
MAY 17 2016...........SUNRISE   548 AM CDT   SUNSET   802 PM CDT


-  INDICATES NEGATIVE NUMBERS.
R  INDICATES RECORD WAS SET OR TIED.
MM INDICATES DATA IS MISSING.
T  INDICATES TRACE AMOUNT.




$$
