000
CDUS43 KPAH 060656
CLICGI


CLIMATE REPORT
NATIONAL WEATHER SERVICE PADUCAH KY
1249 AM CST MON MAR 6 2017


...................................

...THE CAPE GIRARDEAU MO CLIMATE SUMMARY FOR MARCH 5 2017...

CLIMATE NORMAL PERIOD 1981 TO 2010
CLIMATE RECORD PERIOD 1960 TO 2017


WEATHER ITEM   OBSERVED TIME   RECORD YEAR NORMAL DEPARTURE LAST
                VALUE   (LST)  VALUE       VALUE  FROM      YEAR
                                                  NORMAL
..................................................................
TEMPERATURE (F)
 YESTERDAY
  MAXIMUM         56   1007 AM  71    1968  54      2       66
  MINIMUM         42    156 AM   1    2015  33      9       29
  AVERAGE         49                        44      5

PRECIPITATION (IN)
  YESTERDAY        0.00          1.18 1989   0.13  -0.13     0.00
  MONTH TO DATE    0.06                      0.60  -0.54     0.46
  SINCE MAR 1      0.06                      0.60  -0.54     0.46
  SINCE JAN 1      3.08                      7.48  -4.40     5.24

DEGREE DAYS
 HEATING
  YESTERDAY       16                        21     -5       17
  MONTH TO DATE   92                       110    -18      116
  SINCE MAR 1     92                       110    -18      116
  SINCE JUL 1   2827                      3607   -780     3008

 COOLING
  YESTERDAY        0                         0      0        0
  MONTH TO DATE    0                         0      0        0
  SINCE MAR 1      0                         0      0        0
  SINCE JAN 1      0                         0      0        0
..................................................................


WIND (MPH)
  HIGHEST WIND SPEED    26   HIGHEST WIND DIRECTION    SW (210)
  HIGHEST GUST SPEED    33   HIGHEST GUST DIRECTION    SW (210)
  AVERAGE WIND SPEED    14.1


SKY COVER
  AVERAGE SKY COVER 0.6


WEATHER CONDITIONS
 THE FOLLOWING WEATHER WAS RECORDED YESTERDAY.
  NO SIGNIFICANT WEATHER WAS OBSERVED.


RELATIVE HUMIDITY (PERCENT)
 HIGHEST    83
 LOWEST     46
 AVERAGE    65

..........................................................


THE CAPE GIRARDEAU MO CLIMATE NORMALS FOR TODAY
                         NORMAL    RECORD    YEAR
 MAXIMUM TEMPERATURE (F)   55        77      1994
 MINIMUM TEMPERATURE (F)   33        -8      2015


SUNRISE AND SUNSET
MARCH  6 2017.........SUNRISE   622 AM CST   SUNSET   557 PM CST
MARCH  7 2017.........SUNRISE   621 AM CST   SUNSET   558 PM CST


-  INDICATES NEGATIVE NUMBERS.
R  INDICATES RECORD WAS SET OR TIED.
MM INDICATES DATA IS MISSING.
T  INDICATES TRACE AMOUNT.




$$
