000
CDUS43 KPAH 172134
CLICGI


CLIMATE REPORT
NATIONAL WEATHER SERVICE PADUCAH KY
433 PM CDT FRI JUL 17 2015


...................................

...THE CAPE GIRARDEAU MO CLIMATE SUMMARY FOR JULY 17 2015...
VALID TODAY AS OF 0400 PM LOCAL TIME.

CLIMATE NORMAL PERIOD 1981 TO 2010
CLIMATE RECORD PERIOD 1960 TO 2015


WEATHER ITEM   OBSERVED TIME   RECORD YEAR NORMAL DEPARTURE LAST
                VALUE   (LST)  VALUE       VALUE  FROM      YEAR
                                                  NORMAL
..................................................................
TEMPERATURE (F)
 TODAY
  MAXIMUM         93    248 PM  99    1988  90      3       79
  MINIMUM         76    535 AM  56    2014  68      8       56
                                      1960
  AVERAGE         85                        79      6

PRECIPITATION (IN)
  TODAY            0.00          1.39 1963   0.11  -0.11     0.00
  MONTH TO DATE    7.81                      1.86   5.95     1.83
  SINCE JUN 1     12.13                      5.43   6.70     9.33
  SINCE JAN 1     37.57                     26.53  11.04    27.72

DEGREE DAYS
 HEATING
  TODAY            0                         0      0        0
  MONTH TO DATE    0                         0      0        0
  SINCE JUN 1      5                         4      1        0
  SINCE JUL 1      0                         0      0        0

 COOLING
  TODAY           20                        14      6        3
  MONTH TO DATE  232                       235     -3      168
  SINCE JUN 1    613                       547     66      527
  SINCE JAN 1    790                       699     91      738
..................................................................


WIND (MPH)
  HIGHEST WIND SPEED    16   HIGHEST WIND DIRECTION    SW (210)
  HIGHEST GUST SPEED    19   HIGHEST GUST DIRECTION    SW (210)
  AVERAGE WIND SPEED     7.2


SKY COVER
  AVERAGE SKY COVER 0.0


WEATHER CONDITIONS
 THE FOLLOWING WEATHER WAS RECORDED TODAY.
  NO SIGNIFICANT WEATHER WAS OBSERVED.


RELATIVE HUMIDITY (PERCENT)
 HIGHEST    94
 LOWEST     60
 AVERAGE    77

..........................................................


THE CAPE GIRARDEAU MO CLIMATE NORMALS FOR TOMORROW
                         NORMAL
 MAXIMUM TEMPERATURE (F)   90
 MINIMUM TEMPERATURE (F)   68


SUNRISE AND SUNSET
JULY 17 2015..........SUNRISE   551 AM CDT   SUNSET   817 PM CDT
JULY 18 2015..........SUNRISE   552 AM CDT   SUNSET   817 PM CDT


-  INDICATES NEGATIVE NUMBERS.
R  INDICATES RECORD WAS SET OR TIED.
MM INDICATES DATA IS MISSING.
T  INDICATES TRACE AMOUNT.




$$
