000
CDUS43 KPAH 062130
CLICGI


CLIMATE REPORT
NATIONAL WEATHER SERVICE PADUCAH KY
428 PM CDT TUE SEP 6 2016


...................................

...THE CAPE GIRARDEAU MO CLIMATE SUMMARY FOR SEPTEMBER 6 2016...
VALID TODAY AS OF 0400 PM LOCAL TIME.

CLIMATE NORMAL PERIOD 1981 TO 2010
CLIMATE RECORD PERIOD 1960 TO 2016


WEATHER ITEM   OBSERVED TIME   RECORD YEAR NORMAL DEPARTURE LAST
                VALUE   (LST)  VALUE       VALUE  FROM      YEAR
                                                  NORMAL
..................................................................
TEMPERATURE (F)
 TODAY
  MAXIMUM         90    255 PM 100    1960  85      5       93
  MINIMUM         69    456 AM  46    1997  60      9       66
  AVERAGE                                   73

PRECIPITATION (IN)
  TODAY            0.00          1.72 2007   0.11  -0.11     0.00
  MONTH TO DATE    1.50                      0.66   0.84     0.00
  SINCE SEP 1      1.50                      0.66   0.84     0.00
  SINCE JAN 1     38.20                     31.71   6.49    43.55

DEGREE DAYS
 HEATING
  TODAY            0                         0      0        0
  MONTH TO DATE    0                         0      0        0
  SINCE SEP 1      0                         0      0        0
  SINCE JUL 1      0                         1     -1        0

 COOLING
  TODAY           15                         8      7       15
  MONTH TO DATE   57                        52      5       83
  SINCE SEP 1     57                        52      5       83
  SINCE JAN 1   1500                      1312    188     1412
..................................................................


WIND (MPH)
  HIGHEST WIND SPEED    14   HIGHEST WIND DIRECTION    SW (210)
  HIGHEST GUST SPEED    19   HIGHEST GUST DIRECTION    SW (220)
  AVERAGE WIND SPEED


SKY COVER
  AVERAGE SKY COVER 0.0


WEATHER CONDITIONS
 THE FOLLOWING WEATHER WAS RECORDED TODAY.
  NO SIGNIFICANT WEATHER WAS OBSERVED.


RELATIVE HUMIDITY (PERCENT)
 HIGHEST    97
 LOWEST     56
 AVERAGE

..........................................................


THE CAPE GIRARDEAU MO CLIMATE NORMALS FOR TOMORROW
                         NORMAL
 MAXIMUM TEMPERATURE (F)   85
 MINIMUM TEMPERATURE (F)   60


SUNRISE AND SUNSET
SEPTEMBER  6 2016.....SUNRISE   633 AM CDT   SUNSET   719 PM CDT
SEPTEMBER  7 2016.....SUNRISE   634 AM CDT   SUNSET   717 PM CDT


-  INDICATES NEGATIVE NUMBERS.
R  INDICATES RECORD WAS SET OR TIED.
MM INDICATES DATA IS MISSING.
T  INDICATES TRACE AMOUNT.




$$
