513
CDUS43 KPAH 080642
CLICGI


CLIMATE REPORT
NATIONAL WEATHER SERVICE PADUCAH KY
140 AM CDT FRI SEP 8 2017


...................................

...THE CAPE GIRARDEAU MO CLIMATE SUMMARY FOR SEPTEMBER 7 2017...

CLIMATE NORMAL PERIOD 1981 TO 2010
CLIMATE RECORD PERIOD 1960 TO 2017


WEATHER ITEM   OBSERVED TIME   RECORD YEAR NORMAL DEPARTURE LAST
                VALUE   (LST)  VALUE       VALUE  FROM      YEAR
                                                  NORMAL
..................................................................
TEMPERATURE (F)
 YESTERDAY
  MAXIMUM         76    148 PM  99    1960  85     -9       89
  MINIMUM         42R   531 AM  46    2011  60    -18       70
  AVERAGE         59                        72    -13

PRECIPITATION (IN)
  YESTERDAY        0.00          0.79 1969   0.11  -0.11      T
  MONTH TO DATE    0.07                      0.77  -0.70     1.50
  SINCE SEP 1      0.07                      0.77  -0.70     1.50
  SINCE JAN 1     25.82                     31.82  -6.00    38.20

DEGREE DAYS
 HEATING
  YESTERDAY        6                         0      6        0
  MONTH TO DATE   11                         0     11        0
  SINCE SEP 1     11                         0     11        0
  SINCE JUL 1     11                         1     10        0

 COOLING
  YESTERDAY        0                         8     -8       15
  MONTH TO DATE   24                        60    -36       72
  SINCE SEP 1     24                        60    -36       72
  SINCE JAN 1   1226                      1320    -94     1515
..................................................................


WIND (MPH)
  HIGHEST WIND SPEED    12   HIGHEST WIND DIRECTION     W (260)
  HIGHEST GUST SPEED    19   HIGHEST GUST DIRECTION     W (260)
  AVERAGE WIND SPEED     2.9


SKY COVER
  AVERAGE SKY COVER 0.3


WEATHER CONDITIONS
 THE FOLLOWING WEATHER WAS RECORDED YESTERDAY.
  FOG
  FOG W/VISIBILITY <= 1/4 MILE


RELATIVE HUMIDITY (PERCENT)
 HIGHEST   100
 LOWEST     35
 AVERAGE    68

..........................................................


THE CAPE GIRARDEAU MO CLIMATE NORMALS FOR TODAY
                         NORMAL    RECORD    YEAR
 MAXIMUM TEMPERATURE (F)   84        98      1960
 MINIMUM TEMPERATURE (F)   60        46      2011


SUNRISE AND SUNSET
SEPTEMBER  8 2017.....SUNRISE   635 AM CDT   SUNSET   716 PM CDT
SEPTEMBER  9 2017.....SUNRISE   636 AM CDT   SUNSET   715 PM CDT


-  INDICATES NEGATIVE NUMBERS.
R  INDICATES RECORD WAS SET OR TIED.
MM INDICATES DATA IS MISSING.
T  INDICATES TRACE AMOUNT.




$$
