000
CDUS43 KPAH 250631
CLICGI


CLIMATE REPORT
NATIONAL WEATHER SERVICE PADUCAH KY
128 AM CDT THU JUN 25 2015


...................................

...THE CAPE GIRARDEAU MO CLIMATE SUMMARY FOR JUNE 24 2015...

CLIMATE NORMAL PERIOD 1981 TO 2010
CLIMATE RECORD PERIOD 1960 TO 2015


WEATHER ITEM   OBSERVED TIME   RECORD YEAR NORMAL DEPARTURE LAST
                VALUE   (LST)  VALUE       VALUE  FROM      YEAR
                                                  NORMAL
..................................................................
TEMPERATURE (F)
 YESTERDAY
  MAXIMUM         88    243 PM 103    1988  88      0       87
  MINIMUM         72    454 AM  51    1972  66      6       71
  AVERAGE         80                        77      3

PRECIPITATION (IN)
  YESTERDAY        0.00          1.33 2005   0.11  -0.11     1.02
  MONTH TO DATE    4.19                      2.90   1.29     5.97
  SINCE JUN 1      4.19                      2.90   1.29     5.97
  SINCE JAN 1     29.63                     24.00   5.63    24.36

DEGREE DAYS
 HEATING
  YESTERDAY        0                         0      0        0
  MONTH TO DATE    5                         1      4        0
  SINCE JUN 1      5                         1      4        0
  SINCE JUL 1   4617                      4387    230     4941

 COOLING
  YESTERDAY       15                        12      3       14
  MONTH TO DATE  305                       233     72      281
  SINCE JUN 1    305                       233     72      281
  SINCE JAN 1    482                       385     97      492
..................................................................


WIND (MPH)
  HIGHEST WIND SPEED    12   HIGHEST WIND DIRECTION    NE (60)
  HIGHEST GUST SPEED    16   HIGHEST GUST DIRECTION    NE (50)
  AVERAGE WIND SPEED     5.1


SKY COVER
  AVERAGE SKY COVER 0.2


WEATHER CONDITIONS
 THE FOLLOWING WEATHER WAS RECORDED YESTERDAY.
  NO SIGNIFICANT WEATHER WAS OBSERVED.


RELATIVE HUMIDITY (PERCENT)
 HIGHEST    93
 LOWEST     61
 AVERAGE    77

..........................................................


THE CAPE GIRARDEAU MO CLIMATE NORMALS FOR TODAY
                         NORMAL    RECORD    YEAR
 MAXIMUM TEMPERATURE (F)   88       100      1988
 MINIMUM TEMPERATURE (F)   67        51      1961


SUNRISE AND SUNSET
JUNE 25 2015..........SUNRISE   539 AM CDT   SUNSET   823 PM CDT
JUNE 26 2015..........SUNRISE   540 AM CDT   SUNSET   823 PM CDT


-  INDICATES NEGATIVE NUMBERS.
R  INDICATES RECORD WAS SET OR TIED.
MM INDICATES DATA IS MISSING.
T  INDICATES TRACE AMOUNT.




$$
