000
CDUS43 KPAH 302135
CLICGI


CLIMATE REPORT
NATIONAL WEATHER SERVICE PADUCAH KY
435 PM CDT FRI JUN 30 2017


...................................

...THE CAPE GIRARDEAU MO CLIMATE SUMMARY FOR JUNE 30 2017...
VALID TODAY AS OF 0400 PM LOCAL TIME.

CLIMATE NORMAL PERIOD 1981 TO 2010
CLIMATE RECORD PERIOD 1960 TO 2017


WEATHER ITEM   OBSERVED TIME   RECORD YEAR NORMAL DEPARTURE LAST
                VALUE   (LST)  VALUE       VALUE  FROM      YEAR
                                                  NORMAL
..................................................................
TEMPERATURE (F)
 TODAY
  MAXIMUM         88    259 PM 105    2012  89     -1       84
  MINIMUM         74    523 AM  56    2000  67      7       59
  AVERAGE         81                        78      3

PRECIPITATION (IN)
  TODAY            0.00          2.00 1987   0.11  -0.11      T
  MONTH TO DATE    2.95                      3.57  -0.62     1.28
  SINCE JUN 1      2.95                      3.57  -0.62     1.28
  SINCE JAN 1     22.17                     24.67  -2.50    24.56

DEGREE DAYS
 HEATING
  TODAY            0                         0      0        0
  MONTH TO DATE    0                         1     -1        0
  SINCE JUN 1      0                         4     -4        0
  SINCE JUL 1   3430                      4390   -960     3571

 COOLING
  TODAY           16                        13      3        7
  MONTH TO DATE  311                       312     -1      411
  SINCE JUN 1    311                       312     -1      411
  SINCE JAN 1    486                       464     22      532
..................................................................


WIND (MPH)
  HIGHEST WIND SPEED    18   HIGHEST WIND DIRECTION    SW (230)
  HIGHEST GUST SPEED    26   HIGHEST GUST DIRECTION    SW (240)
  AVERAGE WIND SPEED     9.6


SKY COVER
  AVERAGE SKY COVER 0.5


WEATHER CONDITIONS
 THE FOLLOWING WEATHER WAS RECORDED TODAY.
  NO SIGNIFICANT WEATHER WAS OBSERVED.


RELATIVE HUMIDITY (PERCENT)
 HIGHEST    93
 LOWEST     43
 AVERAGE    68

..........................................................


THE CAPE GIRARDEAU MO CLIMATE NORMALS FOR TOMORROW
                         NORMAL
 MAXIMUM TEMPERATURE (F)   89
 MINIMUM TEMPERATURE (F)   68


SUNRISE AND SUNSET
JUNE 30 2017..........SUNRISE   541 AM CDT   SUNSET   823 PM CDT
JULY  1 2017..........SUNRISE   542 AM CDT   SUNSET   823 PM CDT


-  INDICATES NEGATIVE NUMBERS.
R  INDICATES RECORD WAS SET OR TIED.
MM INDICATES DATA IS MISSING.
T  INDICATES TRACE AMOUNT.




$$
