000
CDUS43 KPAH 070651
CLICGI


CLIMATE REPORT
NATIONAL WEATHER SERVICE PADUCAH KY
151 AM CDT SUN MAY 7 2017


...................................

...THE CAPE GIRARDEAU MO CLIMATE SUMMARY FOR MAY 6 2017...

CLIMATE NORMAL PERIOD 1981 TO 2010
CLIMATE RECORD PERIOD 1960 TO 2017


WEATHER ITEM   OBSERVED TIME   RECORD YEAR NORMAL DEPARTURE LAST
                VALUE   (LST)  VALUE       VALUE  FROM      YEAR
                                                  NORMAL
..................................................................
TEMPERATURE (F)
 YESTERDAY
  MAXIMUM         77   1147 AM  93    2012  75      2       76
  MINIMUM         42    302 AM  38    1968  53    -11       41
  AVERAGE         60                        64     -4

PRECIPITATION (IN)
  YESTERDAY        0.00          2.46 1961   0.19  -0.19     0.00
  MONTH TO DATE    2.37                      1.16   1.21     0.00
  SINCE MAR 1     13.46                      9.92   3.54    10.16
  SINCE JAN 1     16.48                     16.80  -0.32    14.94

DEGREE DAYS
 HEATING
  YESTERDAY        5                         3      2        6
  MONTH TO DATE   54                        23     31       39
  SINCE MAR 1    681                       844   -163      618
  SINCE JUL 1   3416                      4341   -925     3510

 COOLING
  YESTERDAY        0                         2     -2        0
  MONTH TO DATE    0                        12    -12        5
  SINCE MAR 1     42                        43     -1       23
  SINCE JAN 1     42                        43     -1       23
..................................................................


WIND (MPH)
  HIGHEST WIND SPEED    26   HIGHEST WIND DIRECTION     N (350)
  HIGHEST GUST SPEED    35   HIGHEST GUST DIRECTION    NW (310)
  AVERAGE WIND SPEED    10.4


SKY COVER
  AVERAGE SKY COVER 0.1


WEATHER CONDITIONS
 THE FOLLOWING WEATHER WAS RECORDED YESTERDAY.
  NO SIGNIFICANT WEATHER WAS OBSERVED.


RELATIVE HUMIDITY (PERCENT)
 HIGHEST    92
 LOWEST     36
 AVERAGE    64

..........................................................


THE CAPE GIRARDEAU MO CLIMATE NORMALS FOR TODAY
                         NORMAL    RECORD    YEAR
 MAXIMUM TEMPERATURE (F)   75        90      1986
 MINIMUM TEMPERATURE (F)   53        37      1992


SUNRISE AND SUNSET
MAY  7 2017...........SUNRISE   557 AM CDT   SUNSET   753 PM CDT
MAY  8 2017...........SUNRISE   556 AM CDT   SUNSET   754 PM CDT


-  INDICATES NEGATIVE NUMBERS.
R  INDICATES RECORD WAS SET OR TIED.
MM INDICATES DATA IS MISSING.
T  INDICATES TRACE AMOUNT.




$$
