000
CDUS43 KPAH 280630
CLICGI


CLIMATE REPORT
NATIONAL WEATHER SERVICE PADUCAH KY
129 AM CDT FRI MAR 28 2014


...................................

...THE CAPE GIRARDEAU MO CLIMATE SUMMARY FOR MARCH 27 2014...

CLIMATE NORMAL PERIOD 1981 TO 2010
CLIMATE RECORD PERIOD 1960 TO 2014


WEATHER ITEM   OBSERVED TIME   RECORD YEAR NORMAL DEPARTURE LAST
                VALUE   (LST)  VALUE       VALUE  FROM      YEAR
                                                  NORMAL
..................................................................
TEMPERATURE (F)
 YESTERDAY
  MAXIMUM         61    254 PM  82    2007  62     -1       51
  MINIMUM         43   1239 AM  19    2001  39      4       23
  AVERAGE         52                        51      1

PRECIPITATION (IN)
  YESTERDAY        0.03          6.73 1977   0.15  -0.12     0.00
  MONTH TO DATE    1.84                      3.77  -1.93     1.81
  SINCE MAR 1      1.84                      3.77  -1.93     1.81
  SINCE JAN 1      4.98                     10.65  -5.67     8.43

DEGREE DAYS
 HEATING
  YESTERDAY       13                        15     -2       28
  MONTH TO DATE  653                       504    149      660
  SINCE MAR 1    653                       504    149      660
  SINCE JUL 1   4578                      4001    577     3899

 COOLING
  YESTERDAY        0                         0      0        0
  MONTH TO DATE    0                         0      0        0
  SINCE MAR 1      0                         0      0        0
  SINCE JAN 1      0                         0      0        0
..................................................................


WIND (MPH)
  HIGHEST WIND SPEED    26   HIGHEST WIND DIRECTION     S (180)
  HIGHEST GUST SPEED    36   HIGHEST GUST DIRECTION     S (170)
  AVERAGE WIND SPEED    19.1


SKY COVER
  AVERAGE SKY COVER 0.9


WEATHER CONDITIONS
 THE FOLLOWING WEATHER WAS RECORDED YESTERDAY.
  LIGHT RAIN
  FOG


RELATIVE HUMIDITY (PERCENT)
 HIGHEST    86
 LOWEST     42
 AVERAGE    64

..........................................................


THE CAPE GIRARDEAU MO CLIMATE NORMALS FOR TODAY
                         NORMAL    RECORD    YEAR
 MAXIMUM TEMPERATURE (F)   63        83      1985
 MINIMUM TEMPERATURE (F)   39        25      2001


SUNRISE AND SUNSET
MARCH 28 2014.........SUNRISE   650 AM CDT   SUNSET   717 PM CDT
MARCH 29 2014.........SUNRISE   648 AM CDT   SUNSET   718 PM CDT


-  INDICATES NEGATIVE NUMBERS.
R  INDICATES RECORD WAS SET OR TIED.
MM INDICATES DATA IS MISSING.
T  INDICATES TRACE AMOUNT.




$$
