648
CDUS43 KPAH 150638
CLICGI


CLIMATE REPORT
NATIONAL WEATHER SERVICE PADUCAH KY
133 AM CDT MON AUG 15 2016


...................................

...THE CAPE GIRARDEAU MO CLIMATE SUMMARY FOR AUGUST 14 2016...

CLIMATE NORMAL PERIOD 1981 TO 2010
CLIMATE RECORD PERIOD 1960 TO 2016


WEATHER ITEM   OBSERVED TIME   RECORD YEAR NORMAL DEPARTURE LAST
                VALUE   (LST)  VALUE       VALUE  FROM      YEAR
                                                  NORMAL
..................................................................
TEMPERATURE (F)
 YESTERDAY
  MAXIMUM         80   1018 AM  98    1988  89     -9       85
  MINIMUM         71    521 PM  46    2004  66      5       63
  AVERAGE         76                        78     -2

PRECIPITATION (IN)
  YESTERDAY        1.52R         1.00 1976   0.09   1.43     0.00
  MONTH TO DATE    2.98                      1.32   1.66     3.24
  SINCE JUN 1     10.14                      8.25   1.89    17.19
  SINCE JAN 1     33.42                     29.35   4.07    42.63

DEGREE DAYS
 HEATING
  YESTERDAY        0                         0      0        0
  MONTH TO DATE    0                         0      0        0
  SINCE JUN 1      0                         4     -4        5
  SINCE JUL 1      0                         0      0        0

 COOLING
  YESTERDAY       11                        13     -2        9
  MONTH TO DATE  214                       182     32      176
  SINCE JUN 1   1101                       916    185     1026
  SINCE JAN 1   1222                      1068    154     1203
..................................................................


WIND (MPH)
  HIGHEST WIND SPEED    18   HIGHEST WIND DIRECTION    NE (50)
  HIGHEST GUST SPEED    25   HIGHEST GUST DIRECTION    NE (40)
  AVERAGE WIND SPEED     5.9


SKY COVER
  AVERAGE SKY COVER 0.8


WEATHER CONDITIONS
 THE FOLLOWING WEATHER WAS RECORDED YESTERDAY.
  HEAVY RAIN
  RAIN
  LIGHT RAIN
  FOG


RELATIVE HUMIDITY (PERCENT)
 HIGHEST   100
 LOWEST     79
 AVERAGE    90

..........................................................


THE CAPE GIRARDEAU MO CLIMATE NORMALS FOR TODAY
                         NORMAL    RECORD    YEAR
 MAXIMUM TEMPERATURE (F)   89       104      1988
 MINIMUM TEMPERATURE (F)   66        49      1988


SUNRISE AND SUNSET
AUGUST 15 2016........SUNRISE   615 AM CDT   SUNSET   750 PM CDT
AUGUST 16 2016........SUNRISE   616 AM CDT   SUNSET   748 PM CDT


-  INDICATES NEGATIVE NUMBERS.
R  INDICATES RECORD WAS SET OR TIED.
MM INDICATES DATA IS MISSING.
T  INDICATES TRACE AMOUNT.




$$
