000
CDUS43 KPAH 280632
CLICGI


CLIMATE REPORT
NATIONAL WEATHER SERVICE PADUCAH KY
130 AM CDT THU APR 28 2016


...................................

...THE CAPE GIRARDEAU MO CLIMATE SUMMARY FOR APRIL 27 2016...

CLIMATE NORMAL PERIOD 1981 TO 2010
CLIMATE RECORD PERIOD 1960 TO 2016


WEATHER ITEM   OBSERVED TIME   RECORD YEAR NORMAL DEPARTURE LAST
                VALUE   (LST)  VALUE       VALUE  FROM      YEAR
                                                  NORMAL
..................................................................
TEMPERATURE (F)
 YESTERDAY
  MAXIMUM         76    501 PM  91    1989  72      4       67
  MINIMUM         57    105 AM  36    2006  50      7       44
  AVERAGE         67                        61      6

PRECIPITATION (IN)
  YESTERDAY        0.18          2.22 2014   0.17   0.01     0.00
  MONTH TO DATE    3.73                      3.87  -0.14     4.17
  SINCE MAR 1      9.19                      8.27   0.92    12.96
  SINCE JAN 1     13.97                     15.15  -1.18    19.48

DEGREE DAYS
 HEATING
  YESTERDAY        0                         5     -5        9
  MONTH TO DATE  184                       249    -65      144
  SINCE MAR 1    572                       808   -236      750
  SINCE JUL 1   3464                      4305   -841     4528

 COOLING
  YESTERDAY        2                         1      1        0
  MONTH TO DATE   15                        21     -6       28
  SINCE MAR 1     15                        25    -10       28
  SINCE JAN 1     15                        25    -10       28
..................................................................


WIND (MPH)
  HIGHEST WIND SPEED    22   HIGHEST WIND DIRECTION     W (280)
  HIGHEST GUST SPEED    27   HIGHEST GUST DIRECTION     W (280)
  AVERAGE WIND SPEED     8.0


SKY COVER
  AVERAGE SKY COVER 0.3


WEATHER CONDITIONS
 THE FOLLOWING WEATHER WAS RECORDED YESTERDAY.
  THUNDERSTORM
  HEAVY RAIN
  RAIN
  LIGHT RAIN
  FOG


RELATIVE HUMIDITY (PERCENT)
 HIGHEST   100
 LOWEST     64
 AVERAGE    82

..........................................................


THE CAPE GIRARDEAU MO CLIMATE NORMALS FOR TODAY
                         NORMAL    RECORD    YEAR
 MAXIMUM TEMPERATURE (F)   73        87      1989
 MINIMUM TEMPERATURE (F)   50        35      1992


SUNRISE AND SUNSET
APRIL 28 2016.........SUNRISE   607 AM CDT   SUNSET   746 PM CDT
APRIL 29 2016.........SUNRISE   605 AM CDT   SUNSET   746 PM CDT


-  INDICATES NEGATIVE NUMBERS.
R  INDICATES RECORD WAS SET OR TIED.
MM INDICATES DATA IS MISSING.
T  INDICATES TRACE AMOUNT.




$$
