000
CDUS43 KPAH 300630
CLICGI


CLIMATE REPORT
NATIONAL WEATHER SERVICE PADUCAH KY
127 AM CDT MON MAY 30 2016


...................................

...THE CAPE GIRARDEAU MO CLIMATE SUMMARY FOR MAY 29 2016...

CLIMATE NORMAL PERIOD 1981 TO 2010
CLIMATE RECORD PERIOD 1960 TO 2016


WEATHER ITEM   OBSERVED TIME   RECORD YEAR NORMAL DEPARTURE LAST
                VALUE   (LST)  VALUE       VALUE  FROM      YEAR
                                                  NORMAL
..................................................................
TEMPERATURE (F)
 YESTERDAY
  MAXIMUM         87    225 PM  92    1989  82      5       84
  MINIMUM         64   1142 PM  42    1964  59      5       64
  AVERAGE         76                        70      6

PRECIPITATION (IN)
  YESTERDAY        0.00          0.80 1975   0.15  -0.15     0.00
  MONTH TO DATE    8.34                      5.18   3.16     5.66
  SINCE MAR 1     18.50                     13.94   4.56    18.62
  SINCE JAN 1     23.28                     20.82   2.46    25.14

DEGREE DAYS
 HEATING
  YESTERDAY        0                         1     -1        0
  MONTH TO DATE  100                        67     33       56
  SINCE MAR 1    679                       888   -209      833
  SINCE JUL 1   3571                      4385   -814     4611

 COOLING
  YESTERDAY       11                         6      5        9
  MONTH TO DATE   83                       108    -25      141
  SINCE MAR 1    101                       139    -38      169
  SINCE JAN 1    101                       139    -38      169
..................................................................


WIND (MPH)
  HIGHEST WIND SPEED    10   HIGHEST WIND DIRECTION     W (290)
  HIGHEST GUST SPEED    19   HIGHEST GUST DIRECTION     W (280)
  AVERAGE WIND SPEED     2.9


SKY COVER
  AVERAGE SKY COVER 0.2


WEATHER CONDITIONS
 THE FOLLOWING WEATHER WAS RECORDED YESTERDAY.
  FOG
  FOG W/VISIBILITY <= 1/4 MILE


RELATIVE HUMIDITY (PERCENT)
 HIGHEST   100
 LOWEST     42
 AVERAGE    71

..........................................................


THE CAPE GIRARDEAU MO CLIMATE NORMALS FOR TODAY
                         NORMAL    RECORD    YEAR
 MAXIMUM TEMPERATURE (F)   82        94      1977
 MINIMUM TEMPERATURE (F)   60        44      1984


SUNRISE AND SUNSET
MAY 30 2016...........SUNRISE   540 AM CDT   SUNSET   812 PM CDT
MAY 31 2016...........SUNRISE   540 AM CDT   SUNSET   813 PM CDT


-  INDICATES NEGATIVE NUMBERS.
R  INDICATES RECORD WAS SET OR TIED.
MM INDICATES DATA IS MISSING.
T  INDICATES TRACE AMOUNT.




$$
