000
CDUS43 KPAH 260640
CLICGI


CLIMATE REPORT
NATIONAL WEATHER SERVICE PADUCAH KY
139 AM CDT THU MAR 26 2015


...................................

...THE CAPE GIRARDEAU MO CLIMATE SUMMARY FOR MARCH 25 2015...

CLIMATE NORMAL PERIOD 1981 TO 2010
CLIMATE RECORD PERIOD 1960 TO 2015


WEATHER ITEM   OBSERVED TIME   RECORD YEAR NORMAL DEPARTURE LAST
                VALUE   (LST)  VALUE       VALUE  FROM      YEAR
                                                  NORMAL
..................................................................
TEMPERATURE (F)
 YESTERDAY
  MAXIMUM         75    400 PM  83    2007  62     13       45
  MINIMUM         49    624 AM  20    1966  38     11       26
  AVERAGE         62                        50     12

PRECIPITATION (IN)
  YESTERDAY        1.29          1.94 2002   0.15   1.14      T
  MONTH TO DATE    8.25                      3.46   4.79     1.80
  SINCE MAR 1      8.25                      3.46   4.79     1.80
  SINCE JAN 1     14.77                     10.34   4.43     4.94

DEGREE DAYS
 HEATING
  YESTERDAY        3                        15    -12       29
  MONTH TO DATE  487                       474     13      610
  SINCE MAR 1    487                       474     13      610
  SINCE JUL 1   4265                      3971    294     4535

 COOLING
  YESTERDAY        0                         0      0        0
  MONTH TO DATE    0                         0      0        0
  SINCE MAR 1      0                         0      0        0
  SINCE JAN 1      0                         0      0        0
..................................................................


WIND (MPH)
  HIGHEST WIND SPEED    32   HIGHEST WIND DIRECTION     N (340)
  HIGHEST GUST SPEED    39   HIGHEST GUST DIRECTION    NW (300)
  AVERAGE WIND SPEED     9.7


SKY COVER
  AVERAGE SKY COVER 0.3


WEATHER CONDITIONS
 THE FOLLOWING WEATHER WAS RECORDED YESTERDAY.
  HEAVY RAIN
  RAIN
  LIGHT RAIN
  FOG


RELATIVE HUMIDITY (PERCENT)
 HIGHEST   100
 LOWEST     36
 AVERAGE    68

..........................................................


THE CAPE GIRARDEAU MO CLIMATE NORMALS FOR TODAY
                         NORMAL    RECORD    YEAR
 MAXIMUM TEMPERATURE (F)   62        82      2007
 MINIMUM TEMPERATURE (F)   39        20      2014


SUNRISE AND SUNSET
MARCH 26 2015.........SUNRISE   653 AM CDT   SUNSET   715 PM CDT
MARCH 27 2015.........SUNRISE   652 AM CDT   SUNSET   716 PM CDT


-  INDICATES NEGATIVE NUMBERS.
R  INDICATES RECORD WAS SET OR TIED.
MM INDICATES DATA IS MISSING.
T  INDICATES TRACE AMOUNT.




$$
