000
CDUS43 KPAH 090628
CLICGI


CLIMATE REPORT
NATIONAL WEATHER SERVICE PADUCAH KY
1226 AM CST FRI DEC 9 2016

...................................

...THE CAPE GIRARDEAU MO CLIMATE SUMMARY FOR DECEMBER 8 2016...

CLIMATE NORMAL PERIOD 1981 TO 2010
CLIMATE RECORD PERIOD 1960 TO 2016

WEATHER ITEM   OBSERVED TIME   RECORD YEAR NORMAL DEPARTURE LAST
                VALUE   (LST)  VALUE       VALUE  FROM      YEAR
                                                  NORMAL
..................................................................
TEMPERATURE (F)
 YESTERDAY
  MAXIMUM         36    315 PM  68    1966  47    -11       60
  MINIMUM         23   1159 PM   6    2005  29     -6       32
  AVERAGE         30                        38     -8

PRECIPITATION (IN)
  YESTERDAY        0.00          1.79 1972   0.15  -0.15     0.00
  MONTH TO DATE    0.80                      1.18  -0.38     0.00
  SINCE DEC 1      0.80                      1.18  -0.38     0.00
  SINCE JAN 1     46.95                     43.74   3.21    55.58

DEGREE DAYS
 HEATING
  YESTERDAY       35                        27      8       19
  MONTH TO DATE  215                       209      6      193
  SINCE DEC 1    215                       209      6      193
  SINCE JUL 1    792                      1060   -268      843

 COOLING
  YESTERDAY        0                         0      0        0
  MONTH TO DATE    0                         0      0        0
  SINCE DEC 1      0                         0      0        0
  SINCE JAN 1   1798                      1453    345     1531
..................................................................

WIND (MPH)
  HIGHEST WIND SPEED    18   HIGHEST WIND DIRECTION    NW (330)
  HIGHEST GUST SPEED    26   HIGHEST GUST DIRECTION     N (340)
  AVERAGE WIND SPEED    10.6

SKY COVER
  AVERAGE SKY COVER 0.1

WEATHER CONDITIONS
 THE FOLLOWING WEATHER WAS RECORDED YESTERDAY.
  HAZE

RELATIVE HUMIDITY (PERCENT)
 HIGHEST    69
 LOWEST     40
 AVERAGE    55
..........................................................

THE CAPE GIRARDEAU MO CLIMATE NORMALS FOR TODAY
                         NORMAL    RECORD    YEAR
 MAXIMUM TEMPERATURE (F)   46        68      1970
 MINIMUM TEMPERATURE (F)   28        -6      2005

SUNRISE AND SUNSET
DECEMBER  9 2016......SUNRISE   701 AM CST   SUNSET   441 PM CST
DECEMBER 10 2016......SUNRISE   702 AM CST   SUNSET   441 PM CST

-  INDICATES NEGATIVE NUMBERS.
R  INDICATES RECORD WAS SET OR TIED.
MM INDICATES DATA IS MISSING.
T  INDICATES TRACE AMOUNT.

$$
