000
CDUS43 KPAH 280629
CLICGI


CLIMATE REPORT
NATIONAL WEATHER SERVICE PADUCAH KY
127 AM CDT SUN AUG 28 2016

...................................

...THE CAPE GIRARDEAU MO CLIMATE SUMMARY FOR AUGUST 27 2016...

CLIMATE NORMAL PERIOD 1981 TO 2010
CLIMATE RECORD PERIOD 1960 TO 2016

WEATHER ITEM   OBSERVED TIME   RECORD YEAR NORMAL DEPARTURE LAST
                VALUE   (LST)  VALUE       VALUE  FROM      YEAR
                                                  NORMAL
..................................................................
TEMPERATURE (F)
 YESTERDAY
  MAXIMUM         90    413 PM  99    1983  88      2       82
  MINIMUM         68    420 AM  51    2010  64      4       53
  AVERAGE         79                        76      3

PRECIPITATION (IN)
  YESTERDAY        0.00          2.35 2006   0.10  -0.10     0.00
  MONTH TO DATE    6.26                      2.61   3.65     4.16
  SINCE JUN 1     13.42                      9.54   3.88    18.11
  SINCE JAN 1     36.70                     30.64   6.06    43.55

DEGREE DAYS
 HEATING
  YESTERDAY        0                         0      0        0
  MONTH TO DATE    0                         0      0        0
  SINCE JUN 1      0                         4     -4        5
  SINCE JUL 1      0                         0      0        0

 COOLING
  YESTERDAY       14                        11      3        3
  MONTH TO DATE  372                       334     38      262
  SINCE JUN 1   1259                      1068    191     1112
  SINCE JAN 1   1380                      1220    160     1289
..................................................................

WIND (MPH)
  HIGHEST WIND SPEED    10   HIGHEST WIND DIRECTION    SE (120)
  HIGHEST GUST SPEED    14   HIGHEST GUST DIRECTION    SE (130)
  AVERAGE WIND SPEED     2.6

SKY COVER
  AVERAGE SKY COVER 0.1

WEATHER CONDITIONS
 THE FOLLOWING WEATHER WAS RECORDED YESTERDAY.
  NO SIGNIFICANT WEATHER WAS OBSERVED.

RELATIVE HUMIDITY (PERCENT)
 HIGHEST   100
 LOWEST     59
 AVERAGE    80
..........................................................

THE CAPE GIRARDEAU MO CLIMATE NORMALS FOR TODAY
                         NORMAL    RECORD    YEAR
 MAXIMUM TEMPERATURE (F)   87        99      2007
 MINIMUM TEMPERATURE (F)   63        48      1967

SUNRISE AND SUNSET
AUGUST 28 2016........SUNRISE   626 AM CDT   SUNSET   732 PM CDT
AUGUST 29 2016........SUNRISE   627 AM CDT   SUNSET   731 PM CDT

-  INDICATES NEGATIVE NUMBERS.
R  INDICATES RECORD WAS SET OR TIED.
MM INDICATES DATA IS MISSING.
T  INDICATES TRACE AMOUNT.

$$
