000
CDUS43 KPAH 280628
CLICGI


CLIMATE REPORT
NATIONAL WEATHER SERVICE PADUCAH KY
127 AM CDT WED SEP 28 2016

...................................

...THE CAPE GIRARDEAU MO CLIMATE SUMMARY FOR SEPTEMBER 27 2016...

CLIMATE NORMAL PERIOD 1981 TO 2010
CLIMATE RECORD PERIOD 1960 TO 2016

WEATHER ITEM   OBSERVED TIME   RECORD YEAR NORMAL DEPARTURE LAST
                VALUE   (LST)  VALUE       VALUE  FROM      YEAR
                                                  NORMAL
..................................................................
TEMPERATURE (F)
 YESTERDAY
  MAXIMUM         80    149 PM  93    1998  77      3       79
  MINIMUM         44    500 AM  36    2001  51     -7       62
  AVERAGE         62                        64     -2

PRECIPITATION (IN)
  YESTERDAY        0.00          1.72 1964   0.11  -0.11     0.03
  MONTH TO DATE    5.01                      2.96   2.05     1.26
  SINCE SEP 1      5.01                      2.96   2.05     1.26
  SINCE JAN 1     41.71                     34.01   7.70    44.81

DEGREE DAYS
 HEATING
  YESTERDAY        3                         4     -1        0
  MONTH TO DATE    6                        33    -27       14
  SINCE SEP 1      6                        33    -27       14
  SINCE JUL 1      6                        34    -28       14

 COOLING
  YESTERDAY        0                         3     -3        6
  MONTH TO DATE  257                       155    102      174
  SINCE SEP 1    257                       155    102      174
  SINCE JAN 1   1700                      1415    285     1503
..................................................................

WIND (MPH)
  HIGHEST WIND SPEED    15   HIGHEST WIND DIRECTION     W (280)
  HIGHEST GUST SPEED    20   HIGHEST GUST DIRECTION     W (270)
  AVERAGE WIND SPEED     3.9

SKY COVER
  AVERAGE SKY COVER 0.1

WEATHER CONDITIONS
 THE FOLLOWING WEATHER WAS RECORDED YESTERDAY.
  FOG
  FOG W/VISIBILITY <= 1/4 MILE

RELATIVE HUMIDITY (PERCENT)
 HIGHEST    93
 LOWEST     32
 AVERAGE    63
..........................................................

THE CAPE GIRARDEAU MO CLIMATE NORMALS FOR TODAY
                         NORMAL    RECORD    YEAR
 MAXIMUM TEMPERATURE (F)   77        92      1999
 MINIMUM TEMPERATURE (F)   51        40      2003

SUNRISE AND SUNSET
SEPTEMBER 28 2016.....SUNRISE   652 AM CDT   SUNSET   645 PM CDT
SEPTEMBER 29 2016.....SUNRISE   652 AM CDT   SUNSET   644 PM CDT

-  INDICATES NEGATIVE NUMBERS.
R  INDICATES RECORD WAS SET OR TIED.
MM INDICATES DATA IS MISSING.
T  INDICATES TRACE AMOUNT.

$$
