000
CDUS43 KPAH 230631
CLICGI


CLIMATE REPORT
NATIONAL WEATHER SERVICE PADUCAH KY
130 AM CDT WED JUL 23 2014


...................................

...THE CAPE GIRARDEAU MO CLIMATE SUMMARY FOR JULY 22 2014...

CLIMATE NORMAL PERIOD 1981 TO 2010
CLIMATE RECORD PERIOD 1960 TO 2014


WEATHER ITEM   OBSERVED TIME   RECORD YEAR NORMAL DEPARTURE LAST
                VALUE   (LST)  VALUE       VALUE  FROM      YEAR
                                                  NORMAL
..................................................................
TEMPERATURE (F)
 YESTERDAY
  MAXIMUM         89    335 PM 102    1983  89      0       89
  MINIMUM         62    515 AM  53    1970  68     -6       72
  AVERAGE         76                        79     -3

PRECIPITATION (IN)
  YESTERDAY        0.00          2.25 1969   0.11  -0.11     0.00
  MONTH TO DATE    1.83                      2.39  -0.56     0.23
  SINCE JUN 1      9.33                      5.96   3.37     7.99
  SINCE JAN 1     27.72                     27.06   0.66    24.16

DEGREE DAYS
 HEATING
  YESTERDAY        0                         0      0        0
  MONTH TO DATE    0                         0      0        0
  SINCE JUN 1      0                         4     -4        0
  SINCE JUL 1      0                         0      0        0

 COOLING
  YESTERDAY       11                        14     -3       16
  MONTH TO DATE  206                       305    -99      273
  SINCE JUN 1    565                       617    -52      606
  SINCE JAN 1    776                       769      7      777
..................................................................


WIND (MPH)
  HIGHEST WIND SPEED    12   HIGHEST WIND DIRECTION    SW (230)
  HIGHEST GUST SPEED    16   HIGHEST GUST DIRECTION     W (260)
  AVERAGE WIND SPEED     3.3


SKY COVER
  AVERAGE SKY COVER 0.1


WEATHER CONDITIONS
 THE FOLLOWING WEATHER WAS RECORDED YESTERDAY.
  FOG
  FOG W/VISIBILITY <= 1/4 MILE
  HAZE


RELATIVE HUMIDITY (PERCENT)
 HIGHEST   100
 LOWEST     53
 AVERAGE    77

..........................................................


THE CAPE GIRARDEAU MO CLIMATE NORMALS FOR TODAY
                         NORMAL    RECORD    YEAR
 MAXIMUM TEMPERATURE (F)   89       103      1983
 MINIMUM TEMPERATURE (F)   68        54      2007


SUNRISE AND SUNSET
JULY 23 2014..........SUNRISE   556 AM CDT   SUNSET   813 PM CDT
JULY 24 2014..........SUNRISE   557 AM CDT   SUNSET   813 PM CDT


-  INDICATES NEGATIVE NUMBERS.
R  INDICATES RECORD WAS SET OR TIED.
MM INDICATES DATA IS MISSING.
T  INDICATES TRACE AMOUNT.




$$
