331
CDUS43 KPAH 230628
CLICGI


CLIMATE REPORT
NATIONAL WEATHER SERVICE PADUCAH KY
127 AM CDT SAT JUL 23 2016

...................................

...THE CAPE GIRARDEAU MO CLIMATE SUMMARY FOR JULY 22 2016...

CLIMATE NORMAL PERIOD 1981 TO 2010
CLIMATE RECORD PERIOD 1960 TO 2016

WEATHER ITEM   OBSERVED TIME   RECORD YEAR NORMAL DEPARTURE LAST
                VALUE   (LST)  VALUE       VALUE  FROM      YEAR
                                                  NORMAL
..................................................................
TEMPERATURE (F)
 YESTERDAY
  MAXIMUM         91    114 PM 102    1983  89      2       86
  MINIMUM         73   1123 PM  53    1970  68      5       73
  AVERAGE         82                        79      3

PRECIPITATION (IN)
  YESTERDAY        0.00          2.25 1969   0.11  -0.11     0.40
  MONTH TO DATE    3.29                      2.39   0.90     8.81
  SINCE JUN 1      4.57                      5.96  -1.39    13.13
  SINCE JAN 1     27.85                     27.06   0.79    38.57

DEGREE DAYS
 HEATING
  YESTERDAY        0                         0      0        0
  MONTH TO DATE    0                         0      0        0
  SINCE JUN 1      0                         4     -4        5
  SINCE JUL 1      0                         0      0        0

 COOLING
  YESTERDAY       17                        14      3       15
  MONTH TO DATE  332                       305     27      320
  SINCE JUN 1    743                       617    126      701
  SINCE JAN 1    864                       769     95      878
..................................................................

WIND (MPH)
  HIGHEST WIND SPEED    18   HIGHEST WIND DIRECTION     N (350)
  HIGHEST GUST SPEED    23   HIGHEST GUST DIRECTION     N (350)
  AVERAGE WIND SPEED     3.2

SKY COVER
  AVERAGE SKY COVER 0.1

WEATHER CONDITIONS
 THE FOLLOWING WEATHER WAS RECORDED YESTERDAY.
  THUNDERSTORM
  FOG

RELATIVE HUMIDITY (PERCENT)
 HIGHEST    94
 LOWEST     64
 AVERAGE    79
..........................................................

THE CAPE GIRARDEAU MO CLIMATE NORMALS FOR TODAY
                         NORMAL    RECORD    YEAR
 MAXIMUM TEMPERATURE (F)   89       103      1983
 MINIMUM TEMPERATURE (F)   68        54      2007

SUNRISE AND SUNSET
JULY 23 2016..........SUNRISE   556 AM CDT   SUNSET   813 PM CDT
JULY 24 2016..........SUNRISE   557 AM CDT   SUNSET   812 PM CDT

-  INDICATES NEGATIVE NUMBERS.
R  INDICATES RECORD WAS SET OR TIED.
MM INDICATES DATA IS MISSING.
T  INDICATES TRACE AMOUNT.

$$
