000
CDUS43 KPAH 190630
CLICGI


CLIMATE REPORT
NATIONAL WEATHER SERVICE PADUCAH KY
1228 AM CST SUN FEB 19 2017


...................................

...THE CAPE GIRARDEAU MO CLIMATE SUMMARY FOR FEBRUARY 18 2017...

CLIMATE NORMAL PERIOD 1981 TO 2010
CLIMATE RECORD PERIOD 1960 TO 2017


WEATHER ITEM   OBSERVED TIME   RECORD YEAR NORMAL DEPARTURE LAST
                VALUE   (LST)  VALUE       VALUE  FROM      YEAR
                                                  NORMAL
..................................................................
TEMPERATURE (F)
 YESTERDAY
  MAXIMUM         56   1200 AM  73    1961  49      7       59
  MINIMUM         49   1148 PM  -7    2015  29     20       34
  AVERAGE         53                        39     14

PRECIPITATION (IN)
  YESTERDAY        0.35          0.80 2000   0.11   0.24     0.00
  MONTH TO DATE    0.95                      2.21  -1.26     0.90
  SINCE DEC 1      6.25                      9.93  -3.68     4.95
  SINCE JAN 1      2.91                      5.68  -2.77     2.56

DEGREE DAYS
 HEATING
  YESTERDAY       12                        26    -14       18
  MONTH TO DATE  396                       514   -118      526
  SINCE DEC 1   2047                      2401   -354     2041
  SINCE JUL 1   2624                      3252   -628     2691

 COOLING
  YESTERDAY        0                         0      0        0
  MONTH TO DATE    0                         0      0        0
  SINCE DEC 1      0                         0      0        2
  SINCE JAN 1      0                         0      0        0
..................................................................


WIND (MPH)
  HIGHEST WIND SPEED    15   HIGHEST WIND DIRECTION    SW (230)
  HIGHEST GUST SPEED    20   HIGHEST GUST DIRECTION    SW (230)
  AVERAGE WIND SPEED     5.1


SKY COVER
  AVERAGE SKY COVER 0.9


WEATHER CONDITIONS
 THE FOLLOWING WEATHER WAS RECORDED YESTERDAY.
  LIGHT RAIN
  FOG
  FOG W/VISIBILITY <= 1/4 MILE


RELATIVE HUMIDITY (PERCENT)
 HIGHEST    96
 LOWEST     59
 AVERAGE    78

..........................................................


THE CAPE GIRARDEAU MO CLIMATE NORMALS FOR TODAY
                         NORMAL    RECORD    YEAR
 MAXIMUM TEMPERATURE (F)   49        71      1994
 MINIMUM TEMPERATURE (F)   29       -14      2015


SUNRISE AND SUNSET
FEBRUARY 19 2017......SUNRISE   642 AM CST   SUNSET   543 PM CST
FEBRUARY 20 2017......SUNRISE   641 AM CST   SUNSET   544 PM CST


-  INDICATES NEGATIVE NUMBERS.
R  INDICATES RECORD WAS SET OR TIED.
MM INDICATES DATA IS MISSING.
T  INDICATES TRACE AMOUNT.




$$
