000
CDUS43 KPAH 140639
CLICGI


CLIMATE REPORT
NATIONAL WEATHER SERVICE PADUCAH KY
132 AM CDT MON AUG 14 2017


...................................

...THE CAPE GIRARDEAU MO CLIMATE SUMMARY FOR AUGUST 13 2017...

CLIMATE NORMAL PERIOD 1981 TO 2010
CLIMATE RECORD PERIOD 1960 TO 2017


WEATHER ITEM   OBSERVED TIME   RECORD YEAR NORMAL DEPARTURE LAST
                VALUE   (LST)  VALUE       VALUE  FROM      YEAR
                                                  NORMAL
..................................................................
TEMPERATURE (F)
 YESTERDAY
  MAXIMUM         84    242 PM  98    2007  89     -5       78
  MINIMUM         58    307 AM  46    2004  66     -8       73
  AVERAGE         71                        78     -7

PRECIPITATION (IN)
  YESTERDAY        0.01          4.93 2002   0.10  -0.09     0.77
  MONTH TO DATE    1.44                      1.23   0.21     2.23
  SINCE JUN 1      5.76                      8.16  -2.40     9.39
  SINCE JAN 1     24.98                     29.26  -4.28    32.67

DEGREE DAYS
 HEATING
  YESTERDAY        0                         0      0        0
  MONTH TO DATE    0                         0      0        0
  SINCE JUN 1      0                         4     -4        0
  SINCE JUL 1      0                         0      0        0

 COOLING
  YESTERDAY        6                        13     -7       11
  MONTH TO DATE  100                       169    -69      203
  SINCE JUN 1    849                       903    -54     1090
  SINCE JAN 1   1024                      1055    -31     1211
..................................................................


WIND (MPH)
  HIGHEST WIND SPEED     8   HIGHEST WIND DIRECTION    SW (220)
  HIGHEST GUST SPEED    11   HIGHEST GUST DIRECTION    NE (60)
  AVERAGE WIND SPEED     2.2


SKY COVER
  AVERAGE SKY COVER 0.2


WEATHER CONDITIONS
 THE FOLLOWING WEATHER WAS RECORDED YESTERDAY.
  LIGHT RAIN


RELATIVE HUMIDITY (PERCENT)
 HIGHEST   100
 LOWEST     46
 AVERAGE    73

..........................................................


THE CAPE GIRARDEAU MO CLIMATE NORMALS FOR TODAY
                         NORMAL    RECORD    YEAR
 MAXIMUM TEMPERATURE (F)   89        98      1988
 MINIMUM TEMPERATURE (F)   66        46      2004


SUNRISE AND SUNSET
AUGUST 14 2017........SUNRISE   614 AM CDT   SUNSET   751 PM CDT
AUGUST 15 2017........SUNRISE   615 AM CDT   SUNSET   750 PM CDT


-  INDICATES NEGATIVE NUMBERS.
R  INDICATES RECORD WAS SET OR TIED.
MM INDICATES DATA IS MISSING.
T  INDICATES TRACE AMOUNT.




$$
