329
CDUS43 KPAH 170629
CLICGI


CLIMATE REPORT
NATIONAL WEATHER SERVICE PADUCAH KY
127 AM CDT SAT JUN 17 2017


...................................

...THE CAPE GIRARDEAU MO CLIMATE SUMMARY FOR JUNE 16 2017...

CLIMATE NORMAL PERIOD 1981 TO 2010
CLIMATE RECORD PERIOD 1960 TO 2017


WEATHER ITEM   OBSERVED TIME   RECORD YEAR NORMAL DEPARTURE LAST
                VALUE   (LST)  VALUE       VALUE  FROM      YEAR
                                                  NORMAL
..................................................................
TEMPERATURE (F)
 YESTERDAY
  MAXIMUM         90    137 PM 101    2016  87      3      101
  MINIMUM         67    504 AM  51    1969  65      2       72
  AVERAGE         79                        76      3

PRECIPITATION (IN)
  YESTERDAY        0.04          0.87 2000   0.12  -0.08     0.00
  MONTH TO DATE    1.15                      1.97  -0.82     1.01
  SINCE JUN 1      1.15                      1.97  -0.82     1.01
  SINCE JAN 1     20.37                     23.07  -2.70    24.29

DEGREE DAYS
 HEATING
  YESTERDAY        0                         0      0        0
  MONTH TO DATE    0                         1     -1        0
  SINCE JUN 1      0                         1     -1        0
  SINCE JUL 1   3430                      4387   -957     3571

 COOLING
  YESTERDAY       14                        11      3       22
  MONTH TO DATE  177                       140     37      184
  SINCE JUN 1    177                       140     37      184
  SINCE JAN 1    352                       292     60      305
..................................................................


WIND (MPH)
  HIGHEST WIND SPEED    20   HIGHEST WIND DIRECTION    NW (300)
  HIGHEST GUST SPEED    26   HIGHEST GUST DIRECTION    NW (300)
  AVERAGE WIND SPEED     6.1


SKY COVER
  AVERAGE SKY COVER 0.0


WEATHER CONDITIONS
 THE FOLLOWING WEATHER WAS RECORDED YESTERDAY.
  THUNDERSTORM
  LIGHT RAIN
  FOG


RELATIVE HUMIDITY (PERCENT)
 HIGHEST   100
 LOWEST     52
 AVERAGE    76

..........................................................


THE CAPE GIRARDEAU MO CLIMATE NORMALS FOR TODAY
                         NORMAL    RECORD    YEAR
 MAXIMUM TEMPERATURE (F)   87        98      1990
 MINIMUM TEMPERATURE (F)   65        48      1961


SUNRISE AND SUNSET
JUNE 17 2017..........SUNRISE   538 AM CDT   SUNSET   821 PM CDT
JUNE 18 2017..........SUNRISE   538 AM CDT   SUNSET   821 PM CDT


-  INDICATES NEGATIVE NUMBERS.
R  INDICATES RECORD WAS SET OR TIED.
MM INDICATES DATA IS MISSING.
T  INDICATES TRACE AMOUNT.




$$
