000
CDUS43 KPAH 052126
CLICGI


CLIMATE REPORT
NATIONAL WEATHER SERVICE PADUCAH KY
425 PM CDT TUE APR 5 2016

...................................

...THE CAPE GIRARDEAU MO CLIMATE SUMMARY FOR APRIL 5 2016...
VALID TODAY AS OF 0400 PM LOCAL TIME.

CLIMATE NORMAL PERIOD 1981 TO 2010
CLIMATE RECORD PERIOD 1960 TO 2016

WEATHER ITEM   OBSERVED TIME   RECORD YEAR NORMAL DEPARTURE LAST
                VALUE   (LST)  VALUE       VALUE  FROM      YEAR
                                                  NORMAL
..................................................................
TEMPERATURE (F)
 TODAY
  MAXIMUM         57    255 PM  85    1967  65     -8       62
  MINIMUM         37    607 AM  27    2000  42     -5       33
  AVERAGE         47                        54     -7

PRECIPITATION (IN)
  TODAY            0.00          2.18 1964   0.13  -0.13      T
  MONTH TO DATE    0.00                      0.68  -0.68     1.03
  SINCE MAR 1      5.46                      5.08   0.38     9.82
  SINCE JAN 1     10.24                     11.96  -1.72    16.34

DEGREE DAYS
 HEATING
  TODAY           18                        12      6       17
  MONTH TO DATE   64                        63      1       50
  SINCE MAR 1    452                       622   -170      656
  SINCE JUL 1   3344                      4119   -775     4434

 COOLING
  TODAY            0                         0      0        0
  MONTH TO DATE    0                         0      0        2
  SINCE MAR 1      0                         4     -4        2
  SINCE JAN 1      0                         4     -4        2
..................................................................

WIND (MPH)
  HIGHEST WIND SPEED    16   HIGHEST WIND DIRECTION     E (80)
  HIGHEST GUST SPEED    20   HIGHEST GUST DIRECTION     E (80)
  AVERAGE WIND SPEED     9.6

SKY COVER
  AVERAGE SKY COVER 0.0

WEATHER CONDITIONS
 THE FOLLOWING WEATHER WAS RECORDED TODAY.
  NO SIGNIFICANT WEATHER WAS OBSERVED.

RELATIVE HUMIDITY (PERCENT)
 HIGHEST    70
 LOWEST     33
 AVERAGE    52
..........................................................

THE CAPE GIRARDEAU MO CLIMATE NORMALS FOR TOMORROW
                         NORMAL
 MAXIMUM TEMPERATURE (F)   66
 MINIMUM TEMPERATURE (F)   42

SUNRISE AND SUNSET
APRIL  5 2016.........SUNRISE   637 AM CDT   SUNSET   725 PM CDT
APRIL  6 2016.........SUNRISE   636 AM CDT   SUNSET   726 PM CDT

-  INDICATES NEGATIVE NUMBERS.
R  INDICATES RECORD WAS SET OR TIED.
MM INDICATES DATA IS MISSING.
T  INDICATES TRACE AMOUNT.

$$
