000
CDUS43 KPAH 102133
CLICGI


CLIMATE REPORT
NATIONAL WEATHER SERVICE PADUCAH KY
431 PM CDT SUN MAY 10 2015


...................................

...THE CAPE GIRARDEAU MO CLIMATE SUMMARY FOR MAY 10 2015...
VALID TODAY AS OF 0400 PM LOCAL TIME.

CLIMATE NORMAL PERIOD 1981 TO 2010
CLIMATE RECORD PERIOD 1960 TO 2015


WEATHER ITEM   OBSERVED TIME   RECORD YEAR NORMAL DEPARTURE LAST
                VALUE   (LST)  VALUE       VALUE  FROM      YEAR
                                                  NORMAL
..................................................................
TEMPERATURE (F)
 TODAY
  MAXIMUM         83    142 PM  89    1987  76      7       82
  MINIMUM         66    604 AM  35    1966  54     12       67
  AVERAGE         75                        65     10

PRECIPITATION (IN)
  TODAY            0.20          2.63 1968   0.19   0.01     0.00
  MONTH TO DATE    0.85                      1.94  -1.09     1.72
  SINCE MAR 1     13.81                     10.70   3.11    12.04
  SINCE JAN 1     20.33                     17.58   2.75    15.18

DEGREE DAYS
 HEATING
  TODAY            0                         3     -3        0
  MONTH TO DATE   17                        35    -18       28
  SINCE MAR 1    794                       856    -62      966
  SINCE JUL 1   4572                      4353    219     4891

 COOLING
  TODAY           10                         3      7       10
  MONTH TO DATE   54                        22     32       52
  SINCE MAR 1     82                        53     29       63
  SINCE JAN 1     82                        53     29       63
..................................................................


WIND (MPH)
  HIGHEST WIND SPEED    20   HIGHEST WIND DIRECTION     S (180)
  HIGHEST GUST SPEED    25   HIGHEST GUST DIRECTION     S (170)
  AVERAGE WIND SPEED     7.7


SKY COVER
  AVERAGE SKY COVER 0.5


WEATHER CONDITIONS
 THE FOLLOWING WEATHER WAS RECORDED TODAY.
  RAIN
  LIGHT RAIN
  FOG


RELATIVE HUMIDITY (PERCENT)
 HIGHEST    93
 LOWEST     69
 AVERAGE    81

..........................................................


THE CAPE GIRARDEAU MO CLIMATE NORMALS FOR TOMORROW
                         NORMAL
 MAXIMUM TEMPERATURE (F)   76
 MINIMUM TEMPERATURE (F)   54


SUNRISE AND SUNSET
MAY 10 2015...........SUNRISE   554 AM CDT   SUNSET   756 PM CDT
MAY 11 2015...........SUNRISE   554 AM CDT   SUNSET   756 PM CDT


-  INDICATES NEGATIVE NUMBERS.
R  INDICATES RECORD WAS SET OR TIED.
MM INDICATES DATA IS MISSING.
T  INDICATES TRACE AMOUNT.




$$
