341
CDUS43 KPAH 150758
CLICGI


CLIMATE REPORT
NATIONAL WEATHER SERVICE PADUCAH KY
148 AM CST WED FEB 15 2017


...................................

...THE CAPE GIRARDEAU MO CLIMATE SUMMARY FOR FEBRUARY 14 2017...

CLIMATE NORMAL PERIOD 1981 TO 2010
CLIMATE RECORD PERIOD 1960 TO 2017


WEATHER ITEM   OBSERVED TIME   RECORD YEAR NORMAL DEPARTURE LAST
                VALUE   (LST)  VALUE       VALUE  FROM      YEAR
                                                  NORMAL
..................................................................
TEMPERATURE (F)
 YESTERDAY
  MAXIMUM         50    135 PM  67    2005  47      3       31
  MINIMUM         37    722 AM  11    1971  28      9       22
  AVERAGE         44                        38      6

PRECIPITATION (IN)
  YESTERDAY        0.07          1.22 1995   0.12  -0.05     0.39
  MONTH TO DATE    0.60                      1.74  -1.14     0.44
  SINCE DEC 1      5.90                      9.46  -3.56     4.49
  SINCE JAN 1      2.56                      5.21  -2.65     2.10

DEGREE DAYS
 HEATING
  YESTERDAY       21                        27     -6       38
  MONTH TO DATE  320                       407    -87      417
  SINCE DEC 1   1971                      2294   -323     1932
  SINCE JUL 1   2548                      3145   -597     2582

 COOLING
  YESTERDAY        0                         0      0        0
  MONTH TO DATE    0                         0      0        0
  SINCE DEC 1      0                         0      0        2
  SINCE JAN 1      0                         0      0        0
..................................................................


WIND (MPH)
  HIGHEST WIND SPEED    13   HIGHEST WIND DIRECTION     S (200)
  HIGHEST GUST SPEED    16   HIGHEST GUST DIRECTION     S (200)
  AVERAGE WIND SPEED     3.4


SKY COVER
  AVERAGE SKY COVER 0.8


WEATHER CONDITIONS
 THE FOLLOWING WEATHER WAS RECORDED YESTERDAY.
  LIGHT RAIN
  FOG


RELATIVE HUMIDITY (PERCENT)
 HIGHEST    89
 LOWEST     60
 AVERAGE    75

..........................................................


THE CAPE GIRARDEAU MO CLIMATE NORMALS FOR TODAY
                         NORMAL    RECORD    YEAR
 MAXIMUM TEMPERATURE (F)   48        73      1976
 MINIMUM TEMPERATURE (F)   28         4      1986


SUNRISE AND SUNSET
FEBRUARY 15 2017......SUNRISE   647 AM CST   SUNSET   538 PM CST
FEBRUARY 16 2017......SUNRISE   646 AM CST   SUNSET   539 PM CST


-  INDICATES NEGATIVE NUMBERS.
R  INDICATES RECORD WAS SET OR TIED.
MM INDICATES DATA IS MISSING.
T  INDICATES TRACE AMOUNT.




$$
