758
CDUS43 KPAH 162128
CLICGI


CLIMATE REPORT
NATIONAL WEATHER SERVICE PADUCAH KY
426 PM CDT FRI SEP 16 2016


...................................

...THE CAPE GIRARDEAU MO CLIMATE SUMMARY FOR SEPTEMBER 16 2016...
VALID TODAY AS OF 0400 PM LOCAL TIME.

CLIMATE NORMAL PERIOD 1981 TO 2010
CLIMATE RECORD PERIOD 1960 TO 2016


WEATHER ITEM   OBSERVED TIME   RECORD YEAR NORMAL DEPARTURE LAST
                VALUE   (LST)  VALUE       VALUE  FROM      YEAR
                                                  NORMAL
..................................................................
TEMPERATURE (F)
 TODAY
  MAXIMUM         89    247 PM  91    1972  81      8       85
  MINIMUM         68    455 AM  41    2000  56     12       53
  AVERAGE         79                        69     10

PRECIPITATION (IN)
  TODAY            0.03          1.50 1987   0.11  -0.08     0.00
  MONTH TO DATE    4.15                      1.79   2.36     1.06
  SINCE SEP 1      4.15                      1.79   2.36     1.06
  SINCE JAN 1     40.85                     32.84   8.01    44.61

DEGREE DAYS
 HEATING
  TODAY            0                         1     -1        0
  MONTH TO DATE    0                         6     -6       12
  SINCE SEP 1      0                         6     -6       12
  SINCE JUL 1      0                         7     -7       12

 COOLING
  TODAY           14                         5      9        4
  MONTH TO DATE  164                       114     50      136
  SINCE SEP 1    164                       114     50      136
  SINCE JAN 1   1607                      1374    233     1465
..................................................................


WIND (MPH)
  HIGHEST WIND SPEED    14   HIGHEST WIND DIRECTION    SE (140)
  HIGHEST GUST SPEED    18   HIGHEST GUST DIRECTION    SE (130)
  AVERAGE WIND SPEED     3.4


SKY COVER
  AVERAGE SKY COVER 0.6


WEATHER CONDITIONS
 THE FOLLOWING WEATHER WAS RECORDED TODAY.
  THUNDERSTORM
  LIGHT RAIN
  FOG
  FOG W/VISIBILITY <= 1/4 MILE


RELATIVE HUMIDITY (PERCENT)
 HIGHEST   100
 LOWEST     59
 AVERAGE    80

..........................................................


THE CAPE GIRARDEAU MO CLIMATE NORMALS FOR TOMORROW
                         NORMAL
 MAXIMUM TEMPERATURE (F)   81
 MINIMUM TEMPERATURE (F)   56


SUNRISE AND SUNSET
SEPTEMBER 16 2016.....SUNRISE   642 AM CDT   SUNSET   704 PM CDT
SEPTEMBER 17 2016.....SUNRISE   642 AM CDT   SUNSET   702 PM CDT


-  INDICATES NEGATIVE NUMBERS.
R  INDICATES RECORD WAS SET OR TIED.
MM INDICATES DATA IS MISSING.
T  INDICATES TRACE AMOUNT.




$$
