000
CDUS43 KPAH 280630
CLICGI


CLIMATE REPORT
NATIONAL WEATHER SERVICE PADUCAH KY
1228 AM CST THU JAN 28 2016


...................................

...THE CAPE GIRARDEAU MO CLIMATE SUMMARY FOR JANUARY 27 2016...

CLIMATE NORMAL PERIOD 1981 TO 2010
CLIMATE RECORD PERIOD 1960 TO 2016


WEATHER ITEM   OBSERVED TIME   RECORD YEAR NORMAL DEPARTURE LAST
                VALUE   (LST)  VALUE       VALUE  FROM      YEAR
                                                  NORMAL
..................................................................
TEMPERATURE (F)
 YESTERDAY
  MAXIMUM         38    301 PM  65    1999  43     -5       47
  MINIMUM         21    616 AM  -7    1961  24     -3       29
  AVERAGE         30                        34     -4

PRECIPITATION (IN)
  YESTERDAY        0.00          1.38 1972   0.11  -0.11     0.00
  MONTH TO DATE    1.63                      3.00  -1.37     4.77
  SINCE DEC 1      4.02                      7.25  -3.23     7.58
  SINCE JAN 1      1.63                      3.00  -1.37     4.77

DEGREE DAYS
 HEATING
  YESTERDAY       35                        31      4       27
  MONTH TO DATE  882                       862     20      866
  SINCE DEC 1   1444                      1762   -318     1607
  SINCE JUL 1   2094                      2613   -519     2603

 COOLING
  YESTERDAY        0                         0      0        0
  MONTH TO DATE    0                         0      0        0
  SINCE DEC 1      2                         0      2        0
  SINCE JAN 1      0                         0      0        0
..................................................................


WIND (MPH)
  HIGHEST WIND SPEED     9   HIGHEST WIND DIRECTION    NE (30)
  HIGHEST GUST SPEED    12   HIGHEST GUST DIRECTION    SW (220)
  AVERAGE WIND SPEED     3.9


SKY COVER
  AVERAGE SKY COVER 0.3


WEATHER CONDITIONS
 THE FOLLOWING WEATHER WAS RECORDED YESTERDAY.
  NO SIGNIFICANT WEATHER WAS OBSERVED.


RELATIVE HUMIDITY (PERCENT)
 HIGHEST   100
 LOWEST     54
 AVERAGE    77

..........................................................


THE CAPE GIRARDEAU MO CLIMATE NORMALS FOR TODAY
                         NORMAL    RECORD    YEAR
 MAXIMUM TEMPERATURE (F)   43        70      1970
 MINIMUM TEMPERATURE (F)   24       -12      1961


SUNRISE AND SUNSET
JANUARY 28 2016.......SUNRISE   705 AM CST   SUNSET   518 PM CST
JANUARY 29 2016.......SUNRISE   704 AM CST   SUNSET   519 PM CST


-  INDICATES NEGATIVE NUMBERS.
R  INDICATES RECORD WAS SET OR TIED.
MM INDICATES DATA IS MISSING.
T  INDICATES TRACE AMOUNT.




$$
