000
CDUS43 KPAH 042232
CLICGI


CLIMATE REPORT
NATIONAL WEATHER SERVICE PADUCAH KY
430 PM CST THU DEC 4 2014


...................................

...THE CAPE GIRARDEAU MO CLIMATE SUMMARY FOR DECEMBER 4 2014...
VALID TODAY AS OF 0400 PM LOCAL TIME.

CLIMATE NORMAL PERIOD 1981 TO 2010
CLIMATE RECORD PERIOD 1960 TO 2014


WEATHER ITEM   OBSERVED TIME   RECORD YEAR NORMAL DEPARTURE LAST
                VALUE   (LST)  VALUE       VALUE  FROM      YEAR
                                                  NORMAL
..................................................................
TEMPERATURE (F)
 TODAY
  MAXIMUM         42    359 PM  68    2013  48     -6       68
                                      2001
  MINIMUM         39    836 AM  15    2006  30      9       52
  AVERAGE         41                        39      2

PRECIPITATION (IN)
  TODAY            0.22          2.08 2011   0.15   0.07     0.00
  MONTH TO DATE    0.49                      0.60  -0.11      T
  SINCE DEC 1      0.49                      0.60  -0.11      T
  SINCE JAN 1     41.41                     43.16  -1.75    34.52

DEGREE DAYS
 HEATING
  TODAY           24                        26     -2        5
  MONTH TO DATE  110                       102      8       56
  SINCE DEC 1    110                       102      8       56
  SINCE JUL 1   1106                       953    153      962

 COOLING
  TODAY            0                         0      0        0
  MONTH TO DATE    0                         0      0        0
  SINCE DEC 1      0                         0      0        0
  SINCE JAN 1   1424                      1453    -29     1441
..................................................................


WIND (MPH)
  HIGHEST WIND SPEED    12   HIGHEST WIND DIRECTION     E (80)
  HIGHEST GUST SPEED    15   HIGHEST GUST DIRECTION     E (70)
  AVERAGE WIND SPEED     4.7


SKY COVER
  AVERAGE SKY COVER 1.0


WEATHER CONDITIONS
 THE FOLLOWING WEATHER WAS RECORDED TODAY.
  LIGHT RAIN
  FOG


RELATIVE HUMIDITY (PERCENT)
 HIGHEST   100
 LOWEST     86
 AVERAGE    93

..........................................................


THE CAPE GIRARDEAU MO CLIMATE NORMALS FOR TOMORROW
                         NORMAL
 MAXIMUM TEMPERATURE (F)   48
 MINIMUM TEMPERATURE (F)   30


SUNRISE AND SUNSET
DECEMBER  4 2014......SUNRISE   656 AM CST   SUNSET   441 PM CST
DECEMBER  5 2014......SUNRISE   657 AM CST   SUNSET   441 PM CST


-  INDICATES NEGATIVE NUMBERS.
R  INDICATES RECORD WAS SET OR TIED.
MM INDICATES DATA IS MISSING.
T  INDICATES TRACE AMOUNT.




$$
