000
CDUS43 KPAH 182136
CLICGI


CLIMATE REPORT
NATIONAL WEATHER SERVICE PADUCAH KY
434 PM CDT SAT JUL 18 2015


...................................

...THE CAPE GIRARDEAU MO CLIMATE SUMMARY FOR JULY 18 2015...
VALID TODAY AS OF 0400 PM LOCAL TIME.

CLIMATE NORMAL PERIOD 1981 TO 2010
CLIMATE RECORD PERIOD 1960 TO 2015


WEATHER ITEM   OBSERVED TIME   RECORD YEAR NORMAL DEPARTURE LAST
                VALUE   (LST)  VALUE       VALUE  FROM      YEAR
                                                  NORMAL
..................................................................
TEMPERATURE (F)
 TODAY
  MAXIMUM         93    259 PM  99    1986  90      3       80
  MINIMUM         78    424 AM  56    2009  68     10       63
  AVERAGE                                   79      7

PRECIPITATION (IN)
  TODAY            0.00          1.03 2001   0.11  -0.11     0.00
  MONTH TO DATE    7.81                      1.97   5.84     1.83
  SINCE JUN 1     12.13                      5.54   6.59     9.33
  SINCE JAN 1     37.57                     26.64  10.93    27.72

DEGREE DAYS
 HEATING
  TODAY            0                         0      0        0
  MONTH TO DATE    0                         0      0        0
  SINCE JUN 1      5                         4      1        0
  SINCE JUL 1      0                         0      0        0

 COOLING
  TODAY           21                        14      7        7
  MONTH TO DATE  253                       249      4      175
  SINCE JUN 1    634                       561     73      534
  SINCE JAN 1    811                       713     98      745
..................................................................


WIND (MPH)
  HIGHEST WIND SPEED    13   HIGHEST WIND DIRECTION    SW (230)
  HIGHEST GUST SPEED    16   HIGHEST GUST DIRECTION     S (200)
  AVERAGE WIND SPEED


SKY COVER
  AVERAGE SKY COVER 0.1


WEATHER CONDITIONS
 THE FOLLOWING WEATHER WAS RECORDED TODAY.
  NO SIGNIFICANT WEATHER WAS OBSERVED.


RELATIVE HUMIDITY (PERCENT)
 HIGHEST    91
 LOWEST     56
 AVERAGE

..........................................................


THE CAPE GIRARDEAU MO CLIMATE NORMALS FOR TOMORROW
                         NORMAL
 MAXIMUM TEMPERATURE (F)   90
 MINIMUM TEMPERATURE (F)   68


SUNRISE AND SUNSET
JULY 18 2015..........SUNRISE   552 AM CDT   SUNSET   817 PM CDT
JULY 19 2015..........SUNRISE   553 AM CDT   SUNSET   816 PM CDT


-  INDICATES NEGATIVE NUMBERS.
R  INDICATES RECORD WAS SET OR TIED.
MM INDICATES DATA IS MISSING.
T  INDICATES TRACE AMOUNT.




$$
