000
CDUS43 KPAH 310629
CLICGI


CLIMATE REPORT
NATIONAL WEATHER SERVICE PADUCAH KY
126 AM CDT THU JUL 31 2014

...................................

...THE CAPE GIRARDEAU MO CLIMATE SUMMARY FOR JULY 30 2014...

CLIMATE NORMAL PERIOD 1981 TO 2010
CLIMATE RECORD PERIOD 1960 TO 2014

WEATHER ITEM   OBSERVED TIME   RECORD YEAR NORMAL DEPARTURE LAST
                VALUE   (LST)  VALUE       VALUE  FROM      YEAR
                                                  NORMAL
..................................................................
TEMPERATURE (F)
 YESTERDAY
  MAXIMUM         77    439 PM 100    1970  89    -12       77
  MINIMUM         57    337 AM  54    1965  67    -10       67
  AVERAGE         67                        78    -11

PRECIPITATION (IN)
  YESTERDAY        0.00          1.07 1998   0.10  -0.10     0.49
  MONTH TO DATE    2.92                      3.25  -0.33     0.77
  SINCE JUN 1     10.42                      6.82   3.60     8.53
  SINCE JAN 1     28.81                     27.92   0.89    24.70

DEGREE DAYS
 HEATING
  YESTERDAY        0                         0      0        0
  MONTH TO DATE    0                         0      0        0
  SINCE JUN 1      0                         4     -4        0
  SINCE JUL 1      0                         0      0        0

 COOLING
  YESTERDAY        2                        13    -11        7
  MONTH TO DATE  270                       412   -142      326
  SINCE JUN 1    629                       724    -95      659
  SINCE JAN 1    840                       876    -36      830
..................................................................

WIND (MPH)
  HIGHEST WIND SPEED     7   HIGHEST WIND DIRECTION     S (200)
  HIGHEST GUST SPEED     9   HIGHEST GUST DIRECTION     S (190)
  AVERAGE WIND SPEED     1.5

SKY COVER
  AVERAGE SKY COVER 0.5

WEATHER CONDITIONS
 THE FOLLOWING WEATHER WAS RECORDED YESTERDAY.
  FOG
  HAZE

RELATIVE HUMIDITY (PERCENT)
 HIGHEST    93
 LOWEST     58
 AVERAGE    76
..........................................................

THE CAPE GIRARDEAU MO CLIMATE NORMALS FOR TODAY
                         NORMAL    RECORD    YEAR
 MAXIMUM TEMPERATURE (F)   89       101      1980
 MINIMUM TEMPERATURE (F)   67        52      1971

SUNRISE AND SUNSET
JULY 31 2014..........SUNRISE   602 AM CDT   SUNSET   807 PM CDT
AUGUST  1 2014........SUNRISE   603 AM CDT   SUNSET   806 PM CDT

-  INDICATES NEGATIVE NUMBERS.
R  INDICATES RECORD WAS SET OR TIED.
MM INDICATES DATA IS MISSING.
T  INDICATES TRACE AMOUNT.

$$
