422
CDUS43 KPAH 120643
CLICGI


CLIMATE REPORT
NATIONAL WEATHER SERVICE PADUCAH KY
1240 AM CST FRI FEB 12 2016


...................................

...THE CAPE GIRARDEAU MO CLIMATE SUMMARY FOR FEBRUARY 11 2016...

CLIMATE NORMAL PERIOD 1981 TO 2010
CLIMATE RECORD PERIOD 1960 TO 2016


WEATHER ITEM   OBSERVED TIME   RECORD YEAR NORMAL DEPARTURE LAST
                VALUE   (LST)  VALUE       VALUE  FROM      YEAR
                                                  NORMAL
..................................................................
TEMPERATURE (F)
 YESTERDAY
  MAXIMUM         39    248 PM  70    1999  47     -8       54
  MINIMUM         19    236 AM   1    2011  27     -8       24
  AVERAGE         29                        37     -8

PRECIPITATION (IN)
  YESTERDAY        0.00          1.29 2008   0.13  -0.13     0.00
  MONTH TO DATE    0.05                      1.37  -1.32     0.73
  SINCE DEC 1      4.10                      9.09  -4.99     8.31
  SINCE JAN 1      1.71                      4.84  -3.13     5.50

DEGREE DAYS
 HEATING
  YESTERDAY       36                        28      8       26
  MONTH TO DATE  304                       324    -20      307
  SINCE DEC 1   1819                      2211   -392     2020
  SINCE JUL 1   2469                      3062   -593     3016

 COOLING
  YESTERDAY        0                         0      0        0
  MONTH TO DATE    0                         0      0        0
  SINCE DEC 1      2                         0      2        0
  SINCE JAN 1      0                         0      0        0
..................................................................


WIND (MPH)
  HIGHEST WIND SPEED    16   HIGHEST WIND DIRECTION    NE (40)
  HIGHEST GUST SPEED    20   HIGHEST GUST DIRECTION    NE (50)
  AVERAGE WIND SPEED     8.6


SKY COVER
  AVERAGE SKY COVER 0.4


WEATHER CONDITIONS
 THE FOLLOWING WEATHER WAS RECORDED YESTERDAY.
  NO SIGNIFICANT WEATHER WAS OBSERVED.


RELATIVE HUMIDITY (PERCENT)
 HIGHEST    88
 LOWEST     48
 AVERAGE    68

..........................................................


THE CAPE GIRARDEAU MO CLIMATE NORMALS FOR TODAY
                         NORMAL    RECORD    YEAR
 MAXIMUM TEMPERATURE (F)   47        69      1961
 MINIMUM TEMPERATURE (F)   27         5      1988


SUNRISE AND SUNSET
FEBRUARY 12 2016......SUNRISE   651 AM CST   SUNSET   534 PM CST
FEBRUARY 13 2016......SUNRISE   650 AM CST   SUNSET   535 PM CST


-  INDICATES NEGATIVE NUMBERS.
R  INDICATES RECORD WAS SET OR TIED.
MM INDICATES DATA IS MISSING.
T  INDICATES TRACE AMOUNT.




$$
