000
CDUS43 KPAH 150632
CLICGI


CLIMATE REPORT
NATIONAL WEATHER SERVICE PADUCAH KY
129 AM CDT SUN OCT 15 2017


...................................

...THE CAPE GIRARDEAU MO CLIMATE SUMMARY FOR OCTOBER 14 2017...

CLIMATE NORMAL PERIOD 1981 TO 2010
CLIMATE RECORD PERIOD 1960 TO 2017


WEATHER ITEM   OBSERVED TIME   RECORD YEAR NORMAL DEPARTURE LAST
                VALUE   (LST)  VALUE       VALUE  FROM      YEAR
                                                  NORMAL
..................................................................
TEMPERATURE (F)
 YESTERDAY
  MAXIMUM         90R   126 PM  87    1963  71     19       61
  MINIMUM         54    525 AM  25    2006  45      9       44
  AVERAGE         72                        58     14

PRECIPITATION (IN)
  YESTERDAY        0.00          1.01 1974   0.12  -0.12     0.10
  MONTH TO DATE    0.87                      1.63  -0.76     0.40
  SINCE SEP 1      1.60                      4.91  -3.31     5.45
  SINCE JAN 1     27.35                     35.96  -8.61    42.15

DEGREE DAYS
 HEATING
  YESTERDAY        0                         8     -8       12
  MONTH TO DATE   18                        87    -69       46
  SINCE SEP 1     34                       135   -101       65
  SINCE JUL 1     34                       136   -102       65

 COOLING
  YESTERDAY        7                         1      6        0
  MONTH TO DATE   89                        21     68       29
  SINCE SEP 1    280                       183     97      286
  SINCE JAN 1   1482                      1443     39     1729
..................................................................


WIND (MPH)
  HIGHEST WIND SPEED    22   HIGHEST WIND DIRECTION     S (190)
  HIGHEST GUST SPEED    29   HIGHEST GUST DIRECTION     S (200)
  AVERAGE WIND SPEED    10.2


SKY COVER
  AVERAGE SKY COVER 0.0


WEATHER CONDITIONS
 THE FOLLOWING WEATHER WAS RECORDED YESTERDAY.
  NO SIGNIFICANT WEATHER WAS OBSERVED.


RELATIVE HUMIDITY (PERCENT)
 HIGHEST    93
 LOWEST     36
 AVERAGE    65

..........................................................


THE CAPE GIRARDEAU MO CLIMATE NORMALS FOR TODAY
                         NORMAL    RECORD    YEAR
 MAXIMUM TEMPERATURE (F)   71        89      1963
 MINIMUM TEMPERATURE (F)   45        30      1978


SUNRISE AND SUNSET
OCTOBER 15 2017.......SUNRISE   706 AM CDT   SUNSET   621 PM CDT
OCTOBER 16 2017.......SUNRISE   707 AM CDT   SUNSET   620 PM CDT


-  INDICATES NEGATIVE NUMBERS.
R  INDICATES RECORD WAS SET OR TIED.
MM INDICATES DATA IS MISSING.
T  INDICATES TRACE AMOUNT.




$$
