000
CDUS43 KPAH 270629
CLICGI


CLIMATE REPORT
NATIONAL WEATHER SERVICE PADUCAH KY
126 AM CDT WED MAY 27 2015


...................................

...THE CAPE GIRARDEAU MO CLIMATE SUMMARY FOR MAY 26 2015...

CLIMATE NORMAL PERIOD 1981 TO 2010
CLIMATE RECORD PERIOD 1960 TO 2015


WEATHER ITEM   OBSERVED TIME   RECORD YEAR NORMAL DEPARTURE LAST
                VALUE   (LST)  VALUE       VALUE  FROM      YEAR
                                                  NORMAL
..................................................................
TEMPERATURE (F)
 YESTERDAY
  MAXIMUM         77    250 PM  96    2012  81     -4       88
  MINIMUM         67   1159 PM  43    1988  59      8       64
  AVERAGE         72                        70      2

PRECIPITATION (IN)
  YESTERDAY        T             5.50 1973   0.15  -0.15     0.01
  MONTH TO DATE    5.62                      4.73   0.89     4.30
  SINCE MAR 1     18.58                     13.49   5.09    14.62
  SINCE JAN 1     25.10                     20.37   4.73    17.76

DEGREE DAYS
 HEATING
  YESTERDAY        0                         1     -1        0
  MONTH TO DATE   56                        64     -8       78
  SINCE MAR 1    833                       885    -52     1016
  SINCE JUL 1   4611                      4382    229     4941

 COOLING
  YESTERDAY        7                         6      1       11
  MONTH TO DATE  117                        90     27      146
  SINCE MAR 1    145                       121     24      157
  SINCE JAN 1    145                       121     24      157
..................................................................


WIND (MPH)
  HIGHEST WIND SPEED    25   HIGHEST WIND DIRECTION    SW (210)
  HIGHEST GUST SPEED    33   HIGHEST GUST DIRECTION     S (200)
  AVERAGE WIND SPEED    13.3


SKY COVER
  AVERAGE SKY COVER 0.5


WEATHER CONDITIONS
 THE FOLLOWING WEATHER WAS RECORDED YESTERDAY.
  LIGHT RAIN


RELATIVE HUMIDITY (PERCENT)
 HIGHEST   100
 LOWEST     68
 AVERAGE    84

..........................................................


THE CAPE GIRARDEAU MO CLIMATE NORMALS FOR TODAY
                         NORMAL    RECORD    YEAR
 MAXIMUM TEMPERATURE (F)   81        95      2012
 MINIMUM TEMPERATURE (F)   59        36      1961


SUNRISE AND SUNSET
MAY 27 2015...........SUNRISE   542 AM CDT   SUNSET   809 PM CDT
MAY 28 2015...........SUNRISE   541 AM CDT   SUNSET   810 PM CDT


-  INDICATES NEGATIVE NUMBERS.
R  INDICATES RECORD WAS SET OR TIED.
MM INDICATES DATA IS MISSING.
T  INDICATES TRACE AMOUNT.




$$
