000
CDUS43 KPAH 252237
CLICGI


CLIMATE REPORT
NATIONAL WEATHER SERVICE PADUCAH KY
435 PM CST WED FEB 25 2015


...................................

...THE CAPE GIRARDEAU MO CLIMATE SUMMARY FOR FEBRUARY 25 2015...
VALID TODAY AS OF 0400 PM LOCAL TIME.

CLIMATE NORMAL PERIOD 1981 TO 2010
CLIMATE RECORD PERIOD 1960 TO 2015


WEATHER ITEM   OBSERVED TIME   RECORD YEAR NORMAL DEPARTURE LAST
                VALUE   (LST)  VALUE       VALUE  FROM      YEAR
                                                  NORMAL
..................................................................
TEMPERATURE (F)
 TODAY
  MAXIMUM         34    359 PM  73    1981  51    -17       41
  MINIMUM         13    651 AM   2    1967  31    -18       26
  AVERAGE                                   41

PRECIPITATION (IN)
  TODAY            0.00          3.23 1979   0.12  -0.12     0.00
  MONTH TO DATE    1.75                      3.05  -1.30     1.14
  SINCE DEC 1      9.33                     10.77  -1.44     8.70
  SINCE JAN 1      6.52                      6.52   0.00     3.14

DEGREE DAYS
 HEATING
  TODAY           41                        24     17       31
  MONTH TO DATE  941                       689    252      833
  SINCE DEC 1   2654                      2576     78     2911
  SINCE JUL 1   3650                      3427    223     3817

 COOLING
  TODAY            0                         0      0        0
  MONTH TO DATE    0                         0      0        0
  SINCE DEC 1      0                         0      0        0
  SINCE JAN 1      0                         0      0        0
..................................................................


WIND (MPH)
  HIGHEST WIND SPEED     9   HIGHEST WIND DIRECTION     W (270)
  HIGHEST GUST SPEED    10   HIGHEST GUST DIRECTION     W (270)
  AVERAGE WIND SPEED


SKY COVER
  AVERAGE SKY COVER 0.0


WEATHER CONDITIONS
 THE FOLLOWING WEATHER WAS RECORDED TODAY.
  FOG


RELATIVE HUMIDITY (PERCENT)
 HIGHEST   100
 LOWEST     75
 AVERAGE

..........................................................


THE CAPE GIRARDEAU MO CLIMATE NORMALS FOR TOMORROW
                         NORMAL
 MAXIMUM TEMPERATURE (F)   52
 MINIMUM TEMPERATURE (F)   31


SUNRISE AND SUNSET
FEBRUARY 25 2015......SUNRISE   635 AM CST   SUNSET   548 PM CST
FEBRUARY 26 2015......SUNRISE   634 AM CST   SUNSET   549 PM CST


-  INDICATES NEGATIVE NUMBERS.
R  INDICATES RECORD WAS SET OR TIED.
MM INDICATES DATA IS MISSING.
T  INDICATES TRACE AMOUNT.




$$
