000
CDUS43 KPAH 150633
CLICGI


CLIMATE REPORT
NATIONAL WEATHER SERVICE PADUCAH KY
130 AM CDT TUE APR 15 2014


...................................

...THE CAPE GIRARDEAU MO CLIMATE SUMMARY FOR APRIL 14 2014...

CLIMATE NORMAL PERIOD 1981 TO 2010
CLIMATE RECORD PERIOD 1960 TO 2014


WEATHER ITEM   OBSERVED TIME   RECORD YEAR NORMAL DEPARTURE LAST
                VALUE   (LST)  VALUE       VALUE  FROM      YEAR
                                                  NORMAL
..................................................................
TEMPERATURE (F)
 YESTERDAY
  MAXIMUM         61    214 AM  86    1992  68     -7       74
  MINIMUM         38   1159 PM  30    2004  45     -7       46
  AVERAGE         50                        57     -7

PRECIPITATION (IN)
  YESTERDAY        0.24          1.80 2002   0.13   0.11     0.00
  MONTH TO DATE    3.71                      1.89   1.82     0.73
  SINCE MAR 1      6.02                      6.29  -0.27     3.28
  SINCE JAN 1      9.16                     13.17  -4.01     9.90

DEGREE DAYS
 HEATING
  YESTERDAY       15                         9      6        5
  MONTH TO DATE  109                       156    -47      160
  SINCE MAR 1    827                       715    112      882
  SINCE JUL 1   4752                      4212    540     4121

 COOLING
  YESTERDAY        0                         1     -1        0
  MONTH TO DATE    7                         8     -1       17
  SINCE MAR 1      7                        12     -5       17
  SINCE JAN 1      7                        12     -5       17
..................................................................


WIND (MPH)
  HIGHEST WIND SPEED    28   HIGHEST WIND DIRECTION     N (340)
  HIGHEST GUST SPEED    37   HIGHEST GUST DIRECTION     N (340)
  AVERAGE WIND SPEED    13.8


SKY COVER
  AVERAGE SKY COVER 0.8


WEATHER CONDITIONS
 THE FOLLOWING WEATHER WAS RECORDED YESTERDAY.
  HEAVY RAIN
  RAIN
  LIGHT RAIN
  FOG


RELATIVE HUMIDITY (PERCENT)
 HIGHEST    93
 LOWEST     71
 AVERAGE    82

..........................................................


THE CAPE GIRARDEAU MO CLIMATE NORMALS FOR TODAY
                         NORMAL    RECORD    YEAR
 MAXIMUM TEMPERATURE (F)   69        87      1992
 MINIMUM TEMPERATURE (F)   45        29      2008


SUNRISE AND SUNSET
APRIL 15 2014.........SUNRISE   624 AM CDT   SUNSET   733 PM CDT
APRIL 16 2014.........SUNRISE   623 AM CDT   SUNSET   734 PM CDT


-  INDICATES NEGATIVE NUMBERS.
R  INDICATES RECORD WAS SET OR TIED.
MM INDICATES DATA IS MISSING.
T  INDICATES TRACE AMOUNT.




$$
