000
CDUS43 KPAH 200641
CLICGI


CLIMATE REPORT
NATIONAL WEATHER SERVICE PADUCAH KY
141 AM CDT SUN AUG 20 2017


...................................

...THE CAPE GIRARDEAU MO CLIMATE SUMMARY FOR AUGUST 19 2017...

CLIMATE NORMAL PERIOD 1981 TO 2010
CLIMATE RECORD PERIOD 1960 TO 2017


WEATHER ITEM   OBSERVED TIME   RECORD YEAR NORMAL DEPARTURE LAST
                VALUE   (LST)  VALUE       VALUE  FROM      YEAR
                                                  NORMAL
..................................................................
TEMPERATURE (F)
 YESTERDAY
  MAXIMUM         92    324 PM  98    1980  89      3       83
  MINIMUM         66    235 AM  52    2012  65      1       72
                                      2008
  AVERAGE         79                        77      2

PRECIPITATION (IN)
  YESTERDAY        0.00          1.36 2016   0.10  -0.10     1.36
  MONTH TO DATE    2.21                      1.81   0.40     6.20
  SINCE JUN 1      6.53                      8.74  -2.21    13.36
  SINCE JAN 1     25.75                     29.84  -4.09    36.64

DEGREE DAYS
 HEATING
  YESTERDAY        0                         0      0        0
  MONTH TO DATE    0                         0      0        0
  SINCE JUN 1      0                         4     -4        0
  SINCE JUL 1      0                         0      0        0

 COOLING
  YESTERDAY       14                        12      2       13
  MONTH TO DATE  173                       243    -70      271
  SINCE JUN 1    922                       977    -55     1158
  SINCE JAN 1   1097                      1129    -32     1279
..................................................................


WIND (MPH)
  HIGHEST WIND SPEED     7   HIGHEST WIND DIRECTION     S (200)
  HIGHEST GUST SPEED     9   HIGHEST GUST DIRECTION    SW (210)
  AVERAGE WIND SPEED     2.4


SKY COVER
  AVERAGE SKY COVER 0.0


WEATHER CONDITIONS
 THE FOLLOWING WEATHER WAS RECORDED YESTERDAY.
  FOG


RELATIVE HUMIDITY (PERCENT)
 HIGHEST    93
 LOWEST     49
 AVERAGE    71

..........................................................


THE CAPE GIRARDEAU MO CLIMATE NORMALS FOR TODAY
                         NORMAL    RECORD    YEAR
 MAXIMUM TEMPERATURE (F)   89       101      1962
 MINIMUM TEMPERATURE (F)   65        50      1967


SUNRISE AND SUNSET
AUGUST 20 2017........SUNRISE   619 AM CDT   SUNSET   743 PM CDT
AUGUST 21 2017........SUNRISE   620 AM CDT   SUNSET   742 PM CDT


-  INDICATES NEGATIVE NUMBERS.
R  INDICATES RECORD WAS SET OR TIED.
MM INDICATES DATA IS MISSING.
T  INDICATES TRACE AMOUNT.




$$
