000
CDUS43 KPAH 280629
CLICGI


CLIMATE REPORT
NATIONAL WEATHER SERVICE PADUCAH KY
129 AM CDT THU MAY 28 2015


...................................

...THE CAPE GIRARDEAU MO CLIMATE SUMMARY FOR MAY 27 2015...

CLIMATE NORMAL PERIOD 1981 TO 2010
CLIMATE RECORD PERIOD 1960 TO 2015


WEATHER ITEM   OBSERVED TIME   RECORD YEAR NORMAL DEPARTURE LAST
                VALUE   (LST)  VALUE       VALUE  FROM      YEAR
                                                  NORMAL
..................................................................
TEMPERATURE (F)
 YESTERDAY
  MAXIMUM         79    218 PM  95    2012  81     -2       84
  MINIMUM         62    505 AM  36    1961  59      3       66
  AVERAGE         71                        70      1

PRECIPITATION (IN)
  YESTERDAY        0.04          4.21 1973   0.15  -0.11     0.63
  MONTH TO DATE    5.66                      4.88   0.78     4.93
  SINCE MAR 1     18.62                     13.64   4.98    15.25
  SINCE JAN 1     25.14                     20.52   4.62    18.39

DEGREE DAYS
 HEATING
  YESTERDAY        0                         1     -1        0
  MONTH TO DATE   56                        65     -9       78
  SINCE MAR 1    833                       886    -53     1016
  SINCE JUL 1   4611                      4383    228     4941

 COOLING
  YESTERDAY        6                         6      0       10
  MONTH TO DATE  123                        96     27      156
  SINCE MAR 1    151                       127     24      167
  SINCE JAN 1    151                       127     24      167
..................................................................


WIND (MPH)
  HIGHEST WIND SPEED    24   HIGHEST WIND DIRECTION    NW (300)
  HIGHEST GUST SPEED    34   HIGHEST GUST DIRECTION    NW (300)
  AVERAGE WIND SPEED     7.4


SKY COVER
  AVERAGE SKY COVER 0.2


WEATHER CONDITIONS
 THE FOLLOWING WEATHER WAS RECORDED YESTERDAY.
  LIGHT RAIN


RELATIVE HUMIDITY (PERCENT)
 HIGHEST   100
 LOWEST     69
 AVERAGE    85

..........................................................


THE CAPE GIRARDEAU MO CLIMATE NORMALS FOR TODAY
                         NORMAL    RECORD    YEAR
 MAXIMUM TEMPERATURE (F)   81        96      2012
 MINIMUM TEMPERATURE (F)   59        42      1961


SUNRISE AND SUNSET
MAY 28 2015...........SUNRISE   541 AM CDT   SUNSET   810 PM CDT
MAY 29 2015...........SUNRISE   541 AM CDT   SUNSET   811 PM CDT


-  INDICATES NEGATIVE NUMBERS.
R  INDICATES RECORD WAS SET OR TIED.
MM INDICATES DATA IS MISSING.
T  INDICATES TRACE AMOUNT.




$$
