000
CDUS43 KPAH 140630
CLICGI


CLIMATE REPORT
NATIONAL WEATHER SERVICE PADUCAH KY
127 AM CDT SAT OCT 14 2017


...................................

...THE CAPE GIRARDEAU MO CLIMATE SUMMARY FOR OCTOBER 13 2017...

CLIMATE NORMAL PERIOD 1981 TO 2010
CLIMATE RECORD PERIOD 1960 TO 2017


WEATHER ITEM   OBSERVED TIME   RECORD YEAR NORMAL DEPARTURE LAST
                VALUE   (LST)  VALUE       VALUE  FROM      YEAR
                                                  NORMAL
..................................................................
TEMPERATURE (F)
 YESTERDAY
  MAXIMUM         79    247 PM  92    1989  71      8       58
  MINIMUM         46    611 AM  29    2006  46      0       44
  AVERAGE         63                        59      4

PRECIPITATION (IN)
  YESTERDAY        0.00          1.80 2001   0.12  -0.12     0.14
  MONTH TO DATE    0.87                      1.51  -0.64     0.30
  SINCE SEP 1      1.60                      4.79  -3.19     5.35
  SINCE JAN 1     27.35                     35.84  -8.49    42.05

DEGREE DAYS
 HEATING
  YESTERDAY        2                         7     -5       14
  MONTH TO DATE   18                        79    -61       34
  SINCE SEP 1     34                       127    -93       53
  SINCE JUL 1     34                       128    -94       53

 COOLING
  YESTERDAY        0                         1     -1        0
  MONTH TO DATE   82                        20     62       29
  SINCE SEP 1    273                       182     91      286
  SINCE JAN 1   1475                      1442     33     1729
..................................................................


WIND (MPH)
  HIGHEST WIND SPEED    10   HIGHEST WIND DIRECTION     S (180)
  HIGHEST GUST SPEED    17   HIGHEST GUST DIRECTION    SE (150)
  AVERAGE WIND SPEED     3.4


SKY COVER
  AVERAGE SKY COVER 0.1


WEATHER CONDITIONS
 THE FOLLOWING WEATHER WAS RECORDED YESTERDAY.
  FOG
  FOG W/VISIBILITY <= 1/4 MILE


RELATIVE HUMIDITY (PERCENT)
 HIGHEST   100
 LOWEST     42
 AVERAGE    71

..........................................................


THE CAPE GIRARDEAU MO CLIMATE NORMALS FOR TODAY
                         NORMAL    RECORD    YEAR
 MAXIMUM TEMPERATURE (F)   71        87      1963
 MINIMUM TEMPERATURE (F)   45        25      2006


SUNRISE AND SUNSET
OCTOBER 14 2017.......SUNRISE   706 AM CDT   SUNSET   622 PM CDT
OCTOBER 15 2017.......SUNRISE   706 AM CDT   SUNSET   621 PM CDT


-  INDICATES NEGATIVE NUMBERS.
R  INDICATES RECORD WAS SET OR TIED.
MM INDICATES DATA IS MISSING.
T  INDICATES TRACE AMOUNT.




$$
