000
CDUS43 KPAH 202134
CLICGI


CLIMATE REPORT
NATIONAL WEATHER SERVICE PADUCAH KY
432 PM CDT SUN APR 20 2014

...................................

...THE CAPE GIRARDEAU MO CLIMATE SUMMARY FOR APRIL 20 2014...
VALID TODAY AS OF 0400 PM LOCAL TIME.

CLIMATE NORMAL PERIOD 1981 TO 2010
CLIMATE RECORD PERIOD 1960 TO 2014

WEATHER ITEM   OBSERVED TIME   RECORD YEAR NORMAL DEPARTURE LAST
                VALUE   (LST)  VALUE       VALUE  FROM      YEAR
                                                  NORMAL
..................................................................
TEMPERATURE (F)
 TODAY
  MAXIMUM         78    227 PM  90    1987  70      8       59
  MINIMUM         45    552 AM  29    1983  47     -2       33
  AVERAGE         62                        59      3

PRECIPITATION (IN)
  TODAY            0.00          0.77 1972   0.15  -0.15     0.00
  MONTH TO DATE    3.71                      2.76   0.95     2.90
  SINCE MAR 1      6.02                      7.16  -1.14     5.45
  SINCE JAN 1      9.16                     14.04  -4.88    12.07

DEGREE DAYS
 HEATING
  TODAY            3                         7     -4       19
  MONTH TO DATE  180                       205    -25      204
  SINCE MAR 1    898                       764    134      926
  SINCE JUL 1   4823                      4261    562     4165

 COOLING
  TODAY            0                         1     -1        0
  MONTH TO DATE    7                        14     -7       24
  SINCE MAR 1      7                        18    -11       24
  SINCE JAN 1      7                        18    -11       24
..................................................................

WIND (MPH)
  HIGHEST WIND SPEED    13   HIGHEST WIND DIRECTION     S (180)
  HIGHEST GUST SPEED    18   HIGHEST GUST DIRECTION     S (170)
  AVERAGE WIND SPEED    MM

SKY COVER
  AVERAGE SKY COVER 0.0

WEATHER CONDITIONS
 THE FOLLOWING WEATHER WAS RECORDED TODAY.
  NO SIGNIFICANT WEATHER WAS OBSERVED.

RELATIVE HUMIDITY (PERCENT)
 HIGHEST    93
 LOWEST     31
 AVERAGE    62
..........................................................

THE CAPE GIRARDEAU MO CLIMATE NORMALS FOR TOMORROW
                         NORMAL
 MAXIMUM TEMPERATURE (F)   71
 MINIMUM TEMPERATURE (F)   48

SUNRISE AND SUNSET
APRIL 20 2014.........SUNRISE   617 AM CDT   SUNSET   738 PM CDT
APRIL 21 2014.........SUNRISE   616 AM CDT   SUNSET   739 PM CDT

-  INDICATES NEGATIVE NUMBERS.
R  INDICATES RECORD WAS SET OR TIED.
MM INDICATES DATA IS MISSING.
T  INDICATES TRACE AMOUNT.

$$
