000
CDUS43 KPAH 130635
CLICGI


CLIMATE REPORT
NATIONAL WEATHER SERVICE PADUCAH KY
1231 AM CST SAT FEB 13 2016


...................................

...THE CAPE GIRARDEAU MO CLIMATE SUMMARY FOR FEBRUARY 12 2016...

CLIMATE NORMAL PERIOD 1981 TO 2010
CLIMATE RECORD PERIOD 1960 TO 2016


WEATHER ITEM   OBSERVED TIME   RECORD YEAR NORMAL DEPARTURE LAST
                VALUE   (LST)  VALUE       VALUE  FROM      YEAR
                                                  NORMAL
..................................................................
TEMPERATURE (F)
 YESTERDAY
  MAXIMUM         41    408 PM  69    1961  47     -6       31
  MINIMUM         24   1121 PM   5    1988  27     -3       20
  AVERAGE         33                        37     -4

PRECIPITATION (IN)
  YESTERDAY        0.00          1.49 1984   0.12  -0.12      T
  MONTH TO DATE    0.05                      1.49  -1.44     0.73
  SINCE DEC 1      4.10                      9.21  -5.11     8.31
  SINCE JAN 1      1.71                      4.96  -3.25     5.50

DEGREE DAYS
 HEATING
  YESTERDAY       32                        28      4       39
  MONTH TO DATE  336                       352    -16      346
  SINCE DEC 1   1851                      2239   -388     2059
  SINCE JUL 1   2501                      3090   -589     3055

 COOLING
  YESTERDAY        0                         0      0        0
  MONTH TO DATE    0                         0      0        0
  SINCE DEC 1      2                         0      2        0
  SINCE JAN 1      0                         0      0        0
..................................................................


WIND (MPH)
  HIGHEST WIND SPEED    22   HIGHEST WIND DIRECTION    NW (330)
  HIGHEST GUST SPEED    27   HIGHEST GUST DIRECTION    NW (330)
  AVERAGE WIND SPEED     9.6


SKY COVER
  AVERAGE SKY COVER 0.6


WEATHER CONDITIONS
 THE FOLLOWING WEATHER WAS RECORDED YESTERDAY.
  NO SIGNIFICANT WEATHER WAS OBSERVED.


RELATIVE HUMIDITY (PERCENT)
 HIGHEST    85
 LOWEST     51
 AVERAGE    68

..........................................................


THE CAPE GIRARDEAU MO CLIMATE NORMALS FOR TODAY
                         NORMAL    RECORD    YEAR
 MAXIMUM TEMPERATURE (F)   47        79      1962
 MINIMUM TEMPERATURE (F)   28         5      1980


SUNRISE AND SUNSET
FEBRUARY 13 2016......SUNRISE   650 AM CST   SUNSET   535 PM CST
FEBRUARY 14 2016......SUNRISE   649 AM CST   SUNSET   537 PM CST


-  INDICATES NEGATIVE NUMBERS.
R  INDICATES RECORD WAS SET OR TIED.
MM INDICATES DATA IS MISSING.
T  INDICATES TRACE AMOUNT.




$$
