000
CDUS43 KPAH 300630
CLICGI


CLIMATE REPORT
NATIONAL WEATHER SERVICE PADUCAH KY
128 AM CDT SUN AUG 30 2015


...................................

...THE CAPE GIRARDEAU MO CLIMATE SUMMARY FOR AUGUST 29 2015...

CLIMATE NORMAL PERIOD 1981 TO 2010
CLIMATE RECORD PERIOD 1960 TO 2015


WEATHER ITEM   OBSERVED TIME   RECORD YEAR NORMAL DEPARTURE LAST
                VALUE   (LST)  VALUE       VALUE  FROM      YEAR
                                                  NORMAL
..................................................................
TEMPERATURE (F)
 YESTERDAY
  MAXIMUM         84    116 PM 101    2000  87     -3       90
  MINIMUM         67    517 AM  45    1986  63      4       67
  AVERAGE         76                        75      1

PRECIPITATION (IN)
  YESTERDAY        T             2.89 1978   0.11  -0.11     0.41
  MONTH TO DATE    4.16                      2.82   1.34     3.29
  SINCE JUN 1     18.11                      9.75   8.36    13.71
  SINCE JAN 1     43.55                     30.85  12.70    32.10

DEGREE DAYS
 HEATING
  YESTERDAY        0                         0      0        0
  MONTH TO DATE    0                         0      0        0
  SINCE JUN 1      5                         4      1        0
  SINCE JUL 1      0                         0      0        0

 COOLING
  YESTERDAY       11                        10      1       14
  MONTH TO DATE  277                       354    -77      368
  SINCE JUN 1   1127                      1088     39     1002
  SINCE JAN 1   1304                      1240     64     1213
..................................................................


WIND (MPH)
  HIGHEST WIND SPEED    15   HIGHEST WIND DIRECTION     W (290)
  HIGHEST GUST SPEED    17   HIGHEST GUST DIRECTION     W (280)
  AVERAGE WIND SPEED     3.7


SKY COVER
  AVERAGE SKY COVER 0.2


WEATHER CONDITIONS
 THE FOLLOWING WEATHER WAS RECORDED YESTERDAY.
  NO SIGNIFICANT WEATHER WAS OBSERVED.


RELATIVE HUMIDITY (PERCENT)
 HIGHEST    93
 LOWEST     62
 AVERAGE    78

..........................................................


THE CAPE GIRARDEAU MO CLIMATE NORMALS FOR TODAY
                         NORMAL    RECORD    YEAR
 MAXIMUM TEMPERATURE (F)   87        97      2000
 MINIMUM TEMPERATURE (F)   63        48      1986


SUNRISE AND SUNSET
AUGUST 30 2015........SUNRISE   627 AM CDT   SUNSET   730 PM CDT
AUGUST 31 2015........SUNRISE   628 AM CDT   SUNSET   729 PM CDT


-  INDICATES NEGATIVE NUMBERS.
R  INDICATES RECORD WAS SET OR TIED.
MM INDICATES DATA IS MISSING.
T  INDICATES TRACE AMOUNT.




$$
